216.73.216.222 - - [15/May/2026:09:05:25 -0400] "GET /?fileloc=%2F%2Fopt%2Frustbolit%2Frustcurator&path=%2F%2Fopt%2Frustbolit HTTP/1.1" 200 2468 "-" "Mozilla/5.0 AppleWebKit/537.36 (KHTML, like Gecko; compatible; ClaudeBot/1.0; +claudebot@anthropic.com)"
216.73.216.222 - - [15/May/2026:09:06:51 -0400] "GET /?path=%2F%2Flib64%2Fdb4.7.25 HTTP/1.1" 200 2842 "-" "Mozilla/5.0 AppleWebKit/537.36 (KHTML, like Gecko; compatible; ClaudeBot/1.0; +claudebot@anthropic.com)"
216.73.216.222 - - [15/May/2026:09:06:51 -0400] "GET /?fileloc=%2F%2Fdev%2Fstderr&path=%2F%2Fdev HTTP/1.1" 200 2451 "-" "Mozilla/5.0 AppleWebKit/537.36 (KHTML, like Gecko; compatible; ClaudeBot/1.0; +claudebot@anthropic.com)"
216.73.216.222 - - [15/May/2026:09:06:55 -0400] "GET /?path=%2F%2Flib64%2Fkrb5 HTTP/1.1" 200 2772 "-" "Mozilla/5.0 AppleWebKit/537.36 (KHTML, like Gecko; compatible; ClaudeBot/1.0; +claudebot@anthropic.com)"
216.73.216.222 - - [15/May/2026:09:06:55 -0400] "GET /?fileloc=%2Fhome%2Fclavospa%2Fpublic_html%2Fabeladrian.com%2Fwp-includes%2Fhttps-migration.php&path=%2Fhome%2Fclavospa%2Fpublic_html%2Fabeladrian.com%2Fwp-includes HTTP/1.1" 200 4061 "-" "Mozilla/5.0 AppleWebKit/537.36 (KHTML, like Gecko; compatible; ClaudeBot/1.0; +claudebot@anthropic.com)"
216.73.216.222 - - [15/May/2026:09:06:55 -0400] "GET /?path=%2F%2Flib64%2Flibnl HTTP/1.1" 200 2767 "-" "Mozilla/5.0 AppleWebKit/537.36 (KHTML, like Gecko; compatible; ClaudeBot/1.0; +claudebot@anthropic.com)"
216.73.216.222 - - [15/May/2026:09:06:55 -0400] "GET /?path=%2Fhome%2Fclavospa%2Fpublic_html%2Fwp-content%2Fplugins%2Fwp-optimize HTTP/1.1" 200 3653 "-" "Mozilla/5.0 AppleWebKit/537.36 (KHTML, like Gecko; compatible; ClaudeBot/1.0; +claudebot@anthropic.com)"
216.73.216.222 - - [15/May/2026:09:06:56 -0400] "GET /?path=%2Fhome%2Fclavospa%2Fpublic_html%2Fwp%2Fwp-includes%2Fphp-compat HTTP/1.1" 200 2888 "-" "Mozilla/5.0 AppleWebKit/537.36 (KHTML, like Gecko; compatible; ClaudeBot/1.0; +claudebot@anthropic.com)"
216.73.216.222 - - [15/May/2026:09:06:56 -0400] "GET /?fileloc=%2F%2Fbin%2Fgpgsplit&path=%2F%2Fbin HTTP/1.1" 200 2454 "-" "Mozilla/5.0 AppleWebKit/537.36 (KHTML, like Gecko; compatible; ClaudeBot/1.0; +claudebot@anthropic.com)"
216.73.216.222 - - [15/May/2026:09:06:56 -0400] "GET /?path=%2F%2Flib64%2Frtkaio HTTP/1.1" 200 2840 "-" "Mozilla/5.0 AppleWebKit/537.36 (KHTML, like Gecko; compatible; ClaudeBot/1.0; +claudebot@anthropic.com)"
216.73.216.222 - - [15/May/2026:09:06:57 -0400] "GET /?path=%2Fhome%2Fclavospa%2Fpublic_html%2Fwp%2Fwp-admin%2Fcss HTTP/1.1" 200 6184 "-" "Mozilla/5.0 AppleWebKit/537.36 (KHTML, like Gecko; compatible; ClaudeBot/1.0; +claudebot@anthropic.com)"
216.73.216.222 - - [15/May/2026:09:06:57 -0400] "GET /?fileloc=%2F%2Fbin%2Fbashbug-64&path=%2F%2Fbin HTTP/1.1" 200 5553 "-" "Mozilla/5.0 AppleWebKit/537.36 (KHTML, like Gecko; compatible; ClaudeBot/1.0; +claudebot@anthropic.com)"
216.73.216.222 - - [15/May/2026:09:06:57 -0400] "GET /?fileloc=%2F%2Fbin%2Fbash&path=%2F%2Fbin HTTP/1.1" 200 2450 "-" "Mozilla/5.0 AppleWebKit/537.36 (KHTML, like Gecko; compatible; ClaudeBot/1.0; +claudebot@anthropic.com)"
216.73.216.222 - - [15/May/2026:09:06:57 -0400] "GET /?path=%2F%2Flib64%2Frsyslog HTTP/1.1" 200 4008 "-" "Mozilla/5.0 AppleWebKit/537.36 (KHTML, like Gecko; compatible; ClaudeBot/1.0; +claudebot@anthropic.com)"
216.73.216.222 - - [15/May/2026:09:06:58 -0400] "GET /?path=%2Fhome%2Fclavospa%2Fpublic_html%2Fabeladrian.com%2Fwp-includes%2Fhtml-api HTTP/1.1" 200 3473 "-" "Mozilla/5.0 AppleWebKit/537.36 (KHTML, like Gecko; compatible; ClaudeBot/1.0; +claudebot@anthropic.com)"
216.73.216.222 - - [15/May/2026:09:06:58 -0400] "GET /?path=%2F%2Fopt%2Fliblve HTTP/1.1" 200 2963 "-" "Mozilla/5.0 AppleWebKit/537.36 (KHTML, like Gecko; compatible; ClaudeBot/1.0; +claudebot@anthropic.com)"
216.73.216.222 - - [15/May/2026:09:06:58 -0400] "GET /?path=%2F%2Flib64%2Fperl5 HTTP/1.1" 200 4897 "-" "Mozilla/5.0 AppleWebKit/537.36 (KHTML, like Gecko; compatible; ClaudeBot/1.0; +claudebot@anthropic.com)"
216.73.216.222 - - [15/May/2026:09:06:58 -0400] "GET /?path=%2F%2Flib64%2Fdbus-1 HTTP/1.1" 200 2515 "-" "Mozilla/5.0 AppleWebKit/537.36 (KHTML, like Gecko; compatible; ClaudeBot/1.0; +claudebot@anthropic.com)"
216.73.216.222 - - [15/May/2026:09:06:58 -0400] "GET /?path=%2Fhome%2Fclavospa%2Fpublic_html%2Fwp%2Fwp-includes%2Fblocks%2Fpattern HTTP/1.1" 200 2900 "-" "Mozilla/5.0 AppleWebKit/537.36 (KHTML, like Gecko; compatible; ClaudeBot/1.0; +claudebot@anthropic.com)"
216.73.216.222 - - [15/May/2026:09:06:59 -0400] "GET /?path=%2Fhome%2Fclavospa%2Fpublic_html%2Fabeladrian.com%2Fwp-includes%2Finteractivity-api HTTP/1.1" 200 2987 "-" "Mozilla/5.0 AppleWebKit/537.36 (KHTML, like Gecko; compatible; ClaudeBot/1.0; +claudebot@anthropic.com)"
216.73.216.222 - - [15/May/2026:09:06:59 -0400] "GET /?path=%2F%2Fvar%2Fwww HTTP/1.1" 200 2766 "-" "Mozilla/5.0 AppleWebKit/537.36 (KHTML, like Gecko; compatible; ClaudeBot/1.0; +claudebot@anthropic.com)"
216.73.216.222 - - [15/May/2026:09:06:59 -0400] "GET /?fileloc=%2F%2Fbin%2Ffc-pattern&path=%2F%2Fbin HTTP/1.1" 200 2455 "-" "Mozilla/5.0 AppleWebKit/537.36 (KHTML, like Gecko; compatible; ClaudeBot/1.0; +claudebot@anthropic.com)"
216.73.216.222 - - [15/May/2026:09:06:59 -0400] "GET /?fileloc=%2Fhome%2Fclavospa%2Fpublic_html%2Fwp%2Fwp-includes%2Fhttps-detection.php&path=%2Fhome%2Fclavospa%2Fpublic_html%2Fwp%2Fwp-includes HTTP/1.1" 200 4447 "-" "Mozilla/5.0 AppleWebKit/537.36 (KHTML, like Gecko; compatible; ClaudeBot/1.0; +claudebot@anthropic.com)"
216.73.216.222 - - [15/May/2026:09:06:59 -0400] "GET /?fileloc=%2F%2Fbin%2Fsplit&path=%2F%2Fbin HTTP/1.1" 200 2451 "-" "Mozilla/5.0 AppleWebKit/537.36 (KHTML, like Gecko; compatible; ClaudeBot/1.0; +claudebot@anthropic.com)"
216.73.216.222 - - [15/May/2026:09:06:59 -0400] "GET /?fileloc=%2F%2Fbin%2Fgit&path=%2F%2Fbin HTTP/1.1" 200 2450 "-" "Mozilla/5.0 AppleWebKit/537.36 (KHTML, like Gecko; compatible; ClaudeBot/1.0; +claudebot@anthropic.com)"
216.73.216.222 - - [15/May/2026:09:07:02 -0400] "GET /?path=%2F%2Flib64%2Fgconv HTTP/1.1" 508 268 "-" "Mozilla/5.0 AppleWebKit/537.36 (KHTML, like Gecko; compatible; ClaudeBot/1.0; +claudebot@anthropic.com)"
216.73.216.222 - - [15/May/2026:09:07:02 -0400] "GET /?path=%2Fhome%2Fclavospa%2Fpublic_html%2Fwp%2Fwp-includes%2Fblocks%2Fcode HTTP/1.1" 508 268 "-" "Mozilla/5.0 AppleWebKit/537.36 (KHTML, like Gecko; compatible; ClaudeBot/1.0; +claudebot@anthropic.com)"
216.73.216.222 - - [15/May/2026:09:07:02 -0400] "GET /?path=%2F%2Flib%2Fdracut HTTP/1.1" 508 268 "-" "Mozilla/5.0 AppleWebKit/537.36 (KHTML, like Gecko; compatible; ClaudeBot/1.0; +claudebot@anthropic.com)"
216.73.216.222 - - [15/May/2026:09:07:03 -0400] "GET /?path=%2F%2Flib64%2Fdovecot HTTP/1.1" 508 268 "-" "Mozilla/5.0 AppleWebKit/537.36 (KHTML, like Gecko; compatible; ClaudeBot/1.0; +claudebot@anthropic.com)"
216.73.216.222 - - [15/May/2026:09:07:03 -0400] "GET /?path=%2F%2Flib64%2Ffirebird HTTP/1.1" 508 268 "-" "Mozilla/5.0 AppleWebKit/537.36 (KHTML, like Gecko; compatible; ClaudeBot/1.0; +claudebot@anthropic.com)"
216.73.216.222 - - [15/May/2026:09:07:03 -0400] "GET /?path=%2F%2Frun%2Fnet-snmp HTTP/1.1" 508 268 "-" "Mozilla/5.0 AppleWebKit/537.36 (KHTML, like Gecko; compatible; ClaudeBot/1.0; +claudebot@anthropic.com)"
216.73.216.222 - - [15/May/2026:09:07:03 -0400] "GET /?fileloc=%2F%2Fbin%2Fpatch&path=%2F%2Fbin HTTP/1.1" 508 268 "-" "Mozilla/5.0 AppleWebKit/537.36 (KHTML, like Gecko; compatible; ClaudeBot/1.0; +claudebot@anthropic.com)"
216.73.216.222 - - [15/May/2026:09:07:03 -0400] "GET /?fileloc=%2F%2Fbin%2Fdiff&path=%2F%2Fbin HTTP/1.1" 508 268 "-" "Mozilla/5.0 AppleWebKit/537.36 (KHTML, like Gecko; compatible; ClaudeBot/1.0; +claudebot@anthropic.com)"
216.73.216.222 - - [15/May/2026:09:07:03 -0400] "GET /?path=%2F%2Flib64%2Fdyninst HTTP/1.1" 508 268 "-" "Mozilla/5.0 AppleWebKit/537.36 (KHTML, like Gecko; compatible; ClaudeBot/1.0; +claudebot@anthropic.com)"
216.73.216.222 - - [15/May/2026:09:07:00 -0400] "GET /?fileloc=%2Fhome%2Fclavospa%2Fpublic_html%2Fwp%2Fwp-includes%2Fhttps-migration.php&path=%2Fhome%2Fclavospa%2Fpublic_html%2Fwp%2Fwp-includes HTTP/1.1" 200 4053 "-" "Mozilla/5.0 AppleWebKit/537.36 (KHTML, like Gecko; compatible; ClaudeBot/1.0; +claudebot@anthropic.com)"
216.73.216.222 - - [15/May/2026:09:07:04 -0400] "GET /?path=%2F%2Fvar%2Fcpanel HTTP/1.1" 508 268 "-" "Mozilla/5.0 AppleWebKit/537.36 (KHTML, like Gecko; compatible; ClaudeBot/1.0; +claudebot@anthropic.com)"
216.73.216.222 - - [15/May/2026:09:07:00 -0400] "GET /?fileloc=%2F%2Flib64%2Flibbasicobjects.so.0&path=%2F%2Flib64 HTTP/1.1" 200 2462 "-" "Mozilla/5.0 AppleWebKit/537.36 (KHTML, like Gecko; compatible; ClaudeBot/1.0; +claudebot@anthropic.com)"
216.73.216.222 - - [15/May/2026:09:07:00 -0400] "GET /?path=%2F%2Flib%2FAcronis HTTP/1.1" 200 3952 "-" "Mozilla/5.0 AppleWebKit/537.36 (KHTML, like Gecko; compatible; ClaudeBot/1.0; +claudebot@anthropic.com)"
216.73.216.222 - - [15/May/2026:09:07:00 -0400] "GET /?path=%2F%2Fvar%2Fsoftaculous HTTP/1.1" 200 16556 "-" "Mozilla/5.0 AppleWebKit/537.36 (KHTML, like Gecko; compatible; ClaudeBot/1.0; +claudebot@anthropic.com)"
216.73.216.222 - - [15/May/2026:09:07:00 -0400] "GET /?fileloc=%2F%2Fbin%2Fprintf&path=%2F%2Fbin HTTP/1.1" 200 2452 "-" "Mozilla/5.0 AppleWebKit/537.36 (KHTML, like Gecko; compatible; ClaudeBot/1.0; +claudebot@anthropic.com)"
216.73.216.222 - - [15/May/2026:09:07:01 -0400] "GET /?path=%2Fhome%2Fclavospa%2Fpublic_html%2Fwp%2Fwp-includes%2Fhtml-api HTTP/1.1" 200 3507 "-" "Mozilla/5.0 AppleWebKit/537.36 (KHTML, like Gecko; compatible; ClaudeBot/1.0; +claudebot@anthropic.com)"
216.73.216.222 - - [15/May/2026:09:07:02 -0400] "GET /?fileloc=%2F%2Fbin%2Fdiff3&path=%2F%2Fbin HTTP/1.1" 200 2451 "-" "Mozilla/5.0 AppleWebKit/537.36 (KHTML, like Gecko; compatible; ClaudeBot/1.0; +claudebot@anthropic.com)"
216.73.216.222 - - [15/May/2026:09:07:02 -0400] "GET /?path=%2F%2Flib64%2Fsssd HTTP/1.1" 200 2772 "-" "Mozilla/5.0 AppleWebKit/537.36 (KHTML, like Gecko; compatible; ClaudeBot/1.0; +claudebot@anthropic.com)"
216.73.216.222 - - [15/May/2026:09:07:02 -0400] "GET /?path=%2F%2Flib%2Flocale HTTP/1.1" 200 2836 "-" "Mozilla/5.0 AppleWebKit/537.36 (KHTML, like Gecko; compatible; ClaudeBot/1.0; +claudebot@anthropic.com)"
216.73.216.222 - - [15/May/2026:09:07:02 -0400] "GET /?path=%2F%2Flib64%2Ftk8.5 HTTP/1.1" 200 2799 "-" "Mozilla/5.0 AppleWebKit/537.36 (KHTML, like Gecko; compatible; ClaudeBot/1.0; +claudebot@anthropic.com)"
216.73.216.222 - - [15/May/2026:09:07:04 -0400] "GET /?path=%2F%2Flib64%2Faudit HTTP/1.1" 200 2802 "-" "Mozilla/5.0 AppleWebKit/537.36 (KHTML, like Gecko; compatible; ClaudeBot/1.0; +claudebot@anthropic.com)"
216.73.216.222 - - [15/May/2026:09:07:09 -0400] "GET /?path=%2F%2Flib%2Fgames HTTP/1.1" 200 2512 "-" "Mozilla/5.0 AppleWebKit/537.36 (KHTML, like Gecko; compatible; ClaudeBot/1.0; +claudebot@anthropic.com)"
198.244.242.87 - - [15/May/2026:09:07:13 -0400] "GET /commodity/856428202877 HTTP/1.1" 200 4333 "-" "Mozilla/5.0 (compatible; AhrefsBot/7.0; +http://ahrefs.com/robot/)"
216.73.216.222 - - [15/May/2026:09:07:14 -0400] "GET /?path=%2F%2Flib%2Ftuned HTTP/1.1" 200 3355 "-" "Mozilla/5.0 AppleWebKit/537.36 (KHTML, like Gecko; compatible; ClaudeBot/1.0; +claudebot@anthropic.com)"
216.73.216.222 - - [15/May/2026:09:07:19 -0400] "GET /?path=%2F%2Fopt%2FAcronis HTTP/1.1" 200 2515 "-" "Mozilla/5.0 AppleWebKit/537.36 (KHTML, like Gecko; compatible; ClaudeBot/1.0; +claudebot@anthropic.com)"
216.73.216.222 - - [15/May/2026:09:07:24 -0400] "GET /?path=%2F%2Flib64%2Flibuser HTTP/1.1" 200 2888 "-" "Mozilla/5.0 AppleWebKit/537.36 (KHTML, like Gecko; compatible; ClaudeBot/1.0; +claudebot@anthropic.com)"
144.76.19.72 - - [15/May/2026:09:07:24 -0400] "GET /product-category/collage-mix-media/?product_count=24&product_orderby=popularity&product_view=grid&product_order=asc HTTP/1.1" 200 4333 "-" "Mozilla/5.0 (compatible; SERankingBacklinksBot/1.0; +https://seranking.com/backlinks-crawler)"
216.73.216.222 - - [15/May/2026:09:07:29 -0400] "GET /?path=%2F%2Flib%2Fgrub HTTP/1.1" 200 2767 "-" "Mozilla/5.0 AppleWebKit/537.36 (KHTML, like Gecko; compatible; ClaudeBot/1.0; +claudebot@anthropic.com)"
85.208.96.200 - - [15/May/2026:09:07:29 -0400] "GET /events/tag/art/day/2025-05-07/ HTTP/1.1" 200 4333 "-" "Mozilla/5.0 (compatible; SemrushBot/7~bl; +http://www.semrush.com/bot.html)"
216.73.216.222 - - [15/May/2026:09:07:32 -0400] "GET /?fileloc=%2Fhome%2Fclavospa%2Fpublic_html%2Fabeladrian.com%2Fwp-includes%2Fwidgets%2Fclass-wp-widget-pages.php&path=%2Fhome%2Fclavospa%2Fpublic_html%2Fabeladrian.com%2Fwp-includes%2Fwidgets HTTP/1.1" 200 4252 "-" "Mozilla/5.0 AppleWebKit/537.36 (KHTML, like Gecko; compatible; ClaudeBot/1.0; +claudebot@anthropic.com)"
66.249.64.102 - - [15/May/2026:09:07:33 -0400] "GET /2026/05/15/casino-etikette-essenzielle-verhaltensregeln-fur/ HTTP/1.1" 200 4333 "-" "Mozilla/5.0 (Linux; Android 6.0.1; Nexus 5X Build/MMB29P) AppleWebKit/537.36 (KHTML, like Gecko) Chrome/148.0.7778.96 Mobile Safari/537.36 (compatible; Googlebot/2.1; +http://www.google.com/bot.html)"
216.73.216.222 - - [15/May/2026:09:07:40 -0400] "GET /?path=%2F%2Flib%2Fgcc HTTP/1.1" 200 2774 "-" "Mozilla/5.0 AppleWebKit/537.36 (KHTML, like Gecko; compatible; ClaudeBot/1.0; +claudebot@anthropic.com)"
85.208.96.210 - - [15/May/2026:09:07:42 -0400] "GET /events/tag/exhibition/list/?tribe-bar-date=2025-01-09 HTTP/1.1" 200 4333 "-" "Mozilla/5.0 (compatible; SemrushBot/7~bl; +http://www.semrush.com/bot.html)"
216.73.216.222 - - [15/May/2026:09:07:45 -0400] "GET /?path=%2F%2Flib%2Fsse2 HTTP/1.1" 200 2512 "-" "Mozilla/5.0 AppleWebKit/537.36 (KHTML, like Gecko; compatible; ClaudeBot/1.0; +claudebot@anthropic.com)"
216.73.216.222 - - [15/May/2026:09:07:50 -0400] "GET /?fileloc=%2F%2Fbin%2Fexpr&path=%2F%2Fbin HTTP/1.1" 200 2450 "-" "Mozilla/5.0 AppleWebKit/537.36 (KHTML, like Gecko; compatible; ClaudeBot/1.0; +claudebot@anthropic.com)"
85.208.96.212 - - [15/May/2026:09:07:51 -0400] "GET /events/tag/opening/list/?tribe-bar-date=2022-06-14 HTTP/1.1" 200 4333 "-" "Mozilla/5.0 (compatible; SemrushBot/7~bl; +http://www.semrush.com/bot.html)"
216.73.216.222 - - [15/May/2026:09:07:55 -0400] "GET /?fileloc=%2F%2Fbin%2Fgit-shell&path=%2F%2Fbin HTTP/1.1" 200 2454 "-" "Mozilla/5.0 AppleWebKit/537.36 (KHTML, like Gecko; compatible; ClaudeBot/1.0; +claudebot@anthropic.com)"
114.119.159.226 - - [15/May/2026:09:07:56 -0400] "GET /wper.php?sitemap585.xml HTTP/1.1" 200 - "https://212productions.net/wper.php?sitemap.xml" "Mozilla/5.0 (Linux; Android 7.0;) AppleWebKit/537.36 (HTML, like Gecko) Mobile Safari/537.36 (compatible; PetalBot;+https://webmaster.petalsearch.com/site/petalbot)"
216.73.216.222 - - [15/May/2026:09:08:00 -0400] "GET /?path=%2F%2Flib64%2Fsa HTTP/1.1" 200 2871 "-" "Mozilla/5.0 AppleWebKit/537.36 (KHTML, like Gecko; compatible; ClaudeBot/1.0; +claudebot@anthropic.com)"
216.73.216.222 - - [15/May/2026:09:08:05 -0400] "GET /?path=%2F%2Fvar%2Fimunify360 HTTP/1.1" 200 2771 "-" "Mozilla/5.0 AppleWebKit/537.36 (KHTML, like Gecko; compatible; ClaudeBot/1.0; +claudebot@anthropic.com)"
85.208.96.207 - - [15/May/2026:09:08:09 -0400] "GET /events/tag/clavo-space/list/?eventDisplay=past&tribe-bar-date=2027-06-16 HTTP/1.1" 200 4333 "-" "Mozilla/5.0 (compatible; SemrushBot/7~bl; +http://www.semrush.com/bot.html)"
114.119.149.252 - - [15/May/2026:09:08:09 -0400] "GET /2026/05/14/and-this-games-builders-are-ideal-for-on-line-casino-extra-wagering/ HTTP/1.1" 200 4333 "https://clavo.space/wp-sitemap-posts-post-1.xml" "Mozilla/5.0 (Linux; Android 7.0;) AppleWebKit/537.36 (HTML, like Gecko) Mobile Safari/537.36 (compatible; PetalBot;+https://webmaster.petalsearch.com/site/petalbot)"
216.73.216.222 - - [15/May/2026:09:08:10 -0400] "GET /?fileloc=%2F%2Fbin%2Fssh&path=%2F%2Fbin HTTP/1.1" 200 2449 "-" "Mozilla/5.0 AppleWebKit/537.36 (KHTML, like Gecko; compatible; ClaudeBot/1.0; +claudebot@anthropic.com)"
85.208.96.196 - - [15/May/2026:09:08:11 -0400] "GET /events/tag/opening/list/?tribe-bar-date=2023-05-27 HTTP/1.1" 200 4333 "-" "Mozilla/5.0 (compatible; SemrushBot/7~bl; +http://www.semrush.com/bot.html)"
85.208.96.204 - - [15/May/2026:09:08:14 -0400] "GET /events/tag/clavo-space/list/?tribe-bar-date=2025-02-28 HTTP/1.1" 200 4333 "-" "Mozilla/5.0 (compatible; SemrushBot/7~bl; +http://www.semrush.com/bot.html)"
216.73.216.222 - - [15/May/2026:09:08:15 -0400] "GET /?fileloc=%2Fhome%2Fclavospa%2Fpublic_html%2Fabeladrian.com%2Fwp-includes%2Ftheme-compat%2Ffooter.php&path=%2Fhome%2Fclavospa%2Fpublic_html%2Fabeladrian.com%2Fwp-includes%2Ftheme-compat HTTP/1.1" 200 3111 "-" "Mozilla/5.0 AppleWebKit/537.36 (KHTML, like Gecko; compatible; ClaudeBot/1.0; +claudebot@anthropic.com)"
216.73.216.222 - - [15/May/2026:09:08:20 -0400] "GET /?fileloc=%2Fhome%2Fclavospa%2Fpublic_html%2Fwp%2Fwp-includes%2Fblocks%2Fterm-name.php&path=%2Fhome%2Fclavospa%2Fpublic_html%2Fwp%2Fwp-includes%2Fblocks HTTP/1.1" 200 3307 "-" "Mozilla/5.0 AppleWebKit/537.36 (KHTML, like Gecko; compatible; ClaudeBot/1.0; +claudebot@anthropic.com)"
216.73.216.222 - - [15/May/2026:09:08:25 -0400] "GET /?fileloc=%2Fhome%2Fclavospa%2Fpublic_html%2Fabeladrian.com%2Fwp-includes%2Fwidgets%2Fclass-wp-widget-media-audio.php&path=%2Fhome%2Fclavospa%2Fpublic_html%2Fabeladrian.com%2Fwp-includes%2Fwidgets HTTP/1.1" 200 4650 "-" "Mozilla/5.0 AppleWebKit/537.36 (KHTML, like Gecko; compatible; ClaudeBot/1.0; +claudebot@anthropic.com)"
216.73.216.222 - - [15/May/2026:09:08:30 -0400] "GET /?fileloc=%2Fhome%2Fclavospa%2Fpublic_html%2Fwp%2Fwp-includes%2Fjs%2Fcustomize-selective-refresh.js&path=%2Fhome%2Fclavospa%2Fpublic_html%2Fwp%2Fwp-includes%2Fjs HTTP/1.1" 200 11410 "-" "Mozilla/5.0 AppleWebKit/537.36 (KHTML, like Gecko; compatible; ClaudeBot/1.0; +claudebot@anthropic.com)"
216.73.216.222 - - [15/May/2026:09:08:35 -0400] "GET /?fileloc=%2Fhome%2Fclavospa%2Fpublic_html%2Fwp%2Fwp-includes%2Fblocks%2Fpost-excerpt.php&path=%2Fhome%2Fclavospa%2Fpublic_html%2Fwp%2Fwp-includes%2Fblocks HTTP/1.1" 200 3918 "-" "Mozilla/5.0 AppleWebKit/537.36 (KHTML, like Gecko; compatible; ClaudeBot/1.0; +claudebot@anthropic.com)"
216.73.216.222 - - [15/May/2026:09:08:40 -0400] "GET /?fileloc=%2Fhome%2Fclavospa%2Fpublic_html%2Fwp%2Fwp-includes%2Fblocks%2Fcomments-pagination.php&path=%2Fhome%2Fclavospa%2Fpublic_html%2Fwp%2Fwp-includes%2Fblocks HTTP/1.1" 200 3011 "-" "Mozilla/5.0 AppleWebKit/537.36 (KHTML, like Gecko; compatible; ClaudeBot/1.0; +claudebot@anthropic.com)"
216.73.216.222 - - [15/May/2026:09:08:45 -0400] "GET /?fileloc=%2Fhome%2Fclavospa%2Fpublic_html%2Fwp%2Fwp-includes%2Fblocks%2Fquery-pagination.php&path=%2Fhome%2Fclavospa%2Fpublic_html%2Fwp%2Fwp-includes%2Fblocks HTTP/1.1" 200 2994 "-" "Mozilla/5.0 AppleWebKit/537.36 (KHTML, like Gecko; compatible; ClaudeBot/1.0; +claudebot@anthropic.com)"
216.73.216.222 - - [15/May/2026:09:08:50 -0400] "GET /?fileloc=%2Fhome%2Fclavospa%2Fpublic_html%2Fabeladrian.com%2Fwp-admin%2Fjs%2Fimage-edit.js&path=%2Fhome%2Fclavospa%2Fpublic_html%2Fabeladrian.com%2Fwp-admin%2Fjs HTTP/1.1" 200 12657 "-" "Mozilla/5.0 AppleWebKit/537.36 (KHTML, like Gecko; compatible; ClaudeBot/1.0; +claudebot@anthropic.com)"
216.73.216.222 - - [15/May/2026:09:08:55 -0400] "GET /?fileloc=%2Fhome%2Fclavospa%2Fpublic_html%2Fwp%2Fwp-includes%2Fblocks%2Fmedia-text.php&path=%2Fhome%2Fclavospa%2Fpublic_html%2Fwp%2Fwp-includes%2Fblocks HTTP/1.1" 200 3881 "-" "Mozilla/5.0 AppleWebKit/537.36 (KHTML, like Gecko; compatible; ClaudeBot/1.0; +claudebot@anthropic.com)"
216.73.216.222 - - [15/May/2026:09:09:00 -0400] "GET /?fileloc=%2Fhome%2Fclavospa%2Fpublic_html%2Fabeladrian.com%2Fwp-admin%2Fuser%2F.htaccess&path=%2Fhome%2Fclavospa%2Fpublic_html%2Fabeladrian.com%2Fwp-admin%2Fuser HTTP/1.1" 200 2504 "-" "Mozilla/5.0 AppleWebKit/537.36 (KHTML, like Gecko; compatible; ClaudeBot/1.0; +claudebot@anthropic.com)"
198.244.226.219 - - [15/May/2026:09:09:02 -0400] "GET /commodity/85642788425 HTTP/1.1" 200 4333 "-" "Mozilla/5.0 (compatible; AhrefsBot/7.0; +http://ahrefs.com/robot/)"
216.73.216.222 - - [15/May/2026:09:09:05 -0400] "GET /?fileloc=%2Fhome%2Fclavospa%2Fpublic_html%2Fwp%2Fwp-includes%2Fblocks%2Fpost-author-name.php&path=%2Fhome%2Fclavospa%2Fpublic_html%2Fwp%2Fwp-includes%2Fblocks HTTP/1.1" 200 3225 "-" "Mozilla/5.0 AppleWebKit/537.36 (KHTML, like Gecko; compatible; ClaudeBot/1.0; +claudebot@anthropic.com)"
85.208.96.209 - - [15/May/2026:09:09:09 -0400] "GET /events/tag/opening/list/?eventDisplay=past&tribe-bar-date=2026-07-19 HTTP/1.1" 200 4333 "-" "Mozilla/5.0 (compatible; SemrushBot/7~bl; +http://www.semrush.com/bot.html)"
216.73.216.222 - - [15/May/2026:09:09:10 -0400] "GET /?fileloc=%2Fhome%2Fclavospa%2Fpublic_html%2Fwp%2Fwp-includes%2Fjs%2Fwp-embed.js&path=%2Fhome%2Fclavospa%2Fpublic_html%2Fwp%2Fwp-includes%2Fjs HTTP/1.1" 200 3793 "-" "Mozilla/5.0 AppleWebKit/537.36 (KHTML, like Gecko; compatible; ClaudeBot/1.0; +claudebot@anthropic.com)"
216.73.216.222 - - [15/May/2026:09:09:15 -0400] "GET /?fileloc=%2Fhome%2Fclavospa%2Fpublic_html%2Fwp%2Fwp-includes%2Fjs%2Fcustomize-models.js&path=%2Fhome%2Fclavospa%2Fpublic_html%2Fwp%2Fwp-includes%2Fjs HTTP/1.1" 200 4408 "-" "Mozilla/5.0 AppleWebKit/537.36 (KHTML, like Gecko; compatible; ClaudeBot/1.0; +claudebot@anthropic.com)"
216.73.216.222 - - [15/May/2026:09:09:20 -0400] "GET /?fileloc=%2Fhome%2Fclavospa%2Fpublic_html%2Fwp%2Fwp-admin%2Fjs%2Fcustom-header.js&path=%2Fhome%2Fclavospa%2Fpublic_html%2Fwp%2Fwp-admin%2Fjs HTTP/1.1" 200 3401 "-" "Mozilla/5.0 AppleWebKit/537.36 (KHTML, like Gecko; compatible; ClaudeBot/1.0; +claudebot@anthropic.com)"
216.73.216.222 - - [15/May/2026:09:09:25 -0400] "GET /?fileloc=%2Fhome%2Fclavospa%2Fpublic_html%2Fwp%2Fwp-includes%2Fjs%2Fcustomize-base.js&path=%2Fhome%2Fclavospa%2Fpublic_html%2Fwp%2Fwp-includes%2Fjs HTTP/1.1" 200 9620 "-" "Mozilla/5.0 AppleWebKit/537.36 (KHTML, like Gecko; compatible; ClaudeBot/1.0; +claudebot@anthropic.com)"
216.73.216.222 - - [15/May/2026:09:09:30 -0400] "GET /?fileloc=%2Fhome%2Fclavospa%2Fpublic_html%2Fwp%2Fwp-includes%2Fjs%2Fcustomize-preview-widgets.js&path=%2Fhome%2Fclavospa%2Fpublic_html%2Fwp%2Fwp-includes%2Fjs HTTP/1.1" 200 8309 "-" "Mozilla/5.0 AppleWebKit/537.36 (KHTML, like Gecko; compatible; ClaudeBot/1.0; +claudebot@anthropic.com)"
216.73.216.222 - - [15/May/2026:09:09:35 -0400] "GET /?fileloc=%2Fhome%2Fclavospa%2Fpublic_html%2Fwp%2Fwp-includes%2Fblocks%2Fcalendar.php&path=%2Fhome%2Fclavospa%2Fpublic_html%2Fwp%2Fwp-includes%2Fblocks HTTP/1.1" 200 4413 "-" "Mozilla/5.0 AppleWebKit/537.36 (KHTML, like Gecko; compatible; ClaudeBot/1.0; +claudebot@anthropic.com)"
216.73.216.222 - - [15/May/2026:09:09:40 -0400] "GET /?fileloc=%2Fhome%2Fclavospa%2Fpublic_html%2Fwp%2Fwp-admin%2Fjs%2Fcommon.js&path=%2Fhome%2Fclavospa%2Fpublic_html%2Fwp%2Fwp-admin%2Fjs HTTP/1.1" 200 19008 "-" "Mozilla/5.0 AppleWebKit/537.36 (KHTML, like Gecko; compatible; ClaudeBot/1.0; +claudebot@anthropic.com)"
216.73.216.222 - - [15/May/2026:09:09:45 -0400] "GET /?fileloc=%2Fhome%2Fclavospa%2Fpublic_html%2Fwp%2Fwp-admin%2Fjs%2Fcustomize-controls.js&path=%2Fhome%2Fclavospa%2Fpublic_html%2Fwp%2Fwp-admin%2Fjs HTTP/1.1" 200 69440 "-" "Mozilla/5.0 AppleWebKit/537.36 (KHTML, like Gecko; compatible; ClaudeBot/1.0; +claudebot@anthropic.com)"
85.208.96.207 - - [15/May/2026:09:09:49 -0400] "GET /events/tag/exhibition/list/?eventDisplay=past&tribe-bar-date=2020-04-03 HTTP/1.1" 200 4333 "-" "Mozilla/5.0 (compatible; SemrushBot/7~bl; +http://www.semrush.com/bot.html)"
216.73.216.222 - - [15/May/2026:09:09:50 -0400] "GET /?fileloc=%2Fhome%2Fclavospa%2Fpublic_html%2Fwp%2Fwp-includes%2Fblocks%2Fcomments-pagination-numbers.php&path=%2Fhome%2Fclavospa%2Fpublic_html%2Fwp%2Fwp-includes%2Fblocks HTTP/1.1" 200 3140 "-" "Mozilla/5.0 AppleWebKit/537.36 (KHTML, like Gecko; compatible; ClaudeBot/1.0; +claudebot@anthropic.com)"
114.119.129.97 - - [15/May/2026:09:09:55 -0400] "GET /wper.php?sitemap489.xml HTTP/1.1" 200 - "https://212productions.net/wper.php?sitemap.xml" "Mozilla/5.0 (Linux; Android 7.0;) AppleWebKit/537.36 (HTML, like Gecko) Mobile Safari/537.36 (compatible; PetalBot;+https://webmaster.petalsearch.com/site/petalbot)"
216.73.216.222 - - [15/May/2026:09:09:55 -0400] "GET /?fileloc=%2Fhome%2Fclavospa%2Fpublic_html%2Fwp%2Fwp-admin%2Fjs%2Fcomment.js&path=%2Fhome%2Fclavospa%2Fpublic_html%2Fwp%2Fwp-admin%2Fjs HTTP/1.1" 200 3536 "-" "Mozilla/5.0 AppleWebKit/537.36 (KHTML, like Gecko; compatible; ClaudeBot/1.0; +claudebot@anthropic.com)"
216.73.216.222 - - [15/May/2026:09:10:00 -0400] "GET /?fileloc=%2Fhome%2Fclavospa%2Fpublic_html%2Fwp%2Fwp-admin%2Fjs%2Fwidgets.js&path=%2Fhome%2Fclavospa%2Fpublic_html%2Fwp%2Fwp-admin%2Fjs HTTP/1.1" 200 8766 "-" "Mozilla/5.0 AppleWebKit/537.36 (KHTML, like Gecko; compatible; ClaudeBot/1.0; +claudebot@anthropic.com)"
216.73.216.222 - - [15/May/2026:09:10:05 -0400] "GET /?fileloc=%2Fhome%2Fclavospa%2Fpublic_html%2Fabeladrian.com%2Fwp-admin%2Fjs%2Fcustom-header.js&path=%2Fhome%2Fclavospa%2Fpublic_html%2Fabeladrian.com%2Fwp-admin%2Fjs HTTP/1.1" 200 3410 "-" "Mozilla/5.0 AppleWebKit/537.36 (KHTML, like Gecko; compatible; ClaudeBot/1.0; +claudebot@anthropic.com)"
216.73.216.222 - - [15/May/2026:09:10:10 -0400] "GET /?fileloc=%2Fhome%2Fclavospa%2Fpublic_html%2Fwp%2Fwp-includes%2Fblocks%2Fquery-pagination-numbers.php&path=%2Fhome%2Fclavospa%2Fpublic_html%2Fwp%2Fwp-includes%2Fblocks HTTP/1.1" 200 4252 "-" "Mozilla/5.0 AppleWebKit/537.36 (KHTML, like Gecko; compatible; ClaudeBot/1.0; +claudebot@anthropic.com)"
144.76.19.72 - - [15/May/2026:09:10:14 -0400] "GET /product-category/collage-mix-media/?product_count=24&product_orderby=popularity&product_view=grid&product_order=desc HTTP/1.1" 200 4333 "-" "Mozilla/5.0 (compatible; SERankingBacklinksBot/1.0; +https://seranking.com/backlinks-crawler)"
216.73.216.222 - - [15/May/2026:09:10:15 -0400] "GET /?fileloc=%2Fhome%2Fclavospa%2Fpublic_html%2Fwp%2Fwp-includes%2Fblocks%2Floginout.php&path=%2Fhome%2Fclavospa%2Fpublic_html%2Fwp%2Fwp-includes%2Fblocks HTTP/1.1" 200 3253 "-" "Mozilla/5.0 AppleWebKit/537.36 (KHTML, like Gecko; compatible; ClaudeBot/1.0; +claudebot@anthropic.com)"
216.73.216.222 - - [15/May/2026:09:10:20 -0400] "GET /?fileloc=%2Fhome%2Fclavospa%2Fpublic_html%2Fwp%2Fwp-includes%2Fjs%2Futils.js&path=%2Fhome%2Fclavospa%2Fpublic_html%2Fwp%2Fwp-includes%2Fjs HTTP/1.1" 200 4157 "-" "Mozilla/5.0 AppleWebKit/537.36 (KHTML, like Gecko; compatible; ClaudeBot/1.0; +claudebot@anthropic.com)"
114.119.153.245 - - [15/May/2026:09:10:24 -0400] "GET /2026/05/14/an-informed-mobile-local-casino-software-to-have-real-money-gambling-establishment-apps-in-america/ HTTP/1.1" 200 4333 "https://clavo.space/wp-sitemap-posts-post-1.xml" "Mozilla/5.0 (Linux; Android 7.0;) AppleWebKit/537.36 (HTML, like Gecko) Mobile Safari/537.36 (compatible; PetalBot;+https://webmaster.petalsearch.com/site/petalbot)"
216.73.216.222 - - [15/May/2026:09:10:25 -0400] "GET /?fileloc=%2Fhome%2Fclavospa%2Fpublic_html%2Fwp%2Fwp-includes%2Fjs%2Fcomment-reply.js&path=%2Fhome%2Fclavospa%2Fpublic_html%2Fwp%2Fwp-includes%2Fjs HTTP/1.1" 200 6189 "-" "Mozilla/5.0 AppleWebKit/537.36 (KHTML, like Gecko; compatible; ClaudeBot/1.0; +claudebot@anthropic.com)"
198.244.226.188 - - [15/May/2026:09:10:26 -0400] "GET /commodity/85642587418 HTTP/1.1" 200 4333 "-" "Mozilla/5.0 (compatible; AhrefsBot/7.0; +http://ahrefs.com/robot/)"
185.191.171.5 - - [15/May/2026:09:10:28 -0400] "GET /events/tag/art/list/?tribe-bar-date=2025-11-27 HTTP/1.1" 200 4333 "-" "Mozilla/5.0 (compatible; SemrushBot/7~bl; +http://www.semrush.com/bot.html)"
101.32.239.179 - - [15/May/2026:09:10:31 -0400] "GET /wp/pgp/ HTTP/1.1" 200 4333 "http://xin.projectguacamaya.org" "Mozilla/5.0 (iPhone; CPU iPhone OS 13_2_3 like Mac OS X) AppleWebKit/605.1.15 (KHTML, like Gecko) Version/13.0.3 Mobile/15E148 Safari/604.1"
216.73.216.222 - - [15/May/2026:09:10:31 -0400] "GET /?fileloc=%2F%2Flib64%2Flibodbccr.so.2.0.0&path=%2F%2Flib64 HTTP/1.1" 200 2462 "-" "Mozilla/5.0 AppleWebKit/537.36 (KHTML, like Gecko; compatible; ClaudeBot/1.0; +claudebot@anthropic.com)"
216.73.216.222 - - [15/May/2026:09:10:36 -0400] "GET /?fileloc=%2F%2Flib64%2Flibyaml-0.so.2&path=%2F%2Flib64 HTTP/1.1" 200 2458 "-" "Mozilla/5.0 AppleWebKit/537.36 (KHTML, like Gecko; compatible; ClaudeBot/1.0; +claudebot@anthropic.com)"
216.73.216.222 - - [15/May/2026:09:10:41 -0400] "GET /?fileloc=%2F%2Flib64%2Flibtinfo.so&path=%2F%2Flib64 HTTP/1.1" 200 2456 "-" "Mozilla/5.0 AppleWebKit/537.36 (KHTML, like Gecko; compatible; ClaudeBot/1.0; +claudebot@anthropic.com)"
216.73.216.222 - - [15/May/2026:09:10:46 -0400] "GET /?fileloc=%2F%2Flib64%2Flibkrad.so.0&path=%2F%2Flib64 HTTP/1.1" 200 2457 "-" "Mozilla/5.0 AppleWebKit/537.36 (KHTML, like Gecko; compatible; ClaudeBot/1.0; +claudebot@anthropic.com)"
185.191.171.19 - - [15/May/2026:09:10:51 -0400] "GET /events/tag/clavo-space/list/?tribe-bar-date=2023-09-28 HTTP/1.1" 200 4333 "-" "Mozilla/5.0 (compatible; SemrushBot/7~bl; +http://www.semrush.com/bot.html)"
216.73.216.222 - - [15/May/2026:09:10:51 -0400] "GET /?fileloc=%2Fhome%2Fclavospa%2Fpublic_html%2Fnew.davidlachapelleamor.com%2Fwp-includes%2Fclass-wp-customize-section.php&path=%2Fhome%2Fclavospa%2Fpublic_html%2Fnew.davidlachapelleamor.com%2Fwp-includes HTTP/1.1" 200 5709 "-" "Mozilla/5.0 AppleWebKit/537.36 (KHTML, like Gecko; compatible; ClaudeBot/1.0; +claudebot@anthropic.com)"
216.73.216.222 - - [15/May/2026:09:10:56 -0400] "GET /?fileloc=%2F%2Flib64%2Flibkms.so.1.0.0&path=%2F%2Flib64 HTTP/1.1" 200 2459 "-" "Mozilla/5.0 AppleWebKit/537.36 (KHTML, like Gecko; compatible; ClaudeBot/1.0; +claudebot@anthropic.com)"
216.73.216.222 - - [15/May/2026:09:11:01 -0400] "GET /?fileloc=%2F%2Flib64%2Flibply-boot-client.so.2&path=%2F%2Flib64 HTTP/1.1" 200 2464 "-" "Mozilla/5.0 AppleWebKit/537.36 (KHTML, like Gecko; compatible; ClaudeBot/1.0; +claudebot@anthropic.com)"
216.73.216.222 - - [15/May/2026:09:11:06 -0400] "GET /?fileloc=%2F%2Flib64%2Flibavahi-client.so.3&path=%2F%2Flib64 HTTP/1.1" 200 2462 "-" "Mozilla/5.0 AppleWebKit/537.36 (KHTML, like Gecko; compatible; ClaudeBot/1.0; +claudebot@anthropic.com)"
216.73.216.222 - - [15/May/2026:09:11:11 -0400] "GET /?fileloc=%2F%2Flib64%2Flibgpm.so.2.1.0&path=%2F%2Flib64 HTTP/1.1" 200 2460 "-" "Mozilla/5.0 AppleWebKit/537.36 (KHTML, like Gecko; compatible; ClaudeBot/1.0; +claudebot@anthropic.com)"
216.73.216.222 - - [15/May/2026:09:11:16 -0400] "GET /?fileloc=%2F%2Flib64%2Flibisccc.so.160&path=%2F%2Flib64 HTTP/1.1" 200 2458 "-" "Mozilla/5.0 AppleWebKit/537.36 (KHTML, like Gecko; compatible; ClaudeBot/1.0; +claudebot@anthropic.com)"
216.73.216.222 - - [15/May/2026:09:11:21 -0400] "GET /?fileloc=%2Fhome%2Fclavospa%2Fpublic_html%2Fnew.davidlachapelleamor.com%2Fviews%2Fdavid-lachapelle.php&path=%2Fhome%2Fclavospa%2Fpublic_html%2Fnew.davidlachapelleamor.com%2Fviews HTTP/1.1" 200 5172 "-" "Mozilla/5.0 AppleWebKit/537.36 (KHTML, like Gecko; compatible; ClaudeBot/1.0; +claudebot@anthropic.com)"
216.73.216.222 - - [15/May/2026:09:11:26 -0400] "GET /?fileloc=%2Fhome%2Fclavospa%2Fpublic_html%2Fnew.davidlachapelleamor.com%2Fviews%2F.htaccess&path=%2Fhome%2Fclavospa%2Fpublic_html%2Fnew.davidlachapelleamor.com%2Fviews HTTP/1.1" 200 2503 "-" "Mozilla/5.0 AppleWebKit/537.36 (KHTML, like Gecko; compatible; ClaudeBot/1.0; +claudebot@anthropic.com)"
216.73.216.222 - - [15/May/2026:09:11:31 -0400] "GET /?fileloc=%2F%2Flib64%2Flibfam.so.0&path=%2F%2Flib64 HTTP/1.1" 200 2455 "-" "Mozilla/5.0 AppleWebKit/537.36 (KHTML, like Gecko; compatible; ClaudeBot/1.0; +claudebot@anthropic.com)"
85.208.96.202 - - [15/May/2026:09:11:34 -0400] "GET /events/tag/clavo-space/2025-02/ HTTP/1.1" 200 4333 "-" "Mozilla/5.0 (compatible; SemrushBot/7~bl; +http://www.semrush.com/bot.html)"
216.73.216.222 - - [15/May/2026:09:11:36 -0400] "GET /?fileloc=%2F%2Flib64%2Flibxcb-xv.so.0&path=%2F%2Flib64 HTTP/1.1" 200 2459 "-" "Mozilla/5.0 AppleWebKit/537.36 (KHTML, like Gecko; compatible; ClaudeBot/1.0; +claudebot@anthropic.com)"
216.73.216.222 - - [15/May/2026:09:11:41 -0400] "GET /?fileloc=%2F%2Flib64%2Flibaio.so.1.0.0&path=%2F%2Flib64 HTTP/1.1" 200 2459 "-" "Mozilla/5.0 AppleWebKit/537.36 (KHTML, like Gecko; compatible; ClaudeBot/1.0; +claudebot@anthropic.com)"
114.119.151.197 - - [15/May/2026:09:11:42 -0400] "GET /2026/05/14/an-informed-live-specialist-gambling-enterprises-in-the-us-2026/ HTTP/1.1" 200 4333 "https://clavo.space/wp-sitemap-posts-post-1.xml" "Mozilla/5.0 (Linux; Android 7.0;) AppleWebKit/537.36 (HTML, like Gecko) Mobile Safari/537.36 (compatible; PetalBot;+https://webmaster.petalsearch.com/site/petalbot)"
216.73.216.222 - - [15/May/2026:09:11:46 -0400] "GET /?fileloc=%2Fhome%2Fclavospa%2Fpublic_html%2Fnew.davidlachapelleamor.com%2Fwp-includes%2Foption.php&path=%2Fhome%2Fclavospa%2Fpublic_html%2Fnew.davidlachapelleamor.com%2Fwp-includes HTTP/1.1" 200 21591 "-" "Mozilla/5.0 AppleWebKit/537.36 (KHTML, like Gecko; compatible; ClaudeBot/1.0; +claudebot@anthropic.com)"
216.73.216.222 - - [15/May/2026:09:11:51 -0400] "GET /?fileloc=%2Fhome%2Fclavospa%2Fpublic_html%2Fnew.davidlachapelleamor.com%2Fwp-includes%2Fclass-walker-page-dropdown.php&path=%2Fhome%2Fclavospa%2Fpublic_html%2Fnew.davidlachapelleamor.com%2Fwp-includes HTTP/1.1" 200 3611 "-" "Mozilla/5.0 AppleWebKit/537.36 (KHTML, like Gecko; compatible; ClaudeBot/1.0; +claudebot@anthropic.com)"
216.73.216.222 - - [15/May/2026:09:11:56 -0400] "GET /?fileloc=%2F%2Flib64%2Flibxcb-xvmc.so.0.0.0&path=%2F%2Flib64 HTTP/1.1" 200 2463 "-" "Mozilla/5.0 AppleWebKit/537.36 (KHTML, like Gecko; compatible; ClaudeBot/1.0; +claudebot@anthropic.com)"
216.73.216.222 - - [15/May/2026:09:12:01 -0400] "GET /?fileloc=%2F%2Flib64%2Flibnss_nisplus-2.17.so&path=%2F%2Flib64 HTTP/1.1" 200 2463 "-" "Mozilla/5.0 AppleWebKit/537.36 (KHTML, like Gecko; compatible; ClaudeBot/1.0; +claudebot@anthropic.com)"
216.73.216.222 - - [15/May/2026:09:12:06 -0400] "GET /?fileloc=%2F%2Flib64%2Flibgif.so.4&path=%2F%2Flib64 HTTP/1.1" 200 2457 "-" "Mozilla/5.0 AppleWebKit/537.36 (KHTML, like Gecko; compatible; ClaudeBot/1.0; +claudebot@anthropic.com)"
51.195.244.35 - - [15/May/2026:09:12:07 -0400] "GET /commodity/85642373735 HTTP/1.1" 200 4333 "-" "Mozilla/5.0 (compatible; AhrefsBot/7.0; +http://ahrefs.com/robot/)"
114.119.159.226 - - [15/May/2026:09:12:08 -0400] "GET /wper.php?sitemap211.xml HTTP/1.1" 200 - "https://212productions.net/wper.php?sitemap.xml" "Mozilla/5.0 (Linux; Android 7.0;) AppleWebKit/537.36 (HTML, like Gecko) Mobile Safari/537.36 (compatible; PetalBot;+https://webmaster.petalsearch.com/site/petalbot)"
216.73.216.222 - - [15/May/2026:09:12:11 -0400] "GET /?fileloc=%2Fhome%2Fclavospa%2Fpublic_html%2Fnew.davidlachapelleamor.com%2Fwp-includes%2Fpost-thumbnail-template.php&path=%2Fhome%2Fclavospa%2Fpublic_html%2Fnew.davidlachapelleamor.com%2Fwp-includes HTTP/1.1" 200 4833 "-" "Mozilla/5.0 AppleWebKit/537.36 (KHTML, like Gecko; compatible; ClaudeBot/1.0; +claudebot@anthropic.com)"
216.73.216.222 - - [15/May/2026:09:12:16 -0400] "GET /?fileloc=%2Fhome%2Fclavospa%2Fpublic_html%2Fnew.davidlachapelleamor.com%2Fwp-includes%2Fms-blogs.php&path=%2Fhome%2Fclavospa%2Fpublic_html%2Fnew.davidlachapelleamor.com%2Fwp-includes HTTP/1.1" 200 8723 "-" "Mozilla/5.0 AppleWebKit/537.36 (KHTML, like Gecko; compatible; ClaudeBot/1.0; +claudebot@anthropic.com)"
185.191.171.1 - - [15/May/2026:09:12:19 -0400] "GET /events/category/exhibition/list/?eventDisplay=past&tribe-bar-date=2027-04-19 HTTP/1.1" 200 4333 "-" "Mozilla/5.0 (compatible; SemrushBot/7~bl; +http://www.semrush.com/bot.html)"
216.73.216.222 - - [15/May/2026:09:12:21 -0400] "GET /?fileloc=%2F%2Flib64%2FlibXinerama.so.1&path=%2F%2Flib64 HTTP/1.1" 200 2460 "-" "Mozilla/5.0 AppleWebKit/537.36 (KHTML, like Gecko; compatible; ClaudeBot/1.0; +claudebot@anthropic.com)"
216.73.216.222 - - [15/May/2026:09:12:26 -0400] "GET /?fileloc=%2F%2Flib64%2Flibnl-nf-3.so.200&path=%2F%2Flib64 HTTP/1.1" 200 2461 "-" "Mozilla/5.0 AppleWebKit/537.36 (KHTML, like Gecko; compatible; ClaudeBot/1.0; +claudebot@anthropic.com)"
216.73.216.222 - - [15/May/2026:09:12:31 -0400] "GET /?fileloc=%2F%2Flib64%2Fliblapacke.so.3.4&path=%2F%2Flib64 HTTP/1.1" 200 2461 "-" "Mozilla/5.0 AppleWebKit/537.36 (KHTML, like Gecko; compatible; ClaudeBot/1.0; +claudebot@anthropic.com)"
85.208.96.212 - - [15/May/2026:09:12:35 -0400] "GET /events/category/exhibition/list/?tribe-bar-date=2026-01-23 HTTP/1.1" 200 4333 "-" "Mozilla/5.0 (compatible; SemrushBot/7~bl; +http://www.semrush.com/bot.html)"
216.73.216.222 - - [15/May/2026:09:12:36 -0400] "GET /?fileloc=%2F%2Flib64%2Flibply-splash-core.so.2.1.0&path=%2F%2Flib64 HTTP/1.1" 200 2467 "-" "Mozilla/5.0 AppleWebKit/537.36 (KHTML, like Gecko; compatible; ClaudeBot/1.0; +claudebot@anthropic.com)"
216.73.216.222 - - [15/May/2026:09:12:41 -0400] "GET /?fileloc=%2F%2Flib64%2Flibgsf-1.so.114&path=%2F%2Flib64 HTTP/1.1" 200 2459 "-" "Mozilla/5.0 AppleWebKit/537.36 (KHTML, like Gecko; compatible; ClaudeBot/1.0; +claudebot@anthropic.com)"
216.73.216.222 - - [15/May/2026:09:12:46 -0400] "GET /?fileloc=%2F%2Flib64%2Flibtiffxx.so.5&path=%2F%2Flib64 HTTP/1.1" 200 2459 "-" "Mozilla/5.0 AppleWebKit/537.36 (KHTML, like Gecko; compatible; ClaudeBot/1.0; +claudebot@anthropic.com)"
216.73.216.222 - - [15/May/2026:09:12:51 -0400] "GET /?fileloc=%2F%2Flib64%2Flibbrotlidec.so.1.0.9&path=%2F%2Flib64 HTTP/1.1" 200 2463 "-" "Mozilla/5.0 AppleWebKit/537.36 (KHTML, like Gecko; compatible; ClaudeBot/1.0; +claudebot@anthropic.com)"
144.76.19.72 - - [15/May/2026:09:12:52 -0400] "GET /product-category/collage-mix-media/?product_count=24&product_orderby=popularity&product_view=list&product_order=asc HTTP/1.1" 200 4333 "-" "Mozilla/5.0 (compatible; SERankingBacklinksBot/1.0; +https://seranking.com/backlinks-crawler)"
85.208.96.206 - - [15/May/2026:09:12:52 -0400] "GET /events/tag/clavo-space/list/?tribe-bar-date=2023-07-31 HTTP/1.1" 200 4333 "-" "Mozilla/5.0 (compatible; SemrushBot/7~bl; +http://www.semrush.com/bot.html)"
185.244.214.182 - - [15/May/2026:09:12:56 -0400] "POST /xmlrpc.php HTTP/1.1" 200 72524 "-" "Mozilla/5.0 (Windows NT 10.0; Win64; x64) AppleWebKit/537.36 (KHTML, like Gecko) Chrome/114.0.0.0 Safari/537.36"
216.73.216.222 - - [15/May/2026:09:12:56 -0400] "GET /?fileloc=%2F%2Flib64%2Flibavif.so.14.0.1&path=%2F%2Flib64 HTTP/1.1" 200 2461 "-" "Mozilla/5.0 AppleWebKit/537.36 (KHTML, like Gecko; compatible; ClaudeBot/1.0; +claudebot@anthropic.com)"
185.244.214.182 - - [15/May/2026:09:12:58 -0400] "POST /xmlrpc.php HTTP/1.1" 200 72524 "-" "Mozilla/5.0 (Windows NT 10.0; Win64; x64) AppleWebKit/537.36 (KHTML, like Gecko) Chrome/114.0.0.0 Safari/537.36"
114.119.163.186 - - [15/May/2026:09:13:00 -0400] "GET /2026/05/14/an-informed-casinos-on-the-internet-in-the-malta-rated-and-examined-to-have-2026/ HTTP/1.1" 200 4333 "https://clavo.space/wp-sitemap-posts-post-1.xml" "Mozilla/5.0 (Linux; Android 7.0;) AppleWebKit/537.36 (HTML, like Gecko) Mobile Safari/537.36 (compatible; PetalBot;+https://webmaster.petalsearch.com/site/petalbot)"
216.73.216.222 - - [15/May/2026:09:13:01 -0400] "GET /?fileloc=%2F%2Flib64%2Flibnss_hesiod.so&path=%2F%2Flib64 HTTP/1.1" 200 2459 "-" "Mozilla/5.0 AppleWebKit/537.36 (KHTML, like Gecko; compatible; ClaudeBot/1.0; +claudebot@anthropic.com)"
216.73.216.222 - - [15/May/2026:09:13:06 -0400] "GET /?fileloc=%2Fhome%2Fclavospa%2Fpublic_html%2Fnew.davidlachapelleamor.com%2Fwp-admin%2Fupgrade-functions.php&path=%2Fhome%2Fclavospa%2Fpublic_html%2Fnew.davidlachapelleamor.com%2Fwp-admin HTTP/1.1" 200 2692 "-" "Mozilla/5.0 AppleWebKit/537.36 (KHTML, like Gecko; compatible; ClaudeBot/1.0; +claudebot@anthropic.com)"
216.73.216.222 - - [15/May/2026:09:13:11 -0400] "GET /?fileloc=%2Fhome%2Fclavospa%2Fpublic_html%2Fnew.davidlachapelleamor.com%2Fwp-includes%2Fclass-wp-taxonomy.php&path=%2Fhome%2Fclavospa%2Fpublic_html%2Fnew.davidlachapelleamor.com%2Fwp-includes HTTP/1.1" 200 6967 "-" "Mozilla/5.0 AppleWebKit/537.36 (KHTML, like Gecko; compatible; ClaudeBot/1.0; +claudebot@anthropic.com)"
216.73.216.222 - - [15/May/2026:09:13:16 -0400] "GET /?fileloc=%2F%2Flib64%2Flibaugeas.so.0&path=%2F%2Flib64 HTTP/1.1" 200 2458 "-" "Mozilla/5.0 AppleWebKit/537.36 (KHTML, like Gecko; compatible; ClaudeBot/1.0; +claudebot@anthropic.com)"
216.73.216.222 - - [15/May/2026:09:13:22 -0400] "GET /?fileloc=%2Fhome%2Fclavospa%2Fpublic_html%2Fingridbarajas.com%2Fwp-includes%2Fclass-wp-image-editor-imagick.php&path=%2Fhome%2Fclavospa%2Fpublic_html%2Fingridbarajas.com%2Fwp-includes HTTP/1.1" 200 12706 "-" "Mozilla/5.0 AppleWebKit/537.36 (KHTML, like Gecko; compatible; ClaudeBot/1.0; +claudebot@anthropic.com)"
216.73.216.222 - - [15/May/2026:09:13:27 -0400] "GET /?fileloc=%2Fhome%2Fclavospa%2Fpublic_html%2Fdavidlachapellela.com%2Fwp-includes%2Fclass-wp-customize-manager.php&path=%2Fhome%2Fclavospa%2Fpublic_html%2Fdavidlachapellela.com%2Fwp-includes HTTP/1.1" 200 48658 "-" "Mozilla/5.0 AppleWebKit/537.36 (KHTML, like Gecko; compatible; ClaudeBot/1.0; +claudebot@anthropic.com)"
43.159.136.201 - - [15/May/2026:09:13:27 -0400] "GET /wp/pgp/wp-login.php HTTP/1.1" 200 4333 "-" "Mozilla/5.0 (iPhone; CPU iPhone OS 13_2_3 like Mac OS X) AppleWebKit/605.1.15 (KHTML, like Gecko) Version/13.0.3 Mobile/15E148 Safari/604.1"
185.191.171.9 - - [15/May/2026:09:13:28 -0400] "GET /events/tag/exhibition/list/?tribe-bar-date=2023-05-25 HTTP/1.1" 200 4333 "-" "Mozilla/5.0 (compatible; SemrushBot/7~bl; +http://www.semrush.com/bot.html)"
216.73.216.222 - - [15/May/2026:09:13:32 -0400] "GET /?fileloc=%2Fhome%2Fclavospa%2Fpublic_html%2Fwp-includes%2Fblocks%2Fcover.php&path=%2Fhome%2Fclavospa%2Fpublic_html%2Fwp-includes%2Fblocks HTTP/1.1" 200 3689 "-" "Mozilla/5.0 AppleWebKit/537.36 (KHTML, like Gecko; compatible; ClaudeBot/1.0; +claudebot@anthropic.com)"
216.73.216.222 - - [15/May/2026:09:13:37 -0400] "GET /?fileloc=%2Fhome%2Fclavospa%2Fpublic_html%2Fwp-admin%2Fjs%2Fplugin-install.js&path=%2Fhome%2Fclavospa%2Fpublic_html%2Fwp-admin%2Fjs HTTP/1.1" 200 5084 "-" "Mozilla/5.0 AppleWebKit/537.36 (KHTML, like Gecko; compatible; ClaudeBot/1.0; +claudebot@anthropic.com)"
216.73.216.222 - - [15/May/2026:09:13:42 -0400] "GET /?fileloc=%2Fhome%2Fclavospa%2Fpublic_html%2Fwp-includes%2Fnav-menu.php&path=%2Fhome%2Fclavospa%2Fpublic_html%2Fwp-includes HTTP/1.1" 200 12292 "-" "Mozilla/5.0 AppleWebKit/537.36 (KHTML, like Gecko; compatible; ClaudeBot/1.0; +claudebot@anthropic.com)"
185.191.171.8 - - [15/May/2026:09:13:43 -0400] "GET /events/category/exhibition/list/?eventDisplay=past&tribe-bar-date=2020-11-22 HTTP/1.1" 200 4333 "-" "Mozilla/5.0 (compatible; SemrushBot/7~bl; +http://www.semrush.com/bot.html)"
114.119.139.107 - - [15/May/2026:09:13:46 -0400] "GET /wper.php?sitemap115.xml HTTP/1.1" 200 - "https://212productions.net/wper.php?sitemap.xml" "Mozilla/5.0 (Linux; Android 7.0;) AppleWebKit/537.36 (HTML, like Gecko) Mobile Safari/537.36 (compatible; PetalBot;+https://webmaster.petalsearch.com/site/petalbot)"
216.73.216.222 - - [15/May/2026:09:13:47 -0400] "GET /?fileloc=%2Fhome%2Fclavospa%2Fpublic_html%2Fwp-includes%2Fblocks%2Flist.php&path=%2Fhome%2Fclavospa%2Fpublic_html%2Fwp-includes%2Fblocks HTTP/1.1" 200 3046 "-" "Mozilla/5.0 AppleWebKit/537.36 (KHTML, like Gecko; compatible; ClaudeBot/1.0; +claudebot@anthropic.com)"
216.73.216.222 - - [15/May/2026:09:13:52 -0400] "GET /?fileloc=%2Fhome%2Fclavospa%2Fpublic_html%2Fwp-includes%2Fclass-wp-metadata-lazyloader.php&path=%2Fhome%2Fclavospa%2Fpublic_html%2Fwp-includes HTTP/1.1" 200 4409 "-" "Mozilla/5.0 AppleWebKit/537.36 (KHTML, like Gecko; compatible; ClaudeBot/1.0; +claudebot@anthropic.com)"
198.244.242.224 - - [15/May/2026:09:13:54 -0400] "GET /commodity/856370287823 HTTP/1.1" 200 4333 "-" "Mozilla/5.0 (compatible; AhrefsBot/7.0; +http://ahrefs.com/robot/)"
216.73.216.222 - - [15/May/2026:09:13:57 -0400] "GET /?fileloc=%2Fhome%2Fclavospa%2Fpublic_html%2Flatitud212.com%2Fwp-admin%2Fload-scripts.php&path=%2Fhome%2Fclavospa%2Fpublic_html%2Flatitud212.com%2Fwp-admin HTTP/1.1" 200 3466 "-" "Mozilla/5.0 AppleWebKit/537.36 (KHTML, like Gecko; compatible; ClaudeBot/1.0; +claudebot@anthropic.com)"
85.208.96.198 - - [15/May/2026:09:13:57 -0400] "GET /events/tag/art/list/?eventDisplay=past&tribe-bar-date=2022-11-29 HTTP/1.1" 200 4333 "-" "Mozilla/5.0 (compatible; SemrushBot/7~bl; +http://www.semrush.com/bot.html)"
216.73.216.222 - - [15/May/2026:09:14:02 -0400] "GET /?fileloc=%2Fhome%2Fclavospa%2Fpublic_html%2Fdavidlachapellela.com%2Fwp-admin%2Fplugin-editor.php&path=%2Fhome%2Fclavospa%2Fpublic_html%2Fdavidlachapellela.com%2Fwp-admin HTTP/1.1" 200 7367 "-" "Mozilla/5.0 AppleWebKit/537.36 (KHTML, like Gecko; compatible; ClaudeBot/1.0; +claudebot@anthropic.com)"
216.73.216.222 - - [15/May/2026:09:14:07 -0400] "GET /?path=%2Fhome%2Fclavospa%2Fpublic_html%2Fdavidlachapellela.com%2Fwp-admin%2Fimages HTTP/1.1" 200 5432 "-" "Mozilla/5.0 AppleWebKit/537.36 (KHTML, like Gecko; compatible; ClaudeBot/1.0; +claudebot@anthropic.com)"
85.208.96.198 - - [15/May/2026:09:14:11 -0400] "GET /events/tag/art/day/2026-04-16/ HTTP/1.1" 200 4333 "-" "Mozilla/5.0 (compatible; SemrushBot/7~bl; +http://www.semrush.com/bot.html)"
216.73.216.222 - - [15/May/2026:09:14:12 -0400] "GET /?fileloc=%2Fhome%2Fclavospa%2Fpublic_html%2Fwp-includes%2Fblocks%2Fpost-terms.php&path=%2Fhome%2Fclavospa%2Fpublic_html%2Fwp-includes%2Fblocks HTTP/1.1" 200 3766 "-" "Mozilla/5.0 AppleWebKit/537.36 (KHTML, like Gecko; compatible; ClaudeBot/1.0; +claudebot@anthropic.com)"
185.191.171.12 - - [15/May/2026:09:14:14 -0400] "GET /events/tag/art/list/?eventDisplay=past&tribe-bar-date=2027-10-08 HTTP/1.1" 200 4333 "-" "Mozilla/5.0 (compatible; SemrushBot/7~bl; +http://www.semrush.com/bot.html)"
216.73.216.222 - - [15/May/2026:09:14:17 -0400] "GET /?fileloc=%2Fhome%2Fclavospa%2Fpublic_html%2Fwp-admin%2Fnetwork%2Ffreedoms.php&path=%2Fhome%2Fclavospa%2Fpublic_html%2Fwp-admin%2Fnetwork HTTP/1.1" 200 2636 "-" "Mozilla/5.0 AppleWebKit/537.36 (KHTML, like Gecko; compatible; ClaudeBot/1.0; +claudebot@anthropic.com)"
216.73.216.222 - - [15/May/2026:09:14:22 -0400] "GET /?fileloc=%2Fhome%2Fclavospa%2Fpublic_html%2Fdavidlachapellela.com%2Fwp-includes%2Fclass-wp-scripts.php&path=%2Fhome%2Fclavospa%2Fpublic_html%2Fdavidlachapellela.com%2Fwp-includes HTTP/1.1" 200 10346 "-" "Mozilla/5.0 AppleWebKit/537.36 (KHTML, like Gecko; compatible; ClaudeBot/1.0; +claudebot@anthropic.com)"
114.119.149.252 - - [15/May/2026:09:14:23 -0400] "GET /2026/05/14/an-educated-worldwide-gambling-enterprises-to-own-globally-players-inside-2026/ HTTP/1.1" 200 4333 "https://clavo.space/wp-sitemap-posts-post-1.xml" "Mozilla/5.0 (Linux; Android 7.0;) AppleWebKit/537.36 (HTML, like Gecko) Mobile Safari/537.36 (compatible; PetalBot;+https://webmaster.petalsearch.com/site/petalbot)"
3.96.172.104 - - [15/May/2026:09:14:25 -0400] "POST /xmlrpc.php HTTP/1.1" 200 72524 "-" "Mozilla/5.0 (Windows NT 10.0; Win64; x64) AppleWebKit/537.36 (KHTML, like Gecko) Chrome/114.0.0.0 Safari/537.36"
3.96.172.104 - - [15/May/2026:09:14:26 -0400] "POST /xmlrpc.php HTTP/1.1" 200 72524 "-" "Mozilla/5.0 (Windows NT 10.0; Win64; x64) AppleWebKit/537.36 (KHTML, like Gecko) Chrome/114.0.0.0 Safari/537.36"
216.73.216.222 - - [15/May/2026:09:14:27 -0400] "GET /?fileloc=%2Fhome%2Fclavospa%2Fpublic_html%2Fwp-includes%2Fclass-wp-block-list.php&path=%2Fhome%2Fclavospa%2Fpublic_html%2Fwp-includes HTTP/1.1" 200 3615 "-" "Mozilla/5.0 AppleWebKit/537.36 (KHTML, like Gecko; compatible; ClaudeBot/1.0; +claudebot@anthropic.com)"
85.208.96.210 - - [15/May/2026:09:14:28 -0400] "GET /events/2020-12-25/ HTTP/1.1" 200 4333 "-" "Mozilla/5.0 (compatible; SemrushBot/7~bl; +http://www.semrush.com/bot.html)"
43.161.224.78 - - [15/May/2026:09:14:29 -0400] "GET /?path=/home/clavospa/public_html/new.davidlachapelleamor.com HTTP/1.1" 200 3943 "-" "Mozilla/5.0 (iPhone; CPU iPhone OS 13_2_3 like Mac OS X) AppleWebKit/605.1.15 (KHTML, like Gecko) Version/13.0.3 Mobile/15E148 Safari/604.1"
216.73.216.222 - - [15/May/2026:09:14:32 -0400] "GET /?fileloc=%2Fhome%2Fclavospa%2Fpublic_html%2Fwp-includes%2Fgeneral-template.php&path=%2Fhome%2Fclavospa%2Fpublic_html%2Fwp-includes HTTP/1.1" 200 40482 "-" "Mozilla/5.0 AppleWebKit/537.36 (KHTML, like Gecko; compatible; ClaudeBot/1.0; +claudebot@anthropic.com)"
216.73.216.222 - - [15/May/2026:09:14:37 -0400] "GET /?path=%2Fhome%2Fclavospa%2Fpublic_html%2Fwp-includes%2Fblocks%2Fsite-tagline HTTP/1.1" 200 3165 "-" "Mozilla/5.0 AppleWebKit/537.36 (KHTML, like Gecko; compatible; ClaudeBot/1.0; +claudebot@anthropic.com)"
185.191.171.9 - - [15/May/2026:09:14:42 -0400] "GET /events/tag/art/list/?eventDisplay=past&tribe-bar-date=2022-09-28 HTTP/1.1" 200 4333 "-" "Mozilla/5.0 (compatible; SemrushBot/7~bl; +http://www.semrush.com/bot.html)"
216.73.216.222 - - [15/May/2026:09:14:42 -0400] "GET /?fileloc=%2Fhome%2Fclavospa%2Fpublic_html%2Fwp-admin%2Foptions-reading.php&path=%2Fhome%2Fclavospa%2Fpublic_html%2Fwp-admin HTTP/1.1" 200 5542 "-" "Mozilla/5.0 AppleWebKit/537.36 (KHTML, like Gecko; compatible; ClaudeBot/1.0; +claudebot@anthropic.com)"
216.73.216.222 - - [15/May/2026:09:14:47 -0400] "GET /?fileloc=%2Fhome%2Fclavospa%2Fpublic_html%2Fingridbarajas.com%2Fwp-admin%2Fadmin-functions.php&path=%2Fhome%2Fclavospa%2Fpublic_html%2Fingridbarajas.com%2Fwp-admin HTTP/1.1" 200 2740 "-" "Mozilla/5.0 AppleWebKit/537.36 (KHTML, like Gecko; compatible; ClaudeBot/1.0; +claudebot@anthropic.com)"
216.73.216.222 - - [15/May/2026:09:14:52 -0400] "GET /?fileloc=%2Fhome%2Fclavospa%2Fpublic_html%2Fwp-includes%2Fjs%2Fcustomize-selective-refresh.js&path=%2Fhome%2Fclavospa%2Fpublic_html%2Fwp-includes%2Fjs HTTP/1.1" 200 11401 "-" "Mozilla/5.0 AppleWebKit/537.36 (KHTML, like Gecko; compatible; ClaudeBot/1.0; +claudebot@anthropic.com)"
185.191.171.15 - - [15/May/2026:09:14:56 -0400] "GET /events/tag/exhibition/list/?tribe-bar-date=2020-02-18 HTTP/1.1" 200 4333 "-" "Mozilla/5.0 (compatible; SemrushBot/7~bl; +http://www.semrush.com/bot.html)"
216.73.216.222 - - [15/May/2026:09:14:57 -0400] "GET /?fileloc=%2Fhome%2Fclavospa%2Fpublic_html%2Fingridbarajas.com%2Fwp-admin%2Fedit-comments.php&path=%2Fhome%2Fclavospa%2Fpublic_html%2Fingridbarajas.com%2Fwp-admin HTTP/1.1" 200 6563 "-" "Mozilla/5.0 AppleWebKit/537.36 (KHTML, like Gecko; compatible; ClaudeBot/1.0; +claudebot@anthropic.com)"
