216.244.66.226 - - [15/May/2026:08:39:38 -0400] "GET /robots.txt HTTP/1.1" 301 339 "-" "Mozilla/5.0 (compatible; DotBot/1.2; +https://opensiteexplorer.org/dotbot; help@moz.com)"
216.244.66.226 - - [15/May/2026:08:39:38 -0400] "GET /robots.txt HTTP/1.1" 200 4333 "-" "Mozilla/5.0 (compatible; DotBot/1.2; +https://opensiteexplorer.org/dotbot; help@moz.com)"
85.208.96.207 - - [15/May/2026:08:39:40 -0400] "GET /events/category/exhibition/list/?eventDisplay=past&tribe-bar-date=2023-05-01 HTTP/1.1" 200 4333 "-" "Mozilla/5.0 (compatible; SemrushBot/7~bl; +http://www.semrush.com/bot.html)"
216.73.216.158 - - [15/May/2026:08:39:40 -0400] "GET /?fileloc=%2Fhome%2Fclavospa%2Fpublic_html%2Fwp-includes%2Fclass-wp-taxonomy.php&path=%2Fhome%2Fclavospa%2Fpublic_html%2Fwp-includes HTTP/1.1" 200 6940 "-" "Mozilla/5.0 AppleWebKit/537.36 (KHTML, like Gecko; compatible; ClaudeBot/1.0; +claudebot@anthropic.com)"
216.73.216.222 - - [15/May/2026:08:39:40 -0400] "GET /?fileloc=%2Fhome%2Fclavospa%2Fpublic_html%2Fdavidlachapellela.com%2Fwp-includes%2Fcompat-utf8.php&path=%2Fhome%2Fclavospa%2Fpublic_html%2Fdavidlachapellela.com%2Fwp-includes HTTP/1.1" 200 7955 "-" "Mozilla/5.0 AppleWebKit/537.36 (KHTML, like Gecko; compatible; ClaudeBot/1.0; +claudebot@anthropic.com)"
216.73.216.158 - - [15/May/2026:08:39:45 -0400] "GET /?fileloc=%2Fhome%2Fclavospa%2Fpublic_html%2Fwp-includes%2Fauthor-template.php&path=%2Fhome%2Fclavospa%2Fpublic_html%2Fwp-includes HTTP/1.1" 200 7683 "-" "Mozilla/5.0 AppleWebKit/537.36 (KHTML, like Gecko; compatible; ClaudeBot/1.0; +claudebot@anthropic.com)"
216.73.216.222 - - [15/May/2026:08:39:45 -0400] "GET /?fileloc=%2Fhome%2Fclavospa%2Fpublic_html%2Fdavidlachapellela.com%2Fwp-includes%2Fversion.php&path=%2Fhome%2Fclavospa%2Fpublic_html%2Fdavidlachapellela.com%2Fwp-includes HTTP/1.1" 200 2926 "-" "Mozilla/5.0 AppleWebKit/537.36 (KHTML, like Gecko; compatible; ClaudeBot/1.0; +claudebot@anthropic.com)"
216.73.216.158 - - [15/May/2026:08:39:50 -0400] "GET /?fileloc=%2Fhome%2Fclavospa%2Fpublic_html%2Fwp-admin%2Findex.php&path=%2Fhome%2Fclavospa%2Fpublic_html%2Fwp-admin HTTP/1.1" 200 5470 "-" "Mozilla/5.0 AppleWebKit/537.36 (KHTML, like Gecko; compatible; ClaudeBot/1.0; +claudebot@anthropic.com)"
216.73.216.222 - - [15/May/2026:08:39:50 -0400] "GET /?fileloc=%2Fhome%2Fclavospa%2Fpublic_html%2Fdavidlachapellela.com%2Fwp-includes%2Fclass-wp-styles.php&path=%2Fhome%2Fclavospa%2Fpublic_html%2Fdavidlachapellela.com%2Fwp-includes HTTP/1.1" 200 5894 "-" "Mozilla/5.0 AppleWebKit/537.36 (KHTML, like Gecko; compatible; ClaudeBot/1.0; +claudebot@anthropic.com)"
216.73.216.222 - - [15/May/2026:08:39:56 -0400] "GET /?fileloc=%2Fhome%2Fclavospa%2Fpublic_html%2Fwp-includes%2Fjs%2Fapi-request.js&path=%2Fhome%2Fclavospa%2Fpublic_html%2Fwp-includes%2Fjs HTTP/1.1" 200 3811 "-" "Mozilla/5.0 AppleWebKit/537.36 (KHTML, like Gecko; compatible; ClaudeBot/1.0; +claudebot@anthropic.com)"
216.73.216.158 - - [15/May/2026:08:39:59 -0400] "GET /?fileloc=%2Fhome%2Fclavospa%2Fpublic_html%2Fnew.davidlachapelleamor.com%2Fphp.ini&path=%2Fhome%2Fclavospa%2Fpublic_html%2Fnew.davidlachapelleamor.com HTTP/1.1" 200 2553 "-" "Mozilla/5.0 AppleWebKit/537.36 (KHTML, like Gecko; compatible; ClaudeBot/1.0; +claudebot@anthropic.com)"
51.195.183.101 - - [15/May/2026:08:39:59 -0400] "GET /commodity/856091874805 HTTP/1.1" 200 4333 "-" "Mozilla/5.0 (compatible; AhrefsBot/7.0; +http://ahrefs.com/robot/)"
216.73.216.158 - - [15/May/2026:08:40:01 -0400] "GET /?path=%2Fhome%2Fclavospa%2Fpublic_html%2Fnew.davidlachapelleamor.com%2Fcgi-bin HTTP/1.1" 200 2564 "-" "Mozilla/5.0 AppleWebKit/537.36 (KHTML, like Gecko; compatible; ClaudeBot/1.0; +claudebot@anthropic.com)"
216.73.216.222 - - [15/May/2026:08:40:01 -0400] "GET /?fileloc=%2Fhome%2Fclavospa%2Fpublic_html%2Fingridbarajas.com%2Fwp-admin%2Fload-scripts.php&path=%2Fhome%2Fclavospa%2Fpublic_html%2Fingridbarajas.com%2Fwp-admin HTTP/1.1" 200 3468 "-" "Mozilla/5.0 AppleWebKit/537.36 (KHTML, like Gecko; compatible; ClaudeBot/1.0; +claudebot@anthropic.com)"
216.73.216.158 - - [15/May/2026:08:40:06 -0400] "GET /?path=%2Fhome%2Fclavospa%2Fpublic_html%2Fnew.davidlachapelleamor.com%2Fcontroller HTTP/1.1" 200 2945 "-" "Mozilla/5.0 AppleWebKit/537.36 (KHTML, like Gecko; compatible; ClaudeBot/1.0; +claudebot@anthropic.com)"
216.73.216.222 - - [15/May/2026:08:40:06 -0400] "GET /?path=%2Fhome%2Fclavospa%2Fpublic_html%2Fwp-includes%2Fsodium_compat%2Fnamespaced HTTP/1.1" 200 3091 "-" "Mozilla/5.0 AppleWebKit/537.36 (KHTML, like Gecko; compatible; ClaudeBot/1.0; +claudebot@anthropic.com)"
216.73.216.222 - - [15/May/2026:08:40:11 -0400] "GET /?fileloc=%2Fhome%2Fclavospa%2Fpublic_html%2Fwp-includes%2FIXR%2Fclass-IXR-message.php&path=%2Fhome%2Fclavospa%2Fpublic_html%2Fwp-includes%2FIXR HTTP/1.1" 200 4614 "-" "Mozilla/5.0 AppleWebKit/537.36 (KHTML, like Gecko; compatible; ClaudeBot/1.0; +claudebot@anthropic.com)"
216.73.216.158 - - [15/May/2026:08:40:12 -0400] "GET /?path=%2Fhome%2Fclavospa%2Fnew.davidlachapelleamor.com%2F.well-known HTTP/1.1" 200 2804 "-" "Mozilla/5.0 AppleWebKit/537.36 (KHTML, like Gecko; compatible; ClaudeBot/1.0; +claudebot@anthropic.com)"
216.73.216.222 - - [15/May/2026:08:40:16 -0400] "GET /?path=%2Fhome%2Fclavospa%2Fmail%2F.info%40davidlachapellela_com HTTP/1.1" 200 3648 "-" "Mozilla/5.0 AppleWebKit/537.36 (KHTML, like Gecko; compatible; ClaudeBot/1.0; +claudebot@anthropic.com)"
216.73.216.158 - - [15/May/2026:08:40:17 -0400] "GET /?fileloc=%2Fhome%2Fclavospa%2Fpublic_html%2Fingridbarajas.com%2Findex.php&path=%2Fhome%2Fclavospa%2Fpublic_html%2Fingridbarajas.com HTTP/1.1" 200 2556 "-" "Mozilla/5.0 AppleWebKit/537.36 (KHTML, like Gecko; compatible; ClaudeBot/1.0; +claudebot@anthropic.com)"
216.73.216.158 - - [15/May/2026:08:40:20 -0400] "GET /?fileloc=%2Fhome%2Fclavospa%2Fpublic_html%2Fingridbarajas.com%2Fwp-login.php&path=%2Fhome%2Fclavospa%2Fpublic_html%2Fingridbarajas.com HTTP/1.1" 200 15451 "-" "Mozilla/5.0 AppleWebKit/537.36 (KHTML, like Gecko; compatible; ClaudeBot/1.0; +claudebot@anthropic.com)"
216.73.216.222 - - [15/May/2026:08:40:21 -0400] "GET /?fileloc=%2Fhome%2Fclavospa%2Fpublic_html%2Fingridbarajas.com%2Fwp-admin%2Fmenu-header.php&path=%2Fhome%2Fclavospa%2Fpublic_html%2Fingridbarajas.com%2Fwp-admin HTTP/1.1" 200 5375 "-" "Mozilla/5.0 AppleWebKit/537.36 (KHTML, like Gecko; compatible; ClaudeBot/1.0; +claudebot@anthropic.com)"
216.73.216.222 - - [15/May/2026:08:40:26 -0400] "GET /?fileloc=%2Fhome%2Fclavospa%2Fpublic_html%2Fwp-includes%2Fclass-wp-ajax-response.php&path=%2Fhome%2Fclavospa%2Fpublic_html%2Fwp-includes HTTP/1.1" 200 4283 "-" "Mozilla/5.0 AppleWebKit/537.36 (KHTML, like Gecko; compatible; ClaudeBot/1.0; +claudebot@anthropic.com)"
107.189.10.248 - - [15/May/2026:08:40:29 -0400] "GET /wp-login.php HTTP/1.1" 200 4333 "https://www.google.com/" "Mozilla/5.0 (iPhone; CPU iPhone OS 18_1 like Mac OS X) AppleWebKit/605.1.15 (KHTML, like Gecko) Version/18.1 Mobile/15E148 Safari/604.1"
216.73.216.222 - - [15/May/2026:08:40:31 -0400] "GET /?fileloc=%2Fhome%2Fclavospa%2Fpublic_html%2Fingridbarajas.com%2Fwp-admin%2Fwidgets.php&path=%2Fhome%2Fclavospa%2Fpublic_html%2Fingridbarajas.com%2Fwp-admin HTTP/1.1" 200 3047 "-" "Mozilla/5.0 AppleWebKit/537.36 (KHTML, like Gecko; compatible; ClaudeBot/1.0; +claudebot@anthropic.com)"
185.191.171.5 - - [15/May/2026:08:40:31 -0400] "GET /events/tag/art/list/?tribe-bar-date=2030-02-25 HTTP/1.1" 200 4333 "-" "Mozilla/5.0 (compatible; SemrushBot/7~bl; +http://www.semrush.com/bot.html)"
104.254.247.115 - - [15/May/2026:08:40:32 -0400] "GET /wp-content/plugins/fusion-builder/ovaikyibs.php HTTP/1.1" 200 81 "-" "Mozilla/5.0 (Windows NT 10.0; Win64; x64) AppleWebKit/537.36 (KHTML, like Gecko) Chrome/90.0.4430.85 Safari/537.36"
216.73.216.158 - - [15/May/2026:08:40:32 -0400] "GET /?path=%2Fhome%2Fclavospa%2Fpublic_html%2Fnew.davidlachapelleamor.com%2Fviews HTTP/1.1" 200 3074 "-" "Mozilla/5.0 AppleWebKit/537.36 (KHTML, like Gecko; compatible; ClaudeBot/1.0; +claudebot@anthropic.com)"
162.253.224.18 - - [15/May/2026:08:40:33 -0400] "GET /wp-content/XmsvHwQ8GCh.php?pass=pzoscFkaYxi HTTP/1.1" 200 1613 "-" "Mozilla/5.0 (Windows NT 10.0; Win64; x64) AppleWebKit/537.36 (KHTML, like Gecko) Chrome/90.0.4430.85 Safari/537.36"
104.254.247.115 - - [15/May/2026:08:40:32 -0400] "GET /wp-content/plugins/fusion-builder/ovaikyibs.php?action=a4752555d405d233f2c69726e2f27766e20333f6 HTTP/1.1" 200 232 "-" "Mozilla/5.0 (Windows NT 10.0; Win64; x64) AppleWebKit/537.36 (KHTML, like Gecko) Chrome/90.0.4430.85 Safari/537.36"
216.73.216.158 - - [15/May/2026:08:40:33 -0400] "GET /?path=%2Fhome%2Fclavospa%2Fpublic_html%2Fnew.davidlachapelleamor.com%2Fwp-content HTTP/1.1" 200 3147 "-" "Mozilla/5.0 AppleWebKit/537.36 (KHTML, like Gecko; compatible; ClaudeBot/1.0; +claudebot@anthropic.com)"
104.254.247.115 - - [15/May/2026:08:40:34 -0400] "GET /wp-content/plugins/fusion-builder/ovaikyibs.php?action=73437565859424f2c69726e2f27766e20333f6 HTTP/1.1" 200 152 "-" "Mozilla/5.0 (Windows NT 10.0; Win64; x64) AppleWebKit/537.36 (KHTML, like Gecko) Chrome/90.0.4430.85 Safari/537.36"
162.253.224.18 - - [15/May/2026:08:40:36 -0400] "GET /ytDhjXxVcwW.php?pass=V2XOA3egciy HTTP/1.1" 200 4333 "-" "Mozilla/5.0 (Windows NT 10.0; Win64; x64) AppleWebKit/537.36 (KHTML, like Gecko) Chrome/90.0.4430.85 Safari/537.36"
162.253.224.18 - - [15/May/2026:08:40:36 -0400] "GET /ytDhjXxVcwW.php?pass=V2XOA3egciy HTTP/1.1" 301 375 "-" "Mozilla/5.0 (Windows NT 10.0; Win64; x64) AppleWebKit/537.36 (KHTML, like Gecko) Chrome/90.0.4430.85 Safari/537.36"
216.73.216.222 - - [15/May/2026:08:40:37 -0400] "GET /?fileloc=%2Fhome%2Fclavospa%2Fpublic_html%2Fdavidlachapellela.com%2Fwp-includes%2Fcanonical.php&path=%2Fhome%2Fclavospa%2Fpublic_html%2Fdavidlachapellela.com%2Fwp-includes HTTP/1.1" 200 11234 "-" "Mozilla/5.0 AppleWebKit/537.36 (KHTML, like Gecko; compatible; ClaudeBot/1.0; +claudebot@anthropic.com)"
198.244.226.12 - - [15/May/2026:08:40:37 -0400] "GET /commodity/856089021882 HTTP/1.1" 200 4333 "-" "Mozilla/5.0 (compatible; AhrefsBot/7.0; +http://ahrefs.com/robot/)"
104.254.247.115 - - [15/May/2026:08:40:35 -0400] "GET /wp-content/plugins/fusion-builder/ovaikyibs.php?action=84d454352485d243f2c69726e2f27766e20333f6 HTTP/1.1" 200 502 "-" "Mozilla/5.0 (Windows NT 10.0; Win64; x64) AppleWebKit/537.36 (KHTML, like Gecko) Chrome/90.0.4430.85 Safari/537.36"
216.73.216.158 - - [15/May/2026:08:40:39 -0400] "GET /?fileloc=%2Fhome%2Fclavospa%2Fpublic_html%2Fwp-admin%2Fsite-health-info.php&path=%2Fhome%2Fclavospa%2Fpublic_html%2Fwp-admin HTTP/1.1" 200 4059 "-" "Mozilla/5.0 AppleWebKit/537.36 (KHTML, like Gecko; compatible; ClaudeBot/1.0; +claudebot@anthropic.com)"
216.73.216.222 - - [15/May/2026:08:40:42 -0400] "GET /?fileloc=%2Fhome%2Fclavospa%2Fpublic_html%2Fwp-includes%2Fl10n%2Fclass-wp-translation-file-mo.php&path=%2Fhome%2Fclavospa%2Fpublic_html%2Fwp-includes%2Fl10n HTTP/1.1" 200 4406 "-" "Mozilla/5.0 AppleWebKit/537.36 (KHTML, like Gecko; compatible; ClaudeBot/1.0; +claudebot@anthropic.com)"
216.73.216.158 - - [15/May/2026:08:40:44 -0400] "GET /?fileloc=%2Fhome%2Fclavospa%2Fpublic_html%2Flatitud212.com%2Fwp-settings.php&path=%2Fhome%2Fclavospa%2Fpublic_html%2Flatitud212.com HTTP/1.1" 200 8735 "-" "Mozilla/5.0 AppleWebKit/537.36 (KHTML, like Gecko; compatible; ClaudeBot/1.0; +claudebot@anthropic.com)"
216.73.216.222 - - [15/May/2026:08:40:47 -0400] "GET /?fileloc=%2Fhome%2Fclavospa%2Fpublic_html%2Flatitud212.com%2Fwp-admin%2Fprivacy-policy-guide.php&path=%2Fhome%2Fclavospa%2Fpublic_html%2Flatitud212.com%2Fwp-admin HTTP/1.1" 200 3939 "-" "Mozilla/5.0 AppleWebKit/537.36 (KHTML, like Gecko; compatible; ClaudeBot/1.0; +claudebot@anthropic.com)"
216.73.216.158 - - [15/May/2026:08:40:49 -0400] "GET /?fileloc=%2Fhome%2Fclavospa%2Fpublic_html%2Fdavidlachapellela.com%2Fwp-cron.php&path=%2Fhome%2Fclavospa%2Fpublic_html%2Fdavidlachapellela.com HTTP/1.1" 200 4579 "-" "Mozilla/5.0 AppleWebKit/537.36 (KHTML, like Gecko; compatible; ClaudeBot/1.0; +claudebot@anthropic.com)"
216.73.216.222 - - [15/May/2026:08:40:52 -0400] "GET /?fileloc=%2Fhome%2Fclavospa%2Fpublic_html%2Fdavidlachapellela.com%2Fwp-includes%2Fclass-wp-paused-extensions-storage.php&path=%2Fhome%2Fclavospa%2Fpublic_html%2Fdavidlachapellela.com%2Fwp-includes HTTP/1.1" 200 3719 "-" "Mozilla/5.0 AppleWebKit/537.36 (KHTML, like Gecko; compatible; ClaudeBot/1.0; +claudebot@anthropic.com)"
185.252.223.19 - - [15/May/2026:08:40:55 -0400] "POST /xmlrpc.php HTTP/1.1" 200 72524 "-" "Mozilla/5.0 (Windows NT 10.0; Win64; x64) AppleWebKit/537.36 (KHTML, like Gecko) Chrome/114.0.0.0 Safari/537.36"
216.73.216.158 - - [15/May/2026:08:40:56 -0400] "GET /?fileloc=%2Fhome%2Fclavospa%2Fpublic_html%2Fdavidlachapellela.com%2Fwp-mail.php&path=%2Fhome%2Fclavospa%2Fpublic_html%2Fdavidlachapellela.com HTTP/1.1" 200 5530 "-" "Mozilla/5.0 AppleWebKit/537.36 (KHTML, like Gecko; compatible; ClaudeBot/1.0; +claudebot@anthropic.com)"
216.73.216.222 - - [15/May/2026:08:40:57 -0400] "GET /?fileloc=%2Fhome%2Fclavospa%2Fpublic_html%2Fdavidlachapellela.com%2Fwp-admin%2Foptions-media.php&path=%2Fhome%2Fclavospa%2Fpublic_html%2Fdavidlachapellela.com%2Fwp-admin HTTP/1.1" 200 4475 "-" "Mozilla/5.0 AppleWebKit/537.36 (KHTML, like Gecko; compatible; ClaudeBot/1.0; +claudebot@anthropic.com)"
185.252.223.19 - - [15/May/2026:08:40:58 -0400] "POST /xmlrpc.php HTTP/1.1" 200 72524 "-" "Mozilla/5.0 (Windows NT 10.0; Win64; x64) AppleWebKit/537.36 (KHTML, like Gecko) Chrome/114.0.0.0 Safari/537.36"
114.119.163.186 - - [15/May/2026:08:40:59 -0400] "GET /2026/05/14/bisca-in-fitto-meno-5-euro/ HTTP/1.1" 200 4333 "https://clavo.space/wp-sitemap-posts-post-1.xml" "Mozilla/5.0 (Linux; Android 7.0;) AppleWebKit/537.36 (HTML, like Gecko) Mobile Safari/537.36 (compatible; PetalBot;+https://webmaster.petalsearch.com/site/petalbot)"
216.73.216.158 - - [15/May/2026:08:41:01 -0400] "GET /?fileloc=%2Fhome%2Fclavospa%2Fpublic_html%2Fingridbarajas.com%2Fwp-blog-header.php&path=%2Fhome%2Fclavospa%2Fpublic_html%2Fingridbarajas.com HTTP/1.1" 200 3918 "-" "Mozilla/5.0 AppleWebKit/537.36 (KHTML, like Gecko; compatible; ClaudeBot/1.0; +claudebot@anthropic.com)"
216.73.216.222 - - [15/May/2026:08:41:02 -0400] "GET /?fileloc=%2Fhome%2Fclavospa%2Fpublic_html%2Fwp-includes%2Fblock-supports%2Faria-label.php&path=%2Fhome%2Fclavospa%2Fpublic_html%2Fwp-includes%2Fblock-supports HTTP/1.1" 200 2971 "-" "Mozilla/5.0 AppleWebKit/537.36 (KHTML, like Gecko; compatible; ClaudeBot/1.0; +claudebot@anthropic.com)"
216.73.216.158 - - [15/May/2026:08:41:06 -0400] "GET /?fileloc=%2Fhome%2Fclavospa%2Fpublic_html%2Flatitud212.com%2Fwp-trackback.php&path=%2Fhome%2Fclavospa%2Fpublic_html%2Flatitud212.com HTTP/1.1" 200 4358 "-" "Mozilla/5.0 AppleWebKit/537.36 (KHTML, like Gecko; compatible; ClaudeBot/1.0; +claudebot@anthropic.com)"
216.73.216.222 - - [15/May/2026:08:41:07 -0400] "GET /?fileloc=%2Fhome%2Fclavospa%2Fpublic_html%2Flatitud212.com%2Fwp-admin%2Flink-add.php&path=%2Fhome%2Fclavospa%2Fpublic_html%2Flatitud212.com%2Fwp-admin HTTP/1.1" 200 2947 "-" "Mozilla/5.0 AppleWebKit/537.36 (KHTML, like Gecko; compatible; ClaudeBot/1.0; +claudebot@anthropic.com)"
216.73.216.222 - - [15/May/2026:08:41:12 -0400] "GET /?fileloc=%2Fhome%2Fclavospa%2Fpublic_html%2Flatitud212.com%2Fwp-admin%2Ffreedoms.php&path=%2Fhome%2Fclavospa%2Fpublic_html%2Flatitud212.com%2Fwp-admin HTTP/1.1" 200 4209 "-" "Mozilla/5.0 AppleWebKit/537.36 (KHTML, like Gecko; compatible; ClaudeBot/1.0; +claudebot@anthropic.com)"
198.244.168.138 - - [15/May/2026:08:41:17 -0400] "GET /commodity/85606604074 HTTP/1.1" 200 4333 "-" "Mozilla/5.0 (compatible; AhrefsBot/7.0; +http://ahrefs.com/robot/)"
216.73.216.222 - - [15/May/2026:08:41:17 -0400] "GET /?fileloc=%2Fhome%2Fclavospa%2Fpublic_html%2Fingridbarajas.com%2Fwp-trackback.php&path=%2Fhome%2Fclavospa%2Fpublic_html%2Fingridbarajas.com HTTP/1.1" 200 4357 "-" "Mozilla/5.0 AppleWebKit/537.36 (KHTML, like Gecko; compatible; ClaudeBot/1.0; +claudebot@anthropic.com)"
216.73.216.222 - - [15/May/2026:08:41:22 -0400] "GET /?fileloc=%2Fhome%2Fclavospa%2Fpublic_html%2Flatitud212.com%2Fwp-admin%2Fcredits.php&path=%2Fhome%2Fclavospa%2Fpublic_html%2Flatitud212.com%2Fwp-admin HTTP/1.1" 200 3837 "-" "Mozilla/5.0 AppleWebKit/537.36 (KHTML, like Gecko; compatible; ClaudeBot/1.0; +claudebot@anthropic.com)"
216.73.216.158 - - [15/May/2026:08:41:23 -0400] "GET /?fileloc=%2Fhome%2Fclavospa%2Fpublic_html%2Flatitud212.com%2Fwp-mail.php&path=%2Fhome%2Fclavospa%2Fpublic_html%2Flatitud212.com HTTP/1.1" 200 5525 "-" "Mozilla/5.0 AppleWebKit/537.36 (KHTML, like Gecko; compatible; ClaudeBot/1.0; +claudebot@anthropic.com)"
216.73.216.222 - - [15/May/2026:08:41:27 -0400] "GET /?fileloc=%2Fhome%2Fclavospa%2Fpublic_html%2Fingridbarajas.com%2Fwp-admin%2Ffreedoms.php&path=%2Fhome%2Fclavospa%2Fpublic_html%2Fingridbarajas.com%2Fwp-admin HTTP/1.1" 200 4211 "-" "Mozilla/5.0 AppleWebKit/537.36 (KHTML, like Gecko; compatible; ClaudeBot/1.0; +claudebot@anthropic.com)"
216.73.216.158 - - [15/May/2026:08:41:28 -0400] "GET /?fileloc=%2Fhome%2Fclavospa%2Fpublic_html%2Fdavidlachapellela.com%2Findex.php&path=%2Fhome%2Fclavospa%2Fpublic_html%2Fdavidlachapellela.com HTTP/1.1" 200 2559 "-" "Mozilla/5.0 AppleWebKit/537.36 (KHTML, like Gecko; compatible; ClaudeBot/1.0; +claudebot@anthropic.com)"
85.208.96.195 - - [15/May/2026:08:41:30 -0400] "GET /events/tag/exhibition/list/?tribe-bar-date=2027-02-26 HTTP/1.1" 200 4333 "-" "Mozilla/5.0 (compatible; SemrushBot/7~bl; +http://www.semrush.com/bot.html)"
144.76.19.72 - - [15/May/2026:08:41:31 -0400] "GET /product-category/collage-mix-media/?product_count=24&product_orderby=name&product_view=grid&product_order=asc HTTP/1.1" 200 4333 "-" "Mozilla/5.0 (compatible; SERankingBacklinksBot/1.0; +https://seranking.com/backlinks-crawler)"
216.73.216.222 - - [15/May/2026:08:41:32 -0400] "GET /?fileloc=%2Fhome%2Fclavospa%2Fpublic_html%2Fingridbarajas.com%2Fwp-admin%2Fcredits.php&path=%2Fhome%2Fclavospa%2Fpublic_html%2Fingridbarajas.com%2Fwp-admin HTTP/1.1" 200 3839 "-" "Mozilla/5.0 AppleWebKit/537.36 (KHTML, like Gecko; compatible; ClaudeBot/1.0; +claudebot@anthropic.com)"
216.73.216.158 - - [15/May/2026:08:41:33 -0400] "GET /?fileloc=%2Fhome%2Fclavospa%2Fpublic_html%2Fdavidlachapellela.com%2Fwp-login.php&path=%2Fhome%2Fclavospa%2Fpublic_html%2Fdavidlachapellela.com HTTP/1.1" 200 15455 "-" "Mozilla/5.0 AppleWebKit/537.36 (KHTML, like Gecko; compatible; ClaudeBot/1.0; +claudebot@anthropic.com)"
216.73.216.222 - - [15/May/2026:08:41:37 -0400] "GET /?fileloc=%2Fhome%2Fclavospa%2Fpublic_html%2Fwp-includes%2Fjs%2Fautosave.js&path=%2Fhome%2Fclavospa%2Fpublic_html%2Fwp-includes%2Fjs HTTP/1.1" 200 8301 "-" "Mozilla/5.0 AppleWebKit/537.36 (KHTML, like Gecko; compatible; ClaudeBot/1.0; +claudebot@anthropic.com)"
216.73.216.158 - - [15/May/2026:08:41:38 -0400] "GET /?fileloc=%2Fhome%2Fclavospa%2Fpublic_html%2Fingridbarajas.com%2Fwp-links-opml.php&path=%2Fhome%2Fclavospa%2Fpublic_html%2Fingridbarajas.com HTTP/1.1" 200 3611 "-" "Mozilla/5.0 AppleWebKit/537.36 (KHTML, like Gecko; compatible; ClaudeBot/1.0; +claudebot@anthropic.com)"
216.73.216.222 - - [15/May/2026:08:41:42 -0400] "GET /?fileloc=%2Fhome%2Fclavospa%2Fpublic_html%2Fingridbarajas.com%2Fwp-admin%2Ferase-personal-data.php&path=%2Fhome%2Fclavospa%2Fpublic_html%2Fingridbarajas.com%2Fwp-admin HTTP/1.1" 200 5238 "-" "Mozilla/5.0 AppleWebKit/537.36 (KHTML, like Gecko; compatible; ClaudeBot/1.0; +claudebot@anthropic.com)"
216.73.216.222 - - [15/May/2026:08:41:47 -0400] "GET /?fileloc=%2Fhome%2Fclavospa%2Fpublic_html%2Fingridbarajas.com%2Fwp-admin%2Fcontribute.php&path=%2Fhome%2Fclavospa%2Fpublic_html%2Fingridbarajas.com%2Fwp-admin HTTP/1.1" 200 4526 "-" "Mozilla/5.0 AppleWebKit/537.36 (KHTML, like Gecko; compatible; ClaudeBot/1.0; +claudebot@anthropic.com)"
216.73.216.158 - - [15/May/2026:08:41:49 -0400] "GET /?fileloc=%2Fhome%2Fclavospa%2Fpublic_html%2Fingridbarajas.com%2Fwp-signup.php&path=%2Fhome%2Fclavospa%2Fpublic_html%2Fingridbarajas.com HTTP/1.1" 200 10540 "-" "Mozilla/5.0 AppleWebKit/537.36 (KHTML, like Gecko; compatible; ClaudeBot/1.0; +claudebot@anthropic.com)"
69.63.184.6 - - [15/May/2026:08:41:49 -0400] "GET /robots.txt HTTP/1.1" 200 4333 "-" "facebookexternalhit/1.1 (+http://www.facebook.com/externalhit_uatext.php)"
216.73.216.222 - - [15/May/2026:08:41:52 -0400] "GET /?fileloc=%2Fhome%2Fclavospa%2Fpublic_html%2Fwp-includes%2Ftheme-i18n.json&path=%2Fhome%2Fclavospa%2Fpublic_html%2Fwp-includes HTTP/1.1" 200 2901 "-" "Mozilla/5.0 AppleWebKit/537.36 (KHTML, like Gecko; compatible; ClaudeBot/1.0; +claudebot@anthropic.com)"
147.135.252.138 - - [15/May/2026:08:41:53 -0400] "GET /robots.txt HTTP/1.1" 200 4333 "-" "Mozilla/5.0 (compatible; MJ12bot/v1.4.8; http://mj12bot.com/)"
216.73.216.158 - - [15/May/2026:08:41:54 -0400] "GET /?fileloc=%2Fhome%2Fclavospa%2Fpublic_html%2Fingridbarajas.com%2Freadme.html&path=%2Fhome%2Fclavospa%2Fpublic_html%2Fingridbarajas.com HTTP/1.1" 200 5538 "-" "Mozilla/5.0 AppleWebKit/537.36 (KHTML, like Gecko; compatible; ClaudeBot/1.0; +claudebot@anthropic.com)"
147.135.252.138 - - [15/May/2026:08:41:55 -0400] "GET /product-category/collage-mix-media/mix-media-collage-mix-media/?fileloc=/home/clavospa/public_html/.ftpquota&path=/home/clavospa/public_html HTTP/1.1" 200 2482 "-" "Mozilla/5.0 (compatible; MJ12bot/v1.4.8; http://mj12bot.com/)"
147.135.252.138 - - [15/May/2026:08:41:57 -0400] "GET /product-category/collage-mix-media/mix-media-collage-mix-media/?fileloc=/home/clavospa/public_html/.htaccess&path=/home/clavospa/public_html HTTP/1.1" 200 2579 "-" "Mozilla/5.0 (compatible; MJ12bot/v1.4.8; http://mj12bot.com/)"
216.73.216.222 - - [15/May/2026:08:41:57 -0400] "GET /?fileloc=%2Fhome%2Fclavospa%2Fpublic_html%2Fingridbarajas.com%2Fwp-admin%2Fthemes.php&path=%2Fhome%2Fclavospa%2Fpublic_html%2Fingridbarajas.com%2Fwp-admin HTTP/1.1" 200 11285 "-" "Mozilla/5.0 AppleWebKit/537.36 (KHTML, like Gecko; compatible; ClaudeBot/1.0; +claudebot@anthropic.com)"
216.73.216.158 - - [15/May/2026:08:41:59 -0400] "GET /?fileloc=%2Fhome%2Fclavospa%2Fpublic_html%2Flatitud212.com%2Fwp-config.php&path=%2Fhome%2Fclavospa%2Fpublic_html%2Flatitud212.com HTTP/1.1" 200 4094 "-" "Mozilla/5.0 AppleWebKit/537.36 (KHTML, like Gecko; compatible; ClaudeBot/1.0; +claudebot@anthropic.com)"
147.135.252.138 - - [15/May/2026:08:41:59 -0400] "GET /product-category/collage-mix-media/mix-media-collage-mix-media/?fileloc=/home/clavospa/public_html/.user.ini&path=/home/clavospa/public_html HTTP/1.1" 200 2467 "-" "Mozilla/5.0 (compatible; MJ12bot/v1.4.8; http://mj12bot.com/)"
147.135.252.138 - - [15/May/2026:08:42:02 -0400] "GET /product-category/collage-mix-media/mix-media-collage-mix-media/?fileloc=/home/clavospa/public_html/error_log&path=/home/clavospa/public_html HTTP/1.1" 200 2467 "-" "Mozilla/5.0 (compatible; MJ12bot/v1.4.8; http://mj12bot.com/)"
216.73.216.222 - - [15/May/2026:08:42:02 -0400] "GET /?fileloc=%2Fhome%2Fclavospa%2Fpublic_html%2Fwp-includes%2Ffonts%2Fclass-wp-font-face.php&path=%2Fhome%2Fclavospa%2Fpublic_html%2Fwp-includes%2Ffonts HTTP/1.1" 200 5325 "-" "Mozilla/5.0 AppleWebKit/537.36 (KHTML, like Gecko; compatible; ClaudeBot/1.0; +claudebot@anthropic.com)"
51.195.183.197 - - [15/May/2026:08:42:02 -0400] "GET /commodity/85606518268 HTTP/1.1" 200 4333 "-" "Mozilla/5.0 (compatible; AhrefsBot/7.0; +http://ahrefs.com/robot/)"
147.135.252.138 - - [15/May/2026:08:42:04 -0400] "GET /product-category/collage-mix-media/mix-media-collage-mix-media/?fileloc=/home/clavospa/public_html/index.php&path=/home/clavospa/public_html HTTP/1.1" 200 2536 "-" "Mozilla/5.0 (compatible; MJ12bot/v1.4.8; http://mj12bot.com/)"
147.135.252.138 - - [15/May/2026:08:42:06 -0400] "GET /product-category/collage-mix-media/mix-media-collage-mix-media/?fileloc=/home/clavospa/public_html/license.txt&path=/home/clavospa/public_html HTTP/1.1" 200 9805 "-" "Mozilla/5.0 (compatible; MJ12bot/v1.4.8; http://mj12bot.com/)"
216.73.216.222 - - [15/May/2026:08:42:07 -0400] "GET /?fileloc=%2Fhome%2Fclavospa%2Fpublic_html%2Fingridbarajas.com%2Fwp-admin%2Fupgrade.php&path=%2Fhome%2Fclavospa%2Fpublic_html%2Fingridbarajas.com%2Fwp-admin HTTP/1.1" 200 4539 "-" "Mozilla/5.0 AppleWebKit/537.36 (KHTML, like Gecko; compatible; ClaudeBot/1.0; +claudebot@anthropic.com)"
147.135.252.138 - - [15/May/2026:08:42:08 -0400] "GET /product-category/collage-mix-media/mix-media-collage-mix-media/?fileloc=/home/clavospa/public_html/lock360.php&path=/home/clavospa/public_html HTTP/1.1" 200 2470 "-" "Mozilla/5.0 (compatible; MJ12bot/v1.4.8; http://mj12bot.com/)"
216.73.216.222 - - [15/May/2026:08:42:09 -0400] "GET /?fileloc=%2Fhome%2Fclavospa%2Fpublic_html%2Fwp-includes%2Fjs%2Fmedia-editor.js&path=%2Fhome%2Fclavospa%2Fpublic_html%2Fwp-includes%2Fjs HTTP/1.1" 200 10041 "-" "Mozilla/5.0 AppleWebKit/537.36 (KHTML, like Gecko; compatible; ClaudeBot/1.0; +claudebot@anthropic.com)"
147.135.252.138 - - [15/May/2026:08:42:10 -0400] "GET /product-category/collage-mix-media/mix-media-collage-mix-media/?fileloc=/home/clavospa/public_html/php.ini&path=/home/clavospa/public_html HTTP/1.1" 200 2527 "-" "Mozilla/5.0 (compatible; MJ12bot/v1.4.8; http://mj12bot.com/)"
43.134.5.186 - - [15/May/2026:08:42:11 -0400] "GET /wp/pgp/?path=//run HTTP/1.1" 200 3141 "-" "Mozilla/5.0 (iPhone; CPU iPhone OS 13_2_3 like Mac OS X) AppleWebKit/605.1.15 (KHTML, like Gecko) Version/13.0.3 Mobile/15E148 Safari/604.1"
147.135.252.138 - - [15/May/2026:08:42:12 -0400] "GET /product-category/collage-mix-media/mix-media-collage-mix-media/?fileloc=/home/clavospa/public_html/readme.html&path=/home/clavospa/public_html HTTP/1.1" 200 5519 "-" "Mozilla/5.0 (compatible; MJ12bot/v1.4.8; http://mj12bot.com/)"
216.73.216.222 - - [15/May/2026:08:42:14 -0400] "GET /?fileloc=%2Fhome%2Fclavospa%2Fpublic_html%2Fingridbarajas.com%2Fwp-admin%2Fms-options.php&path=%2Fhome%2Fclavospa%2Fpublic_html%2Fingridbarajas.com%2Fwp-admin HTTP/1.1" 200 2647 "-" "Mozilla/5.0 AppleWebKit/537.36 (KHTML, like Gecko; compatible; ClaudeBot/1.0; +claudebot@anthropic.com)"
147.135.252.138 - - [15/May/2026:08:42:14 -0400] "GET /product-category/collage-mix-media/mix-media-collage-mix-media/?fileloc=/home/clavospa/public_html/rtx.php&path=/home/clavospa/public_html HTTP/1.1" 200 2466 "-" "Mozilla/5.0 (compatible; MJ12bot/v1.4.8; http://mj12bot.com/)"
147.135.252.138 - - [15/May/2026:08:42:16 -0400] "GET /product-category/collage-mix-media/mix-media-collage-mix-media/?fileloc=/home/clavospa/public_html/style2.php&path=/home/clavospa/public_html HTTP/1.1" 200 2466 "-" "Mozilla/5.0 (compatible; MJ12bot/v1.4.8; http://mj12bot.com/)"
147.135.252.138 - - [15/May/2026:08:42:18 -0400] "GET /product-category/collage-mix-media/mix-media-collage-mix-media/?fileloc=/home/clavospa/public_html/wp-activate.php&path=/home/clavospa/public_html HTTP/1.1" 200 4941 "-" "Mozilla/5.0 (compatible; MJ12bot/v1.4.8; http://mj12bot.com/)"
216.73.216.222 - - [15/May/2026:08:42:19 -0400] "GET /?fileloc=%2Fhome%2Fclavospa%2Fpublic_html%2Fingridbarajas.com%2Fwp-admin%2Fprofile.php&path=%2Fhome%2Fclavospa%2Fpublic_html%2Fingridbarajas.com%2Fwp-admin HTTP/1.1" 200 2680 "-" "Mozilla/5.0 AppleWebKit/537.36 (KHTML, like Gecko; compatible; ClaudeBot/1.0; +claudebot@anthropic.com)"
147.135.252.138 - - [15/May/2026:08:42:20 -0400] "GET /product-category/collage-mix-media/mix-media-collage-mix-media/?fileloc=/home/clavospa/public_html/wp-blog-header.php&path=/home/clavospa/public_html HTTP/1.1" 200 3952 "-" "Mozilla/5.0 (compatible; MJ12bot/v1.4.8; http://mj12bot.com/)"
147.135.252.138 - - [15/May/2026:08:42:22 -0400] "GET /product-category/collage-mix-media/mix-media-collage-mix-media/?fileloc=/home/clavospa/public_html/wp-cli.phar&path=/home/clavospa/public_html HTTP/1.1" 200 2469 "-" "Mozilla/5.0 (compatible; MJ12bot/v1.4.8; http://mj12bot.com/)"
216.73.216.222 - - [15/May/2026:08:42:24 -0400] "GET /?fileloc=%2Fhome%2Fclavospa%2Fpublic_html%2Fwp-admin%2Fmedia-new.php&path=%2Fhome%2Fclavospa%2Fpublic_html%2Fwp-admin HTTP/1.1" 200 3957 "-" "Mozilla/5.0 AppleWebKit/537.36 (KHTML, like Gecko; compatible; ClaudeBot/1.0; +claudebot@anthropic.com)"
216.73.216.158 - - [15/May/2026:08:42:25 -0400] "GET /?fileloc=%2Fhome%2Fclavospa%2Fpublic_html%2Flatitud212.com%2Findex.php&path=%2Fhome%2Fclavospa%2Fpublic_html%2Flatitud212.com HTTP/1.1" 200 2555 "-" "Mozilla/5.0 AppleWebKit/537.36 (KHTML, like Gecko; compatible; ClaudeBot/1.0; +claudebot@anthropic.com)"
114.119.148.154 - - [15/May/2026:08:42:26 -0400] "GET /2026/05/14/bisca-in-assenza-di-registrazione-in-premio-senza-attestazione-2026/ HTTP/1.1" 200 4333 "https://clavo.space/wp-sitemap-posts-post-1.xml" "Mozilla/5.0 (Linux; Android 7.0;) AppleWebKit/537.36 (HTML, like Gecko) Mobile Safari/537.36 (compatible; PetalBot;+https://webmaster.petalsearch.com/site/petalbot)"
85.208.96.193 - - [15/May/2026:08:42:26 -0400] "GET /events/tag/clavo-space/day/2025-08-09/ HTTP/1.1" 200 4333 "-" "Mozilla/5.0 (compatible; SemrushBot/7~bl; +http://www.semrush.com/bot.html)"
147.135.252.138 - - [15/May/2026:08:42:27 -0400] "GET /product-category/collage-mix-media/mix-media-collage-mix-media/?fileloc=/home/clavospa/public_html/wp-comments-post.php&path=/home/clavospa/public_html HTTP/1.1" 200 3518 "-" "Mozilla/5.0 (compatible; MJ12bot/v1.4.8; http://mj12bot.com/)"
147.135.252.138 - - [15/May/2026:08:42:29 -0400] "GET /product-category/collage-mix-media/mix-media-collage-mix-media/?fileloc=/home/clavospa/public_html/wp-conffg.php&path=/home/clavospa/public_html HTTP/1.1" 200 2471 "-" "Mozilla/5.0 (compatible; MJ12bot/v1.4.8; http://mj12bot.com/)"
216.73.216.222 - - [15/May/2026:08:42:29 -0400] "GET /?path=%2Fhome%2Fclavospa%2Fetc%2Fcarlospaellas.us HTTP/1.1" 200 3252 "-" "Mozilla/5.0 AppleWebKit/537.36 (KHTML, like Gecko; compatible; ClaudeBot/1.0; +claudebot@anthropic.com)"
216.73.216.158 - - [15/May/2026:08:42:30 -0400] "GET /?fileloc=%2Fhome%2Fclavospa%2Fpublic_html%2Flatitud212.com%2Fwp-login.php&path=%2Fhome%2Fclavospa%2Fpublic_html%2Flatitud212.com HTTP/1.1" 200 15448 "-" "Mozilla/5.0 AppleWebKit/537.36 (KHTML, like Gecko; compatible; ClaudeBot/1.0; +claudebot@anthropic.com)"
147.135.252.138 - - [15/May/2026:08:42:30 -0400] "GET /product-category/collage-mix-media/mix-media-collage-mix-media/?fileloc=/home/clavospa/public_html/wp-config-sample.php&path=/home/clavospa/public_html HTTP/1.1" 200 3768 "-" "Mozilla/5.0 (compatible; MJ12bot/v1.4.8; http://mj12bot.com/)"
147.135.252.138 - - [15/May/2026:08:42:32 -0400] "GET /product-category/collage-mix-media/mix-media-collage-mix-media/?fileloc=/home/clavospa/public_html/wp-config.php&path=/home/clavospa/public_html HTTP/1.1" 200 4057 "-" "Mozilla/5.0 (compatible; MJ12bot/v1.4.8; http://mj12bot.com/)"
147.135.252.138 - - [15/May/2026:08:42:34 -0400] "GET /product-category/collage-mix-media/mix-media-collage-mix-media/?fileloc=/home/clavospa/public_html/wp-cron.php&path=/home/clavospa/public_html HTTP/1.1" 200 4557 "-" "Mozilla/5.0 (compatible; MJ12bot/v1.4.8; http://mj12bot.com/)"
216.73.216.222 - - [15/May/2026:08:42:34 -0400] "GET /?fileloc=%2Fhome%2Fclavospa%2Fpublic_html%2Fwp-includes%2Ffonts%2Fclass-wp-font-face-resolver.php&path=%2Fhome%2Fclavospa%2Fpublic_html%2Fwp-includes%2Ffonts HTTP/1.1" 200 4194 "-" "Mozilla/5.0 AppleWebKit/537.36 (KHTML, like Gecko; compatible; ClaudeBot/1.0; +claudebot@anthropic.com)"
216.73.216.158 - - [15/May/2026:08:42:35 -0400] "GET /?fileloc=%2Fhome%2Fclavospa%2Fpublic_html%2Fdavidlachapellela.com%2Fwp-blog-header.php&path=%2Fhome%2Fclavospa%2Fpublic_html%2Fdavidlachapellela.com HTTP/1.1" 200 4644 "-" "Mozilla/5.0 AppleWebKit/537.36 (KHTML, like Gecko; compatible; ClaudeBot/1.0; +claudebot@anthropic.com)"
147.135.252.138 - - [15/May/2026:08:42:36 -0400] "GET /product-category/collage-mix-media/mix-media-collage-mix-media/?fileloc=/home/clavospa/public_html/wp-customize.php&path=/home/clavospa/public_html HTTP/1.1" 200 2472 "-" "Mozilla/5.0 (compatible; MJ12bot/v1.4.8; http://mj12bot.com/)"
147.135.252.138 - - [15/May/2026:08:42:38 -0400] "GET /product-category/collage-mix-media/mix-media-collage-mix-media/?fileloc=/home/clavospa/public_html/wp-incla.php&path=/home/clavospa/public_html HTTP/1.1" 200 2719 "-" "Mozilla/5.0 (compatible; MJ12bot/v1.4.8; http://mj12bot.com/)"
216.73.216.222 - - [15/May/2026:08:42:39 -0400] "GET /?fileloc=%2Fhome%2Fclavospa%2Fpublic_html%2Fwp-includes%2Fjs%2Fwp-lists.js&path=%2Fhome%2Fclavospa%2Fpublic_html%2Fwp-includes%2Fjs HTTP/1.1" 200 7851 "-" "Mozilla/5.0 AppleWebKit/537.36 (KHTML, like Gecko; compatible; ClaudeBot/1.0; +claudebot@anthropic.com)"
147.135.252.138 - - [15/May/2026:08:42:39 -0400] "GET /product-category/collage-mix-media/mix-media-collage-mix-media/?fileloc=/home/clavospa/public_html/wp-links-opml.php&path=/home/clavospa/public_html HTTP/1.1" 200 3592 "-" "Mozilla/5.0 (compatible; MJ12bot/v1.4.8; http://mj12bot.com/)"
216.73.216.158 - - [15/May/2026:08:42:41 -0400] "GET /?fileloc=%2Fhome%2Fclavospa%2Fpublic_html%2Fdavidlachapellela.com%2Fwp-links-opml.php&path=%2Fhome%2Fclavospa%2Fpublic_html%2Fdavidlachapellela.com HTTP/1.1" 200 3615 "-" "Mozilla/5.0 AppleWebKit/537.36 (KHTML, like Gecko; compatible; ClaudeBot/1.0; +claudebot@anthropic.com)"
147.135.252.138 - - [15/May/2026:08:42:41 -0400] "GET /product-category/collage-mix-media/mix-media-collage-mix-media/?fileloc=/home/clavospa/public_html/wp-load.php&path=/home/clavospa/public_html HTTP/1.1" 200 4101 "-" "Mozilla/5.0 (compatible; MJ12bot/v1.4.8; http://mj12bot.com/)"
147.135.252.138 - - [15/May/2026:08:42:43 -0400] "GET /product-category/collage-mix-media/mix-media-collage-mix-media/?fileloc=/home/clavospa/public_html/wp-mail.php&path=/home/clavospa/public_html HTTP/1.1" 200 5507 "-" "Mozilla/5.0 (compatible; MJ12bot/v1.4.8; http://mj12bot.com/)"
147.135.252.138 - - [15/May/2026:08:42:45 -0400] "GET /product-category/collage-mix-media/mix-media-collage-mix-media/?fileloc=/home/clavospa/public_html/wp-settings.php&path=/home/clavospa/public_html HTTP/1.1" 200 8718 "-" "Mozilla/5.0 (compatible; MJ12bot/v1.4.8; http://mj12bot.com/)"
51.89.129.119 - - [15/May/2026:08:42:45 -0400] "GET /commodity/8560555866 HTTP/1.1" 200 4333 "-" "Mozilla/5.0 (compatible; AhrefsBot/7.0; +http://ahrefs.com/robot/)"
216.73.216.158 - - [15/May/2026:08:42:46 -0400] "GET /?fileloc=%2Fhome%2Fclavospa%2Fpublic_html%2Flatitud212.com%2Fwp-blog-header.php&path=%2Fhome%2Fclavospa%2Fpublic_html%2Flatitud212.com HTTP/1.1" 200 4575 "-" "Mozilla/5.0 AppleWebKit/537.36 (KHTML, like Gecko; compatible; ClaudeBot/1.0; +claudebot@anthropic.com)"
85.208.96.196 - - [15/May/2026:08:42:46 -0400] "GET /events/tag/art/list/?eventDisplay=past&tribe-bar-date=2025-04-01 HTTP/1.1" 200 4333 "-" "Mozilla/5.0 (compatible; SemrushBot/7~bl; +http://www.semrush.com/bot.html)"
147.135.252.138 - - [15/May/2026:08:42:47 -0400] "GET /product-category/collage-mix-media/mix-media-collage-mix-media/?fileloc=/home/clavospa/public_html/wp-signup.php&path=/home/clavospa/public_html HTTP/1.1" 200 10520 "-" "Mozilla/5.0 (compatible; MJ12bot/v1.4.8; http://mj12bot.com/)"
216.73.216.222 - - [15/May/2026:08:42:48 -0400] "GET /?path=%2Fhome%2Fclavospa%2Fpublic_html%2Fimages%2Fimages HTTP/1.1" 200 2872 "-" "Mozilla/5.0 AppleWebKit/537.36 (KHTML, like Gecko; compatible; ClaudeBot/1.0; +claudebot@anthropic.com)"
147.135.252.138 - - [15/May/2026:08:42:49 -0400] "GET /product-category/collage-mix-media/mix-media-collage-mix-media/?fileloc=/home/clavospa/public_html/wp-trackback.php&path=/home/clavospa/public_html HTTP/1.1" 200 4337 "-" "Mozilla/5.0 (compatible; MJ12bot/v1.4.8; http://mj12bot.com/)"
85.208.96.197 - - [15/May/2026:08:42:50 -0400] "GET /events/category/exhibition/list/?eventDisplay=past&tribe-bar-date=2020-08-02 HTTP/1.1" 200 4333 "-" "Mozilla/5.0 (compatible; SemrushBot/7~bl; +http://www.semrush.com/bot.html)"
147.135.252.138 - - [15/May/2026:08:42:50 -0400] "GET /product-category/collage-mix-media/mix-media-collage-mix-media/?fileloc=/home/clavospa/public_html/wper.php&path=/home/clavospa/public_html HTTP/1.1" 200 2466 "-" "Mozilla/5.0 (compatible; MJ12bot/v1.4.8; http://mj12bot.com/)"
147.135.252.138 - - [15/May/2026:08:42:52 -0400] "GET /product-category/collage-mix-media/mix-media-collage-mix-media/?path=/ HTTP/1.1" 200 3237 "-" "Mozilla/5.0 (compatible; MJ12bot/v1.4.8; http://mj12bot.com/)"
216.73.216.222 - - [15/May/2026:08:42:53 -0400] "GET /?fileloc=%2Fhome%2Fclavospa%2Fpublic_html%2Fingridbarajas.com%2Fwp-admin%2Fpress-this.php&path=%2Fhome%2Fclavospa%2Fpublic_html%2Fingridbarajas.com%2Fwp-admin HTTP/1.1" 200 3463 "-" "Mozilla/5.0 AppleWebKit/537.36 (KHTML, like Gecko; compatible; ClaudeBot/1.0; +claudebot@anthropic.com)"
147.135.252.138 - - [15/May/2026:08:42:54 -0400] "GET /product-category/collage-mix-media/mix-media-collage-mix-media/?path=/home HTTP/1.1" 200 2754 "-" "Mozilla/5.0 (compatible; MJ12bot/v1.4.8; http://mj12bot.com/)"
147.135.252.138 - - [15/May/2026:08:42:56 -0400] "GET /product-category/collage-mix-media/mix-media-collage-mix-media/?path=/home/clavospa HTTP/1.1" 200 4118 "-" "Mozilla/5.0 (compatible; MJ12bot/v1.4.8; http://mj12bot.com/)"
147.135.252.138 - - [15/May/2026:08:42:58 -0400] "GET /product-category/collage-mix-media/mix-media-collage-mix-media/?path=/home/clavospa/public_html HTTP/1.1" 200 4333 "-" "Mozilla/5.0 (compatible; MJ12bot/v1.4.8; http://mj12bot.com/)"
216.73.216.222 - - [15/May/2026:08:42:58 -0400] "GET /?fileloc=%2Fhome%2Fclavospa%2Fpublic_html%2Fingridbarajas.com%2Fwp-admin%2Findex.php&path=%2Fhome%2Fclavospa%2Fpublic_html%2Fingridbarajas.com%2Fwp-admin HTTP/1.1" 200 5488 "-" "Mozilla/5.0 AppleWebKit/537.36 (KHTML, like Gecko; compatible; ClaudeBot/1.0; +claudebot@anthropic.com)"
147.135.252.138 - - [15/May/2026:08:42:59 -0400] "GET /product-category/collage-mix-media/mix-media-collage-mix-media/?path=/home/clavospa/public_html/.well-known HTTP/1.1" 200 2981 "-" "Mozilla/5.0 (compatible; MJ12bot/v1.4.8; http://mj12bot.com/)"
147.135.252.138 - - [15/May/2026:08:43:01 -0400] "GET /product-category/collage-mix-media/mix-media-collage-mix-media/?path=/home/clavospa/public_html/abeladrian.com HTTP/1.1" 200 3864 "-" "Mozilla/5.0 (compatible; MJ12bot/v1.4.8; http://mj12bot.com/)"
216.73.216.222 - - [15/May/2026:08:43:03 -0400] "GET /?fileloc=%2Fhome%2Fclavospa%2Fpublic_html%2Fingridbarajas.com%2Fwp-admin%2Flink.php&path=%2Fhome%2Fclavospa%2Fpublic_html%2Fingridbarajas.com%2Fwp-admin HTTP/1.1" 200 3545 "-" "Mozilla/5.0 AppleWebKit/537.36 (KHTML, like Gecko; compatible; ClaudeBot/1.0; +claudebot@anthropic.com)"
147.135.252.138 - - [15/May/2026:08:43:03 -0400] "GET /product-category/collage-mix-media/mix-media-collage-mix-media/?path=/home/clavospa/public_html/carlospaellas.us HTTP/1.1" 200 3291 "-" "Mozilla/5.0 (compatible; MJ12bot/v1.4.8; http://mj12bot.com/)"
147.135.252.138 - - [15/May/2026:08:43:05 -0400] "GET /product-category/collage-mix-media/mix-media-collage-mix-media/?path=/home/clavospa/public_html/cgi-bin HTTP/1.1" 200 2802 "-" "Mozilla/5.0 (compatible; MJ12bot/v1.4.8; http://mj12bot.com/)"
147.135.252.138 - - [15/May/2026:08:43:07 -0400] "GET /product-category/collage-mix-media/mix-media-collage-mix-media/?path=/home/clavospa/public_html/davidlachapellela.com HTTP/1.1" 200 3827 "-" "Mozilla/5.0 (compatible; MJ12bot/v1.4.8; http://mj12bot.com/)"
216.73.216.222 - - [15/May/2026:08:43:08 -0400] "GET /?fileloc=%2Fhome%2Fclavospa%2Fpublic_html%2Fingridbarajas.com%2Fwp-admin%2Fprivacy.php&path=%2Fhome%2Fclavospa%2Fpublic_html%2Fingridbarajas.com%2Fwp-admin HTTP/1.1" 200 3608 "-" "Mozilla/5.0 AppleWebKit/537.36 (KHTML, like Gecko; compatible; ClaudeBot/1.0; +claudebot@anthropic.com)"
147.135.252.138 - - [15/May/2026:08:43:09 -0400] "GET /product-category/collage-mix-media/mix-media-collage-mix-media/?path=/home/clavospa/public_html/images HTTP/1.1" 200 2928 "-" "Mozilla/5.0 (compatible; MJ12bot/v1.4.8; http://mj12bot.com/)"
147.135.252.138 - - [15/May/2026:08:43:10 -0400] "GET /product-category/collage-mix-media/mix-media-collage-mix-media/?path=/home/clavospa/public_html/ingridbarajas.com HTTP/1.1" 200 3829 "-" "Mozilla/5.0 (compatible; MJ12bot/v1.4.8; http://mj12bot.com/)"
147.135.252.138 - - [15/May/2026:08:43:12 -0400] "GET /product-category/collage-mix-media/mix-media-collage-mix-media/?path=/home/clavospa/public_html/latitud212.com HTTP/1.1" 200 3835 "-" "Mozilla/5.0 (compatible; MJ12bot/v1.4.8; http://mj12bot.com/)"
216.73.216.222 - - [15/May/2026:08:43:13 -0400] "GET /?fileloc=%2Fhome%2Fclavospa%2Fpublic_html%2Fwp-includes%2Ffonts%2Fclass-wp-font-library.php&path=%2Fhome%2Fclavospa%2Fpublic_html%2Fwp-includes%2Ffonts HTTP/1.1" 200 3513 "-" "Mozilla/5.0 AppleWebKit/537.36 (KHTML, like Gecko; compatible; ClaudeBot/1.0; +claudebot@anthropic.com)"
147.135.252.138 - - [15/May/2026:08:43:14 -0400] "GET /product-category/collage-mix-media/mix-media-collage-mix-media/?path=/home/clavospa/public_html/new.davidlachapelleamor.com HTTP/1.1" 200 3943 "-" "Mozilla/5.0 (compatible; MJ12bot/v1.4.8; http://mj12bot.com/)"
147.135.252.138 - - [15/May/2026:08:43:16 -0400] "GET /product-category/collage-mix-media/mix-media-collage-mix-media/?path=/home/clavospa/public_html/wp HTTP/1.1" 200 3642 "-" "Mozilla/5.0 (compatible; MJ12bot/v1.4.8; http://mj12bot.com/)"
85.208.96.199 - - [15/May/2026:08:43:18 -0400] "GET /events/tag/exhibition/2020-09/ HTTP/1.1" 200 4333 "-" "Mozilla/5.0 (compatible; SemrushBot/7~bl; +http://www.semrush.com/bot.html)"
147.135.252.138 - - [15/May/2026:08:43:17 -0400] "GET /product-category/collage-mix-media/mix-media-collage-mix-media/?path=/home/clavospa/public_html/wp-admin HTTP/1.1" 200 6829 "-" "Mozilla/5.0 (compatible; MJ12bot/v1.4.8; http://mj12bot.com/)"
216.73.216.222 - - [15/May/2026:08:43:18 -0400] "GET /?fileloc=%2Fhome%2Fclavospa%2Fpublic_html%2Fingridbarajas.com%2Fwp-admin%2Fadmin-footer.php&path=%2Fhome%2Fclavospa%2Fpublic_html%2Fingridbarajas.com%2Fwp-admin HTTP/1.1" 200 3556 "-" "Mozilla/5.0 AppleWebKit/537.36 (KHTML, like Gecko; compatible; ClaudeBot/1.0; +claudebot@anthropic.com)"
147.135.252.138 - - [15/May/2026:08:43:20 -0400] "GET /product-category/collage-mix-media/mix-media-collage-mix-media/?path=/home/clavospa/public_html/wp-content HTTP/1.1" 200 3277 "-" "Mozilla/5.0 (compatible; MJ12bot/v1.4.8; http://mj12bot.com/)"
147.135.252.138 - - [15/May/2026:08:43:21 -0400] "GET /product-category/collage-mix-media/mix-media-collage-mix-media/?path=/home/clavospa/public_html/wp-includes HTTP/1.1" 200 13597 "-" "Mozilla/5.0 (compatible; MJ12bot/v1.4.8; http://mj12bot.com/)"
198.244.183.218 - - [15/May/2026:08:43:22 -0400] "GET /commodity/856017941168 HTTP/1.1" 200 4333 "-" "Mozilla/5.0 (compatible; AhrefsBot/7.0; +http://ahrefs.com/robot/)"
216.73.216.222 - - [15/May/2026:08:43:23 -0400] "GET /?fileloc=%2Fhome%2Fclavospa%2Fpublic_html%2Fingridbarajas.com%2Fwp-admin%2Fuser-new.php&path=%2Fhome%2Fclavospa%2Fpublic_html%2Fingridbarajas.com%2Fwp-admin HTTP/1.1" 200 8990 "-" "Mozilla/5.0 AppleWebKit/537.36 (KHTML, like Gecko; compatible; ClaudeBot/1.0; +claudebot@anthropic.com)"
147.135.252.138 - - [15/May/2026:08:43:23 -0400] "GET /product-category/photography/fashion-photography/?fileloc=/home/clavospa/public_html/.ftpquota&path=/home/clavospa/public_html HTTP/1.1" 200 2482 "-" "Mozilla/5.0 (compatible; MJ12bot/v1.4.8; http://mj12bot.com/)"
147.135.252.138 - - [15/May/2026:08:43:25 -0400] "GET /product-category/photography/fashion-photography/?fileloc=/home/clavospa/public_html/.htaccess&path=/home/clavospa/public_html HTTP/1.1" 200 2579 "-" "Mozilla/5.0 (compatible; MJ12bot/v1.4.8; http://mj12bot.com/)"
147.135.252.138 - - [15/May/2026:08:43:27 -0400] "GET /product-category/photography/fashion-photography/?fileloc=/home/clavospa/public_html/index.php&path=/home/clavospa/public_html HTTP/1.1" 200 2536 "-" "Mozilla/5.0 (compatible; MJ12bot/v1.4.8; http://mj12bot.com/)"
216.73.216.222 - - [15/May/2026:08:43:28 -0400] "GET /?path=%2Fhome%2Fclavospa%2Fmail%2F.info%40davidlachapelleamor_com HTTP/1.1" 200 3647 "-" "Mozilla/5.0 AppleWebKit/537.36 (KHTML, like Gecko; compatible; ClaudeBot/1.0; +claudebot@anthropic.com)"
147.135.252.138 - - [15/May/2026:08:43:29 -0400] "GET /product-category/photography/fashion-photography/?fileloc=/home/clavospa/public_html/license.txt&path=/home/clavospa/public_html HTTP/1.1" 200 9805 "-" "Mozilla/5.0 (compatible; MJ12bot/v1.4.8; http://mj12bot.com/)"
147.135.252.138 - - [15/May/2026:08:43:31 -0400] "GET /product-category/photography/fashion-photography/?fileloc=/home/clavospa/public_html/lock360.php&path=/home/clavospa/public_html HTTP/1.1" 200 2470 "-" "Mozilla/5.0 (compatible; MJ12bot/v1.4.8; http://mj12bot.com/)"
147.135.252.138 - - [15/May/2026:08:43:32 -0400] "GET /product-category/photography/fashion-photography/?fileloc=/home/clavospa/public_html/php.ini&path=/home/clavospa/public_html HTTP/1.1" 200 2527 "-" "Mozilla/5.0 (compatible; MJ12bot/v1.4.8; http://mj12bot.com/)"
216.73.216.222 - - [15/May/2026:08:43:33 -0400] "GET /?fileloc=%2Fhome%2Fclavospa%2Fpublic_html%2Fingridbarajas.com%2Fwp-admin%2Fms-upgrade-network.php&path=%2Fhome%2Fclavospa%2Fpublic_html%2Fingridbarajas.com%2Fwp-admin HTTP/1.1" 200 2645 "-" "Mozilla/5.0 AppleWebKit/537.36 (KHTML, like Gecko; compatible; ClaudeBot/1.0; +claudebot@anthropic.com)"
147.135.252.138 - - [15/May/2026:08:43:34 -0400] "GET /product-category/photography/fashion-photography/?fileloc=/home/clavospa/public_html/readme.html&path=/home/clavospa/public_html HTTP/1.1" 200 5519 "-" "Mozilla/5.0 (compatible; MJ12bot/v1.4.8; http://mj12bot.com/)"
147.135.252.138 - - [15/May/2026:08:43:36 -0400] "GET /product-category/photography/fashion-photography/?fileloc=/home/clavospa/public_html/rtx.php&path=/home/clavospa/public_html HTTP/1.1" 200 2466 "-" "Mozilla/5.0 (compatible; MJ12bot/v1.4.8; http://mj12bot.com/)"
147.135.252.138 - - [15/May/2026:08:43:38 -0400] "GET /product-category/photography/fashion-photography/?fileloc=/home/clavospa/public_html/style2.php&path=/home/clavospa/public_html HTTP/1.1" 200 2466 "-" "Mozilla/5.0 (compatible; MJ12bot/v1.4.8; http://mj12bot.com/)"
147.135.252.138 - - [15/May/2026:08:43:39 -0400] "GET /product-category/photography/fashion-photography/?fileloc=/home/clavospa/public_html/wp-activate.php&path=/home/clavospa/public_html HTTP/1.1" 200 4941 "-" "Mozilla/5.0 (compatible; MJ12bot/v1.4.8; http://mj12bot.com/)"
147.135.252.138 - - [15/May/2026:08:43:41 -0400] "GET /product-category/photography/fashion-photography/?fileloc=/home/clavospa/public_html/wp-blog-header.php&path=/home/clavospa/public_html HTTP/1.1" 200 3952 "-" "Mozilla/5.0 (compatible; MJ12bot/v1.4.8; http://mj12bot.com/)"
147.135.252.138 - - [15/May/2026:08:43:43 -0400] "GET /product-category/photography/fashion-photography/?fileloc=/home/clavospa/public_html/wp-cli.phar&path=/home/clavospa/public_html HTTP/1.1" 200 2469 "-" "Mozilla/5.0 (compatible; MJ12bot/v1.4.8; http://mj12bot.com/)"
114.119.149.252 - - [15/May/2026:08:43:43 -0400] "GET /2026/05/14/bisca-durante-fitto-meno-5-euro-migliori-del-2026-in-italia/ HTTP/1.1" 200 4333 "https://clavo.space/wp-sitemap-posts-post-1.xml" "Mozilla/5.0 (Linux; Android 7.0;) AppleWebKit/537.36 (HTML, like Gecko) Mobile Safari/537.36 (compatible; PetalBot;+https://webmaster.petalsearch.com/site/petalbot)"
147.135.252.138 - - [15/May/2026:08:43:44 -0400] "GET /product-category/photography/fashion-photography/?fileloc=/home/clavospa/public_html/wp-comments-post.php&path=/home/clavospa/public_html HTTP/1.1" 200 3518 "-" "Mozilla/5.0 (compatible; MJ12bot/v1.4.8; http://mj12bot.com/)"
147.135.252.138 - - [15/May/2026:08:43:46 -0400] "GET /product-category/photography/fashion-photography/?fileloc=/home/clavospa/public_html/wp-conffg.php&path=/home/clavospa/public_html HTTP/1.1" 200 2471 "-" "Mozilla/5.0 (compatible; MJ12bot/v1.4.8; http://mj12bot.com/)"
147.135.252.138 - - [15/May/2026:08:43:48 -0400] "GET /product-category/photography/fashion-photography/?fileloc=/home/clavospa/public_html/wp-config-sample.php&path=/home/clavospa/public_html HTTP/1.1" 200 3768 "-" "Mozilla/5.0 (compatible; MJ12bot/v1.4.8; http://mj12bot.com/)"
147.135.252.138 - - [15/May/2026:08:43:51 -0400] "GET /product-category/photography/fashion-photography/?fileloc=/home/clavospa/public_html/wp-config.php&path=/home/clavospa/public_html HTTP/1.1" 200 4057 "-" "Mozilla/5.0 (compatible; MJ12bot/v1.4.8; http://mj12bot.com/)"
147.135.252.138 - - [15/May/2026:08:43:54 -0400] "GET /product-category/photography/fashion-photography/?fileloc=/home/clavospa/public_html/wp-cron.php&path=/home/clavospa/public_html HTTP/1.1" 503 530 "-" "Mozilla/5.0 (compatible; MJ12bot/v1.4.8; http://mj12bot.com/)"
147.135.252.138 - - [15/May/2026:08:43:56 -0400] "GET /product-category/photography/fashion-photography/?fileloc=/home/clavospa/public_html/wp-customize.php&path=/home/clavospa/public_html HTTP/1.1" 200 2472 "-" "Mozilla/5.0 (compatible; MJ12bot/v1.4.8; http://mj12bot.com/)"
147.135.252.138 - - [15/May/2026:08:43:58 -0400] "GET /product-category/photography/fashion-photography/?fileloc=/home/clavospa/public_html/wp-incla.php&path=/home/clavospa/public_html HTTP/1.1" 503 530 "-" "Mozilla/5.0 (compatible; MJ12bot/v1.4.8; http://mj12bot.com/)"
147.135.252.138 - - [15/May/2026:08:43:59 -0400] "GET /product-category/photography/fashion-photography/?fileloc=/home/clavospa/public_html/wp-links-opml.php&path=/home/clavospa/public_html HTTP/1.1" 200 3592 "-" "Mozilla/5.0 (compatible; MJ12bot/v1.4.8; http://mj12bot.com/)"
51.195.183.44 - - [15/May/2026:08:44:07 -0400] "GET /commodity/85596039818 HTTP/1.1" 200 4333 "-" "Mozilla/5.0 (compatible; AhrefsBot/7.0; +http://ahrefs.com/robot/)"
147.135.252.138 - - [15/May/2026:08:44:01 -0400] "GET /product-category/photography/fashion-photography/?fileloc=/home/clavospa/public_html/wp-load.php&path=/home/clavospa/public_html HTTP/1.1" 200 4101 "-" "Mozilla/5.0 (compatible; MJ12bot/v1.4.8; http://mj12bot.com/)"
216.73.216.158 - - [15/May/2026:08:44:18 -0400] "GET /?path=%2Fhome%2Fclavospa%2Fpublic_html%2Fnew.davidlachapelleamor.com%2F.well-known HTTP/1.1" 200 2910 "-" "Mozilla/5.0 AppleWebKit/537.36 (KHTML, like Gecko; compatible; ClaudeBot/1.0; +claudebot@anthropic.com)"
