103.53.31.182 - - [15/May/2026:08:10:34 -0400] "POST /xmlrpc.php HTTP/1.1" 200 72524 "-" "WordPress.com; https://wordpress.com"
216.73.216.158 - - [15/May/2026:08:10:35 -0400] "GET /artists/page/2/?path=%2Fhome%2Fclavospa%2Fpublic_html%2Fdavidlachapellela.com%2Fwp-content HTTP/1.1" 200 3101 "-" "Mozilla/5.0 AppleWebKit/537.36 (KHTML, like Gecko; compatible; ClaudeBot/1.0; +claudebot@anthropic.com)"
198.244.183.96 - - [15/May/2026:08:10:36 -0400] "GET /commodity/856140891649 HTTP/1.1" 200 4333 "-" "Mozilla/5.0 (compatible; AhrefsBot/7.0; +http://ahrefs.com/robot/)"
216.73.216.158 - - [15/May/2026:08:10:40 -0400] "GET /artists/page/2/?path=%2Fhome%2Fclavospa%2Fpublic_html%2Fdavidlachapellela.com%2Fcgi-bin HTTP/1.1" 200 2560 "-" "Mozilla/5.0 AppleWebKit/537.36 (KHTML, like Gecko; compatible; ClaudeBot/1.0; +claudebot@anthropic.com)"
103.53.31.182 - - [15/May/2026:08:10:45 -0400] "POST /xmlrpc.php HTTP/1.1" 200 72524 "-" "WordPress.com; https://wordpress.com"
216.73.216.158 - - [15/May/2026:08:10:48 -0400] "GET /artists/page/2/?fileloc=%2Fhome%2Fclavospa%2Fpublic_html%2Flatitud212.com%2Fwp-settings.php&path=%2Fhome%2Fclavospa%2Fpublic_html%2Flatitud212.com HTTP/1.1" 200 8735 "-" "Mozilla/5.0 AppleWebKit/537.36 (KHTML, like Gecko; compatible; ClaudeBot/1.0; +claudebot@anthropic.com)"
216.73.216.158 - - [15/May/2026:08:10:51 -0400] "GET /artists/page/2/?fileloc=%2Fhome%2Fclavospa%2Fpublic_html%2Flatitud212.com%2Fwp-cron.php&path=%2Fhome%2Fclavospa%2Fpublic_html%2Flatitud212.com HTTP/1.1" 200 4574 "-" "Mozilla/5.0 AppleWebKit/537.36 (KHTML, like Gecko; compatible; ClaudeBot/1.0; +claudebot@anthropic.com)"
216.73.216.158 - - [15/May/2026:08:10:54 -0400] "GET /artists/page/2/?fileloc=%2Fhome%2Fclavospa%2Fpublic_html%2Flatitud212.com%2Fwp-load.php&path=%2Fhome%2Fclavospa%2Fpublic_html%2Flatitud212.com HTTP/1.1" 200 4119 "-" "Mozilla/5.0 AppleWebKit/537.36 (KHTML, like Gecko; compatible; ClaudeBot/1.0; +claudebot@anthropic.com)"
103.53.31.182 - - [15/May/2026:08:10:56 -0400] "POST /xmlrpc.php HTTP/1.1" 200 72524 "-" "Jetpack by WordPress.com"
216.73.216.158 - - [15/May/2026:08:10:59 -0400] "GET /artists/page/2/?fileloc=%2Fhome%2Fclavospa%2Fpublic_html%2Fdavidlachapellela.com%2Fwp-load.php&path=%2Fhome%2Fclavospa%2Fpublic_html%2Fdavidlachapellela.com HTTP/1.1" 200 4125 "-" "Mozilla/5.0 AppleWebKit/537.36 (KHTML, like Gecko; compatible; ClaudeBot/1.0; +claudebot@anthropic.com)"
216.73.216.158 - - [15/May/2026:08:11:04 -0400] "GET /artists/page/2/?fileloc=%2Fhome%2Fclavospa%2Fpublic_html%2Fdavidlachapellela.com%2Fwp-mail.php&path=%2Fhome%2Fclavospa%2Fpublic_html%2Fdavidlachapellela.com HTTP/1.1" 200 5530 "-" "Mozilla/5.0 AppleWebKit/537.36 (KHTML, like Gecko; compatible; ClaudeBot/1.0; +claudebot@anthropic.com)"
185.191.171.12 - - [15/May/2026:08:11:04 -0400] "GET /events/tag/art/list/?eventDisplay=past&tribe-bar-date=2022-08-15 HTTP/1.1" 200 4333 "-" "Mozilla/5.0 (compatible; SemrushBot/7~bl; +http://www.semrush.com/bot.html)"
85.208.96.205 - - [15/May/2026:08:11:06 -0400] "GET /events/tag/clavo-space/day/2021-12-14/ HTTP/1.1" 200 4333 "-" "Mozilla/5.0 (compatible; SemrushBot/7~bl; +http://www.semrush.com/bot.html)"
103.53.31.182 - - [15/May/2026:08:11:06 -0400] "POST /xmlrpc.php HTTP/1.1" 200 72524 "-" "Jetpack by WordPress.com"
216.73.216.158 - - [15/May/2026:08:11:08 -0400] "GET /artists/page/2/?fileloc=%2Fhome%2Fclavospa%2Fpublic_html%2Fdavidlachapellela.com%2Fwp-trackback.php&path=%2Fhome%2Fclavospa%2Fpublic_html%2Fdavidlachapellela.com HTTP/1.1" 200 4361 "-" "Mozilla/5.0 AppleWebKit/537.36 (KHTML, like Gecko; compatible; ClaudeBot/1.0; +claudebot@anthropic.com)"
216.73.216.158 - - [15/May/2026:08:11:12 -0400] "GET /artists/page/2/?fileloc=%2Fhome%2Fclavospa%2Fpublic_html%2Flatitud212.com%2Fwp-trackback.php&path=%2Fhome%2Fclavospa%2Fpublic_html%2Flatitud212.com HTTP/1.1" 200 4358 "-" "Mozilla/5.0 AppleWebKit/537.36 (KHTML, like Gecko; compatible; ClaudeBot/1.0; +claudebot@anthropic.com)"
144.76.19.72 - - [15/May/2026:08:11:15 -0400] "GET /product-category/collage-mix-media/?product_count=24&product_orderby=default&product_order=asc&product_view=grid HTTP/1.1" 200 4333 "-" "Mozilla/5.0 (compatible; SERankingBacklinksBot/1.0; +https://seranking.com/backlinks-crawler)"
103.53.31.182 - - [15/May/2026:08:11:17 -0400] "POST /xmlrpc.php HTTP/1.1" 200 72524 "-" "Jetpack by WordPress.com (Jetpack 12.5; WordPress 6.4)"
85.208.96.205 - - [15/May/2026:08:11:21 -0400] "GET /events/tag/clavo-space/list/?eventDisplay=past&tribe-bar-date=2028-04-16 HTTP/1.1" 200 4333 "-" "Mozilla/5.0 (compatible; SemrushBot/7~bl; +http://www.semrush.com/bot.html)"
216.73.216.158 - - [15/May/2026:08:11:26 -0400] "GET /artists/page/2/?fileloc=%2Fhome%2Fclavospa%2Fpublic_html%2Flatitud212.com%2Findex.php&path=%2Fhome%2Fclavospa%2Fpublic_html%2Flatitud212.com HTTP/1.1" 200 2555 "-" "Mozilla/5.0 AppleWebKit/537.36 (KHTML, like Gecko; compatible; ClaudeBot/1.0; +claudebot@anthropic.com)"
103.53.31.182 - - [15/May/2026:08:11:28 -0400] "POST /xmlrpc.php HTTP/1.1" 200 72524 "-" "WordPress.com; https://wordpress.com"
216.73.216.158 - - [15/May/2026:08:11:31 -0400] "GET /artists/page/2/?fileloc=%2Fhome%2Fclavospa%2Fpublic_html%2Flatitud212.com%2Fwp-login.php&path=%2Fhome%2Fclavospa%2Fpublic_html%2Flatitud212.com HTTP/1.1" 200 15448 "-" "Mozilla/5.0 AppleWebKit/537.36 (KHTML, like Gecko; compatible; ClaudeBot/1.0; +claudebot@anthropic.com)"
85.208.96.212 - - [15/May/2026:08:11:32 -0400] "GET /events/tag/opening/list/?eventDisplay=past&tribe-bar-date=2022-05-24 HTTP/1.1" 200 4333 "-" "Mozilla/5.0 (compatible; SemrushBot/7~bl; +http://www.semrush.com/bot.html)"
103.53.31.182 - - [15/May/2026:08:11:38 -0400] "POST /xmlrpc.php HTTP/1.1" 200 72524 "-" "Jetpack by WordPress.com (Jetpack 12.5; WordPress 6.1)"
114.119.148.154 - - [15/May/2026:08:11:41 -0400] "GET /2026/05/14/bonus-mucchio-privo-di-intricato-i-migliori-bonus-2026/ HTTP/1.1" 200 4333 "https://clavo.space/wp-sitemap-posts-post-1.xml" "Mozilla/5.0 (Linux; Android 7.0;) AppleWebKit/537.36 (HTML, like Gecko) Mobile Safari/537.36 (compatible; PetalBot;+https://webmaster.petalsearch.com/site/petalbot)"
103.53.31.182 - - [15/May/2026:08:11:49 -0400] "POST /xmlrpc.php HTTP/1.1" 200 72524 "-" "Jetpack by WordPress.com"
198.244.242.254 - - [15/May/2026:08:11:50 -0400] "GET /commodity/85613893634 HTTP/1.1" 200 4333 "-" "Mozilla/5.0 (compatible; AhrefsBot/7.0; +http://ahrefs.com/robot/)"
216.73.216.158 - - [15/May/2026:08:11:51 -0400] "GET /artists/page/2/?path=%2Fhome%2Fclavospa%2Fpublic_html%2Fdavidlachapellela.com%2F.well-known%2Facme-challenge HTTP/1.1" 200 2579 "-" "Mozilla/5.0 AppleWebKit/537.36 (KHTML, like Gecko; compatible; ClaudeBot/1.0; +claudebot@anthropic.com)"
85.208.96.210 - - [15/May/2026:08:11:56 -0400] "GET /events/category/exhibition/day/2023-12-19/ HTTP/1.1" 200 4333 "-" "Mozilla/5.0 (compatible; SemrushBot/7~bl; +http://www.semrush.com/bot.html)"
216.73.216.158 - - [15/May/2026:08:11:56 -0400] "GET /artists/page/2/?path=%2Fhome%2Fclavospa%2Fpublic_html%2Flatitud212.com%2F.well-known%2Facme-challenge HTTP/1.1" 200 2576 "-" "Mozilla/5.0 AppleWebKit/537.36 (KHTML, like Gecko; compatible; ClaudeBot/1.0; +claudebot@anthropic.com)"
114.119.133.245 - - [15/May/2026:08:11:58 -0400] "GET /wper.php?sitemap742.xml HTTP/1.1" 200 - "https://212productions.net/wper.php?sitemap.xml" "Mozilla/5.0 (Linux; Android 7.0;) AppleWebKit/537.36 (HTML, like Gecko) Mobile Safari/537.36 (compatible; PetalBot;+https://webmaster.petalsearch.com/site/petalbot)"
145.239.69.153 - - [15/May/2026:08:11:58 -0400] "GET /product-category/collage-mix-media/mix-media-collage-mix-media/?add-to-cart=1943&product_order=asc&product_count=12&product_view=list&product_orderby=price HTTP/1.1" 200 4333 "-" "Mozilla/5.0 (compatible; MJ12bot/v1.4.8; http://mj12bot.com/)"
85.208.96.204 - - [15/May/2026:08:12:00 -0400] "GET /events/2026-01-16/ HTTP/1.1" 200 4333 "-" "Mozilla/5.0 (compatible; SemrushBot/7~bl; +http://www.semrush.com/bot.html)"
145.239.69.153 - - [15/May/2026:08:12:00 -0400] "GET /product-category/collage-mix-media/mix-media-collage-mix-media/?add-to-cart=1943&product_order=asc&product_view=grid&product_orderby=date&product_count=36 HTTP/1.1" 200 4333 "-" "Mozilla/5.0 (compatible; MJ12bot/v1.4.8; http://mj12bot.com/)"
103.53.31.182 - - [15/May/2026:08:12:00 -0400] "POST /xmlrpc.php HTTP/1.1" 200 72524 "-" "WordPress.com; https://wordpress.com"
145.239.69.153 - - [15/May/2026:08:12:02 -0400] "GET /product-category/collage-mix-media/mix-media-collage-mix-media/?add-to-cart=1943&product_order=asc&product_view=list&product_count=12&product_orderby=popularity HTTP/1.1" 200 4333 "-" "Mozilla/5.0 (compatible; MJ12bot/v1.4.8; http://mj12bot.com/)"
216.73.216.158 - - [15/May/2026:08:12:02 -0400] "GET /artists/page/2/?fileloc=%2Fhome%2Fclavospa%2Fpublic_html%2Fdavidlachapellela.com%2F.well-known%2F.htaccess&path=%2Fhome%2Fclavospa%2Fpublic_html%2Fdavidlachapellela.com%2F.well-known HTTP/1.1" 200 2503 "-" "Mozilla/5.0 AppleWebKit/537.36 (KHTML, like Gecko; compatible; ClaudeBot/1.0; +claudebot@anthropic.com)"
145.239.69.153 - - [15/May/2026:08:12:04 -0400] "GET /product-category/collage-mix-media/mix-media-collage-mix-media/?add-to-cart=1943&product_order=asc&product_view=list&product_count=12&product_orderby=price HTTP/1.1" 200 4333 "-" "Mozilla/5.0 (compatible; MJ12bot/v1.4.8; http://mj12bot.com/)"
145.239.69.153 - - [15/May/2026:08:12:06 -0400] "GET /product-category/collage-mix-media/mix-media-collage-mix-media/?add-to-cart=1943&product_order=asc&product_view=list&product_count=36&product_orderby=price HTTP/1.1" 200 4333 "-" "Mozilla/5.0 (compatible; MJ12bot/v1.4.8; http://mj12bot.com/)"
216.73.216.158 - - [15/May/2026:08:12:07 -0400] "GET /artists/page/2/?fileloc=%2Fhome%2Fclavospa%2Fpublic_html%2Flatitud212.com%2F.well-known%2F.htaccess&path=%2Fhome%2Fclavospa%2Fpublic_html%2Flatitud212.com%2F.well-known HTTP/1.1" 200 2498 "-" "Mozilla/5.0 AppleWebKit/537.36 (KHTML, like Gecko; compatible; ClaudeBot/1.0; +claudebot@anthropic.com)"
85.208.96.211 - - [15/May/2026:08:12:07 -0400] "GET /events/tag/clavo-space/list/?eventDisplay=past&tribe-bar-date=2027-08-31 HTTP/1.1" 200 4333 "-" "Mozilla/5.0 (compatible; SemrushBot/7~bl; +http://www.semrush.com/bot.html)"
145.239.69.153 - - [15/May/2026:08:12:08 -0400] "GET /product-category/collage-mix-media/mix-media-collage-mix-media/?add-to-cart=1943&product_order=asc&product_view=list&product_count=36&product_orderby=rating HTTP/1.1" 200 4333 "-" "Mozilla/5.0 (compatible; MJ12bot/v1.4.8; http://mj12bot.com/)"
145.239.69.153 - - [15/May/2026:08:12:10 -0400] "GET /product-category/collage-mix-media/mix-media-collage-mix-media/?add-to-cart=1943&product_order=asc&product_view=list&product_orderby=date HTTP/1.1" 200 4333 "-" "Mozilla/5.0 (compatible; MJ12bot/v1.4.8; http://mj12bot.com/)"
103.53.31.182 - - [15/May/2026:08:12:11 -0400] "POST /xmlrpc.php HTTP/1.1" 200 72524 "-" "Jetpack by WordPress.com (Jetpack 13.0; WordPress 6.1)"
145.239.69.153 - - [15/May/2026:08:12:11 -0400] "GET /product-category/collage-mix-media/mix-media-collage-mix-media/?add-to-cart=1943&product_order=asc&product_view=list&product_orderby=date&product_count=12 HTTP/1.1" 200 4333 "-" "Mozilla/5.0 (compatible; MJ12bot/v1.4.8; http://mj12bot.com/)"
145.239.69.153 - - [15/May/2026:08:12:13 -0400] "GET /product-category/collage-mix-media/mix-media-collage-mix-media/?add-to-cart=1943&product_order=asc&product_view=list&product_orderby=date&product_count=24 HTTP/1.1" 200 4333 "-" "Mozilla/5.0 (compatible; MJ12bot/v1.4.8; http://mj12bot.com/)"
85.208.96.210 - - [15/May/2026:08:12:14 -0400] "GET /events/tag/opening/list/?eventDisplay=past&tribe-bar-date=2022-11-01 HTTP/1.1" 200 4333 "-" "Mozilla/5.0 (compatible; SemrushBot/7~bl; +http://www.semrush.com/bot.html)"
145.239.69.153 - - [15/May/2026:08:12:15 -0400] "GET /product-category/collage-mix-media/mix-media-collage-mix-media/?add-to-cart=1943&product_order=asc&product_view=list&product_orderby=date&product_count=36 HTTP/1.1" 200 4333 "-" "Mozilla/5.0 (compatible; MJ12bot/v1.4.8; http://mj12bot.com/)"
85.208.96.199 - - [15/May/2026:08:12:16 -0400] "GET /events/tag/art/list/?eventDisplay=past&tribe-bar-date=2027-05-05 HTTP/1.1" 200 4333 "-" "Mozilla/5.0 (compatible; SemrushBot/7~bl; +http://www.semrush.com/bot.html)"
216.73.216.158 - - [15/May/2026:08:12:16 -0400] "GET /artists/page/2/?fileloc=%2Fhome%2Fclavospa%2Fpublic_html%2Fimages%2Fimages%2FkSQEoClEWs.php&path=%2Fhome%2Fclavospa%2Fpublic_html%2Fimages%2Fimages HTTP/1.1" 200 2488 "-" "Mozilla/5.0 AppleWebKit/537.36 (KHTML, like Gecko; compatible; ClaudeBot/1.0; +claudebot@anthropic.com)"
216.73.216.158 - - [15/May/2026:08:12:17 -0400] "GET /artists/page/2/?fileloc=%2Fhome%2Fclavospa%2Fpublic_html%2Fimages%2Fimages%2F.htaccess&path=%2Fhome%2Fclavospa%2Fpublic_html%2Fimages%2Fimages HTTP/1.1" 200 2590 "-" "Mozilla/5.0 AppleWebKit/537.36 (KHTML, like Gecko; compatible; ClaudeBot/1.0; +claudebot@anthropic.com)"
145.239.69.153 - - [15/May/2026:08:12:17 -0400] "GET /product-category/collage-mix-media/mix-media-collage-mix-media/?add-to-cart=1943&product_order=asc&product_view=list&product_orderby=default HTTP/1.1" 200 4333 "-" "Mozilla/5.0 (compatible; MJ12bot/v1.4.8; http://mj12bot.com/)"
145.239.69.153 - - [15/May/2026:08:12:19 -0400] "GET /product-category/collage-mix-media/mix-media-collage-mix-media/?add-to-cart=1943&product_order=asc&product_view=list&product_orderby=default&product_count=12 HTTP/1.1" 200 4333 "-" "Mozilla/5.0 (compatible; MJ12bot/v1.4.8; http://mj12bot.com/)"
145.239.69.153 - - [15/May/2026:08:12:21 -0400] "GET /product-category/collage-mix-media/mix-media-collage-mix-media/?add-to-cart=1943&product_order=asc&product_view=list&product_orderby=name HTTP/1.1" 200 4333 "-" "Mozilla/5.0 (compatible; MJ12bot/v1.4.8; http://mj12bot.com/)"
103.53.31.182 - - [15/May/2026:08:12:22 -0400] "POST /xmlrpc.php HTTP/1.1" 200 72524 "-" "Jetpack by WordPress.com"
145.239.69.153 - - [15/May/2026:08:12:23 -0400] "GET /product-category/collage-mix-media/mix-media-collage-mix-media/?add-to-cart=1943&product_order=asc&product_view=list&product_orderby=name&product_count=12 HTTP/1.1" 200 4333 "-" "Mozilla/5.0 (compatible; MJ12bot/v1.4.8; http://mj12bot.com/)"
145.239.69.153 - - [15/May/2026:08:12:25 -0400] "GET /product-category/collage-mix-media/mix-media-collage-mix-media/?add-to-cart=1943&product_order=asc&product_view=list&product_orderby=name&product_count=24 HTTP/1.1" 200 4333 "-" "Mozilla/5.0 (compatible; MJ12bot/v1.4.8; http://mj12bot.com/)"
145.239.69.153 - - [15/May/2026:08:12:26 -0400] "GET /product-category/collage-mix-media/mix-media-collage-mix-media/?add-to-cart=1943&product_order=asc&product_view=list&product_orderby=name&product_count=36 HTTP/1.1" 200 4333 "-" "Mozilla/5.0 (compatible; MJ12bot/v1.4.8; http://mj12bot.com/)"
145.239.69.153 - - [15/May/2026:08:12:28 -0400] "GET /product-category/collage-mix-media/mix-media-collage-mix-media/?add-to-cart=1943&product_order=asc&product_view=list&product_orderby=popularity HTTP/1.1" 200 4333 "-" "Mozilla/5.0 (compatible; MJ12bot/v1.4.8; http://mj12bot.com/)"
145.239.69.153 - - [15/May/2026:08:12:30 -0400] "GET /product-category/collage-mix-media/mix-media-collage-mix-media/?add-to-cart=1943&product_order=asc&product_view=list&product_orderby=popularity&product_count=12 HTTP/1.1" 200 4333 "-" "Mozilla/5.0 (compatible; MJ12bot/v1.4.8; http://mj12bot.com/)"
145.239.69.153 - - [15/May/2026:08:12:32 -0400] "GET /product-category/collage-mix-media/mix-media-collage-mix-media/?add-to-cart=1943&product_order=asc&product_view=list&product_orderby=popularity&product_count=24 HTTP/1.1" 200 4333 "-" "Mozilla/5.0 (compatible; MJ12bot/v1.4.8; http://mj12bot.com/)"
103.53.31.182 - - [15/May/2026:08:12:33 -0400] "POST /xmlrpc.php HTTP/1.1" 200 72524 "-" "Jetpack by WordPress.com"
170.106.187.106 - - [15/May/2026:08:12:34 -0400] "GET /wp/pgp/?fileloc=/home/clavospa/public_html/.htaccess&path=/home/clavospa/public_html HTTP/1.1" 200 2579 "-" "Mozilla/5.0 (iPhone; CPU iPhone OS 13_2_3 like Mac OS X) AppleWebKit/605.1.15 (KHTML, like Gecko) Version/13.0.3 Mobile/15E148 Safari/604.1"
145.239.69.153 - - [15/May/2026:08:12:34 -0400] "GET /product-category/collage-mix-media/mix-media-collage-mix-media/?add-to-cart=1943&product_order=asc&product_view=list&product_orderby=popularity&product_count=36 HTTP/1.1" 200 4333 "-" "Mozilla/5.0 (compatible; MJ12bot/v1.4.8; http://mj12bot.com/)"
145.239.69.153 - - [15/May/2026:08:12:36 -0400] "GET /product-category/collage-mix-media/mix-media-collage-mix-media/?add-to-cart=1943&product_order=asc&product_view=list&product_orderby=price HTTP/1.1" 200 4333 "-" "Mozilla/5.0 (compatible; MJ12bot/v1.4.8; http://mj12bot.com/)"
145.239.69.153 - - [15/May/2026:08:12:38 -0400] "GET /product-category/collage-mix-media/mix-media-collage-mix-media/?add-to-cart=1943&product_order=asc&product_view=list&product_orderby=price&product_count=12 HTTP/1.1" 200 4333 "-" "Mozilla/5.0 (compatible; MJ12bot/v1.4.8; http://mj12bot.com/)"
145.239.69.153 - - [15/May/2026:08:12:39 -0400] "GET /product-category/collage-mix-media/mix-media-collage-mix-media/?add-to-cart=1943&product_order=asc&product_view=list&product_orderby=price&product_count=24 HTTP/1.1" 200 4333 "-" "Mozilla/5.0 (compatible; MJ12bot/v1.4.8; http://mj12bot.com/)"
145.239.69.153 - - [15/May/2026:08:12:41 -0400] "GET /product-category/collage-mix-media/mix-media-collage-mix-media/?add-to-cart=1943&product_order=asc&product_view=list&product_orderby=price&product_count=36 HTTP/1.1" 200 4333 "-" "Mozilla/5.0 (compatible; MJ12bot/v1.4.8; http://mj12bot.com/)"
145.239.69.153 - - [15/May/2026:08:12:43 -0400] "GET /product-category/collage-mix-media/mix-media-collage-mix-media/?add-to-cart=1943&product_order=asc&product_view=list&product_orderby=rating HTTP/1.1" 200 4333 "-" "Mozilla/5.0 (compatible; MJ12bot/v1.4.8; http://mj12bot.com/)"
103.53.31.182 - - [15/May/2026:08:12:43 -0400] "POST /xmlrpc.php HTTP/1.1" 200 72524 "-" "Jetpack/13.0; WordPress/6.1; http://site24810136.com"
145.239.69.153 - - [15/May/2026:08:12:45 -0400] "GET /product-category/collage-mix-media/mix-media-collage-mix-media/?add-to-cart=1943&product_order=asc&product_view=list&product_orderby=rating&product_count=12 HTTP/1.1" 200 4333 "-" "Mozilla/5.0 (compatible; MJ12bot/v1.4.8; http://mj12bot.com/)"
145.239.69.153 - - [15/May/2026:08:12:47 -0400] "GET /product-category/collage-mix-media/mix-media-collage-mix-media/?add-to-cart=1943&product_order=asc&product_view=list&product_orderby=rating&product_count=24 HTTP/1.1" 200 4333 "-" "Mozilla/5.0 (compatible; MJ12bot/v1.4.8; http://mj12bot.com/)"
51.77.74.125 - - [15/May/2026:08:12:48 -0400] "GET /about.php?520 HTTP/1.1" 200 4333 "-" "Mozilla/5.0 (Windows NT 10.0; Win64; x64) AppleWebKit/537.36 (KHTML, like Gecko) Chrome/127.0.0.0 Safari/537.36"
51.77.74.125 - - [15/May/2026:08:12:48 -0400] "GET /admin.php?520 HTTP/1.1" 200 4333 "-" "Mozilla/5.0 (Windows NT 10.0; Win64; x64) AppleWebKit/537.36 (KHTML, like Gecko) Chrome/127.0.0.0 Safari/537.36"
51.77.74.125 - - [15/May/2026:08:12:48 -0400] "GET /images/images/cache.php HTTP/1.1" 200 4333 "-" "Mozilla/5.0 (Macintosh; Intel Mac OS X 10_15_7) AppleWebKit/537.36 (KHTML, like Gecko) Chrome/146.0.0.0 Safari/537.36"
145.239.69.153 - - [15/May/2026:08:12:49 -0400] "GET /product-category/collage-mix-media/mix-media-collage-mix-media/?add-to-cart=1943&product_order=asc&product_view=list&product_orderby=rating&product_count=36 HTTP/1.1" 200 4333 "-" "Mozilla/5.0 (compatible; MJ12bot/v1.4.8; http://mj12bot.com/)"
145.239.69.153 - - [15/May/2026:08:12:51 -0400] "GET /product-category/collage-mix-media/mix-media-collage-mix-media/?add-to-cart=1943&product_order=desc&product_count=12&product_orderby=date HTTP/1.1" 200 4333 "-" "Mozilla/5.0 (compatible; MJ12bot/v1.4.8; http://mj12bot.com/)"
145.239.69.153 - - [15/May/2026:08:12:53 -0400] "GET /product-category/collage-mix-media/mix-media-collage-mix-media/?add-to-cart=1943&product_order=desc&product_count=12&product_orderby=date&product_view=grid HTTP/1.1" 200 4333 "-" "Mozilla/5.0 (compatible; MJ12bot/v1.4.8; http://mj12bot.com/)"
103.53.31.182 - - [15/May/2026:08:12:54 -0400] "POST /xmlrpc.php HTTP/1.1" 200 72524 "-" "WordPress.com; https://wordpress.com"
145.239.69.153 - - [15/May/2026:08:12:55 -0400] "GET /product-category/collage-mix-media/mix-media-collage-mix-media/?add-to-cart=1943&product_order=desc&product_count=12&product_orderby=date&product_view=list HTTP/1.1" 200 4333 "-" "Mozilla/5.0 (compatible; MJ12bot/v1.4.8; http://mj12bot.com/)"
145.239.69.153 - - [15/May/2026:08:12:56 -0400] "GET /product-category/collage-mix-media/mix-media-collage-mix-media/?add-to-cart=1943&product_order=desc&product_count=12&product_orderby=default HTTP/1.1" 200 4333 "-" "Mozilla/5.0 (compatible; MJ12bot/v1.4.8; http://mj12bot.com/)"
145.239.69.153 - - [15/May/2026:08:12:58 -0400] "GET /product-category/collage-mix-media/mix-media-collage-mix-media/?add-to-cart=1943&product_order=desc&product_count=12&product_orderby=default&product_view=grid HTTP/1.1" 200 4333 "-" "Mozilla/5.0 (compatible; MJ12bot/v1.4.8; http://mj12bot.com/)"
145.239.69.153 - - [15/May/2026:08:13:00 -0400] "GET /product-category/collage-mix-media/mix-media-collage-mix-media/?add-to-cart=1943&product_order=desc&product_count=12&product_orderby=default&product_view=list HTTP/1.1" 200 4333 "-" "Mozilla/5.0 (compatible; MJ12bot/v1.4.8; http://mj12bot.com/)"
114.119.148.154 - - [15/May/2026:08:13:01 -0400] "GET /2026/05/14/bonus-in-assenza-di-tenuta-2026-codici-premio-casino-online-a-sbafo/ HTTP/1.1" 200 4333 "https://clavo.space/wp-sitemap-posts-post-1.xml" "Mozilla/5.0 (Linux; Android 7.0;) AppleWebKit/537.36 (HTML, like Gecko) Mobile Safari/537.36 (compatible; PetalBot;+https://webmaster.petalsearch.com/site/petalbot)"
145.239.69.153 - - [15/May/2026:08:13:02 -0400] "GET /product-category/collage-mix-media/mix-media-collage-mix-media/?add-to-cart=1943&product_order=desc&product_count=12&product_orderby=name HTTP/1.1" 200 4333 "-" "Mozilla/5.0 (compatible; MJ12bot/v1.4.8; http://mj12bot.com/)"
145.239.69.153 - - [15/May/2026:08:13:04 -0400] "GET /product-category/collage-mix-media/mix-media-collage-mix-media/?add-to-cart=1943&product_order=desc&product_count=12&product_orderby=name&product_view=grid HTTP/1.1" 200 4333 "-" "Mozilla/5.0 (compatible; MJ12bot/v1.4.8; http://mj12bot.com/)"
103.53.31.182 - - [15/May/2026:08:13:05 -0400] "POST /xmlrpc.php HTTP/1.1" 200 72524 "-" "Jetpack/13.0; WordPress/6.1; http://site27087702.com"
145.239.69.153 - - [15/May/2026:08:13:06 -0400] "GET /product-category/collage-mix-media/mix-media-collage-mix-media/?add-to-cart=1943&product_order=desc&product_count=12&product_orderby=name&product_view=list HTTP/1.1" 200 4333 "-" "Mozilla/5.0 (compatible; MJ12bot/v1.4.8; http://mj12bot.com/)"
145.239.69.153 - - [15/May/2026:08:13:08 -0400] "GET /product-category/collage-mix-media/mix-media-collage-mix-media/?add-to-cart=1943&product_order=desc&product_count=12&product_orderby=popularity HTTP/1.1" 200 4333 "-" "Mozilla/5.0 (compatible; MJ12bot/v1.4.8; http://mj12bot.com/)"
66.249.64.73 - - [15/May/2026:08:13:08 -0400] "GET /?h=eocjxp09d90ygmh_gkind14524010 HTTP/1.1" 200 4333 "-" "Mozilla/5.0 (Linux; Android 6.0.1; Nexus 5X Build/MMB29P) AppleWebKit/537.36 (KHTML, like Gecko) Chrome/148.0.7778.96 Mobile Safari/537.36 (compatible; Googlebot/2.1; +http://www.google.com/bot.html)"
145.239.69.153 - - [15/May/2026:08:13:10 -0400] "GET /product-category/collage-mix-media/mix-media-collage-mix-media/?add-to-cart=1943&product_order=desc&product_count=12&product_orderby=popularity&product_view=grid HTTP/1.1" 200 4333 "-" "Mozilla/5.0 (compatible; MJ12bot/v1.4.8; http://mj12bot.com/)"
185.191.171.11 - - [15/May/2026:08:13:10 -0400] "GET /events/2027-01-07/ HTTP/1.1" 200 4333 "-" "Mozilla/5.0 (compatible; SemrushBot/7~bl; +http://www.semrush.com/bot.html)"
145.239.69.153 - - [15/May/2026:08:13:12 -0400] "GET /product-category/collage-mix-media/mix-media-collage-mix-media/?add-to-cart=1943&product_order=desc&product_count=12&product_orderby=popularity&product_view=list HTTP/1.1" 200 4333 "-" "Mozilla/5.0 (compatible; MJ12bot/v1.4.8; http://mj12bot.com/)"
145.239.69.153 - - [15/May/2026:08:13:14 -0400] "GET /product-category/collage-mix-media/mix-media-collage-mix-media/?add-to-cart=1943&product_order=desc&product_count=12&product_orderby=price HTTP/1.1" 200 4333 "-" "Mozilla/5.0 (compatible; MJ12bot/v1.4.8; http://mj12bot.com/)"
51.195.244.184 - - [15/May/2026:08:13:14 -0400] "GET /commodity/856135576420 HTTP/1.1" 200 4333 "-" "Mozilla/5.0 (compatible; AhrefsBot/7.0; +http://ahrefs.com/robot/)"
145.239.69.153 - - [15/May/2026:08:13:16 -0400] "GET /product-category/collage-mix-media/mix-media-collage-mix-media/?add-to-cart=1943&product_order=desc&product_count=12&product_orderby=price&product_view=grid HTTP/1.1" 200 4333 "-" "Mozilla/5.0 (compatible; MJ12bot/v1.4.8; http://mj12bot.com/)"
103.53.31.182 - - [15/May/2026:08:13:16 -0400] "POST /xmlrpc.php HTTP/1.1" 200 72524 "-" "Jetpack by WordPress.com"
145.239.69.153 - - [15/May/2026:08:13:18 -0400] "GET /product-category/collage-mix-media/mix-media-collage-mix-media/?add-to-cart=1943&product_order=desc&product_count=12&product_orderby=price&product_view=list HTTP/1.1" 200 4333 "-" "Mozilla/5.0 (compatible; MJ12bot/v1.4.8; http://mj12bot.com/)"
145.239.69.153 - - [15/May/2026:08:13:19 -0400] "GET /product-category/collage-mix-media/mix-media-collage-mix-media/?add-to-cart=1943&product_order=desc&product_count=12&product_orderby=rating HTTP/1.1" 200 4333 "-" "Mozilla/5.0 (compatible; MJ12bot/v1.4.8; http://mj12bot.com/)"
145.239.69.153 - - [15/May/2026:08:13:22 -0400] "GET /product-category/collage-mix-media/mix-media-collage-mix-media/?add-to-cart=1943&product_order=desc&product_count=12&product_orderby=rating&product_view=grid HTTP/1.1" 200 4333 "-" "Mozilla/5.0 (compatible; MJ12bot/v1.4.8; http://mj12bot.com/)"
145.239.69.153 - - [15/May/2026:08:13:24 -0400] "GET /product-category/collage-mix-media/mix-media-collage-mix-media/?add-to-cart=1943&product_order=desc&product_count=12&product_orderby=rating&product_view=list HTTP/1.1" 200 4333 "-" "Mozilla/5.0 (compatible; MJ12bot/v1.4.8; http://mj12bot.com/)"
35.188.196.81 - - [15/May/2026:08:13:24 -0400] "GET /wp/pgp/ HTTP/1.1" 200 4333 "-" "Mozilla/5.0 (Windows NT 5.1) AppleWebKit/537.36 (KHTML, like Gecko) Chrome/31.0.1650.16 Safari/537.36"
185.191.171.19 - - [15/May/2026:08:13:25 -0400] "GET /events/tag/clavo-space/list/?eventDisplay=past&tribe-bar-date=2026-10-09 HTTP/1.1" 200 4333 "-" "Mozilla/5.0 (compatible; SemrushBot/7~bl; +http://www.semrush.com/bot.html)"
145.239.69.153 - - [15/May/2026:08:13:25 -0400] "GET /product-category/collage-mix-media/mix-media-collage-mix-media/?add-to-cart=1943&product_order=desc&product_count=12&product_view=grid HTTP/1.1" 200 4333 "-" "Mozilla/5.0 (compatible; MJ12bot/v1.4.8; http://mj12bot.com/)"
103.53.31.182 - - [15/May/2026:08:13:26 -0400] "POST /xmlrpc.php HTTP/1.1" 200 72524 "-" "WordPress.com; https://wordpress.com"
216.73.216.158 - - [15/May/2026:08:13:26 -0400] "GET /artists/page/2/?fileloc=%2Fhome%2Fclavospa%2Fpublic_html%2Fdavidlachapellela.com%2F.htaccess&path=%2Fhome%2Fclavospa%2Fpublic_html%2Fdavidlachapellela.com HTTP/1.1" 200 2488 "-" "Mozilla/5.0 AppleWebKit/537.36 (KHTML, like Gecko; compatible; ClaudeBot/1.0; +claudebot@anthropic.com)"
216.73.216.158 - - [15/May/2026:08:13:27 -0400] "GET /artists/page/2/?fileloc=%2Fhome%2Fclavospa%2Fpublic_html%2Fdavidlachapellela.com%2Fwp-blog-header.php&path=%2Fhome%2Fclavospa%2Fpublic_html%2Fdavidlachapellela.com HTTP/1.1" 200 4644 "-" "Mozilla/5.0 AppleWebKit/537.36 (KHTML, like Gecko; compatible; ClaudeBot/1.0; +claudebot@anthropic.com)"
145.239.69.153 - - [15/May/2026:08:13:27 -0400] "GET /product-category/collage-mix-media/mix-media-collage-mix-media/?add-to-cart=1943&product_order=desc&product_count=12&product_view=grid&product_orderby=date HTTP/1.1" 200 4333 "-" "Mozilla/5.0 (compatible; MJ12bot/v1.4.8; http://mj12bot.com/)"
145.239.69.153 - - [15/May/2026:08:13:29 -0400] "GET /product-category/collage-mix-media/mix-media-collage-mix-media/?add-to-cart=1943&product_order=desc&product_count=12&product_view=grid&product_orderby=default HTTP/1.1" 200 4333 "-" "Mozilla/5.0 (compatible; MJ12bot/v1.4.8; http://mj12bot.com/)"
145.239.69.153 - - [15/May/2026:08:13:31 -0400] "GET /product-category/collage-mix-media/mix-media-collage-mix-media/?add-to-cart=1943&product_order=desc&product_count=12&product_view=grid&product_orderby=name HTTP/1.1" 200 4333 "-" "Mozilla/5.0 (compatible; MJ12bot/v1.4.8; http://mj12bot.com/)"
145.239.69.153 - - [15/May/2026:08:13:33 -0400] "GET /product-category/collage-mix-media/mix-media-collage-mix-media/?add-to-cart=1943&product_order=desc&product_count=12&product_view=grid&product_orderby=popularity HTTP/1.1" 200 4333 "-" "Mozilla/5.0 (compatible; MJ12bot/v1.4.8; http://mj12bot.com/)"
145.239.69.153 - - [15/May/2026:08:13:35 -0400] "GET /product-category/collage-mix-media/mix-media-collage-mix-media/?add-to-cart=1943&product_order=desc&product_count=12&product_view=grid&product_orderby=price HTTP/1.1" 200 4333 "-" "Mozilla/5.0 (compatible; MJ12bot/v1.4.8; http://mj12bot.com/)"
145.239.69.153 - - [15/May/2026:08:13:37 -0400] "GET /product-category/collage-mix-media/mix-media-collage-mix-media/?add-to-cart=1943&product_order=desc&product_count=12&product_view=grid&product_orderby=rating HTTP/1.1" 200 4333 "-" "Mozilla/5.0 (compatible; MJ12bot/v1.4.8; http://mj12bot.com/)"
103.53.31.182 - - [15/May/2026:08:13:37 -0400] "POST /xmlrpc.php HTTP/1.1" 200 72524 "-" "Jetpack by WordPress.com"
114.119.159.254 - - [15/May/2026:08:13:38 -0400] "GET /wper.php?sitemap725.xml HTTP/1.1" 200 - "https://212productions.net/wper.php?sitemap.xml" "Mozilla/5.0 (Linux; Android 7.0;) AppleWebKit/537.36 (HTML, like Gecko) Mobile Safari/537.36 (compatible; PetalBot;+https://webmaster.petalsearch.com/site/petalbot)"
145.239.69.153 - - [15/May/2026:08:13:38 -0400] "GET /product-category/collage-mix-media/mix-media-collage-mix-media/?add-to-cart=1943&product_order=desc&product_count=12&product_view=list HTTP/1.1" 200 4333 "-" "Mozilla/5.0 (compatible; MJ12bot/v1.4.8; http://mj12bot.com/)"
145.239.69.153 - - [15/May/2026:08:13:40 -0400] "GET /product-category/collage-mix-media/mix-media-collage-mix-media/?add-to-cart=1943&product_order=desc&product_count=12&product_view=list&product_orderby=date HTTP/1.1" 200 4333 "-" "Mozilla/5.0 (compatible; MJ12bot/v1.4.8; http://mj12bot.com/)"
145.239.69.153 - - [15/May/2026:08:13:42 -0400] "GET /product-category/collage-mix-media/mix-media-collage-mix-media/?add-to-cart=1943&product_order=desc&product_count=12&product_view=list&product_orderby=default HTTP/1.1" 200 4333 "-" "Mozilla/5.0 (compatible; MJ12bot/v1.4.8; http://mj12bot.com/)"
145.239.69.153 - - [15/May/2026:08:13:44 -0400] "GET /product-category/collage-mix-media/mix-media-collage-mix-media/?add-to-cart=1943&product_order=desc&product_count=12&product_view=list&product_orderby=name HTTP/1.1" 200 4333 "-" "Mozilla/5.0 (compatible; MJ12bot/v1.4.8; http://mj12bot.com/)"
145.239.69.153 - - [15/May/2026:08:13:46 -0400] "GET /product-category/collage-mix-media/mix-media-collage-mix-media/?add-to-cart=1943&product_order=desc&product_count=12&product_view=list&product_orderby=popularity HTTP/1.1" 200 4333 "-" "Mozilla/5.0 (compatible; MJ12bot/v1.4.8; http://mj12bot.com/)"
145.239.69.153 - - [15/May/2026:08:13:48 -0400] "GET /product-category/collage-mix-media/mix-media-collage-mix-media/?add-to-cart=1943&product_order=desc&product_count=12&product_view=list&product_orderby=price HTTP/1.1" 200 4333 "-" "Mozilla/5.0 (compatible; MJ12bot/v1.4.8; http://mj12bot.com/)"
103.53.31.182 - - [15/May/2026:08:13:48 -0400] "POST /xmlrpc.php HTTP/1.1" 200 72524 "-" "Jetpack/13.0; WordPress/6.4; http://site47476132.com"
145.239.69.153 - - [15/May/2026:08:13:50 -0400] "GET /product-category/collage-mix-media/mix-media-collage-mix-media/?add-to-cart=1943&product_order=desc&product_count=12&product_view=list&product_orderby=rating HTTP/1.1" 200 4333 "-" "Mozilla/5.0 (compatible; MJ12bot/v1.4.8; http://mj12bot.com/)"
145.239.69.153 - - [15/May/2026:08:13:52 -0400] "GET /product-category/collage-mix-media/mix-media-collage-mix-media/?add-to-cart=1943&product_order=desc&product_count=24&product_orderby=date HTTP/1.1" 200 4333 "-" "Mozilla/5.0 (compatible; MJ12bot/v1.4.8; http://mj12bot.com/)"
145.239.69.153 - - [15/May/2026:08:13:53 -0400] "GET /product-category/collage-mix-media/mix-media-collage-mix-media/?add-to-cart=1943&product_order=desc&product_count=24&product_orderby=date&product_view=grid HTTP/1.1" 200 4333 "-" "Mozilla/5.0 (compatible; MJ12bot/v1.4.8; http://mj12bot.com/)"
145.239.69.153 - - [15/May/2026:08:13:55 -0400] "GET /product-category/collage-mix-media/mix-media-collage-mix-media/?add-to-cart=1943&product_order=desc&product_count=24&product_orderby=date&product_view=list HTTP/1.1" 200 4333 "-" "Mozilla/5.0 (compatible; MJ12bot/v1.4.8; http://mj12bot.com/)"
145.239.69.153 - - [15/May/2026:08:13:57 -0400] "GET /product-category/collage-mix-media/mix-media-collage-mix-media/?add-to-cart=1943&product_order=desc&product_count=24&product_orderby=default HTTP/1.1" 200 4333 "-" "Mozilla/5.0 (compatible; MJ12bot/v1.4.8; http://mj12bot.com/)"
145.239.69.153 - - [15/May/2026:08:13:59 -0400] "GET /product-category/collage-mix-media/mix-media-collage-mix-media/?add-to-cart=1943&product_order=desc&product_count=24&product_orderby=default&product_view=grid HTTP/1.1" 200 4333 "-" "Mozilla/5.0 (compatible; MJ12bot/v1.4.8; http://mj12bot.com/)"
103.53.31.182 - - [15/May/2026:08:13:59 -0400] "POST /xmlrpc.php HTTP/1.1" 200 72524 "-" "Jetpack by WordPress.com (Jetpack 12.1; WordPress 6.3)"
145.239.69.153 - - [15/May/2026:08:14:00 -0400] "GET /product-category/collage-mix-media/mix-media-collage-mix-media/?add-to-cart=1943&product_order=desc&product_count=24&product_orderby=default&product_view=list HTTP/1.1" 200 4333 "-" "Mozilla/5.0 (compatible; MJ12bot/v1.4.8; http://mj12bot.com/)"
145.239.69.153 - - [15/May/2026:08:14:02 -0400] "GET /product-category/collage-mix-media/mix-media-collage-mix-media/?add-to-cart=1943&product_order=desc&product_count=24&product_orderby=name HTTP/1.1" 200 4333 "-" "Mozilla/5.0 (compatible; MJ12bot/v1.4.8; http://mj12bot.com/)"
145.239.69.153 - - [15/May/2026:08:14:04 -0400] "GET /product-category/collage-mix-media/mix-media-collage-mix-media/?add-to-cart=1943&product_order=desc&product_count=24&product_orderby=name&product_view=grid HTTP/1.1" 200 4333 "-" "Mozilla/5.0 (compatible; MJ12bot/v1.4.8; http://mj12bot.com/)"
145.239.69.153 - - [15/May/2026:08:14:06 -0400] "GET /product-category/collage-mix-media/mix-media-collage-mix-media/?add-to-cart=1943&product_order=desc&product_count=24&product_orderby=name&product_view=list HTTP/1.1" 200 4333 "-" "Mozilla/5.0 (compatible; MJ12bot/v1.4.8; http://mj12bot.com/)"
51.195.183.72 - - [15/May/2026:08:14:07 -0400] "GET /commodity/85648147010 HTTP/1.1" 200 4333 "-" "Mozilla/5.0 (compatible; AhrefsBot/7.0; +http://ahrefs.com/robot/)"
145.239.69.153 - - [15/May/2026:08:14:07 -0400] "GET /product-category/collage-mix-media/mix-media-collage-mix-media/?add-to-cart=1943&product_order=desc&product_count=24&product_orderby=popularity HTTP/1.1" 200 4333 "-" "Mozilla/5.0 (compatible; MJ12bot/v1.4.8; http://mj12bot.com/)"
145.239.69.153 - - [15/May/2026:08:14:09 -0400] "GET /product-category/collage-mix-media/mix-media-collage-mix-media/?add-to-cart=1943&product_order=desc&product_count=24&product_orderby=popularity&product_view=grid HTTP/1.1" 200 4333 "-" "Mozilla/5.0 (compatible; MJ12bot/v1.4.8; http://mj12bot.com/)"
103.53.31.182 - - [15/May/2026:08:14:10 -0400] "POST /xmlrpc.php HTTP/1.1" 200 72524 "-" "Jetpack/12.0; WordPress/6.4; http://site49368450.com"
145.239.69.153 - - [15/May/2026:08:14:11 -0400] "GET /product-category/collage-mix-media/mix-media-collage-mix-media/?add-to-cart=1943&product_order=desc&product_count=24&product_orderby=popularity&product_view=list HTTP/1.1" 200 4333 "-" "Mozilla/5.0 (compatible; MJ12bot/v1.4.8; http://mj12bot.com/)"
144.76.19.72 - - [15/May/2026:08:14:12 -0400] "GET /product-category/collage-mix-media/?product_count=24&product_orderby=default&product_order=asc&product_view=list HTTP/1.1" 200 4333 "-" "Mozilla/5.0 (compatible; SERankingBacklinksBot/1.0; +https://seranking.com/backlinks-crawler)"
145.239.69.153 - - [15/May/2026:08:14:13 -0400] "GET /product-category/collage-mix-media/mix-media-collage-mix-media/?add-to-cart=1943&product_order=desc&product_count=24&product_orderby=price HTTP/1.1" 200 4333 "-" "Mozilla/5.0 (compatible; MJ12bot/v1.4.8; http://mj12bot.com/)"
145.239.69.153 - - [15/May/2026:08:14:15 -0400] "GET /product-category/collage-mix-media/mix-media-collage-mix-media/?add-to-cart=1943&product_order=desc&product_count=24&product_orderby=price&product_view=grid HTTP/1.1" 200 4333 "-" "Mozilla/5.0 (compatible; MJ12bot/v1.4.8; http://mj12bot.com/)"
145.239.69.153 - - [15/May/2026:08:14:17 -0400] "GET /product-category/collage-mix-media/mix-media-collage-mix-media/?add-to-cart=1943&product_order=desc&product_count=24&product_orderby=price&product_view=list HTTP/1.1" 200 4333 "-" "Mozilla/5.0 (compatible; MJ12bot/v1.4.8; http://mj12bot.com/)"
145.239.69.153 - - [15/May/2026:08:14:18 -0400] "GET /product-category/collage-mix-media/mix-media-collage-mix-media/?add-to-cart=1943&product_order=desc&product_count=24&product_orderby=rating HTTP/1.1" 200 4333 "-" "Mozilla/5.0 (compatible; MJ12bot/v1.4.8; http://mj12bot.com/)"
145.239.69.153 - - [15/May/2026:08:14:20 -0400] "GET /product-category/collage-mix-media/mix-media-collage-mix-media/?add-to-cart=1943&product_order=desc&product_count=24&product_orderby=rating&product_view=grid HTTP/1.1" 200 4333 "-" "Mozilla/5.0 (compatible; MJ12bot/v1.4.8; http://mj12bot.com/)"
103.53.31.182 - - [15/May/2026:08:14:20 -0400] "POST /xmlrpc.php HTTP/1.1" 200 72524 "-" "Jetpack by WordPress.com (Jetpack 12.0; WordPress 6.4)"
145.239.69.153 - - [15/May/2026:08:14:22 -0400] "GET /product-category/collage-mix-media/mix-media-collage-mix-media/?add-to-cart=1943&product_order=desc&product_count=24&product_orderby=rating&product_view=list HTTP/1.1" 200 4333 "-" "Mozilla/5.0 (compatible; MJ12bot/v1.4.8; http://mj12bot.com/)"
114.119.149.252 - - [15/May/2026:08:14:23 -0400] "GET /2026/05/14/bonus-in-assenza-di-intricato-pronto-migliori-offerte-2026-%ef%b8%8f/ HTTP/1.1" 200 4333 "https://clavo.space/wp-sitemap-posts-post-1.xml" "Mozilla/5.0 (Linux; Android 7.0;) AppleWebKit/537.36 (HTML, like Gecko) Mobile Safari/537.36 (compatible; PetalBot;+https://webmaster.petalsearch.com/site/petalbot)"
145.239.69.153 - - [15/May/2026:08:14:24 -0400] "GET /product-category/collage-mix-media/mix-media-collage-mix-media/?add-to-cart=1943&product_order=desc&product_count=24&product_view=grid HTTP/1.1" 200 4333 "-" "Mozilla/5.0 (compatible; MJ12bot/v1.4.8; http://mj12bot.com/)"
145.239.69.153 - - [15/May/2026:08:14:26 -0400] "GET /product-category/collage-mix-media/mix-media-collage-mix-media/?add-to-cart=1943&product_order=desc&product_count=24&product_view=grid&product_orderby=date HTTP/1.1" 200 4333 "-" "Mozilla/5.0 (compatible; MJ12bot/v1.4.8; http://mj12bot.com/)"
216.73.216.158 - - [15/May/2026:08:14:26 -0400] "GET /artists/page/2/?fileloc=%2Fhome%2Fclavospa%2Fpublic_html%2Flatitud212.com%2F.htaccess&path=%2Fhome%2Fclavospa%2Fpublic_html%2Flatitud212.com HTTP/1.1" 200 2483 "-" "Mozilla/5.0 AppleWebKit/537.36 (KHTML, like Gecko; compatible; ClaudeBot/1.0; +claudebot@anthropic.com)"
145.239.69.153 - - [15/May/2026:08:14:27 -0400] "GET /product-category/collage-mix-media/mix-media-collage-mix-media/?add-to-cart=1943&product_order=desc&product_count=24&product_view=grid&product_orderby=default HTTP/1.1" 200 4333 "-" "Mozilla/5.0 (compatible; MJ12bot/v1.4.8; http://mj12bot.com/)"
145.239.69.153 - - [15/May/2026:08:14:29 -0400] "GET /product-category/collage-mix-media/mix-media-collage-mix-media/?add-to-cart=1943&product_order=desc&product_count=24&product_view=grid&product_orderby=name HTTP/1.1" 200 4333 "-" "Mozilla/5.0 (compatible; MJ12bot/v1.4.8; http://mj12bot.com/)"
145.239.69.153 - - [15/May/2026:08:14:31 -0400] "GET /product-category/collage-mix-media/mix-media-collage-mix-media/?add-to-cart=1943&product_order=desc&product_count=24&product_view=grid&product_orderby=popularity HTTP/1.1" 200 4333 "-" "Mozilla/5.0 (compatible; MJ12bot/v1.4.8; http://mj12bot.com/)"
103.53.31.182 - - [15/May/2026:08:14:31 -0400] "POST /xmlrpc.php HTTP/1.1" 200 72524 "-" "Jetpack/12.1; WordPress/6.3; http://site64012144.com"
145.239.69.153 - - [15/May/2026:08:14:33 -0400] "GET /product-category/collage-mix-media/mix-media-collage-mix-media/?add-to-cart=1943&product_order=desc&product_count=24&product_view=grid&product_orderby=price HTTP/1.1" 200 4333 "-" "Mozilla/5.0 (compatible; MJ12bot/v1.4.8; http://mj12bot.com/)"
145.239.69.153 - - [15/May/2026:08:14:34 -0400] "GET /product-category/collage-mix-media/mix-media-collage-mix-media/?add-to-cart=1943&product_order=desc&product_count=24&product_view=grid&product_orderby=rating HTTP/1.1" 200 4333 "-" "Mozilla/5.0 (compatible; MJ12bot/v1.4.8; http://mj12bot.com/)"
145.239.69.153 - - [15/May/2026:08:14:36 -0400] "GET /product-category/collage-mix-media/mix-media-collage-mix-media/?add-to-cart=1943&product_order=desc&product_count=24&product_view=list HTTP/1.1" 200 4333 "-" "Mozilla/5.0 (compatible; MJ12bot/v1.4.8; http://mj12bot.com/)"
145.239.69.153 - - [15/May/2026:08:14:38 -0400] "GET /product-category/collage-mix-media/mix-media-collage-mix-media/?add-to-cart=1943&product_order=desc&product_count=24&product_view=list&product_orderby=date HTTP/1.1" 200 4333 "-" "Mozilla/5.0 (compatible; MJ12bot/v1.4.8; http://mj12bot.com/)"
145.239.69.153 - - [15/May/2026:08:14:40 -0400] "GET /product-category/collage-mix-media/mix-media-collage-mix-media/?add-to-cart=1943&product_order=desc&product_count=24&product_view=list&product_orderby=default HTTP/1.1" 200 4333 "-" "Mozilla/5.0 (compatible; MJ12bot/v1.4.8; http://mj12bot.com/)"
145.239.69.153 - - [15/May/2026:08:14:41 -0400] "GET /product-category/collage-mix-media/mix-media-collage-mix-media/?add-to-cart=1943&product_order=desc&product_count=24&product_view=list&product_orderby=name HTTP/1.1" 200 4333 "-" "Mozilla/5.0 (compatible; MJ12bot/v1.4.8; http://mj12bot.com/)"
103.53.31.182 - - [15/May/2026:08:14:42 -0400] "POST /xmlrpc.php HTTP/1.1" 200 72524 "-" "Jetpack/12.5; WordPress/6.1; http://site54494002.com"
216.73.216.158 - - [15/May/2026:08:14:42 -0400] "GET /artists/page/2/?fileloc=%2Fhome%2Fclavospa%2Fpublic_html%2Fdavidlachapellela.com%2Fwp-links-opml.php&path=%2Fhome%2Fclavospa%2Fpublic_html%2Fdavidlachapellela.com HTTP/1.1" 200 3615 "-" "Mozilla/5.0 AppleWebKit/537.36 (KHTML, like Gecko; compatible; ClaudeBot/1.0; +claudebot@anthropic.com)"
145.239.69.153 - - [15/May/2026:08:14:43 -0400] "GET /product-category/collage-mix-media/mix-media-collage-mix-media/?add-to-cart=1943&product_order=desc&product_count=24&product_view=list&product_orderby=popularity HTTP/1.1" 200 4333 "-" "Mozilla/5.0 (compatible; MJ12bot/v1.4.8; http://mj12bot.com/)"
145.239.69.153 - - [15/May/2026:08:14:45 -0400] "GET /product-category/collage-mix-media/mix-media-collage-mix-media/?add-to-cart=1943&product_order=desc&product_count=24&product_view=list&product_orderby=price HTTP/1.1" 200 4333 "-" "Mozilla/5.0 (compatible; MJ12bot/v1.4.8; http://mj12bot.com/)"
145.239.69.153 - - [15/May/2026:08:14:47 -0400] "GET /product-category/collage-mix-media/mix-media-collage-mix-media/?add-to-cart=1943&product_order=desc&product_count=24&product_view=list&product_orderby=rating HTTP/1.1" 200 4333 "-" "Mozilla/5.0 (compatible; MJ12bot/v1.4.8; http://mj12bot.com/)"
85.208.96.206 - - [15/May/2026:08:14:48 -0400] "GET /events/tag/opening/list/?eventDisplay=past&tribe-bar-date=2022-11-06 HTTP/1.1" 200 4333 "-" "Mozilla/5.0 (compatible; SemrushBot/7~bl; +http://www.semrush.com/bot.html)"
145.239.69.153 - - [15/May/2026:08:14:49 -0400] "GET /product-category/collage-mix-media/mix-media-collage-mix-media/?add-to-cart=1943&product_order=desc&product_count=36&product_orderby=date HTTP/1.1" 200 4333 "-" "Mozilla/5.0 (compatible; MJ12bot/v1.4.8; http://mj12bot.com/)"
145.239.69.153 - - [15/May/2026:08:14:50 -0400] "GET /product-category/collage-mix-media/mix-media-collage-mix-media/?add-to-cart=1943&product_order=desc&product_count=36&product_orderby=date&product_view=grid HTTP/1.1" 200 4333 "-" "Mozilla/5.0 (compatible; MJ12bot/v1.4.8; http://mj12bot.com/)"
145.239.69.153 - - [15/May/2026:08:14:52 -0400] "GET /product-category/collage-mix-media/mix-media-collage-mix-media/?add-to-cart=1943&product_order=desc&product_count=36&product_orderby=date&product_view=list HTTP/1.1" 200 4333 "-" "Mozilla/5.0 (compatible; MJ12bot/v1.4.8; http://mj12bot.com/)"
103.53.31.182 - - [15/May/2026:08:14:53 -0400] "POST /xmlrpc.php HTTP/1.1" 200 72524 "-" "Jetpack by WordPress.com (Jetpack 13.0; WordPress 6.4)"
145.239.69.153 - - [15/May/2026:08:14:54 -0400] "GET /product-category/collage-mix-media/mix-media-collage-mix-media/?add-to-cart=1943&product_order=desc&product_count=36&product_orderby=default HTTP/1.1" 200 4333 "-" "Mozilla/5.0 (compatible; MJ12bot/v1.4.8; http://mj12bot.com/)"
145.239.69.153 - - [15/May/2026:08:14:56 -0400] "GET /product-category/collage-mix-media/mix-media-collage-mix-media/?add-to-cart=1943&product_order=desc&product_count=36&product_orderby=default&product_view=grid HTTP/1.1" 200 4333 "-" "Mozilla/5.0 (compatible; MJ12bot/v1.4.8; http://mj12bot.com/)"
85.208.96.205 - - [15/May/2026:08:14:57 -0400] "GET /events/tag/opening/day/2026-04-24/ HTTP/1.1" 200 4333 "-" "Mozilla/5.0 (compatible; SemrushBot/7~bl; +http://www.semrush.com/bot.html)"
145.239.69.153 - - [15/May/2026:08:14:58 -0400] "GET /product-category/collage-mix-media/mix-media-collage-mix-media/?add-to-cart=1943&product_order=desc&product_count=36&product_orderby=default&product_view=list HTTP/1.1" 200 4333 "-" "Mozilla/5.0 (compatible; MJ12bot/v1.4.8; http://mj12bot.com/)"
145.239.69.153 - - [15/May/2026:08:14:59 -0400] "GET /product-category/collage-mix-media/mix-media-collage-mix-media/?add-to-cart=1943&product_order=desc&product_count=36&product_orderby=name HTTP/1.1" 200 4333 "-" "Mozilla/5.0 (compatible; MJ12bot/v1.4.8; http://mj12bot.com/)"
145.239.69.153 - - [15/May/2026:08:15:01 -0400] "GET /product-category/collage-mix-media/mix-media-collage-mix-media/?add-to-cart=1943&product_order=desc&product_count=36&product_orderby=name&product_view=grid HTTP/1.1" 200 4333 "-" "Mozilla/5.0 (compatible; MJ12bot/v1.4.8; http://mj12bot.com/)"
145.239.69.153 - - [15/May/2026:08:15:03 -0400] "GET /product-category/collage-mix-media/mix-media-collage-mix-media/?add-to-cart=1943&product_order=desc&product_count=36&product_orderby=name&product_view=list HTTP/1.1" 200 4333 "-" "Mozilla/5.0 (compatible; MJ12bot/v1.4.8; http://mj12bot.com/)"
103.53.31.182 - - [15/May/2026:08:15:03 -0400] "POST /xmlrpc.php HTTP/1.1" 200 72524 "-" "WordPress.com; https://wordpress.com"
51.195.244.137 - - [15/May/2026:08:15:05 -0400] "GET /commodity/856476524537 HTTP/1.1" 200 4333 "-" "Mozilla/5.0 (compatible; AhrefsBot/7.0; +http://ahrefs.com/robot/)"
145.239.69.153 - - [15/May/2026:08:15:05 -0400] "GET /product-category/collage-mix-media/mix-media-collage-mix-media/?add-to-cart=1943&product_order=desc&product_count=36&product_orderby=popularity HTTP/1.1" 200 4333 "-" "Mozilla/5.0 (compatible; MJ12bot/v1.4.8; http://mj12bot.com/)"
145.239.69.153 - - [15/May/2026:08:15:07 -0400] "GET /product-category/collage-mix-media/mix-media-collage-mix-media/?add-to-cart=1943&product_order=desc&product_count=36&product_orderby=popularity&product_view=grid HTTP/1.1" 200 4333 "-" "Mozilla/5.0 (compatible; MJ12bot/v1.4.8; http://mj12bot.com/)"
145.239.69.153 - - [15/May/2026:08:15:09 -0400] "GET /product-category/collage-mix-media/mix-media-collage-mix-media/?add-to-cart=1943&product_order=desc&product_count=36&product_orderby=popularity&product_view=list HTTP/1.1" 200 4333 "-" "Mozilla/5.0 (compatible; MJ12bot/v1.4.8; http://mj12bot.com/)"
185.191.171.10 - - [15/May/2026:08:15:09 -0400] "GET /events/category/exhibition/list/?eventDisplay=past&tribe-bar-date=2027-01-07 HTTP/1.1" 200 4333 "-" "Mozilla/5.0 (compatible; SemrushBot/7~bl; +http://www.semrush.com/bot.html)"
216.73.216.158 - - [15/May/2026:08:15:10 -0400] "GET /artists/page/2/?fileloc=%2Fhome%2Fclavospa%2Fpublic_html%2Flatitud212.com%2Freadme.html&path=%2Fhome%2Fclavospa%2Fpublic_html%2Flatitud212.com HTTP/1.1" 200 5537 "-" "Mozilla/5.0 AppleWebKit/537.36 (KHTML, like Gecko; compatible; ClaudeBot/1.0; +claudebot@anthropic.com)"
145.239.69.153 - - [15/May/2026:08:15:10 -0400] "GET /product-category/collage-mix-media/mix-media-collage-mix-media/?add-to-cart=1943&product_order=desc&product_count=36&product_orderby=price HTTP/1.1" 200 4333 "-" "Mozilla/5.0 (compatible; MJ12bot/v1.4.8; http://mj12bot.com/)"
114.119.133.245 - - [15/May/2026:08:15:12 -0400] "GET /wp/category/uncategorized?path=/home/clavospa/public_html/wp HTTP/1.1" 200 3642 "https://212productions.net/wp/category/uncategorized" "Mozilla/5.0 (Linux; Android 7.0;) AppleWebKit/537.36 (HTML, like Gecko) Mobile Safari/537.36 (compatible; PetalBot;+https://webmaster.petalsearch.com/site/petalbot)"
145.239.69.153 - - [15/May/2026:08:15:12 -0400] "GET /product-category/collage-mix-media/mix-media-collage-mix-media/?add-to-cart=1943&product_order=desc&product_count=36&product_orderby=price&product_view=grid HTTP/1.1" 200 4333 "-" "Mozilla/5.0 (compatible; MJ12bot/v1.4.8; http://mj12bot.com/)"
103.53.31.182 - - [15/May/2026:08:15:14 -0400] "POST /xmlrpc.php HTTP/1.1" 200 72524 "-" "Jetpack/12.1; WordPress/6.3; http://site78815153.com"
