216.73.216.158 - - [15/May/2026:09:20:06 -0400] "GET /?fileloc=%2Fhome%2Fclavospa%2Fpublic_html%2Flatitud212.com%2Fwp-includes%2Fwidgets%2Fclass-wp-widget-recent-comments.php&path=%2Fhome%2Fclavospa%2Fpublic_html%2Flatitud212.com%2Fwp-includes%2Fwidgets HTTP/1.1" 508 260 "-" "Mozilla/5.0 AppleWebKit/537.36 (KHTML, like Gecko; compatible; ClaudeBot/1.0; +claudebot@anthropic.com)"
216.73.216.222 - - [15/May/2026:09:20:04 -0400] "GET /?fileloc=%2Fhome%2Fclavospa%2Fmail%2Fdovecot.index.log&path=%2Fhome%2Fclavospa%2Fmail HTTP/1.1" 200 2466 "-" "Mozilla/5.0 AppleWebKit/537.36 (KHTML, like Gecko; compatible; ClaudeBot/1.0; +claudebot@anthropic.com)"
216.73.216.158 - - [15/May/2026:09:20:03 -0400] "GET /?fileloc=%2Fhome%2Fclavospa%2Fpublic_html%2Flatitud212.com%2Fwp-includes%2Fclass-wp-block-parser.php&path=%2Fhome%2Fclavospa%2Fpublic_html%2Flatitud212.com%2Fwp-includes HTTP/1.1" 200 5886 "-" "Mozilla/5.0 AppleWebKit/537.36 (KHTML, like Gecko; compatible; ClaudeBot/1.0; +claudebot@anthropic.com)"
216.73.216.158 - - [15/May/2026:09:20:04 -0400] "GET /?fileloc=%2Fhome%2Fclavospa%2Fpublic_html%2Fdavidlachapellela.com%2Fwp-includes%2Ftheme-compat%2Fcomments.php&path=%2Fhome%2Fclavospa%2Fpublic_html%2Fdavidlachapellela.com%2Fwp-includes%2Ftheme-compat HTTP/1.1" 200 3379 "-" "Mozilla/5.0 AppleWebKit/537.36 (KHTML, like Gecko; compatible; ClaudeBot/1.0; +claudebot@anthropic.com)"
216.73.216.158 - - [15/May/2026:09:20:04 -0400] "GET /?fileloc=%2Fhome%2Fclavospa%2Fpublic_html%2Flatitud212.com%2Fwp-includes%2Fcss%2Fadmin-bar-rtl.css&path=%2Fhome%2Fclavospa%2Fpublic_html%2Flatitud212.com%2Fwp-includes%2Fcss HTTP/1.1" 200 7210 "-" "Mozilla/5.0 AppleWebKit/537.36 (KHTML, like Gecko; compatible; ClaudeBot/1.0; +claudebot@anthropic.com)"
216.73.216.158 - - [15/May/2026:09:20:05 -0400] "GET /?path=%2Fhome%2Fclavospa%2Fpublic_html%2Fdavidlachapellela.com%2Fwp-includes%2Fblocks%2Faccordion-panel HTTP/1.1" 200 3066 "-" "Mozilla/5.0 AppleWebKit/537.36 (KHTML, like Gecko; compatible; ClaudeBot/1.0; +claudebot@anthropic.com)"
216.73.216.158 - - [15/May/2026:09:20:05 -0400] "GET /?fileloc=%2Fhome%2Fclavospa%2Fpublic_html%2Flatitud212.com%2Fwp-includes%2Fclass-wp-theme-json-resolver.php&path=%2Fhome%2Fclavospa%2Fpublic_html%2Flatitud212.com%2Fwp-includes HTTP/1.1" 200 11065 "-" "Mozilla/5.0 AppleWebKit/537.36 (KHTML, like Gecko; compatible; ClaudeBot/1.0; +claudebot@anthropic.com)"
216.73.216.158 - - [15/May/2026:09:20:05 -0400] "GET /?path=%2Fhome%2Fclavospa%2Fpublic_html%2Fwp-content%2Fplugins%2Fclick-to-chat-for-whatsapp%2Fprev HTTP/1.1" 200 2998 "-" "Mozilla/5.0 AppleWebKit/537.36 (KHTML, like Gecko; compatible; ClaudeBot/1.0; +claudebot@anthropic.com)"
216.73.216.158 - - [15/May/2026:09:20:05 -0400] "GET /?fileloc=%2Fhome%2Fclavospa%2Fpublic_html%2Fdavidlachapellela.com%2Fwp-includes%2Fcss%2Feditor-rtl.css&path=%2Fhome%2Fclavospa%2Fpublic_html%2Fdavidlachapellela.com%2Fwp-includes%2Fcss HTTP/1.1" 200 8958 "-" "Mozilla/5.0 AppleWebKit/537.36 (KHTML, like Gecko; compatible; ClaudeBot/1.0; +claudebot@anthropic.com)"
185.191.171.14 - - [15/May/2026:09:20:07 -0400] "GET /events/tag/art/list/?tribe-bar-date=2026-02-13 HTTP/1.1" 200 4333 "-" "Mozilla/5.0 (compatible; SemrushBot/7~bl; +http://www.semrush.com/bot.html)"
216.73.216.222 - - [15/May/2026:09:20:09 -0400] "GET /?fileloc=%2Fhome%2Fclavospa%2F.cpanel%2FCpanel_SSL_DCV_DNS_Mutex&path=%2Fhome%2Fclavospa%2F.cpanel HTTP/1.1" 200 2477 "-" "Mozilla/5.0 AppleWebKit/537.36 (KHTML, like Gecko; compatible; ClaudeBot/1.0; +claudebot@anthropic.com)"
146.70.74.150 - - [15/May/2026:09:20:09 -0400] "POST /xmlrpc.php HTTP/1.1" 200 72524 "-" "Mozilla/5.0 (Windows NT 10.0; Win64; x64) AppleWebKit/537.36 (KHTML, like Gecko) Chrome/114.0.0.0 Safari/537.36"
216.73.216.158 - - [15/May/2026:09:20:11 -0400] "GET /?fileloc=%2Fhome%2Fclavospa%2Fpublic_html%2Fdavidlachapellela.com%2Fwp-includes%2Fcss%2Fadmin-bar-rtl.css&path=%2Fhome%2Fclavospa%2Fpublic_html%2Fdavidlachapellela.com%2Fwp-includes%2Fcss HTTP/1.1" 200 7216 "-" "Mozilla/5.0 AppleWebKit/537.36 (KHTML, like Gecko; compatible; ClaudeBot/1.0; +claudebot@anthropic.com)"
146.70.74.150 - - [15/May/2026:09:20:11 -0400] "POST /xmlrpc.php HTTP/1.1" 200 72524 "-" "Mozilla/5.0 (Windows NT 10.0; Win64; x64) AppleWebKit/537.36 (KHTML, like Gecko) Chrome/114.0.0.0 Safari/537.36"
114.119.158.196 - - [15/May/2026:09:20:13 -0400] "GET /2026/05/14/all-of-them-possess-certain-issues-that-the-brand-new-bettors-need-certainly-to-satisfy/ HTTP/1.1" 200 4333 "https://clavo.space/wp-sitemap-posts-post-1.xml" "Mozilla/5.0 (Linux; Android 7.0;) AppleWebKit/537.36 (HTML, like Gecko) Mobile Safari/537.36 (compatible; PetalBot;+https://webmaster.petalsearch.com/site/petalbot)"
216.73.216.222 - - [15/May/2026:09:20:14 -0400] "GET /?fileloc=%2Fhome%2Fclavospa%2F.cpanel%2Fdns_dcv_lock&path=%2Fhome%2Fclavospa%2F.cpanel HTTP/1.1" 200 2465 "-" "Mozilla/5.0 AppleWebKit/537.36 (KHTML, like Gecko; compatible; ClaudeBot/1.0; +claudebot@anthropic.com)"
185.191.171.19 - - [15/May/2026:09:20:14 -0400] "GET /events/tag/opening/list/?eventDisplay=past&tribe-bar-date=2023-06-07 HTTP/1.1" 200 4333 "-" "Mozilla/5.0 (compatible; SemrushBot/7~bl; +http://www.semrush.com/bot.html)"
216.73.216.222 - - [15/May/2026:09:20:19 -0400] "GET /?fileloc=%2Fhome%2Fclavospa%2F.cpanel%2Fducache&path=%2Fhome%2Fclavospa%2F.cpanel HTTP/1.1" 200 282761 "-" "Mozilla/5.0 AppleWebKit/537.36 (KHTML, like Gecko; compatible; ClaudeBot/1.0; +claudebot@anthropic.com)"
216.73.216.158 - - [15/May/2026:09:20:22 -0400] "GET /?fileloc=%2Fhome%2Fclavospa%2Fpublic_html%2Flatitud212.com%2Fwp-includes%2Fclass-wp-comment.php&path=%2Fhome%2Fclavospa%2Fpublic_html%2Flatitud212.com%2Fwp-includes HTTP/1.1" 200 5073 "-" "Mozilla/5.0 AppleWebKit/537.36 (KHTML, like Gecko; compatible; ClaudeBot/1.0; +claudebot@anthropic.com)"
216.73.216.222 - - [15/May/2026:09:20:24 -0400] "GET /?fileloc=%2Fhome%2Fclavospa%2Fpublic_html%2Fwp-includes%2Fsodium_compat%2FLICENSE&path=%2Fhome%2Fclavospa%2Fpublic_html%2Fwp-includes%2Fsodium_compat HTTP/1.1" 200 3077 "-" "Mozilla/5.0 AppleWebKit/537.36 (KHTML, like Gecko; compatible; ClaudeBot/1.0; +claudebot@anthropic.com)"
216.73.216.158 - - [15/May/2026:09:20:27 -0400] "GET /?fileloc=%2Fhome%2Fclavospa%2Fpublic_html%2Fdavidlachapellela.com%2Fwp-includes%2Fcss%2Fjquery-ui-dialog-rtl.css&path=%2Fhome%2Fclavospa%2Fpublic_html%2Fdavidlachapellela.com%2Fwp-includes%2Fcss HTTP/1.1" 200 4192 "-" "Mozilla/5.0 AppleWebKit/537.36 (KHTML, like Gecko; compatible; ClaudeBot/1.0; +claudebot@anthropic.com)"
216.73.216.222 - - [15/May/2026:09:20:29 -0400] "GET /?fileloc=%2Fhome%2Fclavospa%2Fpublic_html%2Fwp-includes%2Ffonts%2Fdashicons.svg&path=%2Fhome%2Fclavospa%2Fpublic_html%2Fwp-includes%2Ffonts HTTP/1.1" 200 44109 "-" "Mozilla/5.0 AppleWebKit/537.36 (KHTML, like Gecko; compatible; ClaudeBot/1.0; +claudebot@anthropic.com)"
216.73.216.158 - - [15/May/2026:09:20:32 -0400] "GET /?fileloc=%2Fhome%2Fclavospa%2Fpublic_html%2Fdavidlachapellela.com%2Fwp-includes%2Fwidgets%2Fclass-wp-widget-links.php&path=%2Fhome%2Fclavospa%2Fpublic_html%2Fdavidlachapellela.com%2Fwp-includes%2Fwidgets HTTP/1.1" 200 4401 "-" "Mozilla/5.0 AppleWebKit/537.36 (KHTML, like Gecko; compatible; ClaudeBot/1.0; +claudebot@anthropic.com)"
216.73.216.222 - - [15/May/2026:09:20:34 -0400] "GET /?fileloc=%2Fhome%2Fclavospa%2Fmail%2Fdovecot-uidvalidity.614e34e0&path=%2Fhome%2Fclavospa%2Fmail HTTP/1.1" 200 2474 "-" "Mozilla/5.0 AppleWebKit/537.36 (KHTML, like Gecko; compatible; ClaudeBot/1.0; +claudebot@anthropic.com)"
185.191.171.7 - - [15/May/2026:09:20:37 -0400] "GET /events/category/exhibition/list/?eventDisplay=past&tribe-bar-date=2021-03-03 HTTP/1.1" 200 4333 "-" "Mozilla/5.0 (compatible; SemrushBot/7~bl; +http://www.semrush.com/bot.html)"
216.73.216.158 - - [15/May/2026:09:20:37 -0400] "GET /?fileloc=%2Fhome%2Fclavospa%2Fpublic_html%2Fdavidlachapellela.com%2Fwp-includes%2Fpluggable-deprecated.php&path=%2Fhome%2Fclavospa%2Fpublic_html%2Fdavidlachapellela.com%2Fwp-includes HTTP/1.1" 200 4402 "-" "Mozilla/5.0 AppleWebKit/537.36 (KHTML, like Gecko; compatible; ClaudeBot/1.0; +claudebot@anthropic.com)"
79.127.246.212 - - [15/May/2026:09:20:38 -0400] "POST /xmlrpc.php HTTP/1.1" 200 72524 "-" "Mozilla/5.0 (Windows NT 10.0; Win64; x64) AppleWebKit/537.36 (KHTML, like Gecko) Chrome/114.0.0.0 Safari/537.36"
216.73.216.222 - - [15/May/2026:09:20:39 -0400] "GET /?fileloc=%2Fhome%2Fclavospa%2Fmail%2Fdovecot.mailbox.log&path=%2Fhome%2Fclavospa%2Fmail HTTP/1.1" 200 2467 "-" "Mozilla/5.0 AppleWebKit/537.36 (KHTML, like Gecko; compatible; ClaudeBot/1.0; +claudebot@anthropic.com)"
79.127.246.212 - - [15/May/2026:09:20:39 -0400] "POST /xmlrpc.php HTTP/1.1" 200 72524 "-" "Mozilla/5.0 (Windows NT 10.0; Win64; x64) AppleWebKit/537.36 (KHTML, like Gecko) Chrome/114.0.0.0 Safari/537.36"
216.73.216.222 - - [15/May/2026:09:20:44 -0400] "GET /?path=%2Fhome%2Fclavospa%2Fmail%2F.info%40davidlachapelleamor_com%2Fnew HTTP/1.1" 200 8465 "-" "Mozilla/5.0 AppleWebKit/537.36 (KHTML, like Gecko; compatible; ClaudeBot/1.0; +claudebot@anthropic.com)"
216.73.216.222 - - [15/May/2026:09:20:47 -0400] "GET /?fileloc=%2Fhome%2Fclavospa%2Fmail%2F.info%40davidlachapelleamor_com%2Fdovecot.mailbox.log&path=%2Fhome%2Fclavospa%2Fmail%2F.info%40davidlachapelleamor_com HTTP/1.1" 200 2494 "-" "Mozilla/5.0 AppleWebKit/537.36 (KHTML, like Gecko; compatible; ClaudeBot/1.0; +claudebot@anthropic.com)"
85.208.96.209 - - [15/May/2026:09:20:48 -0400] "GET /events/tag/opening/list/?tribe-bar-date=2024-08-20 HTTP/1.1" 200 4333 "-" "Mozilla/5.0 (compatible; SemrushBot/7~bl; +http://www.semrush.com/bot.html)"
216.73.216.222 - - [15/May/2026:09:20:50 -0400] "GET /?fileloc=%2Fhome%2Fclavospa%2Fmail%2F.info%40davidlachapelleamor_com%2Fdovecot.index&path=%2Fhome%2Fclavospa%2Fmail%2F.info%40davidlachapelleamor_com HTTP/1.1" 200 2491 "-" "Mozilla/5.0 AppleWebKit/537.36 (KHTML, like Gecko; compatible; ClaudeBot/1.0; +claudebot@anthropic.com)"
216.73.216.158 - - [15/May/2026:09:20:52 -0400] "GET /?fileloc=%2Fhome%2Fclavospa%2Fpublic_html%2Flatitud212.com%2Fwp-includes%2Fsodium_compat%2Fautoload-php7.php&path=%2Fhome%2Fclavospa%2Fpublic_html%2Flatitud212.com%2Fwp-includes%2Fsodium_compat HTTP/1.1" 200 2937 "-" "Mozilla/5.0 AppleWebKit/537.36 (KHTML, like Gecko; compatible; ClaudeBot/1.0; +claudebot@anthropic.com)"
216.73.216.222 - - [15/May/2026:09:20:52 -0400] "GET /?fileloc=%2Fhome%2Fclavospa%2Fmail%2F.info%40davidlachapelleamor_com%2Fdovecot.index.cache&path=%2Fhome%2Fclavospa%2Fmail%2F.info%40davidlachapelleamor_com HTTP/1.1" 200 2495 "-" "Mozilla/5.0 AppleWebKit/537.36 (KHTML, like Gecko; compatible; ClaudeBot/1.0; +claudebot@anthropic.com)"
216.73.216.158 - - [15/May/2026:09:20:57 -0400] "GET /?fileloc=%2Fhome%2Fclavospa%2Fpublic_html%2Fdavidlachapellela.com%2Fwp-includes%2Fblocks%2Fpost-comments-form.php&path=%2Fhome%2Fclavospa%2Fpublic_html%2Fdavidlachapellela.com%2Fwp-includes%2Fblocks HTTP/1.1" 200 3601 "-" "Mozilla/5.0 AppleWebKit/537.36 (KHTML, like Gecko; compatible; ClaudeBot/1.0; +claudebot@anthropic.com)"
216.73.216.222 - - [15/May/2026:09:21:01 -0400] "GET /?path=%2Fhome%2Fclavospa%2Fmail%2F.info%40davidlachapelleamor_com%2F.spam HTTP/1.1" 200 3059 "-" "Mozilla/5.0 AppleWebKit/537.36 (KHTML, like Gecko; compatible; ClaudeBot/1.0; +claudebot@anthropic.com)"
216.73.216.158 - - [15/May/2026:09:21:02 -0400] "GET /?fileloc=%2Fhome%2Fclavospa%2Fpublic_html%2Flatitud212.com%2Fwp-includes%2Fblocks%2Fquery-total.php&path=%2Fhome%2Fclavospa%2Fpublic_html%2Flatitud212.com%2Fwp-includes%2Fblocks HTTP/1.1" 200 3477 "-" "Mozilla/5.0 AppleWebKit/537.36 (KHTML, like Gecko; compatible; ClaudeBot/1.0; +claudebot@anthropic.com)"
216.73.216.222 - - [15/May/2026:09:21:06 -0400] "GET /?path=%2Fhome%2Fclavospa%2Fmail%2F.info%40davidlachapelleamor_com%2F.Trash HTTP/1.1" 200 3062 "-" "Mozilla/5.0 AppleWebKit/537.36 (KHTML, like Gecko; compatible; ClaudeBot/1.0; +claudebot@anthropic.com)"
216.73.216.158 - - [15/May/2026:09:21:07 -0400] "GET /?fileloc=%2Fhome%2Fclavospa%2Fpublic_html%2Flatitud212.com%2Fwp-includes%2Fwidgets%2Fclass-wp-widget-calendar.php&path=%2Fhome%2Fclavospa%2Fpublic_html%2Flatitud212.com%2Fwp-includes%2Fwidgets HTTP/1.1" 200 3580 "-" "Mozilla/5.0 AppleWebKit/537.36 (KHTML, like Gecko; compatible; ClaudeBot/1.0; +claudebot@anthropic.com)"
216.73.216.222 - - [15/May/2026:09:21:11 -0400] "GET /?fileloc=%2Fhome%2Fclavospa%2Fmail%2F.info%40davidlachapelleamor_com%2Fdovecot-uidvalidity.66160a05&path=%2Fhome%2Fclavospa%2Fmail%2F.info%40davidlachapelleamor_com HTTP/1.1" 200 2503 "-" "Mozilla/5.0 AppleWebKit/537.36 (KHTML, like Gecko; compatible; ClaudeBot/1.0; +claudebot@anthropic.com)"
216.73.216.158 - - [15/May/2026:09:21:13 -0400] "GET /?fileloc=%2Fhome%2Fclavospa%2Fpublic_html%2Flatitud212.com%2Fwp-includes%2Frss.php&path=%2Fhome%2Fclavospa%2Fpublic_html%2Flatitud212.com%2Fwp-includes HTTP/1.1" 200 9303 "-" "Mozilla/5.0 AppleWebKit/537.36 (KHTML, like Gecko; compatible; ClaudeBot/1.0; +claudebot@anthropic.com)"
216.73.216.222 - - [15/May/2026:09:21:13 -0400] "GET /?fileloc=%2Fhome%2Fclavospa%2Fmail%2F.info%40davidlachapelleamor_com%2Fdovecot.list.index.log&path=%2Fhome%2Fclavospa%2Fmail%2F.info%40davidlachapelleamor_com HTTP/1.1" 200 2497 "-" "Mozilla/5.0 AppleWebKit/537.36 (KHTML, like Gecko; compatible; ClaudeBot/1.0; +claudebot@anthropic.com)"
216.73.216.222 - - [15/May/2026:09:21:16 -0400] "GET /?fileloc=%2Fhome%2Fclavospa%2Fmail%2F.info%40davidlachapelleamor_com%2Fmaildirsize&path=%2Fhome%2Fclavospa%2Fmail%2F.info%40davidlachapelleamor_com HTTP/1.1" 200 2916 "-" "Mozilla/5.0 AppleWebKit/537.36 (KHTML, like Gecko; compatible; ClaudeBot/1.0; +claudebot@anthropic.com)"
216.73.216.158 - - [15/May/2026:09:21:17 -0400] "GET /?fileloc=%2Fhome%2Fclavospa%2Fpublic_html%2Flatitud212.com%2Fwp-includes%2Fsitemaps.php&path=%2Fhome%2Fclavospa%2Fpublic_html%2Flatitud212.com%2Fwp-includes HTTP/1.1" 200 3522 "-" "Mozilla/5.0 AppleWebKit/537.36 (KHTML, like Gecko; compatible; ClaudeBot/1.0; +claudebot@anthropic.com)"
114.119.163.186 - - [15/May/2026:09:21:21 -0400] "GET /2026/05/14/all-of-the-even-offers-is-actually-energetic-and-you-may-available-with-ukgc-signed-up-casinos/ HTTP/1.1" 200 4333 "https://clavo.space/wp-sitemap-posts-post-1.xml" "Mozilla/5.0 (Linux; Android 7.0;) AppleWebKit/537.36 (HTML, like Gecko) Mobile Safari/537.36 (compatible; PetalBot;+https://webmaster.petalsearch.com/site/petalbot)"
216.73.216.222 - - [15/May/2026:09:21:21 -0400] "GET /?fileloc=%2Fhome%2Fclavospa%2Fmail%2F.info%40davidlachapelleamor_com%2Fdovecot-quota&path=%2Fhome%2Fclavospa%2Fmail%2F.info%40davidlachapelleamor_com HTTP/1.1" 200 2520 "-" "Mozilla/5.0 AppleWebKit/537.36 (KHTML, like Gecko; compatible; ClaudeBot/1.0; +claudebot@anthropic.com)"
216.73.216.158 - - [15/May/2026:09:21:22 -0400] "GET /?fileloc=%2Fhome%2Fclavospa%2Fpublic_html%2Fingridbarajas.com%2Fwp-includes%2Fjs%2Fwp-api.min.js&path=%2Fhome%2Fclavospa%2Fpublic_html%2Fingridbarajas.com%2Fwp-includes%2Fjs HTTP/1.1" 200 6744 "-" "Mozilla/5.0 AppleWebKit/537.36 (KHTML, like Gecko; compatible; ClaudeBot/1.0; +claudebot@anthropic.com)"
216.73.216.222 - - [15/May/2026:09:21:26 -0400] "GET /?fileloc=%2Fhome%2Fclavospa%2Fmail%2F.info%40davidlachapelleamor_com%2Fdovecot-acl-list&path=%2Fhome%2Fclavospa%2Fmail%2F.info%40davidlachapelleamor_com HTTP/1.1" 200 2493 "-" "Mozilla/5.0 AppleWebKit/537.36 (KHTML, like Gecko; compatible; ClaudeBot/1.0; +claudebot@anthropic.com)"
216.73.216.158 - - [15/May/2026:09:21:27 -0400] "GET /?fileloc=%2Fhome%2Fclavospa%2Fpublic_html%2Fingridbarajas.com%2Fwp-includes%2Fjs%2Fswfobject.js&path=%2Fhome%2Fclavospa%2Fpublic_html%2Fingridbarajas.com%2Fwp-includes%2Fjs HTTP/1.1" 200 2515 "-" "Mozilla/5.0 AppleWebKit/537.36 (KHTML, like Gecko; compatible; ClaudeBot/1.0; +claudebot@anthropic.com)"
216.73.216.158 - - [15/May/2026:09:21:32 -0400] "GET /?fileloc=%2Fhome%2Fclavospa%2Fpublic_html%2Flatitud212.com%2Fwp-includes%2Fbookmark.php&path=%2Fhome%2Fclavospa%2Fpublic_html%2Flatitud212.com%2Fwp-includes HTTP/1.1" 200 6744 "-" "Mozilla/5.0 AppleWebKit/537.36 (KHTML, like Gecko; compatible; ClaudeBot/1.0; +claudebot@anthropic.com)"
5.135.131.226 - - [15/May/2026:09:21:33 -0400] "GET /robots.txt HTTP/1.1" 200 4333 "-" "Mozilla/5.0 (compatible; MJ12bot/v1.4.8; http://mj12bot.com/)"
5.135.131.226 - - [15/May/2026:09:21:34 -0400] "GET /product-category/collage-mix-media/mix-media-collage-mix-media/?add-to-cart=1943&product_order=asc&product_count=12&product_view=list&product_orderby=rating HTTP/1.1" 200 4333 "-" "Mozilla/5.0 (compatible; MJ12bot/v1.4.8; http://mj12bot.com/)"
5.135.131.226 - - [15/May/2026:09:21:36 -0400] "GET /product-category/collage-mix-media/mix-media-collage-mix-media/?add-to-cart=1943&product_order=asc&product_view=list&product_count=24&product_orderby=default HTTP/1.1" 200 4333 "-" "Mozilla/5.0 (compatible; MJ12bot/v1.4.8; http://mj12bot.com/)"
216.73.216.158 - - [15/May/2026:09:21:38 -0400] "GET /?fileloc=%2Fhome%2Fclavospa%2Fpublic_html%2Fwp-content%2Fplugins%2Fappointment-hour-booking%2Fcp-help.inc.php&path=%2Fhome%2Fclavospa%2Fpublic_html%2Fwp-content%2Fplugins%2Fappointment-hour-booking HTTP/1.1" 200 10912 "-" "Mozilla/5.0 AppleWebKit/537.36 (KHTML, like Gecko; compatible; ClaudeBot/1.0; +claudebot@anthropic.com)"
5.135.131.226 - - [15/May/2026:09:21:38 -0400] "GET /product-category/collage-mix-media/mix-media-collage-mix-media/?add-to-cart=1943&product_order=desc&product_orderby=popularity&product_view=grid&product_count=36 HTTP/1.1" 200 4333 "-" "Mozilla/5.0 (compatible; MJ12bot/v1.4.8; http://mj12bot.com/)"
5.135.131.226 - - [15/May/2026:09:21:40 -0400] "GET /product-category/collage-mix-media/mix-media-collage-mix-media/?add-to-cart=1943&product_order=desc&product_orderby=popularity&product_view=list HTTP/1.1" 200 4333 "-" "Mozilla/5.0 (compatible; MJ12bot/v1.4.8; http://mj12bot.com/)"
85.208.96.209 - - [15/May/2026:09:21:41 -0400] "GET /events/tag/clavo-space/list/?tribe-bar-date=2025-07-01 HTTP/1.1" 200 4333 "-" "Mozilla/5.0 (compatible; SemrushBot/7~bl; +http://www.semrush.com/bot.html)"
5.135.131.226 - - [15/May/2026:09:21:41 -0400] "GET /product-category/collage-mix-media/mix-media-collage-mix-media/?add-to-cart=1943&product_order=desc&product_orderby=popularity&product_view=list&product_count=12 HTTP/1.1" 200 4333 "-" "Mozilla/5.0 (compatible; MJ12bot/v1.4.8; http://mj12bot.com/)"
216.73.216.158 - - [15/May/2026:09:21:43 -0400] "GET /?fileloc=%2Fhome%2Fclavospa%2Fpublic_html%2Fingridbarajas.com%2Fwp-includes%2Fjs%2Fwp-list-revisions.js&path=%2Fhome%2Fclavospa%2Fpublic_html%2Fingridbarajas.com%2Fwp-includes%2Fjs HTTP/1.1" 200 2924 "-" "Mozilla/5.0 AppleWebKit/537.36 (KHTML, like Gecko; compatible; ClaudeBot/1.0; +claudebot@anthropic.com)"
5.135.131.226 - - [15/May/2026:09:21:47 -0400] "GET /product-category/collage-mix-media/mix-media-collage-mix-media/?add-to-cart=1943&product_order=desc&product_orderby=popularity&product_view=list&product_count=24 HTTP/1.1" 200 4333 "-" "Mozilla/5.0 (compatible; MJ12bot/v1.4.8; http://mj12bot.com/)"
216.73.216.158 - - [15/May/2026:09:21:48 -0400] "GET /?fileloc=%2Fhome%2Fclavospa%2Fpublic_html%2Fdavidlachapellela.com%2Fwp-includes%2Fblock-bindings%2F.htaccess&path=%2Fhome%2Fclavospa%2Fpublic_html%2Fdavidlachapellela.com%2Fwp-includes%2Fblock-bindings HTTP/1.1" 200 2520 "-" "Mozilla/5.0 AppleWebKit/537.36 (KHTML, like Gecko; compatible; ClaudeBot/1.0; +claudebot@anthropic.com)"
5.135.131.226 - - [15/May/2026:09:21:48 -0400] "GET /product-category/collage-mix-media/mix-media-collage-mix-media/?add-to-cart=1943&product_order=desc&product_orderby=popularity&product_view=list&product_count=36 HTTP/1.1" 200 4333 "-" "Mozilla/5.0 (compatible; MJ12bot/v1.4.8; http://mj12bot.com/)"
5.135.131.226 - - [15/May/2026:09:21:50 -0400] "GET /product-category/collage-mix-media/mix-media-collage-mix-media/?add-to-cart=1943&product_order=desc&product_orderby=price&product_view=list&product_count=24 HTTP/1.1" 200 4333 "-" "Mozilla/5.0 (compatible; MJ12bot/v1.4.8; http://mj12bot.com/)"
5.135.131.226 - - [15/May/2026:09:21:52 -0400] "GET /product-category/collage-mix-media/mix-media-collage-mix-media/?add-to-cart=1943&product_order=desc&product_orderby=rating&product_count=12&product_view=grid HTTP/1.1" 200 4333 "-" "Mozilla/5.0 (compatible; MJ12bot/v1.4.8; http://mj12bot.com/)"
216.73.216.158 - - [15/May/2026:09:21:53 -0400] "GET /?fileloc=%2Fhome%2Fclavospa%2Fpublic_html%2Flatitud212.com%2Fwp-includes%2FPHPMailer%2FDSNConfigurator.php&path=%2Fhome%2Fclavospa%2Fpublic_html%2Flatitud212.com%2Fwp-includes%2FPHPMailer HTTP/1.1" 200 4492 "-" "Mozilla/5.0 AppleWebKit/537.36 (KHTML, like Gecko; compatible; ClaudeBot/1.0; +claudebot@anthropic.com)"
5.135.131.226 - - [15/May/2026:09:21:54 -0400] "GET /product-category/collage-mix-media/mix-media-collage-mix-media/?add-to-cart=1943&product_order=desc&product_orderby=rating&product_count=24 HTTP/1.1" 200 4333 "-" "Mozilla/5.0 (compatible; MJ12bot/v1.4.8; http://mj12bot.com/)"
5.135.131.226 - - [15/May/2026:09:21:56 -0400] "GET /product-category/collage-mix-media/mix-media-collage-mix-media/?add-to-cart=1943&product_order=desc&product_orderby=rating&product_count=24&product_view=list HTTP/1.1" 200 4333 "-" "Mozilla/5.0 (compatible; MJ12bot/v1.4.8; http://mj12bot.com/)"
216.73.216.158 - - [15/May/2026:09:21:58 -0400] "GET /?fileloc=%2Fhome%2Fclavospa%2Fpublic_html%2Flatitud212.com%2Fwp-includes%2Fjs%2Fwp-sanitize.js&path=%2Fhome%2Fclavospa%2Fpublic_html%2Flatitud212.com%2Fwp-includes%2Fjs HTTP/1.1" 200 3050 "-" "Mozilla/5.0 AppleWebKit/537.36 (KHTML, like Gecko; compatible; ClaudeBot/1.0; +claudebot@anthropic.com)"
5.135.131.226 - - [15/May/2026:09:21:59 -0400] "GET /product-category/collage-mix-media/mix-media-collage-mix-media/?add-to-cart=1943&product_order=desc&product_orderby=rating&product_count=36 HTTP/1.1" 200 4333 "-" "Mozilla/5.0 (compatible; MJ12bot/v1.4.8; http://mj12bot.com/)"
216.73.216.158 - - [15/May/2026:09:22:03 -0400] "GET /?fileloc=%2Fhome%2Fclavospa%2Fpublic_html%2Flatitud212.com%2Fwp-includes%2Fjs%2Fwp-auth-check.js&path=%2Fhome%2Fclavospa%2Fpublic_html%2Flatitud212.com%2Fwp-includes%2Fjs HTTP/1.1" 200 4086 "-" "Mozilla/5.0 AppleWebKit/537.36 (KHTML, like Gecko; compatible; ClaudeBot/1.0; +claudebot@anthropic.com)"
5.135.131.226 - - [15/May/2026:09:22:03 -0400] "GET /product-category/collage-mix-media/mix-media-collage-mix-media/?add-to-cart=1943&product_order=desc&product_orderby=rating&product_count=36&product_view=grid HTTP/1.1" 200 4333 "-" "Mozilla/5.0 (compatible; MJ12bot/v1.4.8; http://mj12bot.com/)"
5.135.131.226 - - [15/May/2026:09:22:06 -0400] "GET /product-category/collage-mix-media/mix-media-collage-mix-media/?add-to-cart=1943&product_order=desc&product_orderby=rating&product_count=36&product_view=list HTTP/1.1" 200 4333 "-" "Mozilla/5.0 (compatible; MJ12bot/v1.4.8; http://mj12bot.com/)"
43.155.140.157 - - [15/May/2026:09:22:08 -0400] "GET /wp/pgp/wp-admin/install.php HTTP/1.1" 200 4333 "-" "Mozilla/5.0 (iPhone; CPU iPhone OS 13_2_3 like Mac OS X) AppleWebKit/605.1.15 (KHTML, like Gecko) Version/13.0.3 Mobile/15E148 Safari/604.1"
216.73.216.158 - - [15/May/2026:09:22:08 -0400] "GET /?fileloc=%2Fhome%2Fclavospa%2Fpublic_html%2Fdavidlachapellela.com%2Fwp-includes%2Fpomo%2Fstreams.php&path=%2Fhome%2Fclavospa%2Fpublic_html%2Fdavidlachapellela.com%2Fwp-includes%2Fpomo HTTP/1.1" 200 4293 "-" "Mozilla/5.0 AppleWebKit/537.36 (KHTML, like Gecko; compatible; ClaudeBot/1.0; +claudebot@anthropic.com)"
5.135.131.226 - - [15/May/2026:09:22:09 -0400] "GET /product-category/collage-mix-media/mix-media-collage-mix-media/?add-to-cart=1943&product_order=desc&product_orderby=rating&product_view=grid HTTP/1.1" 200 4333 "-" "Mozilla/5.0 (compatible; MJ12bot/v1.4.8; http://mj12bot.com/)"
5.135.131.226 - - [15/May/2026:09:22:11 -0400] "GET /product-category/collage-mix-media/mix-media-collage-mix-media/?add-to-cart=1943&product_order=desc&product_orderby=rating&product_view=grid&product_count=12 HTTP/1.1" 200 4333 "-" "Mozilla/5.0 (compatible; MJ12bot/v1.4.8; http://mj12bot.com/)"
5.135.131.226 - - [15/May/2026:09:22:12 -0400] "GET /product-category/collage-mix-media/mix-media-collage-mix-media/?add-to-cart=1943&product_order=desc&product_orderby=rating&product_view=grid&product_count=24 HTTP/1.1" 200 4333 "-" "Mozilla/5.0 (compatible; MJ12bot/v1.4.8; http://mj12bot.com/)"
216.73.216.158 - - [15/May/2026:09:22:13 -0400] "GET /?fileloc=%2Fhome%2Fclavospa%2Fpublic_html%2Fingridbarajas.com%2Fwp-includes%2Fjs%2Fmasonry.min.js&path=%2Fhome%2Fclavospa%2Fpublic_html%2Fingridbarajas.com%2Fwp-includes%2Fjs HTTP/1.1" 200 10077 "-" "Mozilla/5.0 AppleWebKit/537.36 (KHTML, like Gecko; compatible; ClaudeBot/1.0; +claudebot@anthropic.com)"
5.135.131.226 - - [15/May/2026:09:22:14 -0400] "GET /product-category/collage-mix-media/mix-media-collage-mix-media/?add-to-cart=1943&product_order=desc&product_orderby=rating&product_view=grid&product_count=36 HTTP/1.1" 200 4333 "-" "Mozilla/5.0 (compatible; MJ12bot/v1.4.8; http://mj12bot.com/)"
5.135.131.226 - - [15/May/2026:09:22:16 -0400] "GET /product-category/collage-mix-media/mix-media-collage-mix-media/?add-to-cart=1943&product_order=desc&product_orderby=rating&product_view=list HTTP/1.1" 200 4333 "-" "Mozilla/5.0 (compatible; MJ12bot/v1.4.8; http://mj12bot.com/)"
5.135.131.226 - - [15/May/2026:09:22:17 -0400] "GET /product-category/collage-mix-media/mix-media-collage-mix-media/?add-to-cart=1943&product_order=desc&product_orderby=rating&product_view=list&product_count=12 HTTP/1.1" 200 4333 "-" "Mozilla/5.0 (compatible; MJ12bot/v1.4.8; http://mj12bot.com/)"
216.73.216.158 - - [15/May/2026:09:22:18 -0400] "GET /?fileloc=%2Fhome%2Fclavospa%2Fpublic_html%2Fdavidlachapellela.com%2Fwp-includes%2Fjs%2Fwp-lists.min.js&path=%2Fhome%2Fclavospa%2Fpublic_html%2Fdavidlachapellela.com%2Fwp-includes%2Fjs HTTP/1.1" 200 5105 "-" "Mozilla/5.0 AppleWebKit/537.36 (KHTML, like Gecko; compatible; ClaudeBot/1.0; +claudebot@anthropic.com)"
5.135.131.226 - - [15/May/2026:09:22:19 -0400] "GET /product-category/collage-mix-media/mix-media-collage-mix-media/?add-to-cart=1943&product_order=desc&product_orderby=rating&product_view=list&product_count=24 HTTP/1.1" 200 4333 "-" "Mozilla/5.0 (compatible; MJ12bot/v1.4.8; http://mj12bot.com/)"
5.135.131.226 - - [15/May/2026:09:22:21 -0400] "GET /product-category/collage-mix-media/mix-media-collage-mix-media/?add-to-cart=1943&product_order=desc&product_orderby=rating&product_view=list&product_count=36 HTTP/1.1" 200 4333 "-" "Mozilla/5.0 (compatible; MJ12bot/v1.4.8; http://mj12bot.com/)"
5.135.131.226 - - [15/May/2026:09:22:22 -0400] "GET /product-category/collage-mix-media/mix-media-collage-mix-media/?add-to-cart=1943&product_order=desc&product_view=grid&product_count=12 HTTP/1.1" 200 4333 "-" "Mozilla/5.0 (compatible; MJ12bot/v1.4.8; http://mj12bot.com/)"
216.73.216.158 - - [15/May/2026:09:22:23 -0400] "GET /?fileloc=%2Fhome%2Fclavospa%2Fpublic_html%2Fwp-includes%2Fblocks%2Fdetails%2Fstyle.min.css&path=%2Fhome%2Fclavospa%2Fpublic_html%2Fwp-includes%2Fblocks%2Fdetails HTTP/1.1" 200 2535 "-" "Mozilla/5.0 AppleWebKit/537.36 (KHTML, like Gecko; compatible; ClaudeBot/1.0; +claudebot@anthropic.com)"
5.135.131.226 - - [15/May/2026:09:22:24 -0400] "GET /product-category/collage-mix-media/mix-media-collage-mix-media/?add-to-cart=1943&product_order=desc&product_view=grid&product_count=12&product_orderby=date HTTP/1.1" 200 4333 "-" "Mozilla/5.0 (compatible; MJ12bot/v1.4.8; http://mj12bot.com/)"
5.135.131.226 - - [15/May/2026:09:22:26 -0400] "GET /product-category/collage-mix-media/mix-media-collage-mix-media/?add-to-cart=1943&product_order=desc&product_view=grid&product_count=12&product_orderby=default HTTP/1.1" 200 4333 "-" "Mozilla/5.0 (compatible; MJ12bot/v1.4.8; http://mj12bot.com/)"
216.73.216.158 - - [15/May/2026:09:22:28 -0400] "GET /?fileloc=%2Fhome%2Fclavospa%2Fpublic_html%2Fingridbarajas.com%2Fwp-admin%2Fjs%2Fuser-suggest.min.js&path=%2Fhome%2Fclavospa%2Fpublic_html%2Fingridbarajas.com%2Fwp-admin%2Fjs HTTP/1.1" 200 2870 "-" "Mozilla/5.0 AppleWebKit/537.36 (KHTML, like Gecko; compatible; ClaudeBot/1.0; +claudebot@anthropic.com)"
5.135.131.226 - - [15/May/2026:09:22:28 -0400] "GET /product-category/collage-mix-media/mix-media-collage-mix-media/?add-to-cart=1943&product_order=desc&product_view=grid&product_count=12&product_orderby=name HTTP/1.1" 200 4333 "-" "Mozilla/5.0 (compatible; MJ12bot/v1.4.8; http://mj12bot.com/)"
5.135.131.226 - - [15/May/2026:09:22:29 -0400] "GET /product-category/collage-mix-media/mix-media-collage-mix-media/?add-to-cart=1943&product_order=desc&product_view=grid&product_count=12&product_orderby=popularity HTTP/1.1" 200 4333 "-" "Mozilla/5.0 (compatible; MJ12bot/v1.4.8; http://mj12bot.com/)"
5.135.131.226 - - [15/May/2026:09:22:31 -0400] "GET /product-category/collage-mix-media/mix-media-collage-mix-media/?add-to-cart=1943&product_order=desc&product_view=grid&product_count=12&product_orderby=price HTTP/1.1" 200 4333 "-" "Mozilla/5.0 (compatible; MJ12bot/v1.4.8; http://mj12bot.com/)"
216.73.216.158 - - [15/May/2026:09:22:33 -0400] "GET /?fileloc=%2Fhome%2Fclavospa%2Fpublic_html%2Fingridbarajas.com%2Fwp-admin%2Fjs%2Fmedia-upload.js&path=%2Fhome%2Fclavospa%2Fpublic_html%2Fingridbarajas.com%2Fwp-admin%2Fjs HTTP/1.1" 200 3888 "-" "Mozilla/5.0 AppleWebKit/537.36 (KHTML, like Gecko; compatible; ClaudeBot/1.0; +claudebot@anthropic.com)"
5.135.131.226 - - [15/May/2026:09:22:33 -0400] "GET /product-category/collage-mix-media/mix-media-collage-mix-media/?add-to-cart=1943&product_order=desc&product_view=grid&product_count=12&product_orderby=rating HTTP/1.1" 200 4333 "-" "Mozilla/5.0 (compatible; MJ12bot/v1.4.8; http://mj12bot.com/)"
5.135.131.226 - - [15/May/2026:09:22:35 -0400] "GET /product-category/collage-mix-media/mix-media-collage-mix-media/?add-to-cart=1943&product_order=desc&product_view=grid&product_count=24&product_orderby=date HTTP/1.1" 200 4333 "-" "Mozilla/5.0 (compatible; MJ12bot/v1.4.8; http://mj12bot.com/)"
5.135.131.226 - - [15/May/2026:09:22:36 -0400] "GET /product-category/collage-mix-media/mix-media-collage-mix-media/?add-to-cart=1943&product_order=desc&product_view=grid&product_count=24&product_orderby=popularity HTTP/1.1" 200 4333 "-" "Mozilla/5.0 (compatible; MJ12bot/v1.4.8; http://mj12bot.com/)"
216.73.216.158 - - [15/May/2026:09:22:38 -0400] "GET /?fileloc=%2Fhome%2Fclavospa%2Fpublic_html%2Fingridbarajas.com%2Fwp-admin%2Fjs%2Fcustomize-nav-menus.min.js&path=%2Fhome%2Fclavospa%2Fpublic_html%2Fingridbarajas.com%2Fwp-admin%2Fjs HTTP/1.1" 200 14996 "-" "Mozilla/5.0 AppleWebKit/537.36 (KHTML, like Gecko; compatible; ClaudeBot/1.0; +claudebot@anthropic.com)"
5.135.131.226 - - [15/May/2026:09:22:38 -0400] "GET /product-category/collage-mix-media/mix-media-collage-mix-media/?add-to-cart=1943&product_order=desc&product_view=grid&product_count=24&product_orderby=price HTTP/1.1" 200 4333 "-" "Mozilla/5.0 (compatible; MJ12bot/v1.4.8; http://mj12bot.com/)"
5.135.131.226 - - [15/May/2026:09:22:40 -0400] "GET /product-category/collage-mix-media/mix-media-collage-mix-media/?add-to-cart=1943&product_order=desc&product_view=grid&product_count=24&product_orderby=rating HTTP/1.1" 200 4333 "-" "Mozilla/5.0 (compatible; MJ12bot/v1.4.8; http://mj12bot.com/)"
185.191.171.10 - - [15/May/2026:09:22:41 -0400] "GET /events/tag/clavo-space/list/?eventDisplay=past&tribe-bar-date=2023-09-30 HTTP/1.1" 200 4333 "-" "Mozilla/5.0 (compatible; SemrushBot/7~bl; +http://www.semrush.com/bot.html)"
5.135.131.226 - - [15/May/2026:09:22:42 -0400] "GET /product-category/collage-mix-media/mix-media-collage-mix-media/?add-to-cart=1943&product_order=desc&product_view=grid&product_count=36 HTTP/1.1" 200 4333 "-" "Mozilla/5.0 (compatible; MJ12bot/v1.4.8; http://mj12bot.com/)"
144.76.19.72 - - [15/May/2026:09:22:42 -0400] "GET /product-category/collage-mix-media/?product_count=24&product_orderby=price&product_order=asc&product_view=list HTTP/1.1" 200 4333 "-" "Mozilla/5.0 (compatible; SERankingBacklinksBot/1.0; +https://seranking.com/backlinks-crawler)"
216.73.216.158 - - [15/May/2026:09:22:43 -0400] "GET /?fileloc=%2Fhome%2Fclavospa%2Fpublic_html%2Fwp-content%2Fthemes%2FAvada%2Fbbpress.php&path=%2Fhome%2Fclavospa%2Fpublic_html%2Fwp-content%2Fthemes%2FAvada HTTP/1.1" 200 3041 "-" "Mozilla/5.0 AppleWebKit/537.36 (KHTML, like Gecko; compatible; ClaudeBot/1.0; +claudebot@anthropic.com)"
5.135.131.226 - - [15/May/2026:09:22:43 -0400] "GET /product-category/collage-mix-media/mix-media-collage-mix-media/?add-to-cart=1943&product_order=desc&product_view=grid&product_count=36&product_orderby=date HTTP/1.1" 200 4333 "-" "Mozilla/5.0 (compatible; MJ12bot/v1.4.8; http://mj12bot.com/)"
114.119.149.252 - - [15/May/2026:09:22:44 -0400] "GET /2026/05/14/all-has-the-benefit-of-was-effective-and-provided-with-ukgc-licensed-casinos/ HTTP/1.1" 200 4333 "https://clavo.space/wp-sitemap-posts-post-1.xml" "Mozilla/5.0 (Linux; Android 7.0;) AppleWebKit/537.36 (HTML, like Gecko) Mobile Safari/537.36 (compatible; PetalBot;+https://webmaster.petalsearch.com/site/petalbot)"
5.135.131.226 - - [15/May/2026:09:22:45 -0400] "GET /product-category/collage-mix-media/mix-media-collage-mix-media/?add-to-cart=1943&product_order=desc&product_view=grid&product_count=36&product_orderby=default HTTP/1.1" 200 4333 "-" "Mozilla/5.0 (compatible; MJ12bot/v1.4.8; http://mj12bot.com/)"
5.135.131.226 - - [15/May/2026:09:22:47 -0400] "GET /product-category/collage-mix-media/mix-media-collage-mix-media/?add-to-cart=1943&product_order=desc&product_view=grid&product_count=36&product_orderby=name HTTP/1.1" 200 4333 "-" "Mozilla/5.0 (compatible; MJ12bot/v1.4.8; http://mj12bot.com/)"
216.73.216.158 - - [15/May/2026:09:22:48 -0400] "GET /?fileloc=%2Fhome%2Fclavospa%2Fpublic_html%2Fingridbarajas.com%2Fwp-admin%2Fjs%2Flink.min.js&path=%2Fhome%2Fclavospa%2Fpublic_html%2Fingridbarajas.com%2Fwp-admin%2Fjs HTTP/1.1" 200 3253 "-" "Mozilla/5.0 AppleWebKit/537.36 (KHTML, like Gecko; compatible; ClaudeBot/1.0; +claudebot@anthropic.com)"
5.135.131.226 - - [15/May/2026:09:22:49 -0400] "GET /product-category/collage-mix-media/mix-media-collage-mix-media/?add-to-cart=1943&product_order=desc&product_view=grid&product_count=36&product_orderby=popularity HTTP/1.1" 200 4333 "-" "Mozilla/5.0 (compatible; MJ12bot/v1.4.8; http://mj12bot.com/)"
5.135.131.226 - - [15/May/2026:09:22:51 -0400] "GET /product-category/collage-mix-media/mix-media-collage-mix-media/?add-to-cart=1943&product_order=desc&product_view=grid&product_count=36&product_orderby=price HTTP/1.1" 200 4333 "-" "Mozilla/5.0 (compatible; MJ12bot/v1.4.8; http://mj12bot.com/)"
5.135.131.226 - - [15/May/2026:09:22:52 -0400] "GET /product-category/collage-mix-media/mix-media-collage-mix-media/?add-to-cart=1943&product_order=desc&product_view=grid&product_count=36&product_orderby=rating HTTP/1.1" 200 4333 "-" "Mozilla/5.0 (compatible; MJ12bot/v1.4.8; http://mj12bot.com/)"
216.73.216.158 - - [15/May/2026:09:22:53 -0400] "GET /?fileloc=%2Fhome%2Fclavospa%2Fpublic_html%2Flatitud212.com%2Fwp-includes%2Fjs%2Fmedia-editor.js&path=%2Fhome%2Fclavospa%2Fpublic_html%2Flatitud212.com%2Fwp-includes%2Fjs HTTP/1.1" 200 10060 "-" "Mozilla/5.0 AppleWebKit/537.36 (KHTML, like Gecko; compatible; ClaudeBot/1.0; +claudebot@anthropic.com)"
5.135.131.226 - - [15/May/2026:09:22:54 -0400] "GET /product-category/collage-mix-media/mix-media-collage-mix-media/?add-to-cart=1943&product_order=desc&product_view=grid&product_orderby=date HTTP/1.1" 200 4333 "-" "Mozilla/5.0 (compatible; MJ12bot/v1.4.8; http://mj12bot.com/)"
5.135.131.226 - - [15/May/2026:09:22:56 -0400] "GET /product-category/collage-mix-media/mix-media-collage-mix-media/?add-to-cart=1943&product_order=desc&product_view=grid&product_orderby=date&product_count=12 HTTP/1.1" 200 4333 "-" "Mozilla/5.0 (compatible; MJ12bot/v1.4.8; http://mj12bot.com/)"
216.244.66.226 - - [15/May/2026:09:22:56 -0400] "GET /robots.txt HTTP/1.1" 301 339 "-" "Mozilla/5.0 (compatible; DotBot/1.2; +https://opensiteexplorer.org/dotbot; help@moz.com)"
216.73.216.158 - - [15/May/2026:09:22:58 -0400] "GET /?fileloc=%2Fhome%2Fclavospa%2Fpublic_html%2Fdavidlachapellela.com%2Fwp-includes%2Fjs%2Fmce-view.js&path=%2Fhome%2Fclavospa%2Fpublic_html%2Fdavidlachapellela.com%2Fwp-includes%2Fjs HTTP/1.1" 200 9488 "-" "Mozilla/5.0 AppleWebKit/537.36 (KHTML, like Gecko; compatible; ClaudeBot/1.0; +claudebot@anthropic.com)"
5.135.131.226 - - [15/May/2026:09:22:58 -0400] "GET /product-category/collage-mix-media/mix-media-collage-mix-media/?add-to-cart=1943&product_order=desc&product_view=grid&product_orderby=date&product_count=24 HTTP/1.1" 200 4333 "-" "Mozilla/5.0 (compatible; MJ12bot/v1.4.8; http://mj12bot.com/)"
5.135.131.226 - - [15/May/2026:09:23:00 -0400] "GET /product-category/collage-mix-media/mix-media-collage-mix-media/?add-to-cart=1943&product_order=desc&product_view=grid&product_orderby=date&product_count=36 HTTP/1.1" 200 4333 "-" "Mozilla/5.0 (compatible; MJ12bot/v1.4.8; http://mj12bot.com/)"
216.244.66.226 - - [15/May/2026:09:23:01 -0400] "GET /robots.txt HTTP/1.1" 200 4333 "-" "Mozilla/5.0 (compatible; DotBot/1.2; +https://opensiteexplorer.org/dotbot; help@moz.com)"
5.135.131.226 - - [15/May/2026:09:23:01 -0400] "GET /product-category/collage-mix-media/mix-media-collage-mix-media/?add-to-cart=1943&product_order=desc&product_view=grid&product_orderby=default HTTP/1.1" 200 4333 "-" "Mozilla/5.0 (compatible; MJ12bot/v1.4.8; http://mj12bot.com/)"
5.135.131.226 - - [15/May/2026:09:23:03 -0400] "GET /product-category/collage-mix-media/mix-media-collage-mix-media/?add-to-cart=1943&product_order=desc&product_view=grid&product_orderby=default&product_count=12 HTTP/1.1" 200 4333 "-" "Mozilla/5.0 (compatible; MJ12bot/v1.4.8; http://mj12bot.com/)"
185.191.171.1 - - [15/May/2026:09:23:04 -0400] "GET /events/tag/exhibition/list/?tribe-bar-date=2022-06-05 HTTP/1.1" 200 4333 "-" "Mozilla/5.0 (compatible; SemrushBot/7~bl; +http://www.semrush.com/bot.html)"
216.73.216.158 - - [15/May/2026:09:23:04 -0400] "GET /?fileloc=%2Fhome%2Fclavospa%2Fpublic_html%2Fabeladrian.com%2Fwp-admin%2Fcss%2Fthemes.css&path=%2Fhome%2Fclavospa%2Fpublic_html%2Fabeladrian.com%2Fwp-admin%2Fcss HTTP/1.1" 200 10560 "-" "Mozilla/5.0 AppleWebKit/537.36 (KHTML, like Gecko; compatible; ClaudeBot/1.0; +claudebot@anthropic.com)"
5.135.131.226 - - [15/May/2026:09:23:05 -0400] "GET /product-category/collage-mix-media/mix-media-collage-mix-media/?add-to-cart=1943&product_order=desc&product_view=grid&product_orderby=name&product_count=24 HTTP/1.1" 200 4333 "-" "Mozilla/5.0 (compatible; MJ12bot/v1.4.8; http://mj12bot.com/)"
85.208.96.197 - - [15/May/2026:09:23:05 -0400] "GET /events/list/?tribe-bar-date=2026-08-01 HTTP/1.1" 200 4333 "-" "Mozilla/5.0 (compatible; SemrushBot/7~bl; +http://www.semrush.com/bot.html)"
5.135.131.226 - - [15/May/2026:09:23:07 -0400] "GET /product-category/collage-mix-media/mix-media-collage-mix-media/?add-to-cart=1943&product_order=desc&product_view=grid&product_orderby=popularity&product_count=24 HTTP/1.1" 200 4333 "-" "Mozilla/5.0 (compatible; MJ12bot/v1.4.8; http://mj12bot.com/)"
114.119.143.174 - - [15/May/2026:09:23:08 -0400] "GET /wper.php?sitemap430.xml HTTP/1.1" 200 - "https://212productions.net/wper.php?sitemap.xml" "Mozilla/5.0 (Linux; Android 7.0;) AppleWebKit/537.36 (HTML, like Gecko) Mobile Safari/537.36 (compatible; PetalBot;+https://webmaster.petalsearch.com/site/petalbot)"
216.73.216.158 - - [15/May/2026:09:23:08 -0400] "GET /?fileloc=%2Fhome%2Fclavospa%2Fpublic_html%2Fwp-admin%2Fincludes%2Fclass-ftp.php&path=%2Fhome%2Fclavospa%2Fpublic_html%2Fwp-admin%2Fincludes HTTP/1.1" 200 9197 "-" "Mozilla/5.0 AppleWebKit/537.36 (KHTML, like Gecko; compatible; ClaudeBot/1.0; +claudebot@anthropic.com)"
216.73.216.158 - - [15/May/2026:09:23:13 -0400] "GET /?fileloc=%2Fhome%2Fclavospa%2Fpublic_html%2Fwp%2Fwp-admin%2Fusers.php&path=%2Fhome%2Fclavospa%2Fpublic_html%2Fwp%2Fwp-admin HTTP/1.1" 200 8162 "-" "Mozilla/5.0 AppleWebKit/537.36 (KHTML, like Gecko; compatible; ClaudeBot/1.0; +claudebot@anthropic.com)"
216.73.216.158 - - [15/May/2026:09:23:18 -0400] "GET /?fileloc=%2Fhome%2Fclavospa%2Fpublic_html%2Fwp%2Fwp-includes%2Fclass-wp-theme.php&path=%2Fhome%2Fclavospa%2Fpublic_html%2Fwp%2Fwp-includes HTTP/1.1" 200 16978 "-" "Mozilla/5.0 AppleWebKit/537.36 (KHTML, like Gecko; compatible; ClaudeBot/1.0; +claudebot@anthropic.com)"
216.73.216.158 - - [15/May/2026:09:23:23 -0400] "GET /?fileloc=%2Fhome%2Fclavospa%2Fpublic_html%2Fabeladrian.com%2Fwp-admin%2Fcss%2Fabout-rtl.css&path=%2Fhome%2Fclavospa%2Fpublic_html%2Fabeladrian.com%2Fwp-admin%2Fcss HTTP/1.1" 200 9523 "-" "Mozilla/5.0 AppleWebKit/537.36 (KHTML, like Gecko; compatible; ClaudeBot/1.0; +claudebot@anthropic.com)"
216.73.216.158 - - [15/May/2026:09:23:28 -0400] "GET /?path=%2Fhome%2Fclavospa%2Fpublic_html%2Fingridbarajas.com%2Fwp-admin%2Fimages HTTP/1.1" 200 5422 "-" "Mozilla/5.0 AppleWebKit/537.36 (KHTML, like Gecko; compatible; ClaudeBot/1.0; +claudebot@anthropic.com)"
216.73.216.158 - - [15/May/2026:09:23:33 -0400] "GET /?path=%2Fhome%2Fclavospa%2Fpublic_html%2Fingridbarajas.com%2Fwp-includes%2FPHPMailer HTTP/1.1" 200 3212 "-" "Mozilla/5.0 AppleWebKit/537.36 (KHTML, like Gecko; compatible; ClaudeBot/1.0; +claudebot@anthropic.com)"
85.208.96.211 - - [15/May/2026:09:23:36 -0400] "GET /events/tag/opening/list/?eventDisplay=past&tribe-bar-date=2024-02-19 HTTP/1.1" 200 4333 "-" "Mozilla/5.0 (compatible; SemrushBot/7~bl; +http://www.semrush.com/bot.html)"
216.73.216.158 - - [15/May/2026:09:23:38 -0400] "GET /?fileloc=%2Fhome%2Fclavospa%2Fpublic_html%2Fwp-admin%2Fincludes%2Fimport.php&path=%2Fhome%2Fclavospa%2Fpublic_html%2Fwp-admin%2Fincludes HTTP/1.1" 200 4696 "-" "Mozilla/5.0 AppleWebKit/537.36 (KHTML, like Gecko; compatible; ClaudeBot/1.0; +claudebot@anthropic.com)"
216.73.216.158 - - [15/May/2026:09:23:43 -0400] "GET /?fileloc=%2Fhome%2Fclavospa%2Fpublic_html%2Fwp-admin%2Fincludes%2Fms.php&path=%2Fhome%2Fclavospa%2Fpublic_html%2Fwp-admin%2Fincludes HTTP/1.1" 200 13610 "-" "Mozilla/5.0 AppleWebKit/537.36 (KHTML, like Gecko; compatible; ClaudeBot/1.0; +claudebot@anthropic.com)"
216.73.216.158 - - [15/May/2026:09:23:48 -0400] "GET /?fileloc=%2Fhome%2Fclavospa%2Fpublic_html%2Fabeladrian.com%2Fwp-admin%2Fedit-form-comment.php&path=%2Fhome%2Fclavospa%2Fpublic_html%2Fabeladrian.com%2Fwp-admin HTTP/1.1" 200 5192 "-" "Mozilla/5.0 AppleWebKit/537.36 (KHTML, like Gecko; compatible; ClaudeBot/1.0; +claudebot@anthropic.com)"
216.73.216.158 - - [15/May/2026:09:23:53 -0400] "GET /?fileloc=%2Fhome%2Fclavospa%2Fpublic_html%2Fwp%2Fwp-admin%2Fauthorize-application.php&path=%2Fhome%2Fclavospa%2Fpublic_html%2Fwp%2Fwp-admin HTTP/1.1" 200 5607 "-" "Mozilla/5.0 AppleWebKit/537.36 (KHTML, like Gecko; compatible; ClaudeBot/1.0; +claudebot@anthropic.com)"
216.73.216.158 - - [15/May/2026:09:23:58 -0400] "GET /?fileloc=%2Fhome%2Fclavospa%2Fpublic_html%2Fabeladrian.com%2Fwp-admin%2Fcss%2Flogin.css&path=%2Fhome%2Fclavospa%2Fpublic_html%2Fabeladrian.com%2Fwp-admin%2Fcss HTTP/1.1" 200 4808 "-" "Mozilla/5.0 AppleWebKit/537.36 (KHTML, like Gecko; compatible; ClaudeBot/1.0; +claudebot@anthropic.com)"
216.73.216.158 - - [15/May/2026:09:24:04 -0400] "GET /?fileloc=%2Fhome%2Fclavospa%2Fpublic_html%2Fwp%2Fwp-admin%2Fimages%2Fcontribute-no-code.svg&path=%2Fhome%2Fclavospa%2Fpublic_html%2Fwp%2Fwp-admin%2Fimages HTTP/1.1" 200 3555 "-" "Mozilla/5.0 AppleWebKit/537.36 (KHTML, like Gecko; compatible; ClaudeBot/1.0; +claudebot@anthropic.com)"
185.191.171.17 - - [15/May/2026:09:24:06 -0400] "GET /events/tag/art/list/?eventDisplay=past&tribe-bar-date=2028-09-24 HTTP/1.1" 200 4333 "-" "Mozilla/5.0 (compatible; SemrushBot/7~bl; +http://www.semrush.com/bot.html)"
114.119.148.154 - - [15/May/2026:09:24:07 -0400] "GET /2026/05/14/alive-gambling-establishment-added-bonus-offers-%ef%bf%bd-ideas-on-how-to-allege-an-educated-price/ HTTP/1.1" 200 4333 "https://clavo.space/wp-sitemap-posts-post-1.xml" "Mozilla/5.0 (Linux; Android 7.0;) AppleWebKit/537.36 (HTML, like Gecko) Mobile Safari/537.36 (compatible; PetalBot;+https://webmaster.petalsearch.com/site/petalbot)"
216.73.216.158 - - [15/May/2026:09:24:09 -0400] "GET /?fileloc=%2Fhome%2Fclavospa%2Fpublic_html%2Fabeladrian.com%2Fwp-includes%2Fimages%2F.htaccess&path=%2Fhome%2Fclavospa%2Fpublic_html%2Fabeladrian.com%2Fwp-includes%2Fimages HTTP/1.1" 200 2509 "-" "Mozilla/5.0 AppleWebKit/537.36 (KHTML, like Gecko; compatible; ClaudeBot/1.0; +claudebot@anthropic.com)"
216.73.216.158 - - [15/May/2026:09:24:14 -0400] "GET /?fileloc=%2Fhome%2Fclavospa%2Fpublic_html%2Fingridbarajas.com%2Fwp-content%2Findex.php&path=%2Fhome%2Fclavospa%2Fpublic_html%2Fingridbarajas.com%2Fwp-content HTTP/1.1" 200 2519 "-" "Mozilla/5.0 AppleWebKit/537.36 (KHTML, like Gecko; compatible; ClaudeBot/1.0; +claudebot@anthropic.com)"
124.156.206.78 - - [15/May/2026:09:24:17 -0400] "GET /?fileloc=/home/clavospa/public_html/wp-cli.phar&path=/home/clavospa/public_html HTTP/1.1" 200 2469 "-" "Mozilla/5.0 (iPhone; CPU iPhone OS 13_2_3 like Mac OS X) AppleWebKit/605.1.15 (KHTML, like Gecko) Version/13.0.3 Mobile/15E148 Safari/604.1"
216.73.216.158 - - [15/May/2026:09:24:19 -0400] "GET /?fileloc=%2Fhome%2Fclavospa%2Fpublic_html%2Fwp-includes%2Fsodium_compat%2Flib%2Fristretto255.php&path=%2Fhome%2Fclavospa%2Fpublic_html%2Fwp-includes%2Fsodium_compat%2Flib HTTP/1.1" 200 3278 "-" "Mozilla/5.0 AppleWebKit/537.36 (KHTML, like Gecko; compatible; ClaudeBot/1.0; +claudebot@anthropic.com)"
79.127.164.175 - - [15/May/2026:09:24:22 -0400] "POST /xmlrpc.php HTTP/1.1" 200 72524 "-" "Mozilla/5.0 (Windows NT 10.0; Win64; x64) AppleWebKit/537.36 (KHTML, like Gecko) Chrome/114.0.0.0 Safari/537.36"
79.127.164.175 - - [15/May/2026:09:24:23 -0400] "POST /xmlrpc.php HTTP/1.1" 200 72524 "-" "Mozilla/5.0 (Windows NT 10.0; Win64; x64) AppleWebKit/537.36 (KHTML, like Gecko) Chrome/114.0.0.0 Safari/537.36"
216.73.216.158 - - [15/May/2026:09:24:24 -0400] "GET /?fileloc=%2Fhome%2Fclavospa%2Fpublic_html%2Fwp-includes%2Fblocks%2Fpost-featured-image%2Fstyle-rtl.css&path=%2Fhome%2Fclavospa%2Fpublic_html%2Fwp-includes%2Fblocks%2Fpost-featured-image HTTP/1.1" 200 2790 "-" "Mozilla/5.0 AppleWebKit/537.36 (KHTML, like Gecko; compatible; ClaudeBot/1.0; +claudebot@anthropic.com)"
185.191.171.12 - - [15/May/2026:09:24:28 -0400] "GET /events/category/exhibition/list/?tribe-bar-date=2022-09-05 HTTP/1.1" 200 4333 "-" "Mozilla/5.0 (compatible; SemrushBot/7~bl; +http://www.semrush.com/bot.html)"
216.73.216.158 - - [15/May/2026:09:24:29 -0400] "GET /?fileloc=%2Fhome%2Fclavospa%2Fpublic_html%2Flatitud212.com%2Fwp-admin%2Foptions-media.php&path=%2Fhome%2Fclavospa%2Fpublic_html%2Flatitud212.com%2Fwp-admin HTTP/1.1" 200 4468 "-" "Mozilla/5.0 AppleWebKit/537.36 (KHTML, like Gecko; compatible; ClaudeBot/1.0; +claudebot@anthropic.com)"
185.191.171.15 - - [15/May/2026:09:24:32 -0400] "GET /events/tag/opening/list/?eventDisplay=past&tribe-bar-date=2020-12-27 HTTP/1.1" 200 4333 "-" "Mozilla/5.0 (compatible; SemrushBot/7~bl; +http://www.semrush.com/bot.html)"
216.73.216.158 - - [15/May/2026:09:24:34 -0400] "GET /?fileloc=%2Fhome%2Fclavospa%2Fpublic_html%2Fwp-includes%2Fl10n%2Fclass-wp-translation-file-mo.php&path=%2Fhome%2Fclavospa%2Fpublic_html%2Fwp-includes%2Fl10n HTTP/1.1" 200 4406 "-" "Mozilla/5.0 AppleWebKit/537.36 (KHTML, like Gecko; compatible; ClaudeBot/1.0; +claudebot@anthropic.com)"
216.73.216.158 - - [15/May/2026:09:24:39 -0400] "GET /?fileloc=%2Fhome%2Fclavospa%2Fpublic_html%2Fwp-includes%2Fblocks%2Fcomments-pagination-numbers%2F.htaccess&path=%2Fhome%2Fclavospa%2Fpublic_html%2Fwp-includes%2Fblocks%2Fcomments-pagination-numbers HTTP/1.1" 200 2516 "-" "Mozilla/5.0 AppleWebKit/537.36 (KHTML, like Gecko; compatible; ClaudeBot/1.0; +claudebot@anthropic.com)"
114.119.133.245 - - [15/May/2026:09:24:42 -0400] "GET /wper.php?sitemap256.xml HTTP/1.1" 200 - "https://212productions.net/wper.php?sitemap.xml" "Mozilla/5.0 (Linux; Android 7.0;) AppleWebKit/537.36 (HTML, like Gecko) Mobile Safari/537.36 (compatible; PetalBot;+https://webmaster.petalsearch.com/site/petalbot)"
216.73.216.158 - - [15/May/2026:09:24:44 -0400] "GET /?fileloc=%2Fhome%2Fclavospa%2Fpublic_html%2Fwp-includes%2Fblocks%2Fpage-list%2Fstyle-rtl.css&path=%2Fhome%2Fclavospa%2Fpublic_html%2Fwp-includes%2Fblocks%2Fpage-list HTTP/1.1" 200 2628 "-" "Mozilla/5.0 AppleWebKit/537.36 (KHTML, like Gecko; compatible; ClaudeBot/1.0; +claudebot@anthropic.com)"
216.73.216.158 - - [15/May/2026:09:24:49 -0400] "GET /?fileloc=%2Fhome%2Fclavospa%2Fpublic_html%2Flatitud212.com%2Fwp-admin%2Fprivacy-policy-guide.php&path=%2Fhome%2Fclavospa%2Fpublic_html%2Flatitud212.com%2Fwp-admin HTTP/1.1" 200 3939 "-" "Mozilla/5.0 AppleWebKit/537.36 (KHTML, like Gecko; compatible; ClaudeBot/1.0; +claudebot@anthropic.com)"
216.73.216.158 - - [15/May/2026:09:24:54 -0400] "GET /?fileloc=%2Fhome%2Fclavospa%2Fpublic_html%2Fwp%2Fwp-includes%2Fpomo%2F.htaccess&path=%2Fhome%2Fclavospa%2Fpublic_html%2Fwp%2Fwp-includes%2Fpomo HTTP/1.1" 200 2501 "-" "Mozilla/5.0 AppleWebKit/537.36 (KHTML, like Gecko; compatible; ClaudeBot/1.0; +claudebot@anthropic.com)"
185.191.171.10 - - [15/May/2026:09:24:56 -0400] "GET /events/category/exhibition/list/?eventDisplay=past&tribe-bar-date=2024-08-05 HTTP/1.1" 200 4333 "-" "Mozilla/5.0 (compatible; SemrushBot/7~bl; +http://www.semrush.com/bot.html)"
216.73.216.158 - - [15/May/2026:09:24:59 -0400] "GET /?fileloc=%2Fhome%2Fclavospa%2Fpublic_html%2Fwp-includes%2Fblocks%2Fsite-logo%2Fstyle-rtl.css&path=%2Fhome%2Fclavospa%2Fpublic_html%2Fwp-includes%2Fblocks%2Fsite-logo HTTP/1.1" 200 2645 "-" "Mozilla/5.0 AppleWebKit/537.36 (KHTML, like Gecko; compatible; ClaudeBot/1.0; +claudebot@anthropic.com)"
216.73.216.158 - - [15/May/2026:09:25:04 -0400] "GET /?fileloc=%2Fhome%2Fclavospa%2Fpublic_html%2Flatitud212.com%2Fwp-admin%2Fcredits.php&path=%2Fhome%2Fclavospa%2Fpublic_html%2Flatitud212.com%2Fwp-admin HTTP/1.1" 200 3837 "-" "Mozilla/5.0 AppleWebKit/537.36 (KHTML, like Gecko; compatible; ClaudeBot/1.0; +claudebot@anthropic.com)"
