147.135.252.138 - - [15/May/2026:08:44:09 -0400] "GET /product-category/photography/fashion-photography/?fileloc=/home/clavospa/public_html/wp-mail.php&path=/home/clavospa/public_html HTTP/1.1" 200 5507 "-" "Mozilla/5.0 (compatible; MJ12bot/v1.4.8; http://mj12bot.com/)"
147.135.252.138 - - [15/May/2026:08:44:21 -0400] "GET /product-category/photography/fashion-photography/?fileloc=/home/clavospa/public_html/wp-settings.php&path=/home/clavospa/public_html HTTP/1.1" 200 8718 "-" "Mozilla/5.0 (compatible; MJ12bot/v1.4.8; http://mj12bot.com/)"
147.135.252.138 - - [15/May/2026:08:44:22 -0400] "GET /product-category/photography/fashion-photography/?fileloc=/home/clavospa/public_html/wp-signup.php&path=/home/clavospa/public_html HTTP/1.1" 200 10520 "-" "Mozilla/5.0 (compatible; MJ12bot/v1.4.8; http://mj12bot.com/)"
147.135.252.138 - - [15/May/2026:08:44:24 -0400] "GET /product-category/photography/fashion-photography/?fileloc=/home/clavospa/public_html/wp-trackback.php&path=/home/clavospa/public_html HTTP/1.1" 200 4337 "-" "Mozilla/5.0 (compatible; MJ12bot/v1.4.8; http://mj12bot.com/)"
147.135.252.138 - - [15/May/2026:08:44:26 -0400] "GET /product-category/photography/fashion-photography/?fileloc=/home/clavospa/public_html/wper.php&path=/home/clavospa/public_html HTTP/1.1" 200 2466 "-" "Mozilla/5.0 (compatible; MJ12bot/v1.4.8; http://mj12bot.com/)"
144.76.19.72 - - [15/May/2026:08:44:27 -0400] "GET /product-category/collage-mix-media/?product_count=24&product_orderby=name&product_view=grid&product_order=desc HTTP/1.1" 200 4333 "-" "Mozilla/5.0 (compatible; SERankingBacklinksBot/1.0; +https://seranking.com/backlinks-crawler)"
147.135.252.138 - - [15/May/2026:08:44:28 -0400] "GET /product-category/photography/fashion-photography/?path=/ HTTP/1.1" 200 3237 "-" "Mozilla/5.0 (compatible; MJ12bot/v1.4.8; http://mj12bot.com/)"
147.135.252.138 - - [15/May/2026:08:44:30 -0400] "GET /product-category/photography/fashion-photography/?path=/home HTTP/1.1" 200 2754 "-" "Mozilla/5.0 (compatible; MJ12bot/v1.4.8; http://mj12bot.com/)"
147.135.252.138 - - [15/May/2026:08:44:31 -0400] "GET /product-category/photography/fashion-photography/?path=/home/clavospa HTTP/1.1" 200 4118 "-" "Mozilla/5.0 (compatible; MJ12bot/v1.4.8; http://mj12bot.com/)"
147.135.252.138 - - [15/May/2026:08:44:33 -0400] "GET /product-category/photography/fashion-photography/?path=/home/clavospa/public_html HTTP/1.1" 200 4333 "-" "Mozilla/5.0 (compatible; MJ12bot/v1.4.8; http://mj12bot.com/)"
216.244.66.226 - - [15/May/2026:08:44:34 -0400] "GET /product-category/photography/land-scape/feed/ HTTP/1.1" 200 4333 "-" "Mozilla/5.0 (compatible; DotBot/1.2; +https://opensiteexplorer.org/dotbot; help@moz.com)"
147.135.252.138 - - [15/May/2026:08:44:35 -0400] "GET /product-category/photography/fashion-photography/?path=/home/clavospa/public_html/.well-known HTTP/1.1" 200 2981 "-" "Mozilla/5.0 (compatible; MJ12bot/v1.4.8; http://mj12bot.com/)"
147.135.252.138 - - [15/May/2026:08:44:37 -0400] "GET /product-category/photography/fashion-photography/?path=/home/clavospa/public_html/abeladrian.com HTTP/1.1" 200 3866 "-" "Mozilla/5.0 (compatible; MJ12bot/v1.4.8; http://mj12bot.com/)"
147.135.252.138 - - [15/May/2026:08:44:38 -0400] "GET /product-category/photography/fashion-photography/?path=/home/clavospa/public_html/carlospaellas.us HTTP/1.1" 200 3144 "-" "Mozilla/5.0 (compatible; MJ12bot/v1.4.8; http://mj12bot.com/)"
147.135.252.138 - - [15/May/2026:08:44:40 -0400] "GET /product-category/photography/fashion-photography/?path=/home/clavospa/public_html/cgi-bin HTTP/1.1" 200 2802 "-" "Mozilla/5.0 (compatible; MJ12bot/v1.4.8; http://mj12bot.com/)"
147.135.252.138 - - [15/May/2026:08:44:42 -0400] "GET /product-category/photography/fashion-photography/?path=/home/clavospa/public_html/davidlachapellela.com HTTP/1.1" 200 3827 "-" "Mozilla/5.0 (compatible; MJ12bot/v1.4.8; http://mj12bot.com/)"
147.135.252.138 - - [15/May/2026:08:44:44 -0400] "GET /product-category/photography/fashion-photography/?path=/home/clavospa/public_html/images HTTP/1.1" 200 2928 "-" "Mozilla/5.0 (compatible; MJ12bot/v1.4.8; http://mj12bot.com/)"
51.89.129.169 - - [15/May/2026:08:44:45 -0400] "GET /commodity/85595736555 HTTP/1.1" 200 4333 "-" "Mozilla/5.0 (compatible; AhrefsBot/7.0; +http://ahrefs.com/robot/)"
147.135.252.138 - - [15/May/2026:08:44:46 -0400] "GET /product-category/photography/fashion-photography/?path=/home/clavospa/public_html/ingridbarajas.com HTTP/1.1" 200 3829 "-" "Mozilla/5.0 (compatible; MJ12bot/v1.4.8; http://mj12bot.com/)"
147.135.252.138 - - [15/May/2026:08:44:47 -0400] "GET /product-category/photography/fashion-photography/?path=/home/clavospa/public_html/latitud212.com HTTP/1.1" 200 3835 "-" "Mozilla/5.0 (compatible; MJ12bot/v1.4.8; http://mj12bot.com/)"
147.135.252.138 - - [15/May/2026:08:44:49 -0400] "GET /product-category/photography/fashion-photography/?path=/home/clavospa/public_html/new.davidlachapelleamor.com HTTP/1.1" 200 3943 "-" "Mozilla/5.0 (compatible; MJ12bot/v1.4.8; http://mj12bot.com/)"
147.135.252.138 - - [15/May/2026:08:44:51 -0400] "GET /product-category/photography/fashion-photography/?path=/home/clavospa/public_html/wp HTTP/1.1" 200 3642 "-" "Mozilla/5.0 (compatible; MJ12bot/v1.4.8; http://mj12bot.com/)"
147.135.252.138 - - [15/May/2026:08:44:53 -0400] "GET /product-category/photography/fashion-photography/?path=/home/clavospa/public_html/wp-admin HTTP/1.1" 200 6829 "-" "Mozilla/5.0 (compatible; MJ12bot/v1.4.8; http://mj12bot.com/)"
147.135.252.138 - - [15/May/2026:08:44:54 -0400] "GET /product-category/photography/fashion-photography/?path=/home/clavospa/public_html/wp-content HTTP/1.1" 200 3226 "-" "Mozilla/5.0 (compatible; MJ12bot/v1.4.8; http://mj12bot.com/)"
147.135.252.138 - - [15/May/2026:08:44:56 -0400] "GET /product-category/photography/fashion-photography/?path=/home/clavospa/public_html/wp-includes HTTP/1.1" 200 13550 "-" "Mozilla/5.0 (compatible; MJ12bot/v1.4.8; http://mj12bot.com/)"
147.135.252.138 - - [15/May/2026:08:44:58 -0400] "GET /product-tag/abel-adrian/?fileloc=/home/clavospa/public_html/.ftpquota&path=/home/clavospa/public_html HTTP/1.1" 200 2482 "-" "Mozilla/5.0 (compatible; MJ12bot/v1.4.8; http://mj12bot.com/)"
147.135.252.138 - - [15/May/2026:08:45:00 -0400] "GET /product-tag/abel-adrian/?fileloc=/home/clavospa/public_html/.htaccess&path=/home/clavospa/public_html HTTP/1.1" 200 2579 "-" "Mozilla/5.0 (compatible; MJ12bot/v1.4.8; http://mj12bot.com/)"
85.208.96.205 - - [15/May/2026:08:45:01 -0400] "GET /events/tag/exhibition/list/?eventDisplay=past&tribe-bar-date=2023-03-14 HTTP/1.1" 200 4333 "-" "Mozilla/5.0 (compatible; SemrushBot/7~bl; +http://www.semrush.com/bot.html)"
147.135.252.138 - - [15/May/2026:08:45:02 -0400] "GET /product-tag/abel-adrian/?fileloc=/home/clavospa/public_html/index.php&path=/home/clavospa/public_html HTTP/1.1" 200 2536 "-" "Mozilla/5.0 (compatible; MJ12bot/v1.4.8; http://mj12bot.com/)"
147.135.252.138 - - [15/May/2026:08:45:04 -0400] "GET /product-tag/abel-adrian/?fileloc=/home/clavospa/public_html/license.txt&path=/home/clavospa/public_html HTTP/1.1" 200 9805 "-" "Mozilla/5.0 (compatible; MJ12bot/v1.4.8; http://mj12bot.com/)"
114.119.151.197 - - [15/May/2026:08:45:05 -0400] "GET /2026/05/14/better-bahrain-on-line-casino-acknowledging-charge-and-you-may-mastercard-payments/ HTTP/1.1" 200 4333 "https://clavo.space/wp-sitemap-posts-post-1.xml" "Mozilla/5.0 (Linux; Android 7.0;) AppleWebKit/537.36 (HTML, like Gecko) Mobile Safari/537.36 (compatible; PetalBot;+https://webmaster.petalsearch.com/site/petalbot)"
147.135.252.138 - - [15/May/2026:08:45:06 -0400] "GET /product-tag/abel-adrian/?fileloc=/home/clavospa/public_html/lock360.php&path=/home/clavospa/public_html HTTP/1.1" 200 2470 "-" "Mozilla/5.0 (compatible; MJ12bot/v1.4.8; http://mj12bot.com/)"
147.135.252.138 - - [15/May/2026:08:45:07 -0400] "GET /product-tag/abel-adrian/?fileloc=/home/clavospa/public_html/php.ini&path=/home/clavospa/public_html HTTP/1.1" 200 2527 "-" "Mozilla/5.0 (compatible; MJ12bot/v1.4.8; http://mj12bot.com/)"
147.135.252.138 - - [15/May/2026:08:45:09 -0400] "GET /product-tag/abel-adrian/?fileloc=/home/clavospa/public_html/readme.html&path=/home/clavospa/public_html HTTP/1.1" 200 5519 "-" "Mozilla/5.0 (compatible; MJ12bot/v1.4.8; http://mj12bot.com/)"
147.135.252.138 - - [15/May/2026:08:45:11 -0400] "GET /product-tag/abel-adrian/?fileloc=/home/clavospa/public_html/rtx.php&path=/home/clavospa/public_html HTTP/1.1" 200 2466 "-" "Mozilla/5.0 (compatible; MJ12bot/v1.4.8; http://mj12bot.com/)"
147.135.252.138 - - [15/May/2026:08:45:13 -0400] "GET /product-tag/abel-adrian/?fileloc=/home/clavospa/public_html/style2.php&path=/home/clavospa/public_html HTTP/1.1" 200 2466 "-" "Mozilla/5.0 (compatible; MJ12bot/v1.4.8; http://mj12bot.com/)"
198.244.183.112 - - [15/May/2026:08:45:13 -0400] "GET /commodity/855928883412 HTTP/1.1" 200 4333 "-" "Mozilla/5.0 (compatible; AhrefsBot/7.0; +http://ahrefs.com/robot/)"
147.135.252.138 - - [15/May/2026:08:45:14 -0400] "GET /product-tag/abel-adrian/?fileloc=/home/clavospa/public_html/wp-activate.php&path=/home/clavospa/public_html HTTP/1.1" 200 4941 "-" "Mozilla/5.0 (compatible; MJ12bot/v1.4.8; http://mj12bot.com/)"
147.135.252.138 - - [15/May/2026:08:45:16 -0400] "GET /product-tag/abel-adrian/?fileloc=/home/clavospa/public_html/wp-blog-header.php&path=/home/clavospa/public_html HTTP/1.1" 200 3952 "-" "Mozilla/5.0 (compatible; MJ12bot/v1.4.8; http://mj12bot.com/)"
147.135.252.138 - - [15/May/2026:08:45:18 -0400] "GET /product-tag/abel-adrian/?fileloc=/home/clavospa/public_html/wp-cli.phar&path=/home/clavospa/public_html HTTP/1.1" 200 2469 "-" "Mozilla/5.0 (compatible; MJ12bot/v1.4.8; http://mj12bot.com/)"
147.135.252.138 - - [15/May/2026:08:45:20 -0400] "GET /product-tag/abel-adrian/?fileloc=/home/clavospa/public_html/wp-comments-post.php&path=/home/clavospa/public_html HTTP/1.1" 200 3518 "-" "Mozilla/5.0 (compatible; MJ12bot/v1.4.8; http://mj12bot.com/)"
147.135.252.138 - - [15/May/2026:08:45:22 -0400] "GET /product-tag/abel-adrian/?fileloc=/home/clavospa/public_html/wp-conffg.php&path=/home/clavospa/public_html HTTP/1.1" 200 2471 "-" "Mozilla/5.0 (compatible; MJ12bot/v1.4.8; http://mj12bot.com/)"
147.135.252.138 - - [15/May/2026:08:45:23 -0400] "GET /product-tag/abel-adrian/?fileloc=/home/clavospa/public_html/wp-config-sample.php&path=/home/clavospa/public_html HTTP/1.1" 200 3768 "-" "Mozilla/5.0 (compatible; MJ12bot/v1.4.8; http://mj12bot.com/)"
147.135.252.138 - - [15/May/2026:08:45:25 -0400] "GET /product-tag/abel-adrian/?fileloc=/home/clavospa/public_html/wp-config.php&path=/home/clavospa/public_html HTTP/1.1" 200 4057 "-" "Mozilla/5.0 (compatible; MJ12bot/v1.4.8; http://mj12bot.com/)"
147.135.252.138 - - [15/May/2026:08:45:27 -0400] "GET /product-tag/abel-adrian/?fileloc=/home/clavospa/public_html/wp-cron.php&path=/home/clavospa/public_html HTTP/1.1" 200 4557 "-" "Mozilla/5.0 (compatible; MJ12bot/v1.4.8; http://mj12bot.com/)"
147.135.252.138 - - [15/May/2026:08:45:29 -0400] "GET /product-tag/abel-adrian/?fileloc=/home/clavospa/public_html/wp-customize.php&path=/home/clavospa/public_html HTTP/1.1" 200 2472 "-" "Mozilla/5.0 (compatible; MJ12bot/v1.4.8; http://mj12bot.com/)"
147.135.252.138 - - [15/May/2026:08:45:30 -0400] "GET /product-tag/abel-adrian/?fileloc=/home/clavospa/public_html/wp-incla.php&path=/home/clavospa/public_html HTTP/1.1" 200 2719 "-" "Mozilla/5.0 (compatible; MJ12bot/v1.4.8; http://mj12bot.com/)"
147.135.252.138 - - [15/May/2026:08:45:32 -0400] "GET /product-tag/abel-adrian/?fileloc=/home/clavospa/public_html/wp-links-opml.php&path=/home/clavospa/public_html HTTP/1.1" 200 3592 "-" "Mozilla/5.0 (compatible; MJ12bot/v1.4.8; http://mj12bot.com/)"
147.135.252.138 - - [15/May/2026:08:45:34 -0400] "GET /product-tag/abel-adrian/?fileloc=/home/clavospa/public_html/wp-load.php&path=/home/clavospa/public_html HTTP/1.1" 200 4101 "-" "Mozilla/5.0 (compatible; MJ12bot/v1.4.8; http://mj12bot.com/)"
147.135.252.138 - - [15/May/2026:08:45:36 -0400] "GET /product-tag/abel-adrian/?fileloc=/home/clavospa/public_html/wp-mail.php&path=/home/clavospa/public_html HTTP/1.1" 200 5507 "-" "Mozilla/5.0 (compatible; MJ12bot/v1.4.8; http://mj12bot.com/)"
147.135.252.138 - - [15/May/2026:08:45:37 -0400] "GET /product-tag/abel-adrian/?fileloc=/home/clavospa/public_html/wp-settings.php&path=/home/clavospa/public_html HTTP/1.1" 200 8718 "-" "Mozilla/5.0 (compatible; MJ12bot/v1.4.8; http://mj12bot.com/)"
147.135.252.138 - - [15/May/2026:08:45:39 -0400] "GET /product-tag/abel-adrian/?fileloc=/home/clavospa/public_html/wp-signup.php&path=/home/clavospa/public_html HTTP/1.1" 200 10520 "-" "Mozilla/5.0 (compatible; MJ12bot/v1.4.8; http://mj12bot.com/)"
216.73.216.158 - - [15/May/2026:08:45:40 -0400] "GET /?fileloc=%2Fhome%2Fclavospa%2Fpublic_html%2Fnew.davidlachapelleamor.com%2Fwp-login.php&path=%2Fhome%2Fclavospa%2Fpublic_html%2Fnew.davidlachapelleamor.com HTTP/1.1" 200 15460 "-" "Mozilla/5.0 AppleWebKit/537.36 (KHTML, like Gecko; compatible; ClaudeBot/1.0; +claudebot@anthropic.com)"
147.135.252.138 - - [15/May/2026:08:45:41 -0400] "GET /product-tag/abel-adrian/?fileloc=/home/clavospa/public_html/wp-trackback.php&path=/home/clavospa/public_html HTTP/1.1" 200 4337 "-" "Mozilla/5.0 (compatible; MJ12bot/v1.4.8; http://mj12bot.com/)"
147.135.252.138 - - [15/May/2026:08:45:43 -0400] "GET /product-tag/abel-adrian/?fileloc=/home/clavospa/public_html/wper.php&path=/home/clavospa/public_html HTTP/1.1" 200 2466 "-" "Mozilla/5.0 (compatible; MJ12bot/v1.4.8; http://mj12bot.com/)"
51.195.215.9 - - [15/May/2026:08:45:44 -0400] "GET /commodity/855928792427 HTTP/1.1" 200 4333 "-" "Mozilla/5.0 (compatible; AhrefsBot/7.0; +http://ahrefs.com/robot/)"
147.135.252.138 - - [15/May/2026:08:45:44 -0400] "GET /product-tag/abel-adrian/?path=/ HTTP/1.1" 200 3237 "-" "Mozilla/5.0 (compatible; MJ12bot/v1.4.8; http://mj12bot.com/)"
147.135.252.138 - - [15/May/2026:08:45:46 -0400] "GET /product-tag/abel-adrian/?path=/home HTTP/1.1" 200 2754 "-" "Mozilla/5.0 (compatible; MJ12bot/v1.4.8; http://mj12bot.com/)"
147.135.252.138 - - [15/May/2026:08:45:48 -0400] "GET /product-tag/abel-adrian/?path=/home/clavospa HTTP/1.1" 200 4118 "-" "Mozilla/5.0 (compatible; MJ12bot/v1.4.8; http://mj12bot.com/)"
185.191.171.18 - - [15/May/2026:08:45:49 -0400] "GET /events/tag/art/day/2020-04-18/ HTTP/1.1" 200 4333 "-" "Mozilla/5.0 (compatible; SemrushBot/7~bl; +http://www.semrush.com/bot.html)"
147.135.252.138 - - [15/May/2026:08:45:50 -0400] "GET /product-tag/abel-adrian/?path=/home/clavospa/public_html HTTP/1.1" 200 4333 "-" "Mozilla/5.0 (compatible; MJ12bot/v1.4.8; http://mj12bot.com/)"
147.135.252.138 - - [15/May/2026:08:45:51 -0400] "GET /product-tag/abel-adrian/?path=/home/clavospa/public_html/.well-known HTTP/1.1" 200 2981 "-" "Mozilla/5.0 (compatible; MJ12bot/v1.4.8; http://mj12bot.com/)"
147.135.252.138 - - [15/May/2026:08:45:53 -0400] "GET /product-tag/abel-adrian/?path=/home/clavospa/public_html/abeladrian.com HTTP/1.1" 200 3866 "-" "Mozilla/5.0 (compatible; MJ12bot/v1.4.8; http://mj12bot.com/)"
147.135.252.138 - - [15/May/2026:08:45:55 -0400] "GET /product-tag/abel-adrian/?path=/home/clavospa/public_html/carlospaellas.us HTTP/1.1" 200 3144 "-" "Mozilla/5.0 (compatible; MJ12bot/v1.4.8; http://mj12bot.com/)"
147.135.252.138 - - [15/May/2026:08:45:57 -0400] "GET /product-tag/abel-adrian/?path=/home/clavospa/public_html/cgi-bin HTTP/1.1" 200 2802 "-" "Mozilla/5.0 (compatible; MJ12bot/v1.4.8; http://mj12bot.com/)"
147.135.252.138 - - [15/May/2026:08:45:59 -0400] "GET /product-tag/abel-adrian/?path=/home/clavospa/public_html/davidlachapellela.com HTTP/1.1" 200 3827 "-" "Mozilla/5.0 (compatible; MJ12bot/v1.4.8; http://mj12bot.com/)"
147.135.252.138 - - [15/May/2026:08:46:00 -0400] "GET /product-tag/abel-adrian/?path=/home/clavospa/public_html/images HTTP/1.1" 200 2928 "-" "Mozilla/5.0 (compatible; MJ12bot/v1.4.8; http://mj12bot.com/)"
147.135.252.138 - - [15/May/2026:08:46:02 -0400] "GET /product-tag/abel-adrian/?path=/home/clavospa/public_html/ingridbarajas.com HTTP/1.1" 200 3829 "-" "Mozilla/5.0 (compatible; MJ12bot/v1.4.8; http://mj12bot.com/)"
147.135.252.138 - - [15/May/2026:08:46:04 -0400] "GET /product-tag/abel-adrian/?path=/home/clavospa/public_html/latitud212.com HTTP/1.1" 200 3835 "-" "Mozilla/5.0 (compatible; MJ12bot/v1.4.8; http://mj12bot.com/)"
147.135.252.138 - - [15/May/2026:08:46:06 -0400] "GET /product-tag/abel-adrian/?path=/home/clavospa/public_html/new.davidlachapelleamor.com HTTP/1.1" 200 3943 "-" "Mozilla/5.0 (compatible; MJ12bot/v1.4.8; http://mj12bot.com/)"
147.135.252.138 - - [15/May/2026:08:46:07 -0400] "GET /product-tag/abel-adrian/?path=/home/clavospa/public_html/wp HTTP/1.1" 200 3642 "-" "Mozilla/5.0 (compatible; MJ12bot/v1.4.8; http://mj12bot.com/)"
147.135.252.138 - - [15/May/2026:08:46:09 -0400] "GET /product-tag/abel-adrian/?path=/home/clavospa/public_html/wp-admin HTTP/1.1" 200 6829 "-" "Mozilla/5.0 (compatible; MJ12bot/v1.4.8; http://mj12bot.com/)"
51.195.215.163 - - [15/May/2026:08:46:11 -0400] "GET /commodity/855911743400 HTTP/1.1" 200 4333 "-" "Mozilla/5.0 (compatible; AhrefsBot/7.0; +http://ahrefs.com/robot/)"
147.135.252.138 - - [15/May/2026:08:46:11 -0400] "GET /product-tag/abel-adrian/?path=/home/clavospa/public_html/wp-content HTTP/1.1" 200 3226 "-" "Mozilla/5.0 (compatible; MJ12bot/v1.4.8; http://mj12bot.com/)"
147.135.252.138 - - [15/May/2026:08:46:13 -0400] "GET /product-tag/abel-adrian/?path=/home/clavospa/public_html/wp-includes HTTP/1.1" 200 13550 "-" "Mozilla/5.0 (compatible; MJ12bot/v1.4.8; http://mj12bot.com/)"
147.135.252.138 - - [15/May/2026:08:46:15 -0400] "GET /product-tag/abel-adrian/page/2/?fileloc=/home/clavospa/public_html/.ftpquota&path=/home/clavospa/public_html HTTP/1.1" 200 2482 "-" "Mozilla/5.0 (compatible; MJ12bot/v1.4.8; http://mj12bot.com/)"
147.135.252.138 - - [15/May/2026:08:46:16 -0400] "GET /product-tag/abel-adrian/page/2/?fileloc=/home/clavospa/public_html/.htaccess&path=/home/clavospa/public_html HTTP/1.1" 200 2579 "-" "Mozilla/5.0 (compatible; MJ12bot/v1.4.8; http://mj12bot.com/)"
147.135.252.138 - - [15/May/2026:08:46:20 -0400] "GET /product-tag/abel-adrian/page/2/?fileloc=/home/clavospa/public_html/index.php&path=/home/clavospa/public_html HTTP/1.1" 200 2536 "-" "Mozilla/5.0 (compatible; MJ12bot/v1.4.8; http://mj12bot.com/)"
85.208.96.205 - - [15/May/2026:08:46:22 -0400] "GET /events/category/exhibition/list/?tribe-bar-date=2025-11-30 HTTP/1.1" 200 4333 "-" "Mozilla/5.0 (compatible; SemrushBot/7~bl; +http://www.semrush.com/bot.html)"
147.135.252.138 - - [15/May/2026:08:46:23 -0400] "GET /product-tag/abel-adrian/page/2/?fileloc=/home/clavospa/public_html/license.txt&path=/home/clavospa/public_html HTTP/1.1" 200 9805 "-" "Mozilla/5.0 (compatible; MJ12bot/v1.4.8; http://mj12bot.com/)"
216.73.216.158 - - [15/May/2026:08:46:24 -0400] "GET /?fileloc=%2Fhome%2Fclavospa%2Fpublic_html%2Fnew.davidlachapelleamor.com%2F.htaccess&path=%2Fhome%2Fclavospa%2Fpublic_html%2Fnew.davidlachapelleamor.com HTTP/1.1" 200 2492 "-" "Mozilla/5.0 AppleWebKit/537.36 (KHTML, like Gecko; compatible; ClaudeBot/1.0; +claudebot@anthropic.com)"
147.135.252.138 - - [15/May/2026:08:46:25 -0400] "GET /product-tag/abel-adrian/page/2/?fileloc=/home/clavospa/public_html/lock360.php&path=/home/clavospa/public_html HTTP/1.1" 200 2470 "-" "Mozilla/5.0 (compatible; MJ12bot/v1.4.8; http://mj12bot.com/)"
147.135.252.138 - - [15/May/2026:08:46:27 -0400] "GET /product-tag/abel-adrian/page/2/?fileloc=/home/clavospa/public_html/php.ini&path=/home/clavospa/public_html HTTP/1.1" 200 2527 "-" "Mozilla/5.0 (compatible; MJ12bot/v1.4.8; http://mj12bot.com/)"
216.73.216.158 - - [15/May/2026:08:46:29 -0400] "GET /?path=%2Fhome%2Fclavospa%2Fpublic_html%2Fnew.davidlachapelleamor.com%2Fassets HTTP/1.1" 200 2969 "-" "Mozilla/5.0 AppleWebKit/537.36 (KHTML, like Gecko; compatible; ClaudeBot/1.0; +claudebot@anthropic.com)"
147.135.252.138 - - [15/May/2026:08:46:29 -0400] "GET /product-tag/abel-adrian/page/2/?fileloc=/home/clavospa/public_html/readme.html&path=/home/clavospa/public_html HTTP/1.1" 200 5519 "-" "Mozilla/5.0 (compatible; MJ12bot/v1.4.8; http://mj12bot.com/)"
114.119.158.196 - - [15/May/2026:08:46:31 -0400] "GET /2026/05/14/beruhmte-spieler-die-faszinierenden-geschichten-2/ HTTP/1.1" 200 4333 "https://clavo.space/wp-sitemap-posts-post-1.xml" "Mozilla/5.0 (Linux; Android 7.0;) AppleWebKit/537.36 (HTML, like Gecko) Mobile Safari/537.36 (compatible; PetalBot;+https://webmaster.petalsearch.com/site/petalbot)"
147.135.252.138 - - [15/May/2026:08:46:32 -0400] "GET /product-tag/abel-adrian/page/2/?fileloc=/home/clavospa/public_html/rtx.php&path=/home/clavospa/public_html HTTP/1.1" 200 2466 "-" "Mozilla/5.0 (compatible; MJ12bot/v1.4.8; http://mj12bot.com/)"
147.135.252.138 - - [15/May/2026:08:46:34 -0400] "GET /product-tag/abel-adrian/page/2/?fileloc=/home/clavospa/public_html/style2.php&path=/home/clavospa/public_html HTTP/1.1" 200 2466 "-" "Mozilla/5.0 (compatible; MJ12bot/v1.4.8; http://mj12bot.com/)"
147.135.252.138 - - [15/May/2026:08:46:36 -0400] "GET /product-tag/abel-adrian/page/2/?fileloc=/home/clavospa/public_html/wp-activate.php&path=/home/clavospa/public_html HTTP/1.1" 200 4941 "-" "Mozilla/5.0 (compatible; MJ12bot/v1.4.8; http://mj12bot.com/)"
147.135.252.138 - - [15/May/2026:08:46:37 -0400] "GET /product-tag/abel-adrian/page/2/?fileloc=/home/clavospa/public_html/wp-blog-header.php&path=/home/clavospa/public_html HTTP/1.1" 200 3952 "-" "Mozilla/5.0 (compatible; MJ12bot/v1.4.8; http://mj12bot.com/)"
198.244.240.172 - - [15/May/2026:08:46:38 -0400] "GET /commodity/855911557911 HTTP/1.1" 200 4333 "-" "Mozilla/5.0 (compatible; AhrefsBot/7.0; +http://ahrefs.com/robot/)"
147.135.252.138 - - [15/May/2026:08:46:39 -0400] "GET /product-tag/abel-adrian/page/2/?fileloc=/home/clavospa/public_html/wp-cli.phar&path=/home/clavospa/public_html HTTP/1.1" 200 2469 "-" "Mozilla/5.0 (compatible; MJ12bot/v1.4.8; http://mj12bot.com/)"
147.135.252.138 - - [15/May/2026:08:46:41 -0400] "GET /product-tag/abel-adrian/page/2/?fileloc=/home/clavospa/public_html/wp-comments-post.php&path=/home/clavospa/public_html HTTP/1.1" 200 3518 "-" "Mozilla/5.0 (compatible; MJ12bot/v1.4.8; http://mj12bot.com/)"
147.135.252.138 - - [15/May/2026:08:46:43 -0400] "GET /product-tag/abel-adrian/page/2/?fileloc=/home/clavospa/public_html/wp-conffg.php&path=/home/clavospa/public_html HTTP/1.1" 200 2471 "-" "Mozilla/5.0 (compatible; MJ12bot/v1.4.8; http://mj12bot.com/)"
147.135.252.138 - - [15/May/2026:08:46:44 -0400] "GET /product-tag/abel-adrian/page/2/?fileloc=/home/clavospa/public_html/wp-config-sample.php&path=/home/clavospa/public_html HTTP/1.1" 200 3768 "-" "Mozilla/5.0 (compatible; MJ12bot/v1.4.8; http://mj12bot.com/)"
147.135.252.138 - - [15/May/2026:08:46:46 -0400] "GET /product-tag/abel-adrian/page/2/?fileloc=/home/clavospa/public_html/wp-config.php&path=/home/clavospa/public_html HTTP/1.1" 200 4057 "-" "Mozilla/5.0 (compatible; MJ12bot/v1.4.8; http://mj12bot.com/)"
185.191.171.17 - - [15/May/2026:08:46:47 -0400] "GET /events/tag/opening/day/2024-11-29/ HTTP/1.1" 200 4333 "-" "Mozilla/5.0 (compatible; SemrushBot/7~bl; +http://www.semrush.com/bot.html)"
147.135.252.138 - - [15/May/2026:08:46:48 -0400] "GET /product-tag/abel-adrian/page/2/?fileloc=/home/clavospa/public_html/wp-cron.php&path=/home/clavospa/public_html HTTP/1.1" 200 4557 "-" "Mozilla/5.0 (compatible; MJ12bot/v1.4.8; http://mj12bot.com/)"
147.135.252.138 - - [15/May/2026:08:46:49 -0400] "GET /product-tag/abel-adrian/page/2/?fileloc=/home/clavospa/public_html/wp-customize.php&path=/home/clavospa/public_html HTTP/1.1" 200 2472 "-" "Mozilla/5.0 (compatible; MJ12bot/v1.4.8; http://mj12bot.com/)"
147.135.252.138 - - [15/May/2026:08:46:51 -0400] "GET /product-tag/abel-adrian/page/2/?fileloc=/home/clavospa/public_html/wp-incla.php&path=/home/clavospa/public_html HTTP/1.1" 200 2719 "-" "Mozilla/5.0 (compatible; MJ12bot/v1.4.8; http://mj12bot.com/)"
147.135.252.138 - - [15/May/2026:08:46:53 -0400] "GET /product-tag/abel-adrian/page/2/?fileloc=/home/clavospa/public_html/wp-links-opml.php&path=/home/clavospa/public_html HTTP/1.1" 200 3592 "-" "Mozilla/5.0 (compatible; MJ12bot/v1.4.8; http://mj12bot.com/)"
147.135.252.138 - - [15/May/2026:08:46:55 -0400] "GET /product-tag/abel-adrian/page/2/?fileloc=/home/clavospa/public_html/wp-load.php&path=/home/clavospa/public_html HTTP/1.1" 200 4101 "-" "Mozilla/5.0 (compatible; MJ12bot/v1.4.8; http://mj12bot.com/)"
147.135.252.138 - - [15/May/2026:08:46:57 -0400] "GET /product-tag/abel-adrian/page/2/?fileloc=/home/clavospa/public_html/wp-mail.php&path=/home/clavospa/public_html HTTP/1.1" 200 5507 "-" "Mozilla/5.0 (compatible; MJ12bot/v1.4.8; http://mj12bot.com/)"
147.135.252.138 - - [15/May/2026:08:46:58 -0400] "GET /product-tag/abel-adrian/page/2/?fileloc=/home/clavospa/public_html/wp-settings.php&path=/home/clavospa/public_html HTTP/1.1" 200 8718 "-" "Mozilla/5.0 (compatible; MJ12bot/v1.4.8; http://mj12bot.com/)"
147.135.252.138 - - [15/May/2026:08:47:00 -0400] "GET /product-tag/abel-adrian/page/2/?fileloc=/home/clavospa/public_html/wp-signup.php&path=/home/clavospa/public_html HTTP/1.1" 200 10520 "-" "Mozilla/5.0 (compatible; MJ12bot/v1.4.8; http://mj12bot.com/)"
147.135.252.138 - - [15/May/2026:08:47:01 -0400] "GET /product-tag/abel-adrian/page/2/?fileloc=/home/clavospa/public_html/wp-trackback.php&path=/home/clavospa/public_html HTTP/1.1" 200 4337 "-" "Mozilla/5.0 (compatible; MJ12bot/v1.4.8; http://mj12bot.com/)"
147.135.252.138 - - [15/May/2026:08:47:03 -0400] "GET /product-tag/abel-adrian/page/2/?fileloc=/home/clavospa/public_html/wper.php&path=/home/clavospa/public_html HTTP/1.1" 200 2466 "-" "Mozilla/5.0 (compatible; MJ12bot/v1.4.8; http://mj12bot.com/)"
147.135.252.138 - - [15/May/2026:08:47:05 -0400] "GET /product-tag/abel-adrian/page/2/?path=/ HTTP/1.1" 200 3237 "-" "Mozilla/5.0 (compatible; MJ12bot/v1.4.8; http://mj12bot.com/)"
147.135.252.138 - - [15/May/2026:08:47:07 -0400] "GET /product-tag/abel-adrian/page/2/?path=/home HTTP/1.1" 200 2754 "-" "Mozilla/5.0 (compatible; MJ12bot/v1.4.8; http://mj12bot.com/)"
147.135.252.138 - - [15/May/2026:08:47:08 -0400] "GET /product-tag/abel-adrian/page/2/?path=/home/clavospa HTTP/1.1" 200 4118 "-" "Mozilla/5.0 (compatible; MJ12bot/v1.4.8; http://mj12bot.com/)"
147.135.252.138 - - [15/May/2026:08:47:10 -0400] "GET /product-tag/abel-adrian/page/2/?path=/home/clavospa/public_html HTTP/1.1" 200 4333 "-" "Mozilla/5.0 (compatible; MJ12bot/v1.4.8; http://mj12bot.com/)"
147.135.252.138 - - [15/May/2026:08:47:12 -0400] "GET /product-tag/abel-adrian/page/2/?path=/home/clavospa/public_html/.well-known HTTP/1.1" 200 2981 "-" "Mozilla/5.0 (compatible; MJ12bot/v1.4.8; http://mj12bot.com/)"
147.135.252.138 - - [15/May/2026:08:47:14 -0400] "GET /product-tag/abel-adrian/page/2/?path=/home/clavospa/public_html/abeladrian.com HTTP/1.1" 200 3866 "-" "Mozilla/5.0 (compatible; MJ12bot/v1.4.8; http://mj12bot.com/)"
147.135.252.138 - - [15/May/2026:08:47:15 -0400] "GET /product-tag/abel-adrian/page/2/?path=/home/clavospa/public_html/carlospaellas.us HTTP/1.1" 200 3144 "-" "Mozilla/5.0 (compatible; MJ12bot/v1.4.8; http://mj12bot.com/)"
147.135.252.138 - - [15/May/2026:08:47:17 -0400] "GET /product-tag/abel-adrian/page/2/?path=/home/clavospa/public_html/cgi-bin HTTP/1.1" 200 2802 "-" "Mozilla/5.0 (compatible; MJ12bot/v1.4.8; http://mj12bot.com/)"
147.135.252.138 - - [15/May/2026:08:47:19 -0400] "GET /product-tag/abel-adrian/page/2/?path=/home/clavospa/public_html/davidlachapellela.com HTTP/1.1" 200 3827 "-" "Mozilla/5.0 (compatible; MJ12bot/v1.4.8; http://mj12bot.com/)"
147.135.252.138 - - [15/May/2026:08:47:22 -0400] "GET /product-tag/abel-adrian/page/2/?path=/home/clavospa/public_html/images HTTP/1.1" 200 2928 "-" "Mozilla/5.0 (compatible; MJ12bot/v1.4.8; http://mj12bot.com/)"
147.135.252.138 - - [15/May/2026:08:47:25 -0400] "GET /product-tag/abel-adrian/page/2/?path=/home/clavospa/public_html/ingridbarajas.com HTTP/1.1" 200 3829 "-" "Mozilla/5.0 (compatible; MJ12bot/v1.4.8; http://mj12bot.com/)"
147.135.252.138 - - [15/May/2026:08:47:27 -0400] "GET /product-tag/abel-adrian/page/2/?path=/home/clavospa/public_html/latitud212.com HTTP/1.1" 200 3835 "-" "Mozilla/5.0 (compatible; MJ12bot/v1.4.8; http://mj12bot.com/)"
147.135.252.138 - - [15/May/2026:08:47:28 -0400] "GET /product-tag/abel-adrian/page/2/?path=/home/clavospa/public_html/new.davidlachapelleamor.com HTTP/1.1" 200 3943 "-" "Mozilla/5.0 (compatible; MJ12bot/v1.4.8; http://mj12bot.com/)"
147.135.252.138 - - [15/May/2026:08:47:30 -0400] "GET /product-tag/abel-adrian/page/2/?path=/home/clavospa/public_html/wp HTTP/1.1" 200 3642 "-" "Mozilla/5.0 (compatible; MJ12bot/v1.4.8; http://mj12bot.com/)"
147.135.252.138 - - [15/May/2026:08:47:32 -0400] "GET /product-tag/abel-adrian/page/2/?path=/home/clavospa/public_html/wp-admin HTTP/1.1" 200 6829 "-" "Mozilla/5.0 (compatible; MJ12bot/v1.4.8; http://mj12bot.com/)"
147.135.252.138 - - [15/May/2026:08:47:34 -0400] "GET /product-tag/abel-adrian/page/2/?path=/home/clavospa/public_html/wp-content HTTP/1.1" 200 3226 "-" "Mozilla/5.0 (compatible; MJ12bot/v1.4.8; http://mj12bot.com/)"
85.208.96.210 - - [15/May/2026:08:47:35 -0400] "GET /events/category/exhibition/list/?eventDisplay=past&tribe-bar-date=2022-05-31 HTTP/1.1" 200 4333 "-" "Mozilla/5.0 (compatible; SemrushBot/7~bl; +http://www.semrush.com/bot.html)"
147.135.252.138 - - [15/May/2026:08:47:36 -0400] "GET /product-tag/abel-adrian/page/2/?path=/home/clavospa/public_html/wp-includes HTTP/1.1" 200 13550 "-" "Mozilla/5.0 (compatible; MJ12bot/v1.4.8; http://mj12bot.com/)"
147.135.252.138 - - [15/May/2026:08:47:38 -0400] "GET /product-tag/tania-riera/?fileloc=/home/clavospa/public_html/php.ini&path=/home/clavospa/public_html HTTP/1.1" 200 2527 "-" "Mozilla/5.0 (compatible; MJ12bot/v1.4.8; http://mj12bot.com/)"
147.135.252.138 - - [15/May/2026:08:47:39 -0400] "GET /product-tag/tania-riera/?fileloc=/home/clavospa/public_html/rtx.php&path=/home/clavospa/public_html HTTP/1.1" 200 2466 "-" "Mozilla/5.0 (compatible; MJ12bot/v1.4.8; http://mj12bot.com/)"
147.135.252.138 - - [15/May/2026:08:47:41 -0400] "GET /product-tag/tania-riera/?fileloc=/home/clavospa/public_html/style2.php&path=/home/clavospa/public_html HTTP/1.1" 200 2466 "-" "Mozilla/5.0 (compatible; MJ12bot/v1.4.8; http://mj12bot.com/)"
85.208.96.209 - - [15/May/2026:08:47:42 -0400] "GET /events/tag/clavo-space/day/2023-12-23/ HTTP/1.1" 200 4333 "-" "Mozilla/5.0 (compatible; SemrushBot/7~bl; +http://www.semrush.com/bot.html)"
147.135.252.138 - - [15/May/2026:08:47:43 -0400] "GET /shop/?fileloc=/home/clavospa/public_html/php.ini&path=/home/clavospa/public_html HTTP/1.1" 200 2527 "-" "Mozilla/5.0 (compatible; MJ12bot/v1.4.8; http://mj12bot.com/)"
147.135.252.138 - - [15/May/2026:08:47:45 -0400] "GET /shop/?fileloc=/home/clavospa/public_html/rtx.php&path=/home/clavospa/public_html HTTP/1.1" 200 2466 "-" "Mozilla/5.0 (compatible; MJ12bot/v1.4.8; http://mj12bot.com/)"
147.135.252.138 - - [15/May/2026:08:47:46 -0400] "GET /shop/?fileloc=/home/clavospa/public_html/style2.php&path=/home/clavospa/public_html HTTP/1.1" 200 2466 "-" "Mozilla/5.0 (compatible; MJ12bot/v1.4.8; http://mj12bot.com/)"
114.119.158.196 - - [15/May/2026:08:47:52 -0400] "GET /2026/05/14/benutzen-die-leser-angewandten-bereitgestellten-bonuscode-unter-anderem-bewilligen-eltern-unser-system-ihn-automatisch-dem-kontoverbindung-gutschreiben/ HTTP/1.1" 200 4333 "https://clavo.space/wp-sitemap-posts-post-1.xml" "Mozilla/5.0 (Linux; Android 7.0;) AppleWebKit/537.36 (HTML, like Gecko) Mobile Safari/537.36 (compatible; PetalBot;+https://webmaster.petalsearch.com/site/petalbot)"
144.76.19.72 - - [15/May/2026:08:47:53 -0400] "GET /product-category/collage-mix-media/?product_count=24&product_orderby=name&product_view=list&product_order=asc HTTP/1.1" 200 4333 "-" "Mozilla/5.0 (compatible; SERankingBacklinksBot/1.0; +https://seranking.com/backlinks-crawler)"
114.119.139.107 - - [15/May/2026:08:47:58 -0400] "GET /wp/author/admin/page/3/ HTTP/1.1" 200 4333 "https://212productions.net/wp/author/admin/page/2" "Mozilla/5.0 (Linux; Android 7.0;) AppleWebKit/537.36 (HTML, like Gecko) Mobile Safari/537.36 (compatible; PetalBot;+https://webmaster.petalsearch.com/site/petalbot)"
18.211.148.239 - - [15/May/2026:08:48:46 -0400] "GET /portfolio-item/guillermo-clemente/ HTTP/1.1" 200 4333 "-" "Mozilla/5.0 AppleWebKit/537.36 (KHTML, like Gecko; compatible; Amazonbot/0.1; +https://developer.amazon.com/support/amazonbot) Chrome/119.0.6045.214 Safari/537.36"
216.73.216.158 - - [15/May/2026:08:48:53 -0400] "GET /portfolio_category/venezuela/?path=%2Fhome%2Fclavospa%2Fpublic_html%2Fwp%2Fwp-admin%2Fcss HTTP/1.1" 200 6184 "-" "Mozilla/5.0 AppleWebKit/537.36 (KHTML, like Gecko; compatible; ClaudeBot/1.0; +claudebot@anthropic.com)"
216.73.216.158 - - [15/May/2026:08:48:58 -0400] "GET /artists/page/2/?fileloc=%2Fhome%2Fclavospa%2Fpublic_html%2Fwp-admin%2Fcss%2Fedit.min.css&path=%2Fhome%2Fclavospa%2Fpublic_html%2Fwp-admin%2Fcss HTTP/1.1" 200 9412 "-" "Mozilla/5.0 AppleWebKit/537.36 (KHTML, like Gecko; compatible; ClaudeBot/1.0; +claudebot@anthropic.com)"
216.73.216.158 - - [15/May/2026:08:49:03 -0400] "GET /artists/page/2/?fileloc=%2Fhome%2Fclavospa%2Fpublic_html%2Fwp-admin%2Fcss%2Fedit-rtl.css&path=%2Fhome%2Fclavospa%2Fpublic_html%2Fwp-admin%2Fcss HTTP/1.1" 200 10982 "-" "Mozilla/5.0 AppleWebKit/537.36 (KHTML, like Gecko; compatible; ClaudeBot/1.0; +claudebot@anthropic.com)"
216.73.216.158 - - [15/May/2026:08:49:08 -0400] "GET /portfolio_category/venezuela/?fileloc=%2F%2Fbin%2Fscript&path=%2F%2Fbin HTTP/1.1" 200 2451 "-" "Mozilla/5.0 AppleWebKit/537.36 (KHTML, like Gecko; compatible; ClaudeBot/1.0; +claudebot@anthropic.com)"
85.208.96.193 - - [15/May/2026:08:49:09 -0400] "GET /events/tag/exhibition/list/?eventDisplay=past&tribe-bar-date=2027-04-24 HTTP/1.1" 200 4333 "-" "Mozilla/5.0 (compatible; SemrushBot/7~bl; +http://www.semrush.com/bot.html)"
216.73.216.158 - - [15/May/2026:08:49:13 -0400] "GET /artists/page/2/?fileloc=%2Fhome%2Fclavospa%2Fpublic_html%2Fwp-admin%2Fcss%2Fcommon.css&path=%2Fhome%2Fclavospa%2Fpublic_html%2Fwp-admin%2Fcss HTTP/1.1" 200 19347 "-" "Mozilla/5.0 AppleWebKit/537.36 (KHTML, like Gecko; compatible; ClaudeBot/1.0; +claudebot@anthropic.com)"
216.73.216.158 - - [15/May/2026:08:49:18 -0400] "GET /artists/page/2/?fileloc=%2Fhome%2Fclavospa%2Fpublic_html%2Fwp-admin%2Fcss%2Fwidgets.css&path=%2Fhome%2Fclavospa%2Fpublic_html%2Fwp-admin%2Fcss HTTP/1.1" 200 6309 "-" "Mozilla/5.0 AppleWebKit/537.36 (KHTML, like Gecko; compatible; ClaudeBot/1.0; +claudebot@anthropic.com)"
114.119.163.186 - - [15/May/2026:08:49:20 -0400] "GET /2026/05/14/below-there-is-listed-the-newest-no-deposit-casino-bonuses-in-the-fresh-new-british-it-few-days/ HTTP/1.1" 200 4333 "https://clavo.space/wp-sitemap-posts-post-1.xml" "Mozilla/5.0 (Linux; Android 7.0;) AppleWebKit/537.36 (HTML, like Gecko) Mobile Safari/537.36 (compatible; PetalBot;+https://webmaster.petalsearch.com/site/petalbot)"
216.73.216.158 - - [15/May/2026:08:49:24 -0400] "GET /artists/page/2/?fileloc=%2Fhome%2Fclavospa%2Fpublic_html%2Fwp-admin%2Fcss%2Fsite-icon.css&path=%2Fhome%2Fclavospa%2Fpublic_html%2Fwp-admin%2Fcss HTTP/1.1" 200 3589 "-" "Mozilla/5.0 AppleWebKit/537.36 (KHTML, like Gecko; compatible; ClaudeBot/1.0; +claudebot@anthropic.com)"
216.73.216.158 - - [15/May/2026:08:49:28 -0400] "GET /portfolio-item/abel-adrian/?fileloc=%2Fhome%2Fclavospa%2Fpublic_html%2Fwp-admin%2Fincludes%2Fclass-wp-filesystem-base.php&path=%2Fhome%2Fclavospa%2Fpublic_html%2Fwp-admin%2Fincludes HTTP/1.1" 200 7898 "-" "Mozilla/5.0 AppleWebKit/537.36 (KHTML, like Gecko; compatible; ClaudeBot/1.0; +claudebot@anthropic.com)"
216.73.216.158 - - [15/May/2026:08:49:33 -0400] "GET /portfolio-item/abel-adrian/?path=%2Fhome%2Fclavospa%2Fpublic_html%2Fwp-includes%2Fcertificates HTTP/1.1" 200 2886 "-" "Mozilla/5.0 AppleWebKit/537.36 (KHTML, like Gecko; compatible; ClaudeBot/1.0; +claudebot@anthropic.com)"
3.96.172.104 - - [15/May/2026:08:49:35 -0400] "POST /xmlrpc.php HTTP/1.1" 200 72524 "-" "Mozilla/5.0 (Windows NT 10.0; Win64; x64) AppleWebKit/537.36 (KHTML, like Gecko) Chrome/114.0.0.0 Safari/537.36"
3.96.172.104 - - [15/May/2026:08:49:37 -0400] "POST /xmlrpc.php HTTP/1.1" 200 72524 "-" "Mozilla/5.0 (Windows NT 10.0; Win64; x64) AppleWebKit/537.36 (KHTML, like Gecko) Chrome/114.0.0.0 Safari/537.36"
216.73.216.158 - - [15/May/2026:08:49:38 -0400] "GET /portfolio-item/garret-suhrie/?fileloc=%2Fhome%2Fclavospa%2Fpublic_html%2Fwp-includes%2Fclass-wp-http-encoding.php&path=%2Fhome%2Fclavospa%2Fpublic_html%2Fwp-includes HTTP/1.1" 200 4602 "-" "Mozilla/5.0 AppleWebKit/537.36 (KHTML, like Gecko; compatible; ClaudeBot/1.0; +claudebot@anthropic.com)"
216.73.216.158 - - [15/May/2026:08:49:43 -0400] "GET /portfolio_category/venezuela/?path=%2Fhome%2Fclavospa%2Fpublic_html%2Fwp%2Fwp-includes HTTP/1.1" 200 13195 "-" "Mozilla/5.0 AppleWebKit/537.36 (KHTML, like Gecko; compatible; ClaudeBot/1.0; +claudebot@anthropic.com)"
216.73.216.158 - - [15/May/2026:08:49:49 -0400] "GET /artists/page/2/?fileloc=%2Fhome%2Fclavospa%2Fpublic_html%2Fwp-admin%2Fms-options.php&path=%2Fhome%2Fclavospa%2Fpublic_html%2Fwp-admin HTTP/1.1" 200 2627 "-" "Mozilla/5.0 AppleWebKit/537.36 (KHTML, like Gecko; compatible; ClaudeBot/1.0; +claudebot@anthropic.com)"
216.73.216.158 - - [15/May/2026:08:49:54 -0400] "GET /portfolio-item/garret-suhrie/?fileloc=%2Fhome%2Fclavospa%2Fpublic_html%2Fwp-admin%2Fcss%2Fwp-admin-rtl.css&path=%2Fhome%2Fclavospa%2Fpublic_html%2Fwp-admin%2Fcss HTTP/1.1" 200 2621 "-" "Mozilla/5.0 AppleWebKit/537.36 (KHTML, like Gecko; compatible; ClaudeBot/1.0; +claudebot@anthropic.com)"
216.73.216.158 - - [15/May/2026:08:49:59 -0400] "GET /portfolio-item/abel-adrian/?fileloc=%2Fhome%2Fclavospa%2Fpublic_html%2Fwp-includes%2Fclass-wp-network-query.php&path=%2Fhome%2Fclavospa%2Fpublic_html%2Fwp-includes HTTP/1.1" 200 7380 "-" "Mozilla/5.0 AppleWebKit/537.36 (KHTML, like Gecko; compatible; ClaudeBot/1.0; +claudebot@anthropic.com)"
216.73.216.158 - - [15/May/2026:08:50:04 -0400] "GET /artists/page/2/?fileloc=%2Fhome%2Fclavospa%2Fpublic_html%2Fingridbarajas.com%2Fwp-includes%2Fshortcodes.php&path=%2Fhome%2Fclavospa%2Fpublic_html%2Fingridbarajas.com%2Fwp-includes HTTP/1.1" 200 9138 "-" "Mozilla/5.0 AppleWebKit/537.36 (KHTML, like Gecko; compatible; ClaudeBot/1.0; +claudebot@anthropic.com)"
85.208.96.207 - - [15/May/2026:08:50:07 -0400] "GET /events/tag/art/list/?eventDisplay=past&tribe-bar-date=2023-08-21 HTTP/1.1" 200 4333 "-" "Mozilla/5.0 (compatible; SemrushBot/7~bl; +http://www.semrush.com/bot.html)"
216.73.216.158 - - [15/May/2026:08:50:09 -0400] "GET /portfolio-item/abel-adrian/?fileloc=%2Fhome%2Fclavospa%2Fpublic_html%2Fwp-includes%2Fcapabilities.php&path=%2Fhome%2Fclavospa%2Fpublic_html%2Fwp-includes HTTP/1.1" 200 10018 "-" "Mozilla/5.0 AppleWebKit/537.36 (KHTML, like Gecko; compatible; ClaudeBot/1.0; +claudebot@anthropic.com)"
216.73.216.158 - - [15/May/2026:08:50:14 -0400] "GET /artists/page/2/?fileloc=%2Fhome%2Fclavospa%2Fpublic_html%2Fwp-admin%2Fms-sites.php&path=%2Fhome%2Fclavospa%2Fpublic_html%2Fwp-admin HTTP/1.1" 200 2618 "-" "Mozilla/5.0 AppleWebKit/537.36 (KHTML, like Gecko; compatible; ClaudeBot/1.0; +claudebot@anthropic.com)"
216.73.216.158 - - [15/May/2026:08:50:19 -0400] "GET /portfolio-item/garret-suhrie/?fileloc=%2Fhome%2Fclavospa%2Fpublic_html%2Fwp-includes%2Fclass-wp-block-parser.php&path=%2Fhome%2Fclavospa%2Fpublic_html%2Fwp-includes HTTP/1.1" 200 5867 "-" "Mozilla/5.0 AppleWebKit/537.36 (KHTML, like Gecko; compatible; ClaudeBot/1.0; +claudebot@anthropic.com)"
216.73.216.158 - - [15/May/2026:08:50:24 -0400] "GET /portfolio_category/venezuela/?fileloc=%2F%2Fbin%2Fruncon&path=%2F%2Fbin HTTP/1.1" 200 2452 "-" "Mozilla/5.0 AppleWebKit/537.36 (KHTML, like Gecko; compatible; ClaudeBot/1.0; +claudebot@anthropic.com)"
216.73.216.158 - - [15/May/2026:08:50:29 -0400] "GET /artists/page/2/?fileloc=%2Fhome%2Fclavospa%2Fpublic_html%2Fwp-admin%2Fmedia-upload.php&path=%2Fhome%2Fclavospa%2Fpublic_html%2Fwp-admin HTTP/1.1" 200 3903 "-" "Mozilla/5.0 AppleWebKit/537.36 (KHTML, like Gecko; compatible; ClaudeBot/1.0; +claudebot@anthropic.com)"
216.73.216.158 - - [15/May/2026:08:50:34 -0400] "GET /portfolio_category/venezuela/?path=%2Fhome%2Fclavospa%2Fetc%2Fabeladrian.com HTTP/1.1" 200 3174 "-" "Mozilla/5.0 AppleWebKit/537.36 (KHTML, like Gecko; compatible; ClaudeBot/1.0; +claudebot@anthropic.com)"
216.73.216.158 - - [15/May/2026:08:50:39 -0400] "GET /artists/page/2/?fileloc=%2Fhome%2Fclavospa%2Fpublic_html%2Fwp%2Fwp-load.php&path=%2Fhome%2Fclavospa%2Fpublic_html%2Fwp HTTP/1.1" 200 4110 "-" "Mozilla/5.0 AppleWebKit/537.36 (KHTML, like Gecko; compatible; ClaudeBot/1.0; +claudebot@anthropic.com)"
114.119.151.197 - - [15/May/2026:08:50:42 -0400] "GET /2026/05/14/bei-dem-einpflegen-einer-klage-bei-casinoreviews-nahelegen-wir-notig-diese-richtlinien-prazis-hinter-zu-herzen-nehmen/ HTTP/1.1" 200 4333 "https://clavo.space/wp-sitemap-posts-post-1.xml" "Mozilla/5.0 (Linux; Android 7.0;) AppleWebKit/537.36 (HTML, like Gecko) Mobile Safari/537.36 (compatible; PetalBot;+https://webmaster.petalsearch.com/site/petalbot)"
216.73.216.158 - - [15/May/2026:08:50:44 -0400] "GET /portfolio_category/venezuela/?fileloc=%2F%2Fbin%2Fat&path=%2F%2Fbin HTTP/1.1" 200 2975 "-" "Mozilla/5.0 AppleWebKit/537.36 (KHTML, like Gecko; compatible; ClaudeBot/1.0; +claudebot@anthropic.com)"
216.73.216.158 - - [15/May/2026:08:50:49 -0400] "GET /portfolio-item/abel-adrian/?fileloc=%2F%2Fetc%2Fshadow&path=%2F%2Fetc HTTP/1.1" 200 2451 "-" "Mozilla/5.0 AppleWebKit/537.36 (KHTML, like Gecko; compatible; ClaudeBot/1.0; +claudebot@anthropic.com)"
216.73.216.158 - - [15/May/2026:08:50:54 -0400] "GET /portfolio-item/abel-adrian/?fileloc=%2Fhome%2Fclavospa%2Fpublic_html%2Fwp-includes%2Frobots-template.php&path=%2Fhome%2Fclavospa%2Fpublic_html%2Fwp-includes HTTP/1.1" 200 3677 "-" "Mozilla/5.0 AppleWebKit/537.36 (KHTML, like Gecko; compatible; ClaudeBot/1.0; +claudebot@anthropic.com)"
216.73.216.158 - - [15/May/2026:08:50:59 -0400] "GET /portfolio-item/abel-adrian/?fileloc=%2F%2Flib64%2Flibrecode.so.0.0.0&path=%2F%2Flib64 HTTP/1.1" 200 2461 "-" "Mozilla/5.0 AppleWebKit/537.36 (KHTML, like Gecko; compatible; ClaudeBot/1.0; +claudebot@anthropic.com)"
216.73.216.158 - - [15/May/2026:08:51:04 -0400] "GET /portfolio_category/venezuela/?path=%2Fhome%2Fclavospa%2Fpublic_html%2Fdavidlachapellela.com%2Fwp-admin%2Fjs HTTP/1.1" 200 6168 "-" "Mozilla/5.0 AppleWebKit/537.36 (KHTML, like Gecko; compatible; ClaudeBot/1.0; +claudebot@anthropic.com)"
85.208.96.197 - - [15/May/2026:08:51:05 -0400] "GET /events/tag/exhibition/day/2022-04-30/ HTTP/1.1" 200 4333 "-" "Mozilla/5.0 (compatible; SemrushBot/7~bl; +http://www.semrush.com/bot.html)"
144.76.19.72 - - [15/May/2026:08:51:07 -0400] "GET /product-category/collage-mix-media/?product_count=24&product_orderby=name&product_view=list&product_order=desc HTTP/1.1" 200 4333 "-" "Mozilla/5.0 (compatible; SERankingBacklinksBot/1.0; +https://seranking.com/backlinks-crawler)"
216.73.216.158 - - [15/May/2026:08:51:09 -0400] "GET /portfolio-item/abel-adrian/?fileloc=%2F%2Flib64%2Flibqrencode.so.3.4.1&path=%2F%2Flib64 HTTP/1.1" 200 2464 "-" "Mozilla/5.0 AppleWebKit/537.36 (KHTML, like Gecko; compatible; ClaudeBot/1.0; +claudebot@anthropic.com)"
216.73.216.158 - - [15/May/2026:08:51:14 -0400] "GET /portfolio-item/abel-adrian/?fileloc=%2Fhome%2Fclavospa%2Fpublic_html%2Fabeladrian.com%2Fwp-admin%2Fadmin-footer.php&path=%2Fhome%2Fclavospa%2Fpublic_html%2Fabeladrian.com%2Fwp-admin HTTP/1.1" 200 3552 "-" "Mozilla/5.0 AppleWebKit/537.36 (KHTML, like Gecko; compatible; ClaudeBot/1.0; +claudebot@anthropic.com)"
216.73.216.158 - - [15/May/2026:08:51:19 -0400] "GET /portfolio-item/abel-adrian/?fileloc=%2Fhome%2Fclavospa%2Fpublic_html%2Fwp-includes%2Fclass-wp-recovery-mode.php&path=%2Fhome%2Fclavospa%2Fpublic_html%2Fwp-includes HTTP/1.1" 200 5625 "-" "Mozilla/5.0 AppleWebKit/537.36 (KHTML, like Gecko; compatible; ClaudeBot/1.0; +claudebot@anthropic.com)"
216.73.216.158 - - [15/May/2026:08:51:24 -0400] "GET /portfolio_category/venezuela/?fileloc=%2F%2Fbin%2Fmogrify&path=%2F%2Fbin HTTP/1.1" 200 2453 "-" "Mozilla/5.0 AppleWebKit/537.36 (KHTML, like Gecko; compatible; ClaudeBot/1.0; +claudebot@anthropic.com)"
43.160.219.138 - - [15/May/2026:08:51:29 -0400] "GET /wp/pgp/ HTTP/1.1" 301 350 "http://proyectoguacamaya.org" "Mozilla/5.0 (iPhone; CPU iPhone OS 13_2_3 like Mac OS X) AppleWebKit/605.1.15 (KHTML, like Gecko) Version/13.0.3 Mobile/15E148 Safari/604.1"
216.73.216.158 - - [15/May/2026:08:51:29 -0400] "GET /portfolio-item/garret-suhrie/?fileloc=%2Fhome%2Fclavospa%2Fpublic_html%2Fwp-includes%2Fdate.php&path=%2Fhome%2Fclavospa%2Fpublic_html%2Fwp-includes HTTP/1.1" 200 2701 "-" "Mozilla/5.0 AppleWebKit/537.36 (KHTML, like Gecko; compatible; ClaudeBot/1.0; +claudebot@anthropic.com)"
43.160.219.138 - - [15/May/2026:08:51:31 -0400] "GET /wp/pgp/ HTTP/1.1" 200 4333 "http://212productions.net/wp/pgp/" "Mozilla/5.0 (iPhone; CPU iPhone OS 13_2_3 like Mac OS X) AppleWebKit/605.1.15 (KHTML, like Gecko) Version/13.0.3 Mobile/15E148 Safari/604.1"
52.167.144.157 - - [15/May/2026:08:51:32 -0400] "GET /wp/wp-content/uploads/2024/11/poster_1.webp HTTP/1.1" 200 491662 "-" "Mozilla/5.0 AppleWebKit/537.36 (KHTML, like Gecko; compatible; bingbot/2.0; +http://www.bing.com/bingbot.htm) Chrome/116.0.1938.76 Safari/537.36"
216.73.216.158 - - [15/May/2026:08:51:34 -0400] "GET /portfolio-item/abel-adrian/?fileloc=%2Fhome%2Fclavospa%2Fpublic_html%2Fwp-includes%2Fjs%2Fwp-backbone.min.js&path=%2Fhome%2Fclavospa%2Fpublic_html%2Fwp-includes%2Fjs HTTP/1.1" 200 3693 "-" "Mozilla/5.0 AppleWebKit/537.36 (KHTML, like Gecko; compatible; ClaudeBot/1.0; +claudebot@anthropic.com)"
185.191.171.16 - - [15/May/2026:08:51:35 -0400] "GET /events/category/exhibition/day/2024-12-29/ HTTP/1.1" 200 4333 "-" "Mozilla/5.0 (compatible; SemrushBot/7~bl; +http://www.semrush.com/bot.html)"
216.73.216.158 - - [15/May/2026:08:51:39 -0400] "GET /portfolio-item/abel-adrian/?fileloc=%2F%2Flib64%2Flibsecureio.so&path=%2F%2Flib64 HTTP/1.1" 200 2457 "-" "Mozilla/5.0 AppleWebKit/537.36 (KHTML, like Gecko; compatible; ClaudeBot/1.0; +claudebot@anthropic.com)"
216.73.216.158 - - [15/May/2026:08:51:44 -0400] "GET /portfolio_category/venezuela/?fileloc=%2F%2Fbin%2Finfotocap&path=%2F%2Fbin HTTP/1.1" 200 2453 "-" "Mozilla/5.0 AppleWebKit/537.36 (KHTML, like Gecko; compatible; ClaudeBot/1.0; +claudebot@anthropic.com)"
216.73.216.158 - - [15/May/2026:08:51:49 -0400] "GET /portfolio-item/abel-adrian/?fileloc=%2F%2Flib64%2Flibpgtypes.so.3&path=%2F%2Flib64 HTTP/1.1" 200 2458 "-" "Mozilla/5.0 AppleWebKit/537.36 (KHTML, like Gecko; compatible; ClaudeBot/1.0; +claudebot@anthropic.com)"
216.73.216.158 - - [15/May/2026:08:51:54 -0400] "GET /portfolio_category/venezuela/?fileloc=%2Fhome%2Fclavospa%2Fpublic_html%2Fabeladrian.com%2Fwp-load.php&path=%2Fhome%2Fclavospa%2Fpublic_html%2Fabeladrian.com HTTP/1.1" 200 4119 "-" "Mozilla/5.0 AppleWebKit/537.36 (KHTML, like Gecko; compatible; ClaudeBot/1.0; +claudebot@anthropic.com)"
85.208.96.206 - - [15/May/2026:08:51:58 -0400] "GET /events/tag/opening/list/?eventDisplay=past&tribe-bar-date=2027-06-09 HTTP/1.1" 200 4333 "-" "Mozilla/5.0 (compatible; SemrushBot/7~bl; +http://www.semrush.com/bot.html)"
216.73.216.158 - - [15/May/2026:08:52:00 -0400] "GET /artists/page/2/?fileloc=%2Fhome%2Fclavospa%2Fpublic_html%2Fnew.davidlachapelleamor.com%2Fwp-admin%2Fcustom-header.php&path=%2Fhome%2Fclavospa%2Fpublic_html%2Fnew.davidlachapelleamor.com%2Fwp-admin HTTP/1.1" 200 2753 "-" "Mozilla/5.0 AppleWebKit/537.36 (KHTML, like Gecko; compatible; ClaudeBot/1.0; +claudebot@anthropic.com)"
85.208.96.206 - - [15/May/2026:08:52:02 -0400] "GET /events/tag/opening/list/?eventDisplay=past&tribe-bar-date=2023-02-18 HTTP/1.1" 200 4333 "-" "Mozilla/5.0 (compatible; SemrushBot/7~bl; +http://www.semrush.com/bot.html)"
216.73.216.158 - - [15/May/2026:08:52:05 -0400] "GET /portfolio-item/abel-adrian/?fileloc=%2F%2Flib64%2Flibmhash.so.2&path=%2F%2Flib64 HTTP/1.1" 200 2457 "-" "Mozilla/5.0 AppleWebKit/537.36 (KHTML, like Gecko; compatible; ClaudeBot/1.0; +claudebot@anthropic.com)"
114.119.158.196 - - [15/May/2026:08:52:06 -0400] "GET /2026/05/14/before-that-the-group-explores-the-primary-gaming-points/ HTTP/1.1" 200 4333 "https://clavo.space/wp-sitemap-posts-post-1.xml" "Mozilla/5.0 (Linux; Android 7.0;) AppleWebKit/537.36 (HTML, like Gecko) Mobile Safari/537.36 (compatible; PetalBot;+https://webmaster.petalsearch.com/site/petalbot)"
216.73.216.158 - - [15/May/2026:08:52:10 -0400] "GET /portfolio-item/abel-adrian/?fileloc=%2F%2Flib64%2Flibwrap.so.0&path=%2F%2Flib64 HTTP/1.1" 200 2457 "-" "Mozilla/5.0 AppleWebKit/537.36 (KHTML, like Gecko; compatible; ClaudeBot/1.0; +claudebot@anthropic.com)"
216.73.216.158 - - [15/May/2026:08:52:15 -0400] "GET /portfolio-item/garret-suhrie/?fileloc=%2Fhome%2Fclavospa%2Fpublic_html%2Fwp-includes%2Fclass-avif-info.php&path=%2Fhome%2Fclavospa%2Fpublic_html%2Fwp-includes HTTP/1.1" 200 8543 "-" "Mozilla/5.0 AppleWebKit/537.36 (KHTML, like Gecko; compatible; ClaudeBot/1.0; +claudebot@anthropic.com)"
216.73.216.158 - - [15/May/2026:08:52:20 -0400] "GET /portfolio_category/venezuela/?fileloc=%2F%2Flib64%2Flibkeyutils.so.1.5&path=%2F%2Flib64 HTTP/1.1" 200 2461 "-" "Mozilla/5.0 AppleWebKit/537.36 (KHTML, like Gecko; compatible; ClaudeBot/1.0; +claudebot@anthropic.com)"
85.208.96.196 - - [15/May/2026:08:52:22 -0400] "GET /events/tag/clavo-space/day/2020-12-22/ HTTP/1.1" 200 4333 "-" "Mozilla/5.0 (compatible; SemrushBot/7~bl; +http://www.semrush.com/bot.html)"
216.73.216.158 - - [15/May/2026:08:52:26 -0400] "GET /portfolio-item/abel-adrian/?fileloc=%2F%2Flib64%2Flibnl.so.1&path=%2F%2Flib64 HTTP/1.1" 200 2456 "-" "Mozilla/5.0 AppleWebKit/537.36 (KHTML, like Gecko; compatible; ClaudeBot/1.0; +claudebot@anthropic.com)"
