216.73.216.158 - - [15/May/2026:08:52:30 -0400] "GET /portfolio_category/venezuela/?fileloc=%2F%2Flib64%2Flibrrd.so.4&path=%2F%2Flib64 HTTP/1.1" 200 2456 "-" "Mozilla/5.0 AppleWebKit/537.36 (KHTML, like Gecko; compatible; ClaudeBot/1.0; +claudebot@anthropic.com)"
216.73.216.158 - - [15/May/2026:08:52:35 -0400] "GET /portfolio-item/abel-adrian/?fileloc=%2F%2Flib64%2Flibpanel.so.5.9&path=%2F%2Flib64 HTTP/1.1" 200 2459 "-" "Mozilla/5.0 AppleWebKit/537.36 (KHTML, like Gecko; compatible; ClaudeBot/1.0; +claudebot@anthropic.com)"
216.73.216.158 - - [15/May/2026:08:52:40 -0400] "GET /portfolio-item/abel-adrian/?fileloc=%2F%2Flib64%2FlibEGL.so.1&path=%2F%2Flib64 HTTP/1.1" 200 2458 "-" "Mozilla/5.0 AppleWebKit/537.36 (KHTML, like Gecko; compatible; ClaudeBot/1.0; +claudebot@anthropic.com)"
185.191.171.15 - - [15/May/2026:08:52:44 -0400] "GET /events/tag/opening/list/?eventDisplay=past&tribe-bar-date=2028-02-09 HTTP/1.1" 200 4333 "-" "Mozilla/5.0 (compatible; SemrushBot/7~bl; +http://www.semrush.com/bot.html)"
216.73.216.158 - - [15/May/2026:08:52:46 -0400] "GET /portfolio-item/abel-adrian/?fileloc=%2F%2Flib64%2Flibtidy.so.5.4.0&path=%2F%2Flib64 HTTP/1.1" 200 2460 "-" "Mozilla/5.0 AppleWebKit/537.36 (KHTML, like Gecko; compatible; ClaudeBot/1.0; +claudebot@anthropic.com)"
216.73.216.158 - - [15/May/2026:08:52:51 -0400] "GET /portfolio-item/abel-adrian/?fileloc=%2F%2Flib64%2Flibsmartcols.so.1.1.0&path=%2F%2Flib64 HTTP/1.1" 200 2462 "-" "Mozilla/5.0 AppleWebKit/537.36 (KHTML, like Gecko; compatible; ClaudeBot/1.0; +claudebot@anthropic.com)"
216.73.216.158 - - [15/May/2026:08:52:56 -0400] "GET /portfolio_category/venezuela/?fileloc=%2F%2Fbin%2Faclocal-1.13&path=%2F%2Fbin HTTP/1.1" 200 15019 "-" "Mozilla/5.0 AppleWebKit/537.36 (KHTML, like Gecko; compatible; ClaudeBot/1.0; +claudebot@anthropic.com)"
185.191.171.3 - - [15/May/2026:08:53:04 -0400] "GET /events/list/?tribe-bar-date=2022-02-11 HTTP/1.1" 200 4333 "-" "Mozilla/5.0 (compatible; SemrushBot/7~bl; +http://www.semrush.com/bot.html)"
216.73.216.158 - - [15/May/2026:08:53:16 -0400] "GET /portfolio-item/abel-adrian/?fileloc=%2F%2Flib64%2Flibnss_compat-2.17.so&path=%2F%2Flib64 HTTP/1.1" 200 2463 "-" "Mozilla/5.0 AppleWebKit/537.36 (KHTML, like Gecko; compatible; ClaudeBot/1.0; +claudebot@anthropic.com)"
216.73.216.158 - - [15/May/2026:08:53:25 -0400] "GET /portfolio-item/abel-adrian/?fileloc=%2F%2Flib64%2Flibsefs.so.4.0.4&path=%2F%2Flib64 HTTP/1.1" 200 2459 "-" "Mozilla/5.0 AppleWebKit/537.36 (KHTML, like Gecko; compatible; ClaudeBot/1.0; +claudebot@anthropic.com)"
216.73.216.158 - - [15/May/2026:08:53:01 -0400] "GET /portfolio_category/venezuela/?fileloc=%2F%2Flib64%2Flibmysqld.a&path=%2F%2Flib64 HTTP/1.1" 200 2457 "-" "Mozilla/5.0 AppleWebKit/537.36 (KHTML, like Gecko; compatible; ClaudeBot/1.0; +claudebot@anthropic.com)"
216.73.216.158 - - [15/May/2026:08:53:11 -0400] "GET /portfolio_category/venezuela/?fileloc=%2F%2Flib64%2Flibmysqld.so&path=%2F%2Flib64 HTTP/1.1" 200 2458 "-" "Mozilla/5.0 AppleWebKit/537.36 (KHTML, like Gecko; compatible; ClaudeBot/1.0; +claudebot@anthropic.com)"
216.73.216.158 - - [15/May/2026:08:53:30 -0400] "GET /portfolio-item/abel-adrian/?fileloc=%2F%2Flib64%2Flibdl-2.17.so&path=%2F%2Flib64 HTTP/1.1" 200 2458 "-" "Mozilla/5.0 AppleWebKit/537.36 (KHTML, like Gecko; compatible; ClaudeBot/1.0; +claudebot@anthropic.com)"
114.119.149.252 - - [15/May/2026:08:53:31 -0400] "GET /2026/05/14/before-deciding-to-really-get-your-deposit-winnings-we-recommend-learning-about-the-newest-detachment-processes/ HTTP/1.1" 200 4333 "https://clavo.space/wp-sitemap-posts-post-1.xml" "Mozilla/5.0 (Linux; Android 7.0;) AppleWebKit/537.36 (HTML, like Gecko) Mobile Safari/537.36 (compatible; PetalBot;+https://webmaster.petalsearch.com/site/petalbot)"
216.73.216.158 - - [15/May/2026:08:53:41 -0400] "GET /portfolio_category/venezuela/?fileloc=%2Fhome%2Fclavospa%2Ftmp%2FRCMTEMPthumbdfc2648143e5686bd14ff0ed01befdbc&path=%2Fhome%2Fclavospa%2Ftmp HTTP/1.1" 200 2490 "-" "Mozilla/5.0 AppleWebKit/537.36 (KHTML, like Gecko; compatible; ClaudeBot/1.0; +claudebot@anthropic.com)"
216.73.216.158 - - [15/May/2026:08:53:46 -0400] "GET /portfolio_category/venezuela/?fileloc=%2F%2Flib64%2Flibkpathsea.so.6.1.1&path=%2F%2Flib64 HTTP/1.1" 200 2462 "-" "Mozilla/5.0 AppleWebKit/537.36 (KHTML, like Gecko; compatible; ClaudeBot/1.0; +claudebot@anthropic.com)"
216.73.216.158 - - [15/May/2026:08:53:51 -0400] "GET /portfolio_category/venezuela/?fileloc=%2F%2Flib64%2Flibqpol.so.1&path=%2F%2Flib64 HTTP/1.1" 200 2458 "-" "Mozilla/5.0 AppleWebKit/537.36 (KHTML, like Gecko; compatible; ClaudeBot/1.0; +claudebot@anthropic.com)"
216.73.216.158 - - [15/May/2026:08:53:56 -0400] "GET /portfolio-item/abel-adrian/?fileloc=%2F%2Flib64%2Flibpcre32.so.0.0.0&path=%2F%2Flib64 HTTP/1.1" 200 2461 "-" "Mozilla/5.0 AppleWebKit/537.36 (KHTML, like Gecko; compatible; ClaudeBot/1.0; +claudebot@anthropic.com)"
216.73.216.158 - - [15/May/2026:08:54:01 -0400] "GET /portfolio_category/venezuela/?fileloc=%2F%2Flib64%2Flibijs.so&path=%2F%2Flib64 HTTP/1.1" 200 2455 "-" "Mozilla/5.0 AppleWebKit/537.36 (KHTML, like Gecko; compatible; ClaudeBot/1.0; +claudebot@anthropic.com)"
216.73.216.158 - - [15/May/2026:08:54:07 -0400] "GET /portfolio_category/venezuela/?fileloc=%2F%2Flib64%2Flibnghttp2.so.14&path=%2F%2Flib64 HTTP/1.1" 200 2459 "-" "Mozilla/5.0 AppleWebKit/537.36 (KHTML, like Gecko; compatible; ClaudeBot/1.0; +claudebot@anthropic.com)"
43.162.109.249 - - [15/May/2026:08:54:09 -0400] "GET /wp/pgp/?path=//opt HTTP/1.1" 200 3283 "-" "Mozilla/5.0 (iPhone; CPU iPhone OS 13_2_3 like Mac OS X) AppleWebKit/605.1.15 (KHTML, like Gecko) Version/13.0.3 Mobile/15E148 Safari/604.1"
85.208.96.210 - - [15/May/2026:08:54:11 -0400] "GET /events/category/exhibition/list/?eventDisplay=past&tribe-bar-date=2024-06-30 HTTP/1.1" 200 4333 "-" "Mozilla/5.0 (compatible; SemrushBot/7~bl; +http://www.semrush.com/bot.html)"
216.73.216.158 - - [15/May/2026:08:54:11 -0400] "GET /portfolio_category/venezuela/?fileloc=%2F%2Flib64%2Flibsss_nss_idmap.so.0&path=%2F%2Flib64 HTTP/1.1" 200 2462 "-" "Mozilla/5.0 AppleWebKit/537.36 (KHTML, like Gecko; compatible; ClaudeBot/1.0; +claudebot@anthropic.com)"
185.191.171.11 - - [15/May/2026:08:54:12 -0400] "GET /events/tag/art/list/?tribe-bar-date=2024-07-07 HTTP/1.1" 200 4333 "-" "Mozilla/5.0 (compatible; SemrushBot/7~bl; +http://www.semrush.com/bot.html)"
216.73.216.158 - - [15/May/2026:08:54:16 -0400] "GET /portfolio_category/venezuela/?fileloc=%2F%2Flib64%2Flibfontconfig.so&path=%2F%2Flib64 HTTP/1.1" 200 2459 "-" "Mozilla/5.0 AppleWebKit/537.36 (KHTML, like Gecko; compatible; ClaudeBot/1.0; +claudebot@anthropic.com)"
216.73.216.158 - - [15/May/2026:08:54:21 -0400] "GET /portfolio_category/venezuela/?fileloc=%2F%2Flib64%2Flibacl.so.1.1.0&path=%2F%2Flib64 HTTP/1.1" 200 2459 "-" "Mozilla/5.0 AppleWebKit/537.36 (KHTML, like Gecko; compatible; ClaudeBot/1.0; +claudebot@anthropic.com)"
144.76.19.72 - - [15/May/2026:08:54:22 -0400] "GET /product-category/collage-mix-media/?product_count=24&product_orderby=popularity&product_order=asc&product_view=grid HTTP/1.1" 200 4333 "-" "Mozilla/5.0 (compatible; SERankingBacklinksBot/1.0; +https://seranking.com/backlinks-crawler)"
216.73.216.158 - - [15/May/2026:08:54:26 -0400] "GET /portfolio_category/venezuela/?fileloc=%2F%2Flib64%2Flibldap_r.so&path=%2F%2Flib64 HTTP/1.1" 200 2457 "-" "Mozilla/5.0 AppleWebKit/537.36 (KHTML, like Gecko; compatible; ClaudeBot/1.0; +claudebot@anthropic.com)"
216.73.216.158 - - [15/May/2026:08:54:32 -0400] "GET /portfolio-item/garret-suhrie/?fileloc=%2Fhome%2Fclavospa%2Fpublic_html%2Fdavidlachapellela.com%2Ferror_log&path=%2Fhome%2Fclavospa%2Fpublic_html%2Fdavidlachapellela.com HTTP/1.1" 200 2488 "-" "Mozilla/5.0 AppleWebKit/537.36 (KHTML, like Gecko; compatible; ClaudeBot/1.0; +claudebot@anthropic.com)"
216.73.216.158 - - [15/May/2026:08:54:37 -0400] "GET /portfolio_category/venezuela/?fileloc=%2F%2Flib64%2Flibtiffxx.so.5&path=%2F%2Flib64 HTTP/1.1" 200 2459 "-" "Mozilla/5.0 AppleWebKit/537.36 (KHTML, like Gecko; compatible; ClaudeBot/1.0; +claudebot@anthropic.com)"
216.73.216.158 - - [15/May/2026:08:54:42 -0400] "GET /portfolio_category/venezuela/?fileloc=%2F%2Flib64%2Flibnl-route-3.so.200&path=%2F%2Flib64 HTTP/1.1" 200 2463 "-" "Mozilla/5.0 AppleWebKit/537.36 (KHTML, like Gecko; compatible; ClaudeBot/1.0; +claudebot@anthropic.com)"
216.73.216.158 - - [15/May/2026:08:54:47 -0400] "GET /portfolio_category/venezuela/?fileloc=%2F%2Flib64%2Flibicui18n.so.50&path=%2F%2Flib64 HTTP/1.1" 200 2459 "-" "Mozilla/5.0 AppleWebKit/537.36 (KHTML, like Gecko; compatible; ClaudeBot/1.0; +claudebot@anthropic.com)"
114.119.158.196 - - [15/May/2026:08:54:51 -0400] "GET /2026/05/14/bc-game-zapewnia-graczom-wybor-wygrania-darmowych-spinow-z-automatach-od-niektorych-obsluga/ HTTP/1.1" 200 4333 "https://clavo.space/wp-sitemap-posts-post-1.xml" "Mozilla/5.0 (Linux; Android 7.0;) AppleWebKit/537.36 (HTML, like Gecko) Mobile Safari/537.36 (compatible; PetalBot;+https://webmaster.petalsearch.com/site/petalbot)"
216.73.216.158 - - [15/May/2026:08:54:52 -0400] "GET /portfolio_category/venezuela/?fileloc=%2F%2Flib64%2Fliblzma.so.5&path=%2F%2Flib64 HTTP/1.1" 200 2457 "-" "Mozilla/5.0 AppleWebKit/537.36 (KHTML, like Gecko; compatible; ClaudeBot/1.0; +claudebot@anthropic.com)"
216.73.216.158 - - [15/May/2026:08:54:57 -0400] "GET /portfolio_category/venezuela/?fileloc=%2F%2Flib64%2Flibnss_hesiod.so&path=%2F%2Flib64 HTTP/1.1" 200 2459 "-" "Mozilla/5.0 AppleWebKit/537.36 (KHTML, like Gecko; compatible; ClaudeBot/1.0; +claudebot@anthropic.com)"
216.73.216.158 - - [15/May/2026:08:55:02 -0400] "GET /portfolio-item/abel-adrian/?fileloc=%2F%2Flib64%2Flibxcb-xinerama.so.0&path=%2F%2Flib64 HTTP/1.1" 200 2463 "-" "Mozilla/5.0 AppleWebKit/537.36 (KHTML, like Gecko; compatible; ClaudeBot/1.0; +claudebot@anthropic.com)"
216.73.216.158 - - [15/May/2026:08:55:08 -0400] "GET /product-category/photography/nature/?product_count=36&product_orderby=rating HTTP/1.1" 200 4333 "-" "Mozilla/5.0 AppleWebKit/537.36 (KHTML, like Gecko; compatible; ClaudeBot/1.0; +claudebot@anthropic.com)"
216.73.216.158 - - [15/May/2026:08:55:13 -0400] "GET /artists/page/2/?fileloc=%2Fhome%2Fclavospa%2F.softaculous%2Fstatus%2F1AwveB8DjdP1Z0iTfnp2q2zXc7RvQRuo&path=%2Fhome%2Fclavospa%2F.softaculous%2Fstatus HTTP/1.1" 200 2659 "-" "Mozilla/5.0 AppleWebKit/537.36 (KHTML, like Gecko; compatible; ClaudeBot/1.0; +claudebot@anthropic.com)"
216.73.216.158 - - [15/May/2026:08:55:18 -0400] "GET /portfolio_category/venezuela/?fileloc=%2Fhome%2Fclavospa%2Fetc%2Fclavospa.rcube.db.1657774636&path=%2Fhome%2Fclavospa%2Fetc HTTP/1.1" 200 2472 "-" "Mozilla/5.0 AppleWebKit/537.36 (KHTML, like Gecko; compatible; ClaudeBot/1.0; +claudebot@anthropic.com)"
216.73.216.158 - - [15/May/2026:08:55:23 -0400] "GET /portfolio_category/venezuela/?fileloc=%2Fhome%2Fclavospa%2Fetc%2Fclavospa.rcube.db.1663736235&path=%2Fhome%2Fclavospa%2Fetc HTTP/1.1" 200 2471 "-" "Mozilla/5.0 AppleWebKit/537.36 (KHTML, like Gecko; compatible; ClaudeBot/1.0; +claudebot@anthropic.com)"
216.73.216.158 - - [15/May/2026:08:55:28 -0400] "GET /portfolio_category/venezuela/?fileloc=%2Fhome%2Fclavospa%2Fetc%2Fclavospa.rcube.db.1777446010&path=%2Fhome%2Fclavospa%2Fetc HTTP/1.1" 200 2472 "-" "Mozilla/5.0 AppleWebKit/537.36 (KHTML, like Gecko; compatible; ClaudeBot/1.0; +claudebot@anthropic.com)"
216.73.216.158 - - [15/May/2026:08:55:33 -0400] "GET /portfolio_category/venezuela/?fileloc=%2Fhome%2Fclavospa%2Fetc%2Fclavospa.rcube.db.1681857529&path=%2Fhome%2Fclavospa%2Fetc HTTP/1.1" 200 2471 "-" "Mozilla/5.0 AppleWebKit/537.36 (KHTML, like Gecko; compatible; ClaudeBot/1.0; +claudebot@anthropic.com)"
185.191.171.13 - - [15/May/2026:08:55:33 -0400] "GET /events/tag/clavo-space/list/?tribe-bar-date=2021-09-23 HTTP/1.1" 200 4333 "-" "Mozilla/5.0 (compatible; SemrushBot/7~bl; +http://www.semrush.com/bot.html)"
85.208.96.204 - - [15/May/2026:08:55:36 -0400] "GET /events/category/exhibition/list/?eventDisplay=past&tribe-bar-date=2020-05-12 HTTP/1.1" 200 4333 "-" "Mozilla/5.0 (compatible; SemrushBot/7~bl; +http://www.semrush.com/bot.html)"
185.191.171.14 - - [15/May/2026:08:55:38 -0400] "GET /events/tag/clavo-space/list/?eventDisplay=past&tribe-bar-date=2021-06-11 HTTP/1.1" 200 4333 "-" "Mozilla/5.0 (compatible; SemrushBot/7~bl; +http://www.semrush.com/bot.html)"
216.73.216.158 - - [15/May/2026:08:55:38 -0400] "GET /portfolio_category/venezuela/?fileloc=%2Fhome%2Fclavospa%2Fetc%2Fclavospa.rcube.db.1669960628&path=%2Fhome%2Fclavospa%2Fetc HTTP/1.1" 200 2471 "-" "Mozilla/5.0 AppleWebKit/537.36 (KHTML, like Gecko; compatible; ClaudeBot/1.0; +claudebot@anthropic.com)"
216.73.216.158 - - [15/May/2026:08:55:43 -0400] "GET /portfolio-item/garret-suhrie/?fileloc=%2Fhome%2Fclavospa%2Fpublic_html%2Fwp-admin%2Fimages%2Fimgedit-icons-2x.png&path=%2Fhome%2Fclavospa%2Fpublic_html%2Fwp-admin%2Fimages HTTP/1.1" 200 2498 "-" "Mozilla/5.0 AppleWebKit/537.36 (KHTML, like Gecko; compatible; ClaudeBot/1.0; +claudebot@anthropic.com)"
216.73.216.158 - - [15/May/2026:08:56:01 -0400] "GET /artists/page/2/?fileloc=%2Fhome%2Fclavospa%2Fpublic_html%2Flatitud212.com%2Fwp-includes%2Fclass-wp-block-processor.php&path=%2Fhome%2Fclavospa%2Fpublic_html%2Flatitud212.com%2Fwp-includes HTTP/1.1" 200 19432 "-" "Mozilla/5.0 AppleWebKit/537.36 (KHTML, like Gecko; compatible; ClaudeBot/1.0; +claudebot@anthropic.com)"
216.73.216.158 - - [15/May/2026:08:56:06 -0400] "GET /artists/page/2/?fileloc=%2Fhome%2Fclavospa%2Fpublic_html%2Fdavidlachapellela.com%2Fwp-includes%2Fwp-diff.php&path=%2Fhome%2Fclavospa%2Fpublic_html%2Fdavidlachapellela.com%2Fwp-includes HTTP/1.1" 200 2813 "-" "Mozilla/5.0 AppleWebKit/537.36 (KHTML, like Gecko; compatible; ClaudeBot/1.0; +claudebot@anthropic.com)"
216.73.216.158 - - [15/May/2026:08:56:11 -0400] "GET /artists/page/2/?path=%2Fhome%2Fclavospa%2Fpublic_html%2Fdavidlachapellela.com%2Fwp-includes%2Fpomo HTTP/1.1" 200 3110 "-" "Mozilla/5.0 AppleWebKit/537.36 (KHTML, like Gecko; compatible; ClaudeBot/1.0; +claudebot@anthropic.com)"
216.73.216.158 - - [15/May/2026:08:56:16 -0400] "GET /artists/page/2/?path=%2Fhome%2Fclavospa%2Fpublic_html%2Flatitud212.com%2Fwp-includes%2Ffonts HTTP/1.1" 200 3253 "-" "Mozilla/5.0 AppleWebKit/537.36 (KHTML, like Gecko; compatible; ClaudeBot/1.0; +claudebot@anthropic.com)"
216.73.216.158 - - [15/May/2026:08:56:21 -0400] "GET /artists/page/2/?fileloc=%2Fhome%2Fclavospa%2Fpublic_html%2Flatitud212.com%2Fwp-admin%2Fplugin-editor.php&path=%2Fhome%2Fclavospa%2Fpublic_html%2Flatitud212.com%2Fwp-admin HTTP/1.1" 200 7362 "-" "Mozilla/5.0 AppleWebKit/537.36 (KHTML, like Gecko; compatible; ClaudeBot/1.0; +claudebot@anthropic.com)"
114.119.158.196 - - [15/May/2026:08:56:21 -0400] "GET /2026/05/14/award-winning-sweepstakes-gambling-enterprises-for-players-situated-in-massachusetts/ HTTP/1.1" 200 4333 "https://clavo.space/wp-sitemap-posts-post-1.xml" "Mozilla/5.0 (Linux; Android 7.0;) AppleWebKit/537.36 (HTML, like Gecko) Mobile Safari/537.36 (compatible; PetalBot;+https://webmaster.petalsearch.com/site/petalbot)"
85.208.96.196 - - [15/May/2026:08:56:26 -0400] "GET /events/tag/art/day/2022-01-13/ HTTP/1.1" 200 4333 "-" "Mozilla/5.0 (compatible; SemrushBot/7~bl; +http://www.semrush.com/bot.html)"
216.73.216.158 - - [15/May/2026:08:56:26 -0400] "GET /artists/page/2/?path=%2Fhome%2Fclavospa%2Fpublic_html%2Fdavidlachapellela.com%2Fwp-includes%2FPHPMailer HTTP/1.1" 200 3213 "-" "Mozilla/5.0 AppleWebKit/537.36 (KHTML, like Gecko; compatible; ClaudeBot/1.0; +claudebot@anthropic.com)"
216.73.216.158 - - [15/May/2026:08:56:31 -0400] "GET /artists/page/2/?fileloc=%2Fhome%2Fclavospa%2Fpublic_html%2Fdavidlachapellela.com%2Fwp-includes%2Fclass-wp-customize-widgets.php&path=%2Fhome%2Fclavospa%2Fpublic_html%2Fdavidlachapellela.com%2Fwp-includes HTTP/1.1" 200 19191 "-" "Mozilla/5.0 AppleWebKit/537.36 (KHTML, like Gecko; compatible; ClaudeBot/1.0; +claudebot@anthropic.com)"
216.73.216.158 - - [15/May/2026:08:56:36 -0400] "GET /artists/page/2/?fileloc=%2Fhome%2Fclavospa%2Fpublic_html%2Flatitud212.com%2Fwp-includes%2Fclass-wp-speculation-rules.php&path=%2Fhome%2Fclavospa%2Fpublic_html%2Flatitud212.com%2Fwp-includes HTTP/1.1" 200 4223 "-" "Mozilla/5.0 AppleWebKit/537.36 (KHTML, like Gecko; compatible; ClaudeBot/1.0; +claudebot@anthropic.com)"
216.73.216.158 - - [15/May/2026:08:56:41 -0400] "GET /artists/page/2/?fileloc=%2Fhome%2Fclavospa%2Fpublic_html%2Flatitud212.com%2Fwp-includes%2Fclass-wp-customize-setting.php&path=%2Fhome%2Fclavospa%2Fpublic_html%2Flatitud212.com%2Fwp-includes HTTP/1.1" 200 9196 "-" "Mozilla/5.0 AppleWebKit/537.36 (KHTML, like Gecko; compatible; ClaudeBot/1.0; +claudebot@anthropic.com)"
216.73.216.158 - - [15/May/2026:08:56:46 -0400] "GET /artists/page/2/?fileloc=%2Fhome%2Fclavospa%2Fpublic_html%2Fdavidlachapellela.com%2Fwp-includes%2Fclass-wp-feed-cache.php&path=%2Fhome%2Fclavospa%2Fpublic_html%2Fdavidlachapellela.com%2Fwp-includes HTTP/1.1" 200 2991 "-" "Mozilla/5.0 AppleWebKit/537.36 (KHTML, like Gecko; compatible; ClaudeBot/1.0; +claudebot@anthropic.com)"
185.191.171.16 - - [15/May/2026:08:56:47 -0400] "GET /events/category/exhibition/list/?eventDisplay=past&tribe-bar-date=2024-04-23 HTTP/1.1" 200 4333 "-" "Mozilla/5.0 (compatible; SemrushBot/7~bl; +http://www.semrush.com/bot.html)"
185.191.171.6 - - [15/May/2026:08:56:49 -0400] "GET /events/category/exhibition/list/?eventDisplay=past&tribe-bar-date=2022-01-03 HTTP/1.1" 200 4333 "-" "Mozilla/5.0 (compatible; SemrushBot/7~bl; +http://www.semrush.com/bot.html)"
216.73.216.158 - - [15/May/2026:08:56:51 -0400] "GET /artists/page/2/?fileloc=%2Fhome%2Fclavospa%2Fpublic_html%2Flatitud212.com%2Fwp-admin%2Fplugin-install.php&path=%2Fhome%2Fclavospa%2Fpublic_html%2Flatitud212.com%2Fwp-admin HTTP/1.1" 200 5091 "-" "Mozilla/5.0 AppleWebKit/537.36 (KHTML, like Gecko; compatible; ClaudeBot/1.0; +claudebot@anthropic.com)"
216.73.216.158 - - [15/May/2026:08:56:56 -0400] "GET /artists/page/2/?fileloc=%2Fhome%2Fclavospa%2Fpublic_html%2Flatitud212.com%2Fwp-includes%2Fblock-patterns.php&path=%2Fhome%2Fclavospa%2Fpublic_html%2Flatitud212.com%2Fwp-includes HTTP/1.1" 200 5571 "-" "Mozilla/5.0 AppleWebKit/537.36 (KHTML, like Gecko; compatible; ClaudeBot/1.0; +claudebot@anthropic.com)"
216.73.216.158 - - [15/May/2026:08:56:59 -0400] "GET /artists/page/2/?fileloc=%2Fhome%2Fclavospa%2Fpublic_html%2Fdavidlachapellela.com%2Fwp-includes%2Fclass-walker-comment.php&path=%2Fhome%2Fclavospa%2Fpublic_html%2Fdavidlachapellela.com%2Fwp-includes HTTP/1.1" 200 5753 "-" "Mozilla/5.0 AppleWebKit/537.36 (KHTML, like Gecko; compatible; ClaudeBot/1.0; +claudebot@anthropic.com)"
216.73.216.158 - - [15/May/2026:08:57:04 -0400] "GET /artists/page/2/?fileloc=%2Fhome%2Fclavospa%2Fpublic_html%2Fdavidlachapellela.com%2Fwp-admin%2Fmenu-header.php&path=%2Fhome%2Fclavospa%2Fpublic_html%2Fdavidlachapellela.com%2Fwp-admin HTTP/1.1" 200 5378 "-" "Mozilla/5.0 AppleWebKit/537.36 (KHTML, like Gecko; compatible; ClaudeBot/1.0; +claudebot@anthropic.com)"
216.73.216.158 - - [15/May/2026:08:57:09 -0400] "GET /artists/page/2/?fileloc=%2Fhome%2Fclavospa%2Fpublic_html%2Flatitud212.com%2Fwp-includes%2Fclass-wp-widget.php&path=%2Fhome%2Fclavospa%2Fpublic_html%2Flatitud212.com%2Fwp-includes HTTP/1.1" 200 6890 "-" "Mozilla/5.0 AppleWebKit/537.36 (KHTML, like Gecko; compatible; ClaudeBot/1.0; +claudebot@anthropic.com)"
216.73.216.158 - - [15/May/2026:08:57:14 -0400] "GET /artists/page/2/?fileloc=%2Fhome%2Fclavospa%2Fpublic_html%2Flatitud212.com%2Fwp-includes%2Fclass-wp-date-query.php&path=%2Fhome%2Fclavospa%2Fpublic_html%2Flatitud212.com%2Fwp-includes HTTP/1.1" 200 11165 "-" "Mozilla/5.0 AppleWebKit/537.36 (KHTML, like Gecko; compatible; ClaudeBot/1.0; +claudebot@anthropic.com)"
185.191.171.11 - - [15/May/2026:08:57:15 -0400] "GET /events/2022-08-30/ HTTP/1.1" 200 4333 "-" "Mozilla/5.0 (compatible; SemrushBot/7~bl; +http://www.semrush.com/bot.html)"
216.73.216.158 - - [15/May/2026:08:57:19 -0400] "GET /artists/page/2/?fileloc=%2Fhome%2Fclavospa%2Fpublic_html%2Fdavidlachapellela.com%2Fwp-admin%2Fusers.php&path=%2Fhome%2Fclavospa%2Fpublic_html%2Fdavidlachapellela.com%2Fwp-admin HTTP/1.1" 200 8178 "-" "Mozilla/5.0 AppleWebKit/537.36 (KHTML, like Gecko; compatible; ClaudeBot/1.0; +claudebot@anthropic.com)"
216.73.216.158 - - [15/May/2026:08:57:24 -0400] "GET /artists/page/2/?fileloc=%2Fhome%2Fclavospa%2Fpublic_html%2Flatitud212.com%2Fwp-includes%2Fclass-wp-network.php&path=%2Fhome%2Fclavospa%2Fpublic_html%2Flatitud212.com%2Fwp-includes HTTP/1.1" 200 6275 "-" "Mozilla/5.0 AppleWebKit/537.36 (KHTML, like Gecko; compatible; ClaudeBot/1.0; +claudebot@anthropic.com)"
216.73.216.158 - - [15/May/2026:08:57:28 -0400] "GET /artists/page/2/?fileloc=%2Fhome%2Fclavospa%2Fpublic_html%2Fdavidlachapellela.com%2Fwp-admin%2Fedit-form-blocks.php&path=%2Fhome%2Fclavospa%2Fpublic_html%2Fdavidlachapellela.com%2Fwp-admin HTTP/1.1" 200 7691 "-" "Mozilla/5.0 AppleWebKit/537.36 (KHTML, like Gecko; compatible; ClaudeBot/1.0; +claudebot@anthropic.com)"
216.73.216.158 - - [15/May/2026:08:57:33 -0400] "GET /artists/page/2/?fileloc=%2Fhome%2Fclavospa%2Fpublic_html%2Fdavidlachapellela.com%2Fwp-includes%2Fcomment.php&path=%2Fhome%2Fclavospa%2Fpublic_html%2Fdavidlachapellela.com%2Fwp-includes HTTP/1.1" 200 32745 "-" "Mozilla/5.0 AppleWebKit/537.36 (KHTML, like Gecko; compatible; ClaudeBot/1.0; +claudebot@anthropic.com)"
185.191.171.16 - - [15/May/2026:08:57:36 -0400] "GET /events/tag/opening/day/2021-04-20/ HTTP/1.1" 200 4333 "-" "Mozilla/5.0 (compatible; SemrushBot/7~bl; +http://www.semrush.com/bot.html)"
216.73.216.158 - - [15/May/2026:08:57:38 -0400] "GET /artists/page/2/?fileloc=%2Fhome%2Fclavospa%2Fpublic_html%2Fdavidlachapellela.com%2Fwp-admin%2Fms-users.php&path=%2Fhome%2Fclavospa%2Fpublic_html%2Fdavidlachapellela.com%2Fwp-admin HTTP/1.1" 200 2642 "-" "Mozilla/5.0 AppleWebKit/537.36 (KHTML, like Gecko; compatible; ClaudeBot/1.0; +claudebot@anthropic.com)"
216.73.216.158 - - [15/May/2026:08:57:43 -0400] "GET /artists/page/2/?fileloc=%2Fhome%2Fclavospa%2Fpublic_html%2Fdavidlachapellela.com%2Fwp-includes%2Ffunctions.php&path=%2Fhome%2Fclavospa%2Fpublic_html%2Fdavidlachapellela.com%2Fwp-includes HTTP/1.1" 200 76738 "-" "Mozilla/5.0 AppleWebKit/537.36 (KHTML, like Gecko; compatible; ClaudeBot/1.0; +claudebot@anthropic.com)"
85.208.96.202 - - [15/May/2026:08:57:46 -0400] "GET /events/list/?eventDisplay=past&tribe-bar-date=2024-05-10 HTTP/1.1" 200 4333 "-" "Mozilla/5.0 (compatible; SemrushBot/7~bl; +http://www.semrush.com/bot.html)"
144.76.19.72 - - [15/May/2026:08:57:47 -0400] "GET /product-category/collage-mix-media/?product_count=24&product_orderby=popularity&product_order=asc&product_view=list HTTP/1.1" 200 4333 "-" "Mozilla/5.0 (compatible; SERankingBacklinksBot/1.0; +https://seranking.com/backlinks-crawler)"
114.119.148.154 - - [15/May/2026:08:57:47 -0400] "GET /2026/05/14/avoid-the-deposits-and-you-may-revealing-off-private-information/ HTTP/1.1" 200 4333 "https://clavo.space/wp-sitemap-posts-post-1.xml" "Mozilla/5.0 (Linux; Android 7.0;) AppleWebKit/537.36 (HTML, like Gecko) Mobile Safari/537.36 (compatible; PetalBot;+https://webmaster.petalsearch.com/site/petalbot)"
216.73.216.158 - - [15/May/2026:08:57:48 -0400] "GET /artists/page/2/?fileloc=%2Fhome%2Fclavospa%2Fpublic_html%2Flatitud212.com%2Fwp-includes%2Fpluggable-deprecated.php&path=%2Fhome%2Fclavospa%2Fpublic_html%2Flatitud212.com%2Fwp-includes HTTP/1.1" 200 4395 "-" "Mozilla/5.0 AppleWebKit/537.36 (KHTML, like Gecko; compatible; ClaudeBot/1.0; +claudebot@anthropic.com)"
185.191.171.11 - - [15/May/2026:08:57:48 -0400] "GET /events/tag/clavo-space/day/2024-12-23/ HTTP/1.1" 200 4333 "-" "Mozilla/5.0 (compatible; SemrushBot/7~bl; +http://www.semrush.com/bot.html)"
216.73.216.158 - - [15/May/2026:08:57:53 -0400] "GET /artists/page/2/?fileloc=%2Fhome%2Fclavospa%2Fpublic_html%2Flatitud212.com%2Fwp-admin%2Fcomment.php&path=%2Fhome%2Fclavospa%2Fpublic_html%2Flatitud212.com%2Fwp-admin HTTP/1.1" 200 5749 "-" "Mozilla/5.0 AppleWebKit/537.36 (KHTML, like Gecko; compatible; ClaudeBot/1.0; +claudebot@anthropic.com)"
216.73.216.158 - - [15/May/2026:08:57:56 -0400] "GET /artists/page/2/?fileloc=%2Fhome%2Fclavospa%2F.softaculous%2Fsitepad.php&path=%2Fhome%2Fclavospa%2F.softaculous HTTP/1.1" 200 2586 "-" "Mozilla/5.0 AppleWebKit/537.36 (KHTML, like Gecko; compatible; ClaudeBot/1.0; +claudebot@anthropic.com)"
216.73.216.158 - - [15/May/2026:08:58:01 -0400] "GET /artists/page/2/?fileloc=%2Fhome%2Fclavospa%2Fpublic_html%2Fingridbarajas.com%2Fwp-cron.php&path=%2Fhome%2Fclavospa%2Fpublic_html%2Fingridbarajas.com HTTP/1.1" 200 4577 "-" "Mozilla/5.0 AppleWebKit/537.36 (KHTML, like Gecko; compatible; ClaudeBot/1.0; +claudebot@anthropic.com)"
216.73.216.158 - - [15/May/2026:08:58:06 -0400] "GET /artists/page/2/?fileloc=%2Fhome%2Fclavospa%2Fpublic_html%2Fingridbarajas.com%2Fwp-trackback.php&path=%2Fhome%2Fclavospa%2Fpublic_html%2Fingridbarajas.com HTTP/1.1" 200 4357 "-" "Mozilla/5.0 AppleWebKit/537.36 (KHTML, like Gecko; compatible; ClaudeBot/1.0; +claudebot@anthropic.com)"
216.73.216.158 - - [15/May/2026:08:58:11 -0400] "GET /artists/page/2/?fileloc=%2Fhome%2Fclavospa%2Fpublic_html%2Fingridbarajas.com%2Fwp-comments-post.php&path=%2Fhome%2Fclavospa%2Fpublic_html%2Fingridbarajas.com HTTP/1.1" 200 3537 "-" "Mozilla/5.0 AppleWebKit/537.36 (KHTML, like Gecko; compatible; ClaudeBot/1.0; +claudebot@anthropic.com)"
216.73.216.158 - - [15/May/2026:08:58:16 -0400] "GET /artists/page/2/?fileloc=%2Fhome%2Fclavospa%2Fpublic_html%2Flatitud212.com%2Fwp-includes%2Fclass-wp-customize-manager.php&path=%2Fhome%2Fclavospa%2Fpublic_html%2Flatitud212.com%2Fwp-includes HTTP/1.1" 200 48652 "-" "Mozilla/5.0 AppleWebKit/537.36 (KHTML, like Gecko; compatible; ClaudeBot/1.0; +claudebot@anthropic.com)"
216.73.216.158 - - [15/May/2026:08:58:21 -0400] "GET /artists/page/2/?fileloc=%2Fhome%2Fclavospa%2Fpublic_html%2Flatitud212.com%2Fwp-includes%2Fclass-wp-admin-bar.php&path=%2Fhome%2Fclavospa%2Fpublic_html%2Flatitud212.com%2Fwp-includes HTTP/1.1" 200 7390 "-" "Mozilla/5.0 AppleWebKit/537.36 (KHTML, like Gecko; compatible; ClaudeBot/1.0; +claudebot@anthropic.com)"
216.73.216.158 - - [15/May/2026:08:58:26 -0400] "GET /artists/page/2/?fileloc=%2Fhome%2Fclavospa%2Fpublic_html%2Fdavidlachapellela.com%2Fwp-includes%2Fwidgets.php&path=%2Fhome%2Fclavospa%2Fpublic_html%2Fdavidlachapellela.com%2Fwp-includes HTTP/1.1" 200 18395 "-" "Mozilla/5.0 AppleWebKit/537.36 (KHTML, like Gecko; compatible; ClaudeBot/1.0; +claudebot@anthropic.com)"
216.73.216.158 - - [15/May/2026:08:58:31 -0400] "GET /artists/page/2/?fileloc=%2Fhome%2Fclavospa%2Fpublic_html%2Fdavidlachapellela.com%2Fwp-includes%2Ffeed-atom-comments.php&path=%2Fhome%2Fclavospa%2Fpublic_html%2Fdavidlachapellela.com%2Fwp-includes HTTP/1.1" 200 4278 "-" "Mozilla/5.0 AppleWebKit/537.36 (KHTML, like Gecko; compatible; ClaudeBot/1.0; +claudebot@anthropic.com)"
146.56.197.150 - - [15/May/2026:08:58:32 -0400] "GET / HTTP/1.1" 301 351 "-" "Mozilla/5.0 (iPhone; CPU iPhone OS 13_2_3 like Mac OS X) AppleWebKit/605.1.15 (KHTML, like Gecko) Version/13.0.3 Mobile/15E148 Safari/604.1"
146.56.197.150 - - [15/May/2026:08:58:34 -0400] "GET / HTTP/1.1" 200 4333 "http://www.212productions.net" "Mozilla/5.0 (iPhone; CPU iPhone OS 13_2_3 like Mac OS X) AppleWebKit/605.1.15 (KHTML, like Gecko) Version/13.0.3 Mobile/15E148 Safari/604.1"
216.73.216.158 - - [15/May/2026:08:58:36 -0400] "GET /artists/page/2/?fileloc=%2Fhome%2Fclavospa%2Fpublic_html%2Flatitud212.com%2Fwp-includes%2Fclass-IXR.php&path=%2Fhome%2Fclavospa%2Fpublic_html%2Flatitud212.com%2Fwp-includes HTTP/1.1" 200 3679 "-" "Mozilla/5.0 AppleWebKit/537.36 (KHTML, like Gecko; compatible; ClaudeBot/1.0; +claudebot@anthropic.com)"
85.208.96.196 - - [15/May/2026:08:58:40 -0400] "GET /events/list/?tribe-bar-date=2023-03-02 HTTP/1.1" 200 4333 "-" "Mozilla/5.0 (compatible; SemrushBot/7~bl; +http://www.semrush.com/bot.html)"
216.73.216.158 - - [15/May/2026:08:58:41 -0400] "GET /artists/page/2/?fileloc=%2Fhome%2Fclavospa%2Fpublic_html%2Flatitud212.com%2Fwp-includes%2Fembed-template.php&path=%2Fhome%2Fclavospa%2Fpublic_html%2Flatitud212.com%2Fwp-includes HTTP/1.1" 200 2678 "-" "Mozilla/5.0 AppleWebKit/537.36 (KHTML, like Gecko; compatible; ClaudeBot/1.0; +claudebot@anthropic.com)"
216.73.216.158 - - [15/May/2026:08:58:46 -0400] "GET /artists/page/2/?fileloc=%2Fhome%2Fclavospa%2Fpublic_html%2Flatitud212.com%2Fwp-admin%2Fwidgets.php&path=%2Fhome%2Fclavospa%2Fpublic_html%2Flatitud212.com%2Fwp-admin HTTP/1.1" 200 3045 "-" "Mozilla/5.0 AppleWebKit/537.36 (KHTML, like Gecko; compatible; ClaudeBot/1.0; +claudebot@anthropic.com)"
185.191.171.13 - - [15/May/2026:08:58:48 -0400] "GET /events/2025-10-22/ HTTP/1.1" 200 4333 "-" "Mozilla/5.0 (compatible; SemrushBot/7~bl; +http://www.semrush.com/bot.html)"
85.208.96.195 - - [15/May/2026:08:58:49 -0400] "GET /events/2026-12-28/ HTTP/1.1" 200 4333 "-" "Mozilla/5.0 (compatible; SemrushBot/7~bl; +http://www.semrush.com/bot.html)"
216.73.216.158 - - [15/May/2026:08:58:51 -0400] "GET /artists/page/2/?fileloc=%2Fhome%2Fclavospa%2Fpublic_html%2Fdavidlachapellela.com%2Fwp-includes%2Frest-api.php&path=%2Fhome%2Fclavospa%2Fpublic_html%2Fdavidlachapellela.com%2Fwp-includes HTTP/1.1" 200 23867 "-" "Mozilla/5.0 AppleWebKit/537.36 (KHTML, like Gecko; compatible; ClaudeBot/1.0; +claudebot@anthropic.com)"
85.208.96.210 - - [15/May/2026:08:58:53 -0400] "GET /events/category/exhibition/list/?tribe-bar-date=2025-02-01 HTTP/1.1" 200 4333 "-" "Mozilla/5.0 (compatible; SemrushBot/7~bl; +http://www.semrush.com/bot.html)"
3.96.172.104 - - [15/May/2026:08:58:53 -0400] "POST /xmlrpc.php HTTP/1.1" 200 72524 "-" "Mozilla/5.0 (Windows NT 10.0; Win64; x64) AppleWebKit/537.36 (KHTML, like Gecko) Chrome/114.0.0.0 Safari/537.36"
3.96.172.104 - - [15/May/2026:08:58:54 -0400] "POST /xmlrpc.php HTTP/1.1" 200 72524 "-" "Mozilla/5.0 (Windows NT 10.0; Win64; x64) AppleWebKit/537.36 (KHTML, like Gecko) Chrome/114.0.0.0 Safari/537.36"
216.73.216.158 - - [15/May/2026:08:58:56 -0400] "GET /artists/page/2/?fileloc=%2Fhome%2Fclavospa%2Fpublic_html%2Fdavidlachapellela.com%2Fwp-includes%2Fclass-wp-walker.php&path=%2Fhome%2Fclavospa%2Fpublic_html%2Fdavidlachapellela.com%2Fwp-includes HTTP/1.1" 200 5591 "-" "Mozilla/5.0 AppleWebKit/537.36 (KHTML, like Gecko; compatible; ClaudeBot/1.0; +claudebot@anthropic.com)"
216.73.216.158 - - [15/May/2026:08:59:01 -0400] "GET /artists/page/2/?fileloc=%2Fhome%2Fclavospa%2Fpublic_html%2Flatitud212.com%2Fwp-includes%2Fclass-wp-user.php&path=%2Fhome%2Fclavospa%2Fpublic_html%2Flatitud212.com%2Fwp-includes HTTP/1.1" 200 8280 "-" "Mozilla/5.0 AppleWebKit/537.36 (KHTML, like Gecko; compatible; ClaudeBot/1.0; +claudebot@anthropic.com)"
216.73.216.158 - - [15/May/2026:08:59:06 -0400] "GET /artists/page/2/?fileloc=%2Fhome%2Fclavospa%2Fpublic_html%2Fdavidlachapellela.com%2Fwp-includes%2Fclass-wp-customize-panel.php&path=%2Fhome%2Fclavospa%2Fpublic_html%2Fdavidlachapellela.com%2Fwp-includes HTTP/1.1" 200 5610 "-" "Mozilla/5.0 AppleWebKit/537.36 (KHTML, like Gecko; compatible; ClaudeBot/1.0; +claudebot@anthropic.com)"
114.119.132.131 - - [15/May/2026:08:59:08 -0400] "GET /2026/05/14/average-day-bills-to-own-paypal-local-casino-withdrawals-and-you-can-places/ HTTP/1.1" 200 4333 "https://clavo.space/wp-sitemap-posts-post-1.xml" "Mozilla/5.0 (Linux; Android 7.0;) AppleWebKit/537.36 (HTML, like Gecko) Mobile Safari/537.36 (compatible; PetalBot;+https://webmaster.petalsearch.com/site/petalbot)"
216.73.216.158 - - [15/May/2026:08:59:11 -0400] "GET /artists/page/2/?fileloc=%2Fhome%2Fclavospa%2Fpublic_html%2Flatitud212.com%2Fwp-includes%2Fshortcodes.php&path=%2Fhome%2Fclavospa%2Fpublic_html%2Flatitud212.com%2Fwp-includes HTTP/1.1" 200 9137 "-" "Mozilla/5.0 AppleWebKit/537.36 (KHTML, like Gecko; compatible; ClaudeBot/1.0; +claudebot@anthropic.com)"
216.73.216.158 - - [15/May/2026:08:59:16 -0400] "GET /artists/page/2/?fileloc=%2Fhome%2Fclavospa%2Fpublic_html%2Fdavidlachapellela.com%2Fwp-admin%2Fcomment.php&path=%2Fhome%2Fclavospa%2Fpublic_html%2Fdavidlachapellela.com%2Fwp-admin HTTP/1.1" 200 5755 "-" "Mozilla/5.0 AppleWebKit/537.36 (KHTML, like Gecko; compatible; ClaudeBot/1.0; +claudebot@anthropic.com)"
216.73.216.158 - - [15/May/2026:08:59:21 -0400] "GET /artists/page/2/?fileloc=%2Fhome%2Fclavospa%2Fpublic_html%2Fdavidlachapellela.com%2Fwp-includes%2Fclass-wp-term.php&path=%2Fhome%2Fclavospa%2Fpublic_html%2Fdavidlachapellela.com%2Fwp-includes HTTP/1.1" 200 4300 "-" "Mozilla/5.0 AppleWebKit/537.36 (KHTML, like Gecko; compatible; ClaudeBot/1.0; +claudebot@anthropic.com)"
216.73.216.158 - - [15/May/2026:08:59:26 -0400] "GET /artists/page/2/?fileloc=%2Fhome%2Fclavospa%2Fpublic_html%2Flatitud212.com%2Fwp-admin%2Fedit-link-form.php&path=%2Fhome%2Fclavospa%2Fpublic_html%2Flatitud212.com%2Fwp-admin HTTP/1.1" 200 4610 "-" "Mozilla/5.0 AppleWebKit/537.36 (KHTML, like Gecko; compatible; ClaudeBot/1.0; +claudebot@anthropic.com)"
216.73.216.158 - - [15/May/2026:08:59:31 -0400] "GET /artists/page/2/?fileloc=%2Fhome%2Fclavospa%2Fpublic_html%2Fdavidlachapellela.com%2Fwp-includes%2Fclass-wp-http-curl.php&path=%2Fhome%2Fclavospa%2Fpublic_html%2Fdavidlachapellela.com%2Fwp-includes HTTP/1.1" 200 6225 "-" "Mozilla/5.0 AppleWebKit/537.36 (KHTML, like Gecko; compatible; ClaudeBot/1.0; +claudebot@anthropic.com)"
216.73.216.158 - - [15/May/2026:08:59:36 -0400] "GET /artists/page/2/?fileloc=%2Fhome%2Fclavospa%2Fpublic_html%2Fdavidlachapellela.com%2Fwp-admin%2Fwidgets.php&path=%2Fhome%2Fclavospa%2Fpublic_html%2Fdavidlachapellela.com%2Fwp-admin HTTP/1.1" 200 3050 "-" "Mozilla/5.0 AppleWebKit/537.36 (KHTML, like Gecko; compatible; ClaudeBot/1.0; +claudebot@anthropic.com)"
216.73.216.158 - - [15/May/2026:08:59:41 -0400] "GET /artists/page/2/?fileloc=%2Fhome%2Fclavospa%2Fpublic_html%2Flatitud212.com%2Fwp-admin%2Fcustomize.php&path=%2Fhome%2Fclavospa%2Fpublic_html%2Flatitud212.com%2Fwp-admin HTTP/1.1" 200 6220 "-" "Mozilla/5.0 AppleWebKit/537.36 (KHTML, like Gecko; compatible; ClaudeBot/1.0; +claudebot@anthropic.com)"
216.73.216.158 - - [15/May/2026:08:59:47 -0400] "GET /artists/page/2/?fileloc=%2Fhome%2Fclavospa%2Fpublic_html%2Fdavidlachapellela.com%2Fwp-includes%2Fclass-phpmailer.php&path=%2Fhome%2Fclavospa%2Fpublic_html%2Fdavidlachapellela.com%2Fwp-includes HTTP/1.1" 200 2760 "-" "Mozilla/5.0 AppleWebKit/537.36 (KHTML, like Gecko; compatible; ClaudeBot/1.0; +claudebot@anthropic.com)"
185.191.171.11 - - [15/May/2026:08:59:48 -0400] "GET /events/tag/art/list/?eventDisplay=past&tribe-bar-date=2024-02-24 HTTP/1.1" 200 4333 "-" "Mozilla/5.0 (compatible; SemrushBot/7~bl; +http://www.semrush.com/bot.html)"
17.246.15.47 - - [15/May/2026:08:59:50 -0400] "GET /product/arbol-de-vida-tree-of-life/?path=/home/clavospa/public_html/wp-includes HTTP/1.1" 200 13550 "-" "Mozilla/5.0 (Macintosh; Intel Mac OS X 10_15_7) AppleWebKit/605.1.15 (KHTML, like Gecko) Version/17.4 Safari/605.1.15 (Applebot/0.1; +http://www.apple.com/go/applebot)"
216.73.216.158 - - [15/May/2026:08:59:51 -0400] "GET /artists/page/2/?fileloc=%2Fhome%2Fclavospa%2Fpublic_html%2Flatitud212.com%2Fwp-includes%2Fnav-menu.php&path=%2Fhome%2Fclavospa%2Fpublic_html%2Flatitud212.com%2Fwp-includes HTTP/1.1" 200 12309 "-" "Mozilla/5.0 AppleWebKit/537.36 (KHTML, like Gecko; compatible; ClaudeBot/1.0; +claudebot@anthropic.com)"
85.208.96.200 - - [15/May/2026:08:59:54 -0400] "GET /events/tag/art/day/2025-06-07/ HTTP/1.1" 200 4333 "-" "Mozilla/5.0 (compatible; SemrushBot/7~bl; +http://www.semrush.com/bot.html)"
79.127.164.175 - - [15/May/2026:08:59:55 -0400] "POST /xmlrpc.php HTTP/1.1" 200 72524 "-" "Mozilla/5.0 (Windows NT 10.0; Win64; x64) AppleWebKit/537.36 (KHTML, like Gecko) Chrome/114.0.0.0 Safari/537.36"
79.127.164.175 - - [15/May/2026:08:59:56 -0400] "POST /xmlrpc.php HTTP/1.1" 200 72524 "-" "Mozilla/5.0 (Windows NT 10.0; Win64; x64) AppleWebKit/537.36 (KHTML, like Gecko) Chrome/114.0.0.0 Safari/537.36"
216.73.216.158 - - [15/May/2026:08:59:56 -0400] "GET /artists/page/2/?fileloc=%2Fhome%2Fclavospa%2Fpublic_html%2Fdavidlachapellela.com%2Fwp-includes%2Fclass-smtp.php&path=%2Fhome%2Fclavospa%2Fpublic_html%2Fdavidlachapellela.com%2Fwp-includes HTTP/1.1" 200 2706 "-" "Mozilla/5.0 AppleWebKit/537.36 (KHTML, like Gecko; compatible; ClaudeBot/1.0; +claudebot@anthropic.com)"
216.73.216.158 - - [15/May/2026:09:00:01 -0400] "GET /artists/page/2/?fileloc=%2Fhome%2Fclavospa%2Fpublic_html%2Flatitud212.com%2Fwp-includes%2Fgeneral-template.php&path=%2Fhome%2Fclavospa%2Fpublic_html%2Flatitud212.com%2Fwp-includes HTTP/1.1" 200 40500 "-" "Mozilla/5.0 AppleWebKit/537.36 (KHTML, like Gecko; compatible; ClaudeBot/1.0; +claudebot@anthropic.com)"
216.73.216.158 - - [15/May/2026:09:00:06 -0400] "GET /artists/page/2/?fileloc=%2Fhome%2Fclavospa%2Fpublic_html%2Fdavidlachapellela.com%2Fwp-admin%2Fadmin-ajax.php&path=%2Fhome%2Fclavospa%2Fpublic_html%2Fdavidlachapellela.com%2Fwp-admin HTTP/1.1" 200 4285 "-" "Mozilla/5.0 AppleWebKit/537.36 (KHTML, like Gecko; compatible; ClaudeBot/1.0; +claudebot@anthropic.com)"
216.73.216.158 - - [15/May/2026:09:00:12 -0400] "GET /artists/page/2/?fileloc=%2Fhome%2Fclavospa%2Fpublic_html%2Fdavidlachapellela.com%2Fwp-includes%2Fmedia.php&path=%2Fhome%2Fclavospa%2Fpublic_html%2Fdavidlachapellela.com%2Fwp-includes HTTP/1.1" 200 53502 "-" "Mozilla/5.0 AppleWebKit/537.36 (KHTML, like Gecko; compatible; ClaudeBot/1.0; +claudebot@anthropic.com)"
216.73.216.158 - - [15/May/2026:09:00:17 -0400] "GET /artists/page/2/?fileloc=%2Fhome%2Fclavospa%2Fpublic_html%2Flatitud212.com%2Fwp-admin%2Fnav-menus.php&path=%2Fhome%2Fclavospa%2Fpublic_html%2Flatitud212.com%2Fwp-admin HTTP/1.1" 200 13450 "-" "Mozilla/5.0 AppleWebKit/537.36 (KHTML, like Gecko; compatible; ClaudeBot/1.0; +claudebot@anthropic.com)"
216.73.216.158 - - [15/May/2026:09:00:22 -0400] "GET /artists/page/2/?fileloc=%2Fhome%2Fclavospa%2Fpublic_html%2Flatitud212.com%2Fwp-admin%2Fpost-new.php&path=%2Fhome%2Fclavospa%2Fpublic_html%2Flatitud212.com%2Fwp-admin HTTP/1.1" 200 3534 "-" "Mozilla/5.0 AppleWebKit/537.36 (KHTML, like Gecko; compatible; ClaudeBot/1.0; +claudebot@anthropic.com)"
114.119.132.131 - - [15/May/2026:09:00:26 -0400] "GET /2026/05/14/aufhalten-welche-unser-spielsalon-inter-seite-wie-am-schnurchen-inoffizieller-mitarbeiter-webbrowser-ihres-mobile-phones-weiters-android-tablets-uff-weiters-vortragen-diese-entfesselt/ HTTP/1.1" 200 4333 "https://clavo.space/wp-sitemap-posts-post-1.xml" "Mozilla/5.0 (Linux; Android 7.0;) AppleWebKit/537.36 (HTML, like Gecko) Mobile Safari/537.36 (compatible; PetalBot;+https://webmaster.petalsearch.com/site/petalbot)"
216.73.216.158 - - [15/May/2026:09:00:27 -0400] "GET /artists/page/2/?fileloc=%2Fhome%2Fclavospa%2Fpublic_html%2Fdavidlachapellela.com%2Fwp-admin%2Fprivacy-policy-guide.php&path=%2Fhome%2Fclavospa%2Fpublic_html%2Fdavidlachapellela.com%2Fwp-admin HTTP/1.1" 200 3945 "-" "Mozilla/5.0 AppleWebKit/537.36 (KHTML, like Gecko; compatible; ClaudeBot/1.0; +claudebot@anthropic.com)"
216.73.216.158 - - [15/May/2026:09:00:27 -0400] "GET /artists/page/2/?fileloc=%2Fhome%2Fclavospa%2Fpublic_html%2Flatitud212.com%2Fwp-admin%2Fprivacy-policy-guide.php&path=%2Fhome%2Fclavospa%2Fpublic_html%2Flatitud212.com%2Fwp-admin HTTP/1.1" 200 3939 "-" "Mozilla/5.0 AppleWebKit/537.36 (KHTML, like Gecko; compatible; ClaudeBot/1.0; +claudebot@anthropic.com)"
216.73.216.158 - - [15/May/2026:09:00:28 -0400] "GET /artists/page/2/?fileloc=%2Fhome%2Fclavospa%2Fpublic_html%2Flatitud212.com%2Fwp-admin%2Ffreedoms.php&path=%2Fhome%2Fclavospa%2Fpublic_html%2Flatitud212.com%2Fwp-admin HTTP/1.1" 200 4209 "-" "Mozilla/5.0 AppleWebKit/537.36 (KHTML, like Gecko; compatible; ClaudeBot/1.0; +claudebot@anthropic.com)"
216.73.216.158 - - [15/May/2026:09:00:28 -0400] "GET /artists/page/2/?fileloc=%2Fhome%2Fclavospa%2Fpublic_html%2Fdavidlachapellela.com%2Fwp-includes%2Fclass-wp-recovery-mode.php&path=%2Fhome%2Fclavospa%2Fpublic_html%2Fdavidlachapellela.com%2Fwp-includes HTTP/1.1" 200 5648 "-" "Mozilla/5.0 AppleWebKit/537.36 (KHTML, like Gecko; compatible; ClaudeBot/1.0; +claudebot@anthropic.com)"
216.73.216.158 - - [15/May/2026:09:00:29 -0400] "GET /artists/page/2/?fileloc=%2Fhome%2Fclavospa%2Fpublic_html%2Fdavidlachapellela.com%2Fwp-admin%2Flink-add.php&path=%2Fhome%2Fclavospa%2Fpublic_html%2Fdavidlachapellela.com%2Fwp-admin HTTP/1.1" 200 2953 "-" "Mozilla/5.0 AppleWebKit/537.36 (KHTML, like Gecko; compatible; ClaudeBot/1.0; +claudebot@anthropic.com)"
216.73.216.158 - - [15/May/2026:09:00:29 -0400] "GET /artists/page/2/?fileloc=%2Fhome%2Fclavospa%2F.imunify_patch_id&path=%2Fhome%2Fclavospa HTTP/1.1" 200 2538 "-" "Mozilla/5.0 AppleWebKit/537.36 (KHTML, like Gecko; compatible; ClaudeBot/1.0; +claudebot@anthropic.com)"
216.73.216.158 - - [15/May/2026:09:00:30 -0400] "GET /artists/page/2/?fileloc=%2Fhome%2Fclavospa%2Fpublic_html%2Flatitud212.com%2Fwp-admin%2Flink-add.php&path=%2Fhome%2Fclavospa%2Fpublic_html%2Flatitud212.com%2Fwp-admin HTTP/1.1" 200 2947 "-" "Mozilla/5.0 AppleWebKit/537.36 (KHTML, like Gecko; compatible; ClaudeBot/1.0; +claudebot@anthropic.com)"
216.73.216.158 - - [15/May/2026:09:00:30 -0400] "GET /artists/page/2/?fileloc=%2Fhome%2Fclavospa%2Fpublic_html%2Flatitud212.com%2Fwp-includes%2Fmedia-template.php&path=%2Fhome%2Fclavospa%2Fpublic_html%2Flatitud212.com%2Fwp-includes HTTP/1.1" 200 14437 "-" "Mozilla/5.0 AppleWebKit/537.36 (KHTML, like Gecko; compatible; ClaudeBot/1.0; +claudebot@anthropic.com)"
216.73.216.158 - - [15/May/2026:09:00:30 -0400] "GET /artists/page/2/?fileloc=%2Fhome%2Fclavospa%2Fpublic_html%2Flatitud212.com%2Fwp-includes%2Fclass-avif-info.php&path=%2Fhome%2Fclavospa%2Fpublic_html%2Flatitud212.com%2Fwp-includes HTTP/1.1" 200 8561 "-" "Mozilla/5.0 AppleWebKit/537.36 (KHTML, like Gecko; compatible; ClaudeBot/1.0; +claudebot@anthropic.com)"
216.73.216.158 - - [15/May/2026:09:00:31 -0400] "GET /artists/page/2/?fileloc=%2Fhome%2Fclavospa%2Fpublic_html%2Flatitud212.com%2Fwp-admin%2Fcredits.php&path=%2Fhome%2Fclavospa%2Fpublic_html%2Flatitud212.com%2Fwp-admin HTTP/1.1" 200 3837 "-" "Mozilla/5.0 AppleWebKit/537.36 (KHTML, like Gecko; compatible; ClaudeBot/1.0; +claudebot@anthropic.com)"
216.73.216.158 - - [15/May/2026:09:00:31 -0400] "GET /artists/page/2/?fileloc=%2Fhome%2Fclavospa%2Fpublic_html%2Fdavidlachapellela.com%2Fwp-admin%2Fcredits.php&path=%2Fhome%2Fclavospa%2Fpublic_html%2Fdavidlachapellela.com%2Fwp-admin HTTP/1.1" 200 3842 "-" "Mozilla/5.0 AppleWebKit/537.36 (KHTML, like Gecko; compatible; ClaudeBot/1.0; +claudebot@anthropic.com)"
216.73.216.158 - - [15/May/2026:09:00:31 -0400] "GET /artists/page/2/?fileloc=%2Fhome%2Fclavospa%2Fpublic_html%2Fdavidlachapellela.com%2Fwp-includes%2Fmedia-template.php&path=%2Fhome%2Fclavospa%2Fpublic_html%2Fdavidlachapellela.com%2Fwp-includes HTTP/1.1" 200 14442 "-" "Mozilla/5.0 AppleWebKit/537.36 (KHTML, like Gecko; compatible; ClaudeBot/1.0; +claudebot@anthropic.com)"
216.73.216.158 - - [15/May/2026:09:00:31 -0400] "GET /artists/page/2/?fileloc=%2Fhome%2Fclavospa%2Fpublic_html%2Fdavidlachapellela.com%2Fwp-includes%2Fclass-avif-info.php&path=%2Fhome%2Fclavospa%2Fpublic_html%2Fdavidlachapellela.com%2Fwp-includes HTTP/1.1" 200 8567 "-" "Mozilla/5.0 AppleWebKit/537.36 (KHTML, like Gecko; compatible; ClaudeBot/1.0; +claudebot@anthropic.com)"
216.73.216.158 - - [15/May/2026:09:00:32 -0400] "GET /artists/page/2/?fileloc=%2Fhome%2Fclavospa%2Fpublic_html%2Flatitud212.com%2Fwp-includes%2Fl10n.php&path=%2Fhome%2Fclavospa%2Fpublic_html%2Flatitud212.com%2Fwp-includes HTTP/1.1" 200 15374 "-" "Mozilla/5.0 AppleWebKit/537.36 (KHTML, like Gecko; compatible; ClaudeBot/1.0; +claudebot@anthropic.com)"
216.73.216.158 - - [15/May/2026:09:00:32 -0400] "GET /artists/page/2/?fileloc=%2Fhome%2Fclavospa%2Fpublic_html%2Flatitud212.com%2Fwp-admin%2Fmedia-upload.php&path=%2Fhome%2Fclavospa%2Fpublic_html%2Flatitud212.com%2Fwp-admin HTTP/1.1" 200 3922 "-" "Mozilla/5.0 AppleWebKit/537.36 (KHTML, like Gecko; compatible; ClaudeBot/1.0; +claudebot@anthropic.com)"
216.73.216.158 - - [15/May/2026:09:00:32 -0400] "GET /artists/page/2/?fileloc=%2Fhome%2Fclavospa%2Fpublic_html%2Fdavidlachapellela.com%2Fwp-admin%2Fmedia-upload.php&path=%2Fhome%2Fclavospa%2Fpublic_html%2Fdavidlachapellela.com%2Fwp-admin HTTP/1.1" 200 3927 "-" "Mozilla/5.0 AppleWebKit/537.36 (KHTML, like Gecko; compatible; ClaudeBot/1.0; +claudebot@anthropic.com)"
216.73.216.158 - - [15/May/2026:09:00:32 -0400] "GET /artists/page/2/?fileloc=%2Fhome%2Fclavospa%2Fpublic_html%2Flatitud212.com%2Fwp-includes%2Fmedia.php&path=%2Fhome%2Fclavospa%2Fpublic_html%2Flatitud212.com%2Fwp-includes HTTP/1.1" 200 53496 "-" "Mozilla/5.0 AppleWebKit/537.36 (KHTML, like Gecko; compatible; ClaudeBot/1.0; +claudebot@anthropic.com)"
216.73.216.158 - - [15/May/2026:09:00:33 -0400] "GET /artists/page/2/?fileloc=%2Fhome%2Fclavospa%2Fpublic_html%2Flatitud212.com%2Fwp-admin%2Fms-sites.php&path=%2Fhome%2Fclavospa%2Fpublic_html%2Flatitud212.com%2Fwp-admin HTTP/1.1" 200 2636 "-" "Mozilla/5.0 AppleWebKit/537.36 (KHTML, like Gecko; compatible; ClaudeBot/1.0; +claudebot@anthropic.com)"
216.73.216.158 - - [15/May/2026:09:00:33 -0400] "GET /artists/page/2/?fileloc=%2Fhome%2Fclavospa%2Fpublic_html%2Flatitud212.com%2Fwp-admin%2Fmedia.php&path=%2Fhome%2Fclavospa%2Fpublic_html%2Flatitud212.com%2Fwp-admin HTTP/1.1" 200 2887 "-" "Mozilla/5.0 AppleWebKit/537.36 (KHTML, like Gecko; compatible; ClaudeBot/1.0; +claudebot@anthropic.com)"
216.73.216.158 - - [15/May/2026:09:00:33 -0400] "GET /artists/page/2/?fileloc=%2Fhome%2Fclavospa%2Fpublic_html%2Fdavidlachapellela.com%2Fwp-includes%2Fl10n.php&path=%2Fhome%2Fclavospa%2Fpublic_html%2Fdavidlachapellela.com%2Fwp-includes HTTP/1.1" 200 15380 "-" "Mozilla/5.0 AppleWebKit/537.36 (KHTML, like Gecko; compatible; ClaudeBot/1.0; +claudebot@anthropic.com)"
216.73.216.158 - - [15/May/2026:09:00:33 -0400] "GET /artists/page/2/?fileloc=%2Fhome%2Fclavospa%2Fpublic_html%2Fdavidlachapellela.com%2Fwp-admin%2Fmedia.php&path=%2Fhome%2Fclavospa%2Fpublic_html%2Fdavidlachapellela.com%2Fwp-admin HTTP/1.1" 200 2893 "-" "Mozilla/5.0 AppleWebKit/537.36 (KHTML, like Gecko; compatible; ClaudeBot/1.0; +claudebot@anthropic.com)"
216.73.216.158 - - [15/May/2026:09:00:33 -0400] "GET /artists/page/2/?fileloc=%2Fhome%2Fclavospa%2Fpublic_html%2Fdavidlachapellela.com%2Fwp-admin%2Foptions-privacy.php&path=%2Fhome%2Fclavospa%2Fpublic_html%2Fdavidlachapellela.com%2Fwp-admin HTTP/1.1" 200 5774 "-" "Mozilla/5.0 AppleWebKit/537.36 (KHTML, like Gecko; compatible; ClaudeBot/1.0; +claudebot@anthropic.com)"
216.73.216.158 - - [15/May/2026:09:00:34 -0400] "GET /artists/page/2/?fileloc=%2Fhome%2Fclavospa%2Fpublic_html%2Fdavidlachapellela.com%2Fwp-admin%2Fms-sites.php&path=%2Fhome%2Fclavospa%2Fpublic_html%2Fdavidlachapellela.com%2Fwp-admin HTTP/1.1" 200 2641 "-" "Mozilla/5.0 AppleWebKit/537.36 (KHTML, like Gecko; compatible; ClaudeBot/1.0; +claudebot@anthropic.com)"
216.73.216.158 - - [15/May/2026:09:00:34 -0400] "GET /artists/page/2/?fileloc=%2Fhome%2Fclavospa%2Fpublic_html%2Flatitud212.com%2Fwp-admin%2Foptions-privacy.php&path=%2Fhome%2Fclavospa%2Fpublic_html%2Flatitud212.com%2Fwp-admin HTTP/1.1" 200 5771 "-" "Mozilla/5.0 AppleWebKit/537.36 (KHTML, like Gecko; compatible; ClaudeBot/1.0; +claudebot@anthropic.com)"
216.73.216.158 - - [15/May/2026:09:00:34 -0400] "GET /artists/page/2/?fileloc=%2Fhome%2Fclavospa%2Fpublic_html%2Flatitud212.com%2Fwp-admin%2Foptions-discussion.php&path=%2Fhome%2Fclavospa%2Fpublic_html%2Flatitud212.com%2Fwp-admin HTTP/1.1" 200 6920 "-" "Mozilla/5.0 AppleWebKit/537.36 (KHTML, like Gecko; compatible; ClaudeBot/1.0; +claudebot@anthropic.com)"
216.73.216.158 - - [15/May/2026:09:00:34 -0400] "GET /artists/page/2/?fileloc=%2Fhome%2Fclavospa%2Fpublic_html%2Fdavidlachapellela.com%2Fwp-admin%2Flink-manager.php&path=%2Fhome%2Fclavospa%2Fpublic_html%2Fdavidlachapellela.com%2Fwp-admin HTTP/1.1" 200 4296 "-" "Mozilla/5.0 AppleWebKit/537.36 (KHTML, like Gecko; compatible; ClaudeBot/1.0; +claudebot@anthropic.com)"
216.73.216.158 - - [15/May/2026:09:00:34 -0400] "GET /artists/page/2/?fileloc=%2Fhome%2Fclavospa%2Fpublic_html%2Fdavidlachapellela.com%2Fwp-admin%2Foptions-discussion.php&path=%2Fhome%2Fclavospa%2Fpublic_html%2Fdavidlachapellela.com%2Fwp-admin HTTP/1.1" 200 6925 "-" "Mozilla/5.0 AppleWebKit/537.36 (KHTML, like Gecko; compatible; ClaudeBot/1.0; +claudebot@anthropic.com)"
216.73.216.158 - - [15/May/2026:09:00:35 -0400] "GET /artists/page/2/?fileloc=%2Fhome%2Fclavospa%2Fpublic_html%2Fdavidlachapellela.com%2Fwp-admin%2Fpost-new.php&path=%2Fhome%2Fclavospa%2Fpublic_html%2Fdavidlachapellela.com%2Fwp-admin HTTP/1.1" 200 3539 "-" "Mozilla/5.0 AppleWebKit/537.36 (KHTML, like Gecko; compatible; ClaudeBot/1.0; +claudebot@anthropic.com)"
216.73.216.158 - - [15/May/2026:09:00:35 -0400] "GET /artists/page/2/?fileloc=%2Fhome%2Fclavospa%2Fpublic_html%2Fdavidlachapellela.com%2Fwp-admin%2Fnav-menus.php&path=%2Fhome%2Fclavospa%2Fpublic_html%2Fdavidlachapellela.com%2Fwp-admin HTTP/1.1" 200 13455 "-" "Mozilla/5.0 AppleWebKit/537.36 (KHTML, like Gecko; compatible; ClaudeBot/1.0; +claudebot@anthropic.com)"
216.73.216.158 - - [15/May/2026:09:00:35 -0400] "GET /artists/page/2/?fileloc=%2Fhome%2Fclavospa%2Fpublic_html%2Flatitud212.com%2Fwp-admin%2Flink-manager.php&path=%2Fhome%2Fclavospa%2Fpublic_html%2Flatitud212.com%2Fwp-admin HTTP/1.1" 200 4291 "-" "Mozilla/5.0 AppleWebKit/537.36 (KHTML, like Gecko; compatible; ClaudeBot/1.0; +claudebot@anthropic.com)"
216.73.216.158 - - [15/May/2026:09:00:35 -0400] "GET /artists/page/2/?path=%2Fhome%2Fclavospa%2Fpublic_html%2Fnew.davidlachapelleamor.com%2F.well-known HTTP/1.1" 200 2910 "-" "Mozilla/5.0 AppleWebKit/537.36 (KHTML, like Gecko; compatible; ClaudeBot/1.0; +claudebot@anthropic.com)"
216.73.216.158 - - [15/May/2026:09:00:35 -0400] "GET /artists/page/2/?fileloc=%2Fhome%2Fclavospa%2Fpublic_html%2Fdavidlachapellela.com%2Fwp-admin%2Fmedia-new.php&path=%2Fhome%2Fclavospa%2Fpublic_html%2Fdavidlachapellela.com%2Fwp-admin HTTP/1.1" 200 3978 "-" "Mozilla/5.0 AppleWebKit/537.36 (KHTML, like Gecko; compatible; ClaudeBot/1.0; +claudebot@anthropic.com)"
