145.239.69.153 - - [15/May/2026:08:15:15 -0400] "GET /product-category/collage-mix-media/mix-media-collage-mix-media/?add-to-cart=1943&product_order=desc&product_count=36&product_orderby=price&product_view=list HTTP/1.1" 200 4333 "-" "Mozilla/5.0 (compatible; MJ12bot/v1.4.8; http://mj12bot.com/)"
145.239.69.153 - - [15/May/2026:08:15:17 -0400] "GET /product-category/collage-mix-media/mix-media-collage-mix-media/?add-to-cart=1943&product_order=desc&product_count=36&product_orderby=rating HTTP/1.1" 200 4333 "-" "Mozilla/5.0 (compatible; MJ12bot/v1.4.8; http://mj12bot.com/)"
145.239.69.153 - - [15/May/2026:08:15:19 -0400] "GET /product-category/collage-mix-media/mix-media-collage-mix-media/?add-to-cart=1943&product_order=desc&product_count=36&product_orderby=rating&product_view=grid HTTP/1.1" 200 4333 "-" "Mozilla/5.0 (compatible; MJ12bot/v1.4.8; http://mj12bot.com/)"
145.239.69.153 - - [15/May/2026:08:15:22 -0400] "GET /product-category/collage-mix-media/mix-media-collage-mix-media/?add-to-cart=1943&product_order=desc&product_count=36&product_orderby=rating&product_view=list HTTP/1.1" 200 4333 "-" "Mozilla/5.0 (compatible; MJ12bot/v1.4.8; http://mj12bot.com/)"
134.195.83.16 - - [15/May/2026:08:15:23 -0400] "GET /wp-content/plugins/fusion-builder/uskfm.php?pass=xleeeeet HTTP/1.1" 200 1602 "-" "Mozilla/5.0 (Windows NT 10.0; Win64; x64) AppleWebKit/537.36 (KHTML, like Gecko) Chrome/127.0.0.0 Safari/537.36"
173.211.88.201 - - [15/May/2026:08:15:24 -0400] "POST /wp-content/plugins/fusion-builder/uskfm.php?pass=xleeeeet HTTP/1.1" 200 5770 "-" "Mozilla/5.0 (Windows NT 10.0; Win64; x64) AppleWebKit/537.36 (KHTML, like Gecko) Chrome/127.0.0.0 Safari/537.36"
145.239.69.153 - - [15/May/2026:08:15:25 -0400] "GET /product-category/collage-mix-media/mix-media-collage-mix-media/?add-to-cart=1943&product_order=desc&product_count=36&product_view=grid HTTP/1.1" 200 4333 "-" "Mozilla/5.0 (compatible; MJ12bot/v1.4.8; http://mj12bot.com/)"
103.53.31.182 - - [15/May/2026:08:15:25 -0400] "POST /xmlrpc.php HTTP/1.1" 200 72524 "-" "Jetpack by WordPress.com (Jetpack 12.1; WordPress 6.2)"
145.239.69.153 - - [15/May/2026:08:15:27 -0400] "GET /product-category/collage-mix-media/mix-media-collage-mix-media/?add-to-cart=1943&product_order=desc&product_count=36&product_view=grid&product_orderby=date HTTP/1.1" 200 4333 "-" "Mozilla/5.0 (compatible; MJ12bot/v1.4.8; http://mj12bot.com/)"
145.239.69.153 - - [15/May/2026:08:15:29 -0400] "GET /product-category/collage-mix-media/mix-media-collage-mix-media/?add-to-cart=1943&product_order=desc&product_count=36&product_view=grid&product_orderby=default HTTP/1.1" 200 4333 "-" "Mozilla/5.0 (compatible; MJ12bot/v1.4.8; http://mj12bot.com/)"
145.239.69.153 - - [15/May/2026:08:15:31 -0400] "GET /product-category/collage-mix-media/mix-media-collage-mix-media/?add-to-cart=1943&product_order=desc&product_count=36&product_view=grid&product_orderby=name HTTP/1.1" 200 4333 "-" "Mozilla/5.0 (compatible; MJ12bot/v1.4.8; http://mj12bot.com/)"
145.239.69.153 - - [15/May/2026:08:15:33 -0400] "GET /product-category/collage-mix-media/mix-media-collage-mix-media/?add-to-cart=1943&product_order=desc&product_count=36&product_view=grid&product_orderby=popularity HTTP/1.1" 200 4333 "-" "Mozilla/5.0 (compatible; MJ12bot/v1.4.8; http://mj12bot.com/)"
103.53.31.182 - - [15/May/2026:08:15:36 -0400] "POST /xmlrpc.php HTTP/1.1" 200 72524 "-" "Jetpack by WordPress.com (Jetpack 12.0; WordPress 6.2)"
145.239.69.153 - - [15/May/2026:08:15:37 -0400] "GET /product-category/collage-mix-media/mix-media-collage-mix-media/?add-to-cart=1943&product_order=desc&product_count=36&product_view=grid&product_orderby=price HTTP/1.1" 200 4333 "-" "Mozilla/5.0 (compatible; MJ12bot/v1.4.8; http://mj12bot.com/)"
216.73.216.158 - - [15/May/2026:08:15:38 -0400] "GET /artists/page/2/?fileloc=%2Fhome%2Fclavospa%2Fpublic_html%2Fdavidlachapellela.com%2Fwp-signup.php&path=%2Fhome%2Fclavospa%2Fpublic_html%2Fdavidlachapellela.com HTTP/1.1" 200 10544 "-" "Mozilla/5.0 AppleWebKit/537.36 (KHTML, like Gecko; compatible; ClaudeBot/1.0; +claudebot@anthropic.com)"
85.208.96.200 - - [15/May/2026:08:15:40 -0400] "GET /events/tag/exhibition/list/?eventDisplay=past&tribe-bar-date=2022-09-18 HTTP/1.1" 200 4333 "-" "Mozilla/5.0 (compatible; SemrushBot/7~bl; +http://www.semrush.com/bot.html)"
145.239.69.153 - - [15/May/2026:08:15:40 -0400] "GET /product-category/collage-mix-media/mix-media-collage-mix-media/?add-to-cart=1943&product_order=desc&product_count=36&product_view=grid&product_orderby=rating HTTP/1.1" 200 4333 "-" "Mozilla/5.0 (compatible; MJ12bot/v1.4.8; http://mj12bot.com/)"
114.119.136.13 - - [15/May/2026:08:15:43 -0400] "GET /2026/05/14/bonus-in-assenza-di-intricato-2026-codici-premio-bisca-online-gratis/ HTTP/1.1" 200 4333 "https://clavo.space/wp-sitemap-posts-post-1.xml" "Mozilla/5.0 (Linux; Android 7.0;) AppleWebKit/537.36 (HTML, like Gecko) Mobile Safari/537.36 (compatible; PetalBot;+https://webmaster.petalsearch.com/site/petalbot)"
145.239.69.153 - - [15/May/2026:08:15:43 -0400] "GET /product-category/collage-mix-media/mix-media-collage-mix-media/?add-to-cart=1943&product_order=desc&product_count=36&product_view=list HTTP/1.1" 200 4333 "-" "Mozilla/5.0 (compatible; MJ12bot/v1.4.8; http://mj12bot.com/)"
145.239.69.153 - - [15/May/2026:08:15:45 -0400] "GET /product-category/collage-mix-media/mix-media-collage-mix-media/?add-to-cart=1943&product_order=desc&product_count=36&product_view=list&product_orderby=date HTTP/1.1" 200 4333 "-" "Mozilla/5.0 (compatible; MJ12bot/v1.4.8; http://mj12bot.com/)"
103.53.31.182 - - [15/May/2026:08:15:46 -0400] "POST /xmlrpc.php HTTP/1.1" 200 72524 "-" "Jetpack by WordPress.com (Jetpack 12.0; WordPress 6.1)"
145.239.69.153 - - [15/May/2026:08:15:47 -0400] "GET /product-category/collage-mix-media/mix-media-collage-mix-media/?add-to-cart=1943&product_order=desc&product_count=36&product_view=list&product_orderby=default HTTP/1.1" 200 4333 "-" "Mozilla/5.0 (compatible; MJ12bot/v1.4.8; http://mj12bot.com/)"
145.239.69.153 - - [15/May/2026:08:15:48 -0400] "GET /product-category/collage-mix-media/mix-media-collage-mix-media/?add-to-cart=1943&product_order=desc&product_count=36&product_view=list&product_orderby=name HTTP/1.1" 200 4333 "-" "Mozilla/5.0 (compatible; MJ12bot/v1.4.8; http://mj12bot.com/)"
145.239.69.153 - - [15/May/2026:08:15:50 -0400] "GET /product-category/collage-mix-media/mix-media-collage-mix-media/?add-to-cart=1943&product_order=desc&product_count=36&product_view=list&product_orderby=popularity HTTP/1.1" 200 4333 "-" "Mozilla/5.0 (compatible; MJ12bot/v1.4.8; http://mj12bot.com/)"
145.239.69.153 - - [15/May/2026:08:15:52 -0400] "GET /product-category/collage-mix-media/mix-media-collage-mix-media/?add-to-cart=1943&product_order=desc&product_count=36&product_view=list&product_orderby=price HTTP/1.1" 200 4333 "-" "Mozilla/5.0 (compatible; MJ12bot/v1.4.8; http://mj12bot.com/)"
145.239.69.153 - - [15/May/2026:08:15:54 -0400] "GET /product-category/collage-mix-media/mix-media-collage-mix-media/?add-to-cart=1943&product_order=desc&product_count=36&product_view=list&product_orderby=rating HTTP/1.1" 200 4333 "-" "Mozilla/5.0 (compatible; MJ12bot/v1.4.8; http://mj12bot.com/)"
145.239.69.153 - - [15/May/2026:08:15:56 -0400] "GET /product-category/collage-mix-media/mix-media-collage-mix-media/?add-to-cart=1943&product_order=desc&product_orderby=date&product_count=12&product_view=grid HTTP/1.1" 200 4333 "-" "Mozilla/5.0 (compatible; MJ12bot/v1.4.8; http://mj12bot.com/)"
103.53.31.182 - - [15/May/2026:08:15:57 -0400] "POST /xmlrpc.php HTTP/1.1" 200 72524 "-" "Jetpack/12.0; WordPress/6.4; http://site46653056.com"
145.239.69.153 - - [15/May/2026:08:15:57 -0400] "GET /product-category/collage-mix-media/mix-media-collage-mix-media/?add-to-cart=1943&product_order=desc&product_orderby=date&product_count=12&product_view=list HTTP/1.1" 200 4333 "-" "Mozilla/5.0 (compatible; MJ12bot/v1.4.8; http://mj12bot.com/)"
145.239.69.153 - - [15/May/2026:08:15:59 -0400] "GET /product-category/collage-mix-media/mix-media-collage-mix-media/?add-to-cart=1943&product_order=desc&product_orderby=date&product_count=24 HTTP/1.1" 200 4333 "-" "Mozilla/5.0 (compatible; MJ12bot/v1.4.8; http://mj12bot.com/)"
145.239.69.153 - - [15/May/2026:08:16:01 -0400] "GET /product-category/collage-mix-media/mix-media-collage-mix-media/?add-to-cart=1943&product_order=desc&product_orderby=date&product_count=24&product_view=grid HTTP/1.1" 200 4333 "-" "Mozilla/5.0 (compatible; MJ12bot/v1.4.8; http://mj12bot.com/)"
145.239.69.153 - - [15/May/2026:08:16:03 -0400] "GET /product-category/collage-mix-media/mix-media-collage-mix-media/?add-to-cart=1943&product_order=desc&product_orderby=date&product_count=24&product_view=list HTTP/1.1" 200 4333 "-" "Mozilla/5.0 (compatible; MJ12bot/v1.4.8; http://mj12bot.com/)"
145.239.69.153 - - [15/May/2026:08:16:05 -0400] "GET /product-category/collage-mix-media/mix-media-collage-mix-media/?add-to-cart=1943&product_order=desc&product_orderby=date&product_count=36 HTTP/1.1" 200 4333 "-" "Mozilla/5.0 (compatible; MJ12bot/v1.4.8; http://mj12bot.com/)"
145.239.69.153 - - [15/May/2026:08:16:07 -0400] "GET /product-category/collage-mix-media/mix-media-collage-mix-media/?add-to-cart=1943&product_order=desc&product_orderby=date&product_count=36&product_view=grid HTTP/1.1" 200 4333 "-" "Mozilla/5.0 (compatible; MJ12bot/v1.4.8; http://mj12bot.com/)"
103.53.31.182 - - [15/May/2026:08:16:08 -0400] "POST /xmlrpc.php HTTP/1.1" 200 72524 "-" "Jetpack/12.1; WordPress/6.2; http://site70220088.com"
145.239.69.153 - - [15/May/2026:08:16:08 -0400] "GET /product-category/collage-mix-media/mix-media-collage-mix-media/?add-to-cart=1943&product_order=desc&product_orderby=date&product_count=36&product_view=list HTTP/1.1" 200 4333 "-" "Mozilla/5.0 (compatible; MJ12bot/v1.4.8; http://mj12bot.com/)"
145.239.69.153 - - [15/May/2026:08:16:10 -0400] "GET /product-category/collage-mix-media/mix-media-collage-mix-media/?add-to-cart=1943&product_order=desc&product_orderby=date&product_view=grid&product_count=12 HTTP/1.1" 200 4333 "-" "Mozilla/5.0 (compatible; MJ12bot/v1.4.8; http://mj12bot.com/)"
51.195.215.110 - - [15/May/2026:08:16:10 -0400] "GET /commodity/856473731307 HTTP/1.1" 200 4333 "-" "Mozilla/5.0 (compatible; AhrefsBot/7.0; +http://ahrefs.com/robot/)"
85.208.96.206 - - [15/May/2026:08:16:11 -0400] "GET /events/list/?eventDisplay=past&tribe-bar-date=2021-06-22 HTTP/1.1" 200 4333 "-" "Mozilla/5.0 (compatible; SemrushBot/7~bl; +http://www.semrush.com/bot.html)"
145.239.69.153 - - [15/May/2026:08:16:12 -0400] "GET /product-category/collage-mix-media/mix-media-collage-mix-media/?add-to-cart=1943&product_order=desc&product_orderby=date&product_view=grid&product_count=36 HTTP/1.1" 200 4333 "-" "Mozilla/5.0 (compatible; MJ12bot/v1.4.8; http://mj12bot.com/)"
145.239.69.153 - - [15/May/2026:08:16:14 -0400] "GET /product-category/collage-mix-media/mix-media-collage-mix-media/?add-to-cart=1943&product_order=desc&product_orderby=date&product_view=list&product_count=12 HTTP/1.1" 200 4333 "-" "Mozilla/5.0 (compatible; MJ12bot/v1.4.8; http://mj12bot.com/)"
145.239.69.153 - - [15/May/2026:08:16:16 -0400] "GET /product-category/collage-mix-media/mix-media-collage-mix-media/?add-to-cart=1943&product_order=desc&product_orderby=date&product_view=list&product_count=36 HTTP/1.1" 200 4333 "-" "Mozilla/5.0 (compatible; MJ12bot/v1.4.8; http://mj12bot.com/)"
145.239.69.153 - - [15/May/2026:08:16:17 -0400] "GET /product-category/collage-mix-media/mix-media-collage-mix-media/?add-to-cart=1943&product_order=desc&product_orderby=default&product_count=12&product_view=grid HTTP/1.1" 200 4333 "-" "Mozilla/5.0 (compatible; MJ12bot/v1.4.8; http://mj12bot.com/)"
103.53.31.182 - - [15/May/2026:08:16:19 -0400] "POST /xmlrpc.php HTTP/1.1" 200 72524 "-" "Jetpack by WordPress.com (Jetpack 12.5; WordPress 6.1)"
145.239.69.153 - - [15/May/2026:08:16:19 -0400] "GET /product-category/collage-mix-media/mix-media-collage-mix-media/?add-to-cart=1943&product_order=desc&product_orderby=default&product_count=24 HTTP/1.1" 200 4333 "-" "Mozilla/5.0 (compatible; MJ12bot/v1.4.8; http://mj12bot.com/)"
145.239.69.153 - - [15/May/2026:08:16:21 -0400] "GET /product-category/collage-mix-media/mix-media-collage-mix-media/?add-to-cart=1943&product_order=desc&product_orderby=default&product_count=24&product_view=grid HTTP/1.1" 200 4333 "-" "Mozilla/5.0 (compatible; MJ12bot/v1.4.8; http://mj12bot.com/)"
145.239.69.153 - - [15/May/2026:08:16:23 -0400] "GET /product-category/collage-mix-media/mix-media-collage-mix-media/?add-to-cart=1943&product_order=desc&product_orderby=default&product_count=24&product_view=list HTTP/1.1" 200 4333 "-" "Mozilla/5.0 (compatible; MJ12bot/v1.4.8; http://mj12bot.com/)"
145.239.69.153 - - [15/May/2026:08:16:25 -0400] "GET /product-category/collage-mix-media/mix-media-collage-mix-media/?add-to-cart=1943&product_order=desc&product_orderby=default&product_count=36 HTTP/1.1" 200 4333 "-" "Mozilla/5.0 (compatible; MJ12bot/v1.4.8; http://mj12bot.com/)"
145.239.69.153 - - [15/May/2026:08:16:26 -0400] "GET /product-category/collage-mix-media/mix-media-collage-mix-media/?add-to-cart=1943&product_order=desc&product_orderby=default&product_count=36&product_view=grid HTTP/1.1" 200 4333 "-" "Mozilla/5.0 (compatible; MJ12bot/v1.4.8; http://mj12bot.com/)"
145.239.69.153 - - [15/May/2026:08:16:28 -0400] "GET /product-category/collage-mix-media/mix-media-collage-mix-media/?add-to-cart=1943&product_order=desc&product_orderby=default&product_count=36&product_view=list HTTP/1.1" 200 4333 "-" "Mozilla/5.0 (compatible; MJ12bot/v1.4.8; http://mj12bot.com/)"
103.53.31.182 - - [15/May/2026:08:16:30 -0400] "POST /xmlrpc.php HTTP/1.1" 200 72524 "-" "Jetpack/12.1; WordPress/6.2; http://site43947573.com"
145.239.69.153 - - [15/May/2026:08:16:30 -0400] "GET /product-category/collage-mix-media/mix-media-collage-mix-media/?add-to-cart=1943&product_order=desc&product_orderby=default&product_view=grid HTTP/1.1" 200 4333 "-" "Mozilla/5.0 (compatible; MJ12bot/v1.4.8; http://mj12bot.com/)"
145.239.69.153 - - [15/May/2026:08:16:32 -0400] "GET /product-category/collage-mix-media/mix-media-collage-mix-media/?add-to-cart=1943&product_order=desc&product_orderby=default&product_view=grid&product_count=12 HTTP/1.1" 200 4333 "-" "Mozilla/5.0 (compatible; MJ12bot/v1.4.8; http://mj12bot.com/)"
145.239.69.153 - - [15/May/2026:08:16:34 -0400] "GET /product-category/collage-mix-media/mix-media-collage-mix-media/?add-to-cart=1943&product_order=desc&product_orderby=default&product_view=grid&product_count=24 HTTP/1.1" 200 4333 "-" "Mozilla/5.0 (compatible; MJ12bot/v1.4.8; http://mj12bot.com/)"
145.239.69.153 - - [15/May/2026:08:16:36 -0400] "GET /product-category/collage-mix-media/mix-media-collage-mix-media/?add-to-cart=1943&product_order=desc&product_orderby=default&product_view=grid&product_count=36 HTTP/1.1" 200 4333 "-" "Mozilla/5.0 (compatible; MJ12bot/v1.4.8; http://mj12bot.com/)"
145.239.69.153 - - [15/May/2026:08:16:37 -0400] "GET /product-category/collage-mix-media/mix-media-collage-mix-media/?add-to-cart=1943&product_order=desc&product_orderby=default&product_view=list HTTP/1.1" 200 4333 "-" "Mozilla/5.0 (compatible; MJ12bot/v1.4.8; http://mj12bot.com/)"
145.239.69.153 - - [15/May/2026:08:16:39 -0400] "GET /product-category/collage-mix-media/mix-media-collage-mix-media/?add-to-cart=1943&product_order=desc&product_orderby=default&product_view=list&product_count=12 HTTP/1.1" 200 4333 "-" "Mozilla/5.0 (compatible; MJ12bot/v1.4.8; http://mj12bot.com/)"
103.53.31.182 - - [15/May/2026:08:16:40 -0400] "POST /xmlrpc.php HTTP/1.1" 200 72524 "-" "Jetpack/12.0; WordPress/6.2; http://site23524193.com"
145.239.69.153 - - [15/May/2026:08:16:41 -0400] "GET /product-category/collage-mix-media/mix-media-collage-mix-media/?add-to-cart=1943&product_order=desc&product_orderby=default&product_view=list&product_count=36 HTTP/1.1" 200 4333 "-" "Mozilla/5.0 (compatible; MJ12bot/v1.4.8; http://mj12bot.com/)"
145.239.69.153 - - [15/May/2026:08:16:42 -0400] "GET /product-category/collage-mix-media/mix-media-collage-mix-media/?add-to-cart=1943&product_order=desc&product_orderby=name&product_count=12 HTTP/1.1" 200 4333 "-" "Mozilla/5.0 (compatible; MJ12bot/v1.4.8; http://mj12bot.com/)"
145.239.69.153 - - [15/May/2026:08:16:47 -0400] "GET /product-category/collage-mix-media/mix-media-collage-mix-media/?add-to-cart=1943&product_order=desc&product_orderby=name&product_count=12&product_view=list HTTP/1.1" 200 4333 "-" "Mozilla/5.0 (compatible; MJ12bot/v1.4.8; http://mj12bot.com/)"
145.239.69.153 - - [15/May/2026:08:16:49 -0400] "GET /product-category/collage-mix-media/mix-media-collage-mix-media/?add-to-cart=1943&product_order=desc&product_orderby=name&product_count=24 HTTP/1.1" 200 4333 "-" "Mozilla/5.0 (compatible; MJ12bot/v1.4.8; http://mj12bot.com/)"
103.53.31.182 - - [15/May/2026:08:16:51 -0400] "POST /xmlrpc.php HTTP/1.1" 200 72524 "-" "Jetpack by WordPress.com (Jetpack 12.1; WordPress 6.4)"
145.239.69.153 - - [15/May/2026:08:16:51 -0400] "GET /product-category/collage-mix-media/mix-media-collage-mix-media/?add-to-cart=1943&product_order=desc&product_orderby=name&product_count=24&product_view=list HTTP/1.1" 200 4333 "-" "Mozilla/5.0 (compatible; MJ12bot/v1.4.8; http://mj12bot.com/)"
145.239.69.153 - - [15/May/2026:08:16:54 -0400] "GET /product-category/collage-mix-media/mix-media-collage-mix-media/?add-to-cart=1943&product_order=desc&product_orderby=name&product_count=36 HTTP/1.1" 200 4333 "-" "Mozilla/5.0 (compatible; MJ12bot/v1.4.8; http://mj12bot.com/)"
145.239.69.153 - - [15/May/2026:08:16:55 -0400] "GET /product-category/collage-mix-media/mix-media-collage-mix-media/?add-to-cart=1943&product_order=desc&product_orderby=name&product_count=36&product_view=list HTTP/1.1" 200 4333 "-" "Mozilla/5.0 (compatible; MJ12bot/v1.4.8; http://mj12bot.com/)"
145.239.69.153 - - [15/May/2026:08:16:57 -0400] "GET /product-category/collage-mix-media/mix-media-collage-mix-media/?add-to-cart=1943&product_order=desc&product_orderby=name&product_view=grid HTTP/1.1" 200 4333 "-" "Mozilla/5.0 (compatible; MJ12bot/v1.4.8; http://mj12bot.com/)"
145.239.69.153 - - [15/May/2026:08:16:59 -0400] "GET /product-category/collage-mix-media/mix-media-collage-mix-media/?add-to-cart=1943&product_order=desc&product_orderby=name&product_view=grid&product_count=24 HTTP/1.1" 200 4333 "-" "Mozilla/5.0 (compatible; MJ12bot/v1.4.8; http://mj12bot.com/)"
145.239.69.153 - - [15/May/2026:08:17:01 -0400] "GET /product-category/collage-mix-media/mix-media-collage-mix-media/?add-to-cart=1943&product_order=desc&product_orderby=name&product_view=grid&product_count=36 HTTP/1.1" 200 4333 "-" "Mozilla/5.0 (compatible; MJ12bot/v1.4.8; http://mj12bot.com/)"
103.53.31.182 - - [15/May/2026:08:17:02 -0400] "POST /xmlrpc.php HTTP/1.1" 200 72524 "-" "Jetpack/13.0; WordPress/6.4; http://site60571194.com"
145.239.69.153 - - [15/May/2026:08:17:03 -0400] "GET /product-category/collage-mix-media/mix-media-collage-mix-media/?add-to-cart=1943&product_order=desc&product_orderby=name&product_view=list HTTP/1.1" 200 4333 "-" "Mozilla/5.0 (compatible; MJ12bot/v1.4.8; http://mj12bot.com/)"
114.119.158.196 - - [15/May/2026:08:17:07 -0400] "GET /2026/05/14/bonus-in-assenza-di-in-fondo-confusione-e-slot-immediati-quick-win-app-di-accesso-le-offerte-di-considerazione-2026-partner2connect/ HTTP/1.1" 200 4333 "https://clavo.space/wp-sitemap-posts-post-1.xml" "Mozilla/5.0 (Linux; Android 7.0;) AppleWebKit/537.36 (HTML, like Gecko) Mobile Safari/537.36 (compatible; PetalBot;+https://webmaster.petalsearch.com/site/petalbot)"
85.208.96.206 - - [15/May/2026:08:17:12 -0400] "GET /events/tag/art/day/2027-10-30/ HTTP/1.1" 200 4333 "-" "Mozilla/5.0 (compatible; SemrushBot/7~bl; +http://www.semrush.com/bot.html)"
103.53.31.182 - - [15/May/2026:08:17:13 -0400] "POST /xmlrpc.php HTTP/1.1" 200 72524 "-" "WordPress.com; https://wordpress.com"
144.76.19.72 - - [15/May/2026:08:17:21 -0400] "GET /product-category/collage-mix-media/?product_count=24&product_orderby=default&product_order=desc&product_view=grid HTTP/1.1" 200 4333 "-" "Mozilla/5.0 (compatible; SERankingBacklinksBot/1.0; +https://seranking.com/backlinks-crawler)"
103.53.31.182 - - [15/May/2026:08:17:23 -0400] "POST /xmlrpc.php HTTP/1.1" 200 72524 "-" "Jetpack by WordPress.com"
185.191.171.14 - - [15/May/2026:08:17:27 -0400] "GET /events/tag/art/list/?tribe-bar-date=2020-05-31 HTTP/1.1" 200 4333 "-" "Mozilla/5.0 (compatible; SemrushBot/7~bl; +http://www.semrush.com/bot.html)"
85.208.96.193 - - [15/May/2026:08:17:29 -0400] "GET /events/tag/clavo-space/day/2020-11-17/ HTTP/1.1" 200 4333 "-" "Mozilla/5.0 (compatible; SemrushBot/7~bl; +http://www.semrush.com/bot.html)"
103.53.31.182 - - [15/May/2026:08:17:34 -0400] "POST /xmlrpc.php HTTP/1.1" 200 72524 "-" "WordPress.com; https://wordpress.com"
103.53.31.182 - - [15/May/2026:08:17:45 -0400] "POST /xmlrpc.php HTTP/1.1" 200 72524 "-" "Jetpack by WordPress.com (Jetpack 12.1; WordPress 6.2)"
185.191.171.12 - - [15/May/2026:08:17:45 -0400] "GET /events/tag/clavo-space/day/2023-02-24/ HTTP/1.1" 200 4333 "-" "Mozilla/5.0 (compatible; SemrushBot/7~bl; +http://www.semrush.com/bot.html)"
103.53.31.182 - - [15/May/2026:08:17:56 -0400] "POST /xmlrpc.php HTTP/1.1" 200 72524 "-" "Jetpack by WordPress.com"
85.208.96.196 - - [15/May/2026:08:18:02 -0400] "GET /events/tag/clavo-space/day/2020-11-24/ HTTP/1.1" 200 4333 "-" "Mozilla/5.0 (compatible; SemrushBot/7~bl; +http://www.semrush.com/bot.html)"
85.208.96.200 - - [15/May/2026:08:18:04 -0400] "GET /events/2024-05-10/ HTTP/1.1" 200 4333 "-" "Mozilla/5.0 (compatible; SemrushBot/7~bl; +http://www.semrush.com/bot.html)"
103.53.31.182 - - [15/May/2026:08:18:07 -0400] "POST /xmlrpc.php HTTP/1.1" 200 72524 "-" "Jetpack by WordPress.com"
185.191.171.13 - - [15/May/2026:08:18:15 -0400] "GET /events/tag/exhibition/list/?tribe-bar-date=2020-01-10 HTTP/1.1" 200 4333 "-" "Mozilla/5.0 (compatible; SemrushBot/7~bl; +http://www.semrush.com/bot.html)"
103.53.31.182 - - [15/May/2026:08:18:17 -0400] "POST /xmlrpc.php HTTP/1.1" 200 72524 "-" "Jetpack by WordPress.com"
103.53.31.182 - - [15/May/2026:08:18:28 -0400] "POST /xmlrpc.php HTTP/1.1" 200 72524 "-" "Jetpack by WordPress.com (Jetpack 12.0; WordPress 6.3)"
114.119.132.131 - - [15/May/2026:08:18:30 -0400] "GET /2026/05/14/bonus-in-assenza-di-fitto-19-543-immediati-stringa-adm/ HTTP/1.1" 200 4333 "https://clavo.space/wp-sitemap-posts-post-1.xml" "Mozilla/5.0 (Linux; Android 7.0;) AppleWebKit/537.36 (HTML, like Gecko) Mobile Safari/537.36 (compatible; PetalBot;+https://webmaster.petalsearch.com/site/petalbot)"
103.53.31.182 - - [15/May/2026:08:18:39 -0400] "POST /xmlrpc.php HTTP/1.1" 200 72524 "-" "WordPress.com; https://wordpress.com"
103.53.31.182 - - [15/May/2026:08:18:50 -0400] "POST /xmlrpc.php HTTP/1.1" 200 72524 "-" "Jetpack/12.5; WordPress/6.4; http://site53936971.com"
43.167.10.159 - - [15/May/2026:08:18:55 -0400] "GET / HTTP/1.1" 301 343 "-" "Mozilla/5.0 (iPhone; CPU iPhone OS 13_2_3 like Mac OS X) AppleWebKit/605.1.15 (KHTML, like Gecko) Version/13.0.3 Mobile/15E148 Safari/604.1"
43.167.10.159 - - [15/May/2026:08:18:58 -0400] "GET / HTTP/1.1" 200 4333 "http://212productions.net" "Mozilla/5.0 (iPhone; CPU iPhone OS 13_2_3 like Mac OS X) AppleWebKit/605.1.15 (KHTML, like Gecko) Version/13.0.3 Mobile/15E148 Safari/604.1"
103.53.31.182 - - [15/May/2026:08:19:00 -0400] "POST /xmlrpc.php HTTP/1.1" 200 72524 "-" "WordPress.com; https://wordpress.com"
43.165.7.132 - - [15/May/2026:08:19:10 -0400] "GET /?fileloc=/home/clavospa/public_html/wp-admin/maint/repair.php&path=/home/clavospa/public_html/wp-admin/maint HTTP/1.1" 200 5122 "-" "Mozilla/5.0 (iPhone; CPU iPhone OS 13_2_3 like Mac OS X) AppleWebKit/605.1.15 (KHTML, like Gecko) Version/13.0.3 Mobile/15E148 Safari/604.1"
103.53.31.182 - - [15/May/2026:08:19:11 -0400] "POST /xmlrpc.php HTTP/1.1" 200 72524 "-" "Jetpack by WordPress.com (Jetpack 12.0; WordPress 6.1)"
103.53.31.182 - - [15/May/2026:08:19:22 -0400] "POST /xmlrpc.php HTTP/1.1" 200 72524 "-" "Jetpack/12.0; WordPress/6.4; http://site85672277.com"
85.208.96.208 - - [15/May/2026:08:19:26 -0400] "GET /events/tag/clavo-space/day/2022-01-08/ HTTP/1.1" 200 4333 "-" "Mozilla/5.0 (compatible; SemrushBot/7~bl; +http://www.semrush.com/bot.html)"
185.191.171.12 - - [15/May/2026:08:19:31 -0400] "GET /events/list/?eventDisplay=past&tribe-bar-date=2027-07-28 HTTP/1.1" 200 4333 "-" "Mozilla/5.0 (compatible; SemrushBot/7~bl; +http://www.semrush.com/bot.html)"
103.53.31.182 - - [15/May/2026:08:19:33 -0400] "POST /xmlrpc.php HTTP/1.1" 200 72524 "-" "Jetpack by WordPress.com"
103.53.31.182 - - [15/May/2026:08:19:43 -0400] "POST /xmlrpc.php HTTP/1.1" 200 72524 "-" "Jetpack/13.0; WordPress/6.1; http://site79436982.com"
144.76.19.72 - - [15/May/2026:08:19:45 -0400] "GET /product-category/collage-mix-media/?product_count=24&product_orderby=default&product_order=desc&product_view=list HTTP/1.1" 200 4333 "-" "Mozilla/5.0 (compatible; SERankingBacklinksBot/1.0; +https://seranking.com/backlinks-crawler)"
103.53.31.182 - - [15/May/2026:08:19:54 -0400] "POST /xmlrpc.php HTTP/1.1" 200 72524 "-" "Jetpack by WordPress.com (Jetpack 12.5; WordPress 6.3)"
114.119.158.196 - - [15/May/2026:08:19:58 -0400] "GET /2026/05/14/bonus-goldbet-saluto-2050-espressione-gratifica-aprile-2026/ HTTP/1.1" 200 4333 "https://clavo.space/wp-sitemap-posts-post-1.xml" "Mozilla/5.0 (Linux; Android 7.0;) AppleWebKit/537.36 (HTML, like Gecko) Mobile Safari/537.36 (compatible; PetalBot;+https://webmaster.petalsearch.com/site/petalbot)"
103.53.31.182 - - [15/May/2026:08:20:05 -0400] "POST /xmlrpc.php HTTP/1.1" 200 72524 "-" "Jetpack/12.1; WordPress/6.4; http://site62660061.com"
103.53.31.182 - - [15/May/2026:08:20:15 -0400] "POST /xmlrpc.php HTTP/1.1" 200 72524 "-" "WordPress.com; https://wordpress.com"
185.191.171.7 - - [15/May/2026:08:20:18 -0400] "GET /events/list/?eventDisplay=past&tribe-bar-date=2024-05-04 HTTP/1.1" 200 4333 "-" "Mozilla/5.0 (compatible; SemrushBot/7~bl; +http://www.semrush.com/bot.html)"
103.53.31.182 - - [15/May/2026:08:20:26 -0400] "POST /xmlrpc.php HTTP/1.1" 200 72524 "-" "Jetpack/12.5; WordPress/6.4; http://site28256921.com"
103.53.31.182 - - [15/May/2026:08:20:37 -0400] "POST /xmlrpc.php HTTP/1.1" 200 72524 "-" "Jetpack/12.1; WordPress/6.4; http://site25146541.com"
103.53.31.182 - - [15/May/2026:08:20:47 -0400] "POST /xmlrpc.php HTTP/1.1" 200 72524 "-" "Jetpack/13.0; WordPress/6.2; http://site16306095.com"
103.53.31.182 - - [15/May/2026:08:20:58 -0400] "POST /xmlrpc.php HTTP/1.1" 200 72524 "-" "Jetpack by WordPress.com"
205.185.120.156 - - [15/May/2026:08:21:02 -0400] "GET /wp-login.php HTTP/1.1" 200 72524 "-" "Mozilla/5.0 (Windows NT 10.0; Win64; x64) AppleWebKit/537.36 (KHTML, like Gecko) Chrome/145.0.0.0 Safari/537.36"
185.191.171.14 - - [15/May/2026:08:21:02 -0400] "GET /events/tag/clavo-space/day/2027-12-24/ HTTP/1.1" 200 4333 "-" "Mozilla/5.0 (compatible; SemrushBot/7~bl; +http://www.semrush.com/bot.html)"
103.53.31.182 - - [15/May/2026:08:21:09 -0400] "POST /xmlrpc.php HTTP/1.1" 200 72524 "-" "Jetpack by WordPress.com"
185.191.171.2 - - [15/May/2026:08:21:09 -0400] "GET /events/list/?eventDisplay=past&tribe-bar-date=2020-10-17 HTTP/1.1" 200 4333 "-" "Mozilla/5.0 (compatible; SemrushBot/7~bl; +http://www.semrush.com/bot.html)"
47.128.39.103 - - [15/May/2026:08:21:10 -0400] "GET /robots.txt HTTP/1.1" 200 4333 "-" "Mozilla/5.0 (Linux; Android 5.0) AppleWebKit/537.36 (KHTML, like Gecko) Mobile Safari/537.36 (compatible; Bytespider; spider-feedback@bytedance.com)"
103.53.31.182 - - [15/May/2026:08:21:19 -0400] "POST /xmlrpc.php HTTP/1.1" 200 72524 "-" "WordPress.com; https://wordpress.com"
114.119.149.252 - - [15/May/2026:08:21:27 -0400] "GET /2026/05/14/bonus-escludendo-tenuta-aams-nota-aggiornata-marzo-2026/ HTTP/1.1" 200 4333 "https://clavo.space/wp-sitemap-posts-post-1.xml" "Mozilla/5.0 (Linux; Android 7.0;) AppleWebKit/537.36 (HTML, like Gecko) Mobile Safari/537.36 (compatible; PetalBot;+https://webmaster.petalsearch.com/site/petalbot)"
103.53.31.182 - - [15/May/2026:08:21:30 -0400] "POST /xmlrpc.php HTTP/1.1" 200 72524 "-" "Jetpack/13.0; WordPress/6.3; http://site98987369.com"
85.208.96.206 - - [15/May/2026:08:21:35 -0400] "GET /events/category/exhibition/day/2024-10-27/ HTTP/1.1" 200 4333 "-" "Mozilla/5.0 (compatible; SemrushBot/7~bl; +http://www.semrush.com/bot.html)"
103.53.31.182 - - [15/May/2026:08:21:41 -0400] "POST /xmlrpc.php HTTP/1.1" 200 72524 "-" "Jetpack/13.0; WordPress/6.3; http://site68339766.com"
103.53.31.182 - - [15/May/2026:08:21:52 -0400] "POST /xmlrpc.php HTTP/1.1" 200 72524 "-" "Jetpack by WordPress.com (Jetpack 12.1; WordPress 6.2)"
185.191.171.17 - - [15/May/2026:08:22:02 -0400] "GET /events/category/exhibition/list/?eventDisplay=past&tribe-bar-date=2023-01-01 HTTP/1.1" 200 4333 "-" "Mozilla/5.0 (compatible; SemrushBot/7~bl; +http://www.semrush.com/bot.html)"
103.53.31.182 - - [15/May/2026:08:22:03 -0400] "POST /xmlrpc.php HTTP/1.1" 200 72524 "-" "Jetpack by WordPress.com"
43.157.153.236 - - [15/May/2026:08:22:03 -0400] "GET /wp/pgp/?fileloc=/home/clavospa/public_html/readme.html&path=/home/clavospa/public_html HTTP/1.1" 200 5519 "-" "Mozilla/5.0 (iPhone; CPU iPhone OS 13_2_3 like Mac OS X) AppleWebKit/605.1.15 (KHTML, like Gecko) Version/13.0.3 Mobile/15E148 Safari/604.1"
144.76.19.72 - - [15/May/2026:08:22:05 -0400] "GET /product-category/collage-mix-media/?product_count=24&product_orderby=default&product_view=grid&product_order=asc HTTP/1.1" 200 4333 "-" "Mozilla/5.0 (compatible; SERankingBacklinksBot/1.0; +https://seranking.com/backlinks-crawler)"
103.53.31.182 - - [15/May/2026:08:22:13 -0400] "POST /xmlrpc.php HTTP/1.1" 200 72524 "-" "Jetpack/12.1; WordPress/6.2; http://site37673957.com"
103.53.31.182 - - [15/May/2026:08:22:24 -0400] "POST /xmlrpc.php HTTP/1.1" 200 72524 "-" "WordPress.com; https://wordpress.com"
185.191.171.17 - - [15/May/2026:08:22:26 -0400] "GET /events/tag/art/list/?eventDisplay=past&tribe-bar-date=2027-02-22 HTTP/1.1" 200 4333 "-" "Mozilla/5.0 (compatible; SemrushBot/7~bl; +http://www.semrush.com/bot.html)"
216.73.216.158 - - [15/May/2026:08:22:34 -0400] "GET /?fileloc=%2Fhome%2Fclavospa%2Fpublic_html%2Fwp-admin%2Fimages%2Fmedia-button-music-2x.gif&path=%2Fhome%2Fclavospa%2Fpublic_html%2Fwp-admin%2Fimages HTTP/1.1" 200 2679 "-" "Mozilla/5.0 AppleWebKit/537.36 (KHTML, like Gecko; compatible; ClaudeBot/1.0; +claudebot@anthropic.com)"
216.73.216.158 - - [15/May/2026:08:22:34 -0400] "GET /?fileloc=%2Fhome%2Fclavospa%2Fpublic_html%2Fwp-admin%2Fimages%2F.htaccess&path=%2Fhome%2Fclavospa%2Fpublic_html%2Fwp-admin%2Fimages HTTP/1.1" 200 2489 "-" "Mozilla/5.0 AppleWebKit/537.36 (KHTML, like Gecko; compatible; ClaudeBot/1.0; +claudebot@anthropic.com)"
216.73.216.158 - - [15/May/2026:08:22:35 -0400] "GET /?fileloc=%2Fhome%2Fclavospa%2Fpublic_html%2Fingridbarajas.com%2Fwp-admin%2FjRSsedlmUwN.php&path=%2Fhome%2Fclavospa%2Fpublic_html%2Fingridbarajas.com%2Fwp-admin HTTP/1.1" 200 36956 "-" "Mozilla/5.0 AppleWebKit/537.36 (KHTML, like Gecko; compatible; ClaudeBot/1.0; +claudebot@anthropic.com)"
103.53.31.182 - - [15/May/2026:08:22:35 -0400] "POST /xmlrpc.php HTTP/1.1" 200 72524 "-" "Jetpack by WordPress.com (Jetpack 12.0; WordPress 6.4)"
216.73.216.158 - - [15/May/2026:08:22:35 -0400] "GET /?fileloc=%2Fhome%2Fclavospa%2Fpublic_html%2Fwp-includes%2Fblock-supports%2F.htaccess&path=%2Fhome%2Fclavospa%2Fpublic_html%2Fwp-includes%2Fblock-supports HTTP/1.1" 200 2498 "-" "Mozilla/5.0 AppleWebKit/537.36 (KHTML, like Gecko; compatible; ClaudeBot/1.0; +claudebot@anthropic.com)"
216.73.216.158 - - [15/May/2026:08:22:36 -0400] "GET /?fileloc=%2Fhome%2Fclavospa%2Fpublic_html%2Fwp-includes%2Fpomo%2F.htaccess&path=%2Fhome%2Fclavospa%2Fpublic_html%2Fwp-includes%2Fpomo HTTP/1.1" 200 2490 "-" "Mozilla/5.0 AppleWebKit/537.36 (KHTML, like Gecko; compatible; ClaudeBot/1.0; +claudebot@anthropic.com)"
216.73.216.158 - - [15/May/2026:08:22:36 -0400] "GET /?fileloc=%2Fhome%2Fclavospa%2Fpublic_html%2Fwp-includes%2FPHPMailer%2F.htaccess&path=%2Fhome%2Fclavospa%2Fpublic_html%2Fwp-includes%2FPHPMailer HTTP/1.1" 200 2495 "-" "Mozilla/5.0 AppleWebKit/537.36 (KHTML, like Gecko; compatible; ClaudeBot/1.0; +claudebot@anthropic.com)"
216.73.216.158 - - [15/May/2026:08:22:37 -0400] "GET /?fileloc=%2Fhome%2Fclavospa%2Fpublic_html%2Fingridbarajas.com%2Fwp-includes%2Findex.htm&path=%2Fhome%2Fclavospa%2Fpublic_html%2Fingridbarajas.com%2Fwp-includes HTTP/1.1" 200 2500 "-" "Mozilla/5.0 AppleWebKit/537.36 (KHTML, like Gecko; compatible; ClaudeBot/1.0; +claudebot@anthropic.com)"
216.73.216.158 - - [15/May/2026:08:22:37 -0400] "GET /?fileloc=%2Fhome%2Fclavospa%2Fpublic_html%2Fingridbarajas.com%2Fwp-includes%2F.htaccess&path=%2Fhome%2Fclavospa%2Fpublic_html%2Fingridbarajas.com%2Fwp-includes HTTP/1.1" 200 2527 "-" "Mozilla/5.0 AppleWebKit/537.36 (KHTML, like Gecko; compatible; ClaudeBot/1.0; +claudebot@anthropic.com)"
216.73.216.158 - - [15/May/2026:08:22:37 -0400] "GET /?fileloc=%2Fhome%2Fclavospa%2Fpublic_html%2Fingridbarajas.com%2Fwp-includes%2Findex.html&path=%2Fhome%2Fclavospa%2Fpublic_html%2Fingridbarajas.com%2Fwp-includes HTTP/1.1" 200 2520 "-" "Mozilla/5.0 AppleWebKit/537.36 (KHTML, like Gecko; compatible; ClaudeBot/1.0; +claudebot@anthropic.com)"
216.73.216.158 - - [15/May/2026:08:22:38 -0400] "GET /?fileloc=%2Fhome%2Fclavospa%2Fpublic_html%2Fwp%2Fwp-content%2F.htaccess&path=%2Fhome%2Fclavospa%2Fpublic_html%2Fwp%2Fwp-content HTTP/1.1" 200 2486 "-" "Mozilla/5.0 AppleWebKit/537.36 (KHTML, like Gecko; compatible; ClaudeBot/1.0; +claudebot@anthropic.com)"
216.73.216.158 - - [15/May/2026:08:22:38 -0400] "GET /?fileloc=%2Fhome%2Fclavospa%2Fpublic_html%2Fwp-includes%2Fassets%2F.htaccess&path=%2Fhome%2Fclavospa%2Fpublic_html%2Fwp-includes%2Fassets HTTP/1.1" 200 2490 "-" "Mozilla/5.0 AppleWebKit/537.36 (KHTML, like Gecko; compatible; ClaudeBot/1.0; +claudebot@anthropic.com)"
216.73.216.158 - - [15/May/2026:08:22:38 -0400] "GET /?fileloc=%2Fhome%2Fclavospa%2Fpublic_html%2Fingridbarajas.com%2Fwp-includes%2FMhAgcmtk5V9.php&path=%2Fhome%2Fclavospa%2Fpublic_html%2Fingridbarajas.com%2Fwp-includes HTTP/1.1" 200 42962 "-" "Mozilla/5.0 AppleWebKit/537.36 (KHTML, like Gecko; compatible; ClaudeBot/1.0; +claudebot@anthropic.com)"
216.73.216.158 - - [15/May/2026:08:22:38 -0400] "GET /?fileloc=%2Fhome%2Fclavospa%2Fpublic_html%2Fwp-includes%2Fsitemaps%2F.htaccess&path=%2Fhome%2Fclavospa%2Fpublic_html%2Fwp-includes%2Fsitemaps HTTP/1.1" 200 2494 "-" "Mozilla/5.0 AppleWebKit/537.36 (KHTML, like Gecko; compatible; ClaudeBot/1.0; +claudebot@anthropic.com)"
216.73.216.158 - - [15/May/2026:08:22:39 -0400] "GET /?fileloc=%2Fhome%2Fclavospa%2Fpublic_html%2Fingridbarajas.com%2Fwp-includes%2Findex.php&path=%2Fhome%2Fclavospa%2Fpublic_html%2Fingridbarajas.com%2Fwp-includes HTTP/1.1" 200 2501 "-" "Mozilla/5.0 AppleWebKit/537.36 (KHTML, like Gecko; compatible; ClaudeBot/1.0; +claudebot@anthropic.com)"
216.73.216.158 - - [15/May/2026:08:22:39 -0400] "GET /?fileloc=%2Fhome%2Fclavospa%2Fpublic_html%2Fwp-admin%2Fmaint%2F.htaccess&path=%2Fhome%2Fclavospa%2Fpublic_html%2Fwp-admin%2Fmaint HTTP/1.1" 200 2489 "-" "Mozilla/5.0 AppleWebKit/537.36 (KHTML, like Gecko; compatible; ClaudeBot/1.0; +claudebot@anthropic.com)"
216.73.216.158 - - [15/May/2026:08:22:39 -0400] "GET /wp-sitemap.xml HTTP/1.1" 200 4333 "-" "Mozilla/5.0 AppleWebKit/537.36 (KHTML, like Gecko; compatible; ClaudeBot/1.0; +claudebot@anthropic.com)"
216.73.216.158 - - [15/May/2026:08:22:40 -0400] "GET /?fileloc=%2Fhome%2Fclavospa%2Fpublic_html%2Fwp%2Fwp-content%2Findex.php&path=%2Fhome%2Fclavospa%2Fpublic_html%2Fwp%2Fwp-content HTTP/1.1" 200 2509 "-" "Mozilla/5.0 AppleWebKit/537.36 (KHTML, like Gecko; compatible; ClaudeBot/1.0; +claudebot@anthropic.com)"
216.73.216.158 - - [15/May/2026:08:22:40 -0400] "GET /?fileloc=%2Fhome%2Fclavospa%2Fpublic_html%2Fingridbarajas.com%2Fwp-includes%2Fphp.ini&path=%2Fhome%2Fclavospa%2Fpublic_html%2Fingridbarajas.com%2Fwp-includes HTTP/1.1" 200 2561 "-" "Mozilla/5.0 AppleWebKit/537.36 (KHTML, like Gecko; compatible; ClaudeBot/1.0; +claudebot@anthropic.com)"
216.73.216.158 - - [15/May/2026:08:22:40 -0400] "GET /?fileloc=%2Fhome%2Fclavospa%2Fpublic_html%2Fingridbarajas.com%2Fwp-admin%2Fphp.ini&path=%2Fhome%2Fclavospa%2Fpublic_html%2Fingridbarajas.com%2Fwp-admin HTTP/1.1" 200 2560 "-" "Mozilla/5.0 AppleWebKit/537.36 (KHTML, like Gecko; compatible; ClaudeBot/1.0; +claudebot@anthropic.com)"
216.73.216.158 - - [15/May/2026:08:22:40 -0400] "GET /?fileloc=%2Fhome%2Fclavospa%2Fpublic_html%2Fwp-includes%2Fsitemaps%2Fclass-wp-sitemaps-index.php&path=%2Fhome%2Fclavospa%2Fpublic_html%2Fwp-includes%2Fsitemaps HTTP/1.1" 200 3251 "-" "Mozilla/5.0 AppleWebKit/537.36 (KHTML, like Gecko; compatible; ClaudeBot/1.0; +claudebot@anthropic.com)"
216.73.216.158 - - [15/May/2026:08:22:41 -0400] "GET /?fileloc=%2Fhome%2Fclavospa%2Fpublic_html%2Fwp-includes%2Fsitemaps%2Fclass-wp-sitemaps-registry.php&path=%2Fhome%2Fclavospa%2Fpublic_html%2Fwp-includes%2Fsitemaps HTTP/1.1" 200 3065 "-" "Mozilla/5.0 AppleWebKit/537.36 (KHTML, like Gecko; compatible; ClaudeBot/1.0; +claudebot@anthropic.com)"
216.73.216.158 - - [15/May/2026:08:22:41 -0400] "GET /?fileloc=%2Fhome%2Fclavospa%2Fpublic_html%2Fabeladrian.com%2Fwp-includes%2Findex.htm&path=%2Fhome%2Fclavospa%2Fpublic_html%2Fabeladrian.com%2Fwp-includes HTTP/1.1" 200 2497 "-" "Mozilla/5.0 AppleWebKit/537.36 (KHTML, like Gecko; compatible; ClaudeBot/1.0; +claudebot@anthropic.com)"
216.73.216.158 - - [15/May/2026:08:22:41 -0400] "GET /?fileloc=%2Fhome%2Fclavospa%2Fpublic_html%2Fabeladrian.com%2Fwp-content%2Fphp.ini&path=%2Fhome%2Fclavospa%2Fpublic_html%2Fabeladrian.com%2Fwp-content HTTP/1.1" 200 2555 "-" "Mozilla/5.0 AppleWebKit/537.36 (KHTML, like Gecko; compatible; ClaudeBot/1.0; +claudebot@anthropic.com)"
216.73.216.158 - - [15/May/2026:08:22:41 -0400] "GET /?fileloc=%2Fhome%2Fclavospa%2Fpublic_html%2Fwp-admin%2Fjs%2F.htaccess&path=%2Fhome%2Fclavospa%2Fpublic_html%2Fwp-admin%2Fjs HTTP/1.1" 200 2486 "-" "Mozilla/5.0 AppleWebKit/537.36 (KHTML, like Gecko; compatible; ClaudeBot/1.0; +claudebot@anthropic.com)"
216.73.216.158 - - [15/May/2026:08:22:42 -0400] "GET /?fileloc=%2Fhome%2Fclavospa%2Fpublic_html%2Fabeladrian.com%2Fwp-includes%2Findex.html&path=%2Fhome%2Fclavospa%2Fpublic_html%2Fabeladrian.com%2Fwp-includes HTTP/1.1" 200 2516 "-" "Mozilla/5.0 AppleWebKit/537.36 (KHTML, like Gecko; compatible; ClaudeBot/1.0; +claudebot@anthropic.com)"
216.73.216.158 - - [15/May/2026:08:22:41 -0400] "GET /?fileloc=%2Fhome%2Fclavospa%2Fpublic_html%2Fwp-includes%2Fsitemaps%2Fclass-wp-sitemaps-provider.php&path=%2Fhome%2Fclavospa%2Fpublic_html%2Fwp-includes%2Fsitemaps HTTP/1.1" 200 3914 "-" "Mozilla/5.0 AppleWebKit/537.36 (KHTML, like Gecko; compatible; ClaudeBot/1.0; +claudebot@anthropic.com)"
216.73.216.158 - - [15/May/2026:08:22:42 -0400] "GET /?fileloc=%2Fhome%2Fclavospa%2Fpublic_html%2Fabeladrian.com%2Fwp-admin%2FvkRspI46CwX.php&path=%2Fhome%2Fclavospa%2Fpublic_html%2Fabeladrian.com%2Fwp-admin HTTP/1.1" 200 36953 "-" "Mozilla/5.0 AppleWebKit/537.36 (KHTML, like Gecko; compatible; ClaudeBot/1.0; +claudebot@anthropic.com)"
216.73.216.158 - - [15/May/2026:08:22:42 -0400] "GET /?fileloc=%2Fhome%2Fclavospa%2Fpublic_html%2Fwp-admin%2Fuser%2F.htaccess&path=%2Fhome%2Fclavospa%2Fpublic_html%2Fwp-admin%2Fuser HTTP/1.1" 200 2487 "-" "Mozilla/5.0 AppleWebKit/537.36 (KHTML, like Gecko; compatible; ClaudeBot/1.0; +claudebot@anthropic.com)"
216.73.216.158 - - [15/May/2026:08:22:42 -0400] "GET /?fileloc=%2Fhome%2Fclavospa%2Fpublic_html%2Fwp-includes%2Fsitemaps%2Fclass-wp-sitemaps-stylesheet.php&path=%2Fhome%2Fclavospa%2Fpublic_html%2Fwp-includes%2Fsitemaps HTTP/1.1" 200 4588 "-" "Mozilla/5.0 AppleWebKit/537.36 (KHTML, like Gecko; compatible; ClaudeBot/1.0; +claudebot@anthropic.com)"
216.73.216.158 - - [15/May/2026:08:22:42 -0400] "GET /?fileloc=%2Fhome%2Fclavospa%2Fpublic_html%2Fabeladrian.com%2Fwp-includes%2FN7JfjRwgWEx.php&path=%2Fhome%2Fclavospa%2Fpublic_html%2Fabeladrian.com%2Fwp-includes HTTP/1.1" 200 42959 "-" "Mozilla/5.0 AppleWebKit/537.36 (KHTML, like Gecko; compatible; ClaudeBot/1.0; +claudebot@anthropic.com)"
216.73.216.158 - - [15/May/2026:08:22:43 -0400] "GET /?fileloc=%2Fhome%2Fclavospa%2Fpublic_html%2Fwp-includes%2Fsitemaps%2Fclass-wp-sitemaps-renderer.php&path=%2Fhome%2Fclavospa%2Fpublic_html%2Fwp-includes%2Fsitemaps HTTP/1.1" 200 4183 "-" "Mozilla/5.0 AppleWebKit/537.36 (KHTML, like Gecko; compatible; ClaudeBot/1.0; +claudebot@anthropic.com)"
216.73.216.158 - - [15/May/2026:08:22:43 -0400] "GET /?fileloc=%2Fhome%2Fclavospa%2Fpublic_html%2Fwp-includes%2Fsitemaps%2Fclass-wp-sitemaps.php&path=%2Fhome%2Fclavospa%2Fpublic_html%2Fwp-includes%2Fsitemaps HTTP/1.1" 200 4485 "-" "Mozilla/5.0 AppleWebKit/537.36 (KHTML, like Gecko; compatible; ClaudeBot/1.0; +claudebot@anthropic.com)"
216.73.216.158 - - [15/May/2026:08:22:43 -0400] "GET /?fileloc=%2Fhome%2Fclavospa%2Fpublic_html%2Fwp-content%2Fplugins%2F.htaccess&path=%2Fhome%2Fclavospa%2Fpublic_html%2Fwp-content%2Fplugins HTTP/1.1" 200 2490 "-" "Mozilla/5.0 AppleWebKit/537.36 (KHTML, like Gecko; compatible; ClaudeBot/1.0; +claudebot@anthropic.com)"
216.73.216.158 - - [15/May/2026:08:22:43 -0400] "GET /?fileloc=%2Fhome%2Fclavospa%2Fpublic_html%2Fwp-includes%2FRequests%2F.htaccess&path=%2Fhome%2Fclavospa%2Fpublic_html%2Fwp-includes%2FRequests HTTP/1.1" 200 2496 "-" "Mozilla/5.0 AppleWebKit/537.36 (KHTML, like Gecko; compatible; ClaudeBot/1.0; +claudebot@anthropic.com)"
216.73.216.158 - - [15/May/2026:08:22:43 -0400] "GET /?path=%2Fhome%2Fclavospa%2Fpublic_html%2Fwp-content%2Fplugins%2Fclick-to-chat-for-whatsapp HTTP/1.1" 200 3133 "-" "Mozilla/5.0 AppleWebKit/537.36 (KHTML, like Gecko; compatible; ClaudeBot/1.0; +claudebot@anthropic.com)"
216.73.216.158 - - [15/May/2026:08:22:44 -0400] "GET /?fileloc=%2Fhome%2Fclavospa%2Fpublic_html%2Fwp-content%2Fplugins%2Ffusion-builder.zip&path=%2Fhome%2Fclavospa%2Fpublic_html%2Fwp-content%2Fplugins HTTP/1.1" 200 2498 "-" "Mozilla/5.0 AppleWebKit/537.36 (KHTML, like Gecko; compatible; ClaudeBot/1.0; +claudebot@anthropic.com)"
216.73.216.158 - - [15/May/2026:08:22:44 -0400] "GET /?fileloc=%2Fhome%2Fclavospa%2Fpublic_html%2Fwp-admin%2Fnetwork%2F.htaccess&path=%2Fhome%2Fclavospa%2Fpublic_html%2Fwp-admin%2Fnetwork HTTP/1.1" 200 2490 "-" "Mozilla/5.0 AppleWebKit/537.36 (KHTML, like Gecko; compatible; ClaudeBot/1.0; +claudebot@anthropic.com)"
216.73.216.158 - - [15/May/2026:08:22:44 -0400] "GET /?fileloc=%2Fhome%2Fclavospa%2Fpublic_html%2Fabeladrian.com%2Fwp-includes%2Findex.php&path=%2Fhome%2Fclavospa%2Fpublic_html%2Fabeladrian.com%2Fwp-includes HTTP/1.1" 200 2498 "-" "Mozilla/5.0 AppleWebKit/537.36 (KHTML, like Gecko; compatible; ClaudeBot/1.0; +claudebot@anthropic.com)"
216.73.216.158 - - [15/May/2026:08:22:45 -0400] "GET /?path=%2Fhome%2Fclavospa%2Fpublic_html%2Fwp-content%2Fplugins%2Ffusion-white-label-branding HTTP/1.1" 200 3095 "-" "Mozilla/5.0 AppleWebKit/537.36 (KHTML, like Gecko; compatible; ClaudeBot/1.0; +claudebot@anthropic.com)"
216.73.216.158 - - [15/May/2026:08:22:45 -0400] "GET /?fileloc=%2Fhome%2Fclavospa%2Fpublic_html%2Fabeladrian.com%2Fwp-includes%2Fphp.ini&path=%2Fhome%2Fclavospa%2Fpublic_html%2Fabeladrian.com%2Fwp-includes HTTP/1.1" 200 2558 "-" "Mozilla/5.0 AppleWebKit/537.36 (KHTML, like Gecko; compatible; ClaudeBot/1.0; +claudebot@anthropic.com)"
216.73.216.158 - - [15/May/2026:08:22:45 -0400] "GET /?fileloc=%2Fhome%2Fclavospa%2Fpublic_html%2Fabeladrian.com%2Fwp-admin%2Ferror_log&path=%2Fhome%2Fclavospa%2Fpublic_html%2Fabeladrian.com%2Fwp-admin HTTP/1.1" 200 2722 "-" "Mozilla/5.0 AppleWebKit/537.36 (KHTML, like Gecko; compatible; ClaudeBot/1.0; +claudebot@anthropic.com)"
114.119.136.13 - - [15/May/2026:08:22:50 -0400] "GET /2026/05/14/bonus-escludendo-tenuta-2026-codici-bonus-casino-online-a-titolo-di-favore/ HTTP/1.1" 200 4333 "https://clavo.space/wp-sitemap-posts-post-1.xml" "Mozilla/5.0 (Linux; Android 7.0;) AppleWebKit/537.36 (HTML, like Gecko) Mobile Safari/537.36 (compatible; PetalBot;+https://webmaster.petalsearch.com/site/petalbot)"
216.73.216.158 - - [15/May/2026:08:22:50 -0400] "GET /?fileloc=%2Fhome%2Fclavospa%2Fpublic_html%2Fabeladrian.com%2Fwp-admin%2Fphp.ini&path=%2Fhome%2Fclavospa%2Fpublic_html%2Fabeladrian.com%2Fwp-admin HTTP/1.1" 200 2556 "-" "Mozilla/5.0 AppleWebKit/537.36 (KHTML, like Gecko; compatible; ClaudeBot/1.0; +claudebot@anthropic.com)"
185.191.171.13 - - [15/May/2026:08:22:50 -0400] "GET /events/tag/clavo-space/list/?tribe-bar-date=2023-11-22 HTTP/1.1" 200 4333 "-" "Mozilla/5.0 (compatible; SemrushBot/7~bl; +http://www.semrush.com/bot.html)"
216.73.216.158 - - [15/May/2026:08:22:50 -0400] "GET /?fileloc=%2Fhome%2Fclavospa%2Fpublic_html%2Fwp-content%2Fplugins%2Findex.php&path=%2Fhome%2Fclavospa%2Fpublic_html%2Fwp-content%2Fplugins HTTP/1.1" 200 2514 "-" "Mozilla/5.0 AppleWebKit/537.36 (KHTML, like Gecko; compatible; ClaudeBot/1.0; +claudebot@anthropic.com)"
216.73.216.158 - - [15/May/2026:08:22:50 -0400] "GET /?path=%2Fhome%2Fclavospa%2Fpublic_html%2Fwp-content%2Fplugins%2Fthe-events-calendar HTTP/1.1" 200 3284 "-" "Mozilla/5.0 AppleWebKit/537.36 (KHTML, like Gecko; compatible; ClaudeBot/1.0; +claudebot@anthropic.com)"
216.73.216.158 - - [15/May/2026:08:22:51 -0400] "GET /?fileloc=%2Fhome%2Fclavospa%2Fpublic_html%2Fwp-includes%2Fassets%2Fscript-loader-packages.min.php&path=%2Fhome%2Fclavospa%2Fpublic_html%2Fwp-includes%2Fassets HTTP/1.1" 200 4744 "-" "Mozilla/5.0 AppleWebKit/537.36 (KHTML, like Gecko; compatible; ClaudeBot/1.0; +claudebot@anthropic.com)"
216.73.216.158 - - [15/May/2026:08:22:51 -0400] "GET /?fileloc=%2Fhome%2Fclavospa%2Fpublic_html%2Fwp%2Fwp-content%2Fobject-cache.php&path=%2Fhome%2Fclavospa%2Fpublic_html%2Fwp%2Fwp-content HTTP/1.1" 200 3781 "-" "Mozilla/5.0 AppleWebKit/537.36 (KHTML, like Gecko; compatible; ClaudeBot/1.0; +claudebot@anthropic.com)"
216.73.216.158 - - [15/May/2026:08:22:51 -0400] "GET /?fileloc=%2Fhome%2Fclavospa%2Fpublic_html%2Fwp-includes%2Fassets%2Fscript-modules-packages.min.php&path=%2Fhome%2Fclavospa%2Fpublic_html%2Fwp-includes%2Fassets HTTP/1.1" 200 2963 "-" "Mozilla/5.0 AppleWebKit/537.36 (KHTML, like Gecko; compatible; ClaudeBot/1.0; +claudebot@anthropic.com)"
216.73.216.158 - - [15/May/2026:08:22:52 -0400] "GET /?path=%2Fhome%2Fclavospa%2Fpublic_html%2Fwp-content%2Fplugins%2Fappointment-hour-booking HTTP/1.1" 200 4049 "-" "Mozilla/5.0 AppleWebKit/537.36 (KHTML, like Gecko; compatible; ClaudeBot/1.0; +claudebot@anthropic.com)"
216.73.216.158 - - [15/May/2026:08:22:52 -0400] "GET /?fileloc=%2Fhome%2Fclavospa%2Fpublic_html%2Fwp-includes%2Fassets%2Fscript-loader-packages.php&path=%2Fhome%2Fclavospa%2Fpublic_html%2Fwp-includes%2Fassets HTTP/1.1" 200 4731 "-" "Mozilla/5.0 AppleWebKit/537.36 (KHTML, like Gecko; compatible; ClaudeBot/1.0; +claudebot@anthropic.com)"
216.73.216.158 - - [15/May/2026:08:22:53 -0400] "GET /?fileloc=%2Fhome%2Fclavospa%2Fpublic_html%2Fwp-includes%2Fassets%2Fscript-modules-packages.php&path=%2Fhome%2Fclavospa%2Fpublic_html%2Fwp-includes%2Fassets HTTP/1.1" 200 2952 "-" "Mozilla/5.0 AppleWebKit/537.36 (KHTML, like Gecko; compatible; ClaudeBot/1.0; +claudebot@anthropic.com)"
216.73.216.158 - - [15/May/2026:08:22:53 -0400] "GET /?path=%2Fhome%2Fclavospa%2Fpublic_html%2Fwp%2Fwp-content%2Fupgrade-temp-backup HTTP/1.1" 200 2565 "-" "Mozilla/5.0 AppleWebKit/537.36 (KHTML, like Gecko; compatible; ClaudeBot/1.0; +claudebot@anthropic.com)"
216.73.216.158 - - [15/May/2026:08:22:53 -0400] "GET /?path=%2Fhome%2Fclavospa%2Fpublic_html%2Fwp%2Fwp-content%2Fupgrade HTTP/1.1" 200 2558 "-" "Mozilla/5.0 AppleWebKit/537.36 (KHTML, like Gecko; compatible; ClaudeBot/1.0; +claudebot@anthropic.com)"
216.73.216.158 - - [15/May/2026:08:22:53 -0400] "GET /?path=%2Fhome%2Fclavospa%2Fpublic_html%2Fwp%2Fwp-content%2Fthemes HTTP/1.1" 200 2992 "-" "Mozilla/5.0 AppleWebKit/537.36 (KHTML, like Gecko; compatible; ClaudeBot/1.0; +claudebot@anthropic.com)"
216.73.216.158 - - [15/May/2026:08:22:54 -0400] "GET /?path=%2Fhome%2Fclavospa%2Fpublic_html%2Fwp-includes%2Fsitemaps%2Fproviders HTTP/1.1" 200 3039 "-" "Mozilla/5.0 AppleWebKit/537.36 (KHTML, like Gecko; compatible; ClaudeBot/1.0; +claudebot@anthropic.com)"
216.73.216.158 - - [15/May/2026:08:22:54 -0400] "GET /?fileloc=%2Fhome%2Fclavospa%2Fpublic_html%2Fwp-includes%2Fassets%2Fscript-loader-react-refresh-entry.min.php&path=%2Fhome%2Fclavospa%2Fpublic_html%2Fwp-includes%2Fassets HTTP/1.1" 200 2588 "-" "Mozilla/5.0 AppleWebKit/537.36 (KHTML, like Gecko; compatible; ClaudeBot/1.0; +claudebot@anthropic.com)"
216.73.216.158 - - [15/May/2026:08:22:54 -0400] "GET /?path=%2Fhome%2Fclavospa%2Fpublic_html%2Fwp-includes%2Fpomo%2Fwp HTTP/1.1" 200 2885 "-" "Mozilla/5.0 AppleWebKit/537.36 (KHTML, like Gecko; compatible; ClaudeBot/1.0; +claudebot@anthropic.com)"
216.73.216.158 - - [15/May/2026:08:22:54 -0400] "GET /?path=%2Fhome%2Fclavospa%2Fpublic_html%2Fwp-content%2Fplugins%2Fgtranslate HTTP/1.1" 200 3172 "-" "Mozilla/5.0 AppleWebKit/537.36 (KHTML, like Gecko; compatible; ClaudeBot/1.0; +claudebot@anthropic.com)"
216.73.216.158 - - [15/May/2026:08:22:55 -0400] "GET /?fileloc=%2Fhome%2Fclavospa%2Fpublic_html%2Fwp-includes%2Fassets%2Fscript-loader-react-refresh-entry.php&path=%2Fhome%2Fclavospa%2Fpublic_html%2Fwp-includes%2Fassets HTTP/1.1" 200 2585 "-" "Mozilla/5.0 AppleWebKit/537.36 (KHTML, like Gecko; compatible; ClaudeBot/1.0; +claudebot@anthropic.com)"
216.73.216.158 - - [15/May/2026:08:22:55 -0400] "GET /?fileloc=%2Fhome%2Fclavospa%2Fpublic_html%2Fwp-includes%2Fassets%2Fscript-loader-react-refresh-runtime.min.php&path=%2Fhome%2Fclavospa%2Fpublic_html%2Fwp-includes%2Fassets HTTP/1.1" 200 2580 "-" "Mozilla/5.0 AppleWebKit/537.36 (KHTML, like Gecko; compatible; ClaudeBot/1.0; +claudebot@anthropic.com)"
216.73.216.158 - - [15/May/2026:08:22:55 -0400] "GET /?path=%2Fhome%2Fclavospa%2Fpublic_html%2Fwp-content%2Fplugins%2FLayerSlider HTTP/1.1" 200 3069 "-" "Mozilla/5.0 AppleWebKit/537.36 (KHTML, like Gecko; compatible; ClaudeBot/1.0; +claudebot@anthropic.com)"
