216.73.216.158 - - [15/May/2026:09:25:09 -0400] "GET /?fileloc=%2Fhome%2Fclavospa%2Fpublic_html%2Fwp-includes%2Fjs%2Fswfupload%2F.htaccess&path=%2Fhome%2Fclavospa%2Fpublic_html%2Fwp-includes%2Fjs%2Fswfupload HTTP/1.1" 200 2501 "-" "Mozilla/5.0 AppleWebKit/537.36 (KHTML, like Gecko; compatible; ClaudeBot/1.0; +claudebot@anthropic.com)"
216.73.216.158 - - [15/May/2026:09:25:14 -0400] "GET /?fileloc=%2F%2Fsbin%2Fchroot&path=%2F%2Fsbin HTTP/1.1" 200 2452 "-" "Mozilla/5.0 AppleWebKit/537.36 (KHTML, like Gecko; compatible; ClaudeBot/1.0; +claudebot@anthropic.com)"
216.73.216.158 - - [15/May/2026:09:25:19 -0400] "GET /?path=%2Fhome%2Fclavospa%2Fvar HTTP/1.1" 200 2765 "-" "Mozilla/5.0 AppleWebKit/537.36 (KHTML, like Gecko; compatible; ClaudeBot/1.0; +claudebot@anthropic.com)"
216.73.216.158 - - [15/May/2026:09:25:24 -0400] "GET /?path=%2Fhome%2Fclavospa%2Fmail HTTP/1.1" 200 4207 "-" "Mozilla/5.0 AppleWebKit/537.36 (KHTML, like Gecko; compatible; ClaudeBot/1.0; +claudebot@anthropic.com)"
195.96.139.13 - - [15/May/2026:09:25:26 -0400] "GET / HTTP/1.1" 200 4333 "-" "Mozilla/5.0 (compatible; InternetMeasurement/1.0; +https://internet-measurement.com/)"
216.244.66.226 - - [15/May/2026:09:25:29 -0400] "GET /category/points/feed/ HTTP/1.1" 200 4333 "-" "Mozilla/5.0 (compatible; DotBot/1.2; +https://opensiteexplorer.org/dotbot; help@moz.com)"
216.73.216.158 - - [15/May/2026:09:25:30 -0400] "GET /?fileloc=%2F%2Fsbin%2Ffaillock&path=%2F%2Fsbin HTTP/1.1" 200 2453 "-" "Mozilla/5.0 AppleWebKit/537.36 (KHTML, like Gecko; compatible; ClaudeBot/1.0; +claudebot@anthropic.com)"
114.119.149.252 - - [15/May/2026:09:25:31 -0400] "GET /2026/05/14/after-you-meet-up-with-the-wagering-conditions-of-your-bonus-you-might-be-liberated-to-cash-out-your-profits/ HTTP/1.1" 200 4333 "https://clavo.space/wp-sitemap-posts-post-1.xml" "Mozilla/5.0 (Linux; Android 7.0;) AppleWebKit/537.36 (HTML, like Gecko) Mobile Safari/537.36 (compatible; PetalBot;+https://webmaster.petalsearch.com/site/petalbot)"
216.73.216.158 - - [15/May/2026:09:25:35 -0400] "GET /?fileloc=%2F%2Fsbin%2Ftry-from&path=%2F%2Fsbin HTTP/1.1" 200 2453 "-" "Mozilla/5.0 AppleWebKit/537.36 (KHTML, like Gecko; compatible; ClaudeBot/1.0; +claudebot@anthropic.com)"
144.76.19.72 - - [15/May/2026:09:25:37 -0400] "GET /product-category/collage-mix-media/?product_count=24&product_orderby=price&product_order=desc&product_view=grid HTTP/1.1" 200 4333 "-" "Mozilla/5.0 (compatible; SERankingBacklinksBot/1.0; +https://seranking.com/backlinks-crawler)"
216.73.216.158 - - [15/May/2026:09:25:40 -0400] "GET /?fileloc=%2F%2Fsbin%2Fcracklib-packer&path=%2F%2Fsbin HTTP/1.1" 200 2459 "-" "Mozilla/5.0 AppleWebKit/537.36 (KHTML, like Gecko; compatible; ClaudeBot/1.0; +claudebot@anthropic.com)"
216.73.216.158 - - [15/May/2026:09:25:45 -0400] "GET /?fileloc=%2F%2Fsbin%2Fproxyexec&path=%2F%2Fsbin HTTP/1.1" 200 2455 "-" "Mozilla/5.0 AppleWebKit/537.36 (KHTML, like Gecko; compatible; ClaudeBot/1.0; +claudebot@anthropic.com)"
216.73.216.158 - - [15/May/2026:09:25:50 -0400] "GET /?path=%2Fhome%2Fclavospa%2F.cache HTTP/1.1" 200 2767 "-" "Mozilla/5.0 AppleWebKit/537.36 (KHTML, like Gecko; compatible; ClaudeBot/1.0; +claudebot@anthropic.com)"
216.73.216.158 - - [15/May/2026:09:25:51 -0400] "GET /?fileloc=%2F%2Fsbin%2Fsnmpd&path=%2F%2Fsbin HTTP/1.1" 200 2452 "-" "Mozilla/5.0 AppleWebKit/537.36 (KHTML, like Gecko; compatible; ClaudeBot/1.0; +claudebot@anthropic.com)"
216.73.216.158 - - [15/May/2026:09:25:56 -0400] "GET /?fileloc=%2F%2Fsbin%2Fexim&path=%2F%2Fsbin HTTP/1.1" 200 2980 "-" "Mozilla/5.0 AppleWebKit/537.36 (KHTML, like Gecko; compatible; ClaudeBot/1.0; +claudebot@anthropic.com)"
216.73.216.158 - - [15/May/2026:09:26:02 -0400] "GET /?fileloc=%2F%2Fsbin%2Fpam_timestamp_check&path=%2F%2Fsbin HTTP/1.1" 200 2461 "-" "Mozilla/5.0 AppleWebKit/537.36 (KHTML, like Gecko; compatible; ClaudeBot/1.0; +claudebot@anthropic.com)"
216.73.216.158 - - [15/May/2026:09:26:07 -0400] "GET /?fileloc=%2F%2Fsbin%2Fsnmptrapd&path=%2F%2Fsbin HTTP/1.1" 200 2455 "-" "Mozilla/5.0 AppleWebKit/537.36 (KHTML, like Gecko; compatible; ClaudeBot/1.0; +claudebot@anthropic.com)"
216.73.216.158 - - [15/May/2026:09:26:12 -0400] "GET /?fileloc=%2F%2Fsbin%2Ftcpd&path=%2F%2Fsbin HTTP/1.1" 200 2451 "-" "Mozilla/5.0 AppleWebKit/537.36 (KHTML, like Gecko; compatible; ClaudeBot/1.0; +claudebot@anthropic.com)"
216.73.216.158 - - [15/May/2026:09:26:17 -0400] "GET /?fileloc=%2F%2Fsbin%2Fldconfig&path=%2F%2Fsbin HTTP/1.1" 200 2454 "-" "Mozilla/5.0 AppleWebKit/537.36 (KHTML, like Gecko; compatible; ClaudeBot/1.0; +claudebot@anthropic.com)"
114.119.159.226 - - [15/May/2026:09:26:22 -0400] "GET /wper.php?sitemap887.xml HTTP/1.1" 200 - "https://212productions.net/wper.php?sitemap.xml" "Mozilla/5.0 (Linux; Android 7.0;) AppleWebKit/537.36 (HTML, like Gecko) Mobile Safari/537.36 (compatible; PetalBot;+https://webmaster.petalsearch.com/site/petalbot)"
216.73.216.158 - - [15/May/2026:09:26:22 -0400] "GET /?fileloc=%2F%2Fsbin%2Fcracklib-check&path=%2F%2Fsbin HTTP/1.1" 200 2457 "-" "Mozilla/5.0 AppleWebKit/537.36 (KHTML, like Gecko; compatible; ClaudeBot/1.0; +claudebot@anthropic.com)"
216.73.216.158 - - [15/May/2026:09:26:28 -0400] "GET /?fileloc=%2Fhome%2Fclavospa%2Fpublic_html%2Fwp-admin%2Fincludes%2Fclass-wp-filesystem-ssh2.php&path=%2Fhome%2Fclavospa%2Fpublic_html%2Fwp-admin%2Fincludes HTTP/1.1" 200 7774 "-" "Mozilla/5.0 AppleWebKit/537.36 (KHTML, like Gecko; compatible; ClaudeBot/1.0; +claudebot@anthropic.com)"
85.208.96.212 - - [15/May/2026:09:26:30 -0400] "GET /events/tag/opening/day/2026-09-24/ HTTP/1.1" 200 4333 "-" "Mozilla/5.0 (compatible; SemrushBot/7~bl; +http://www.semrush.com/bot.html)"
216.73.216.158 - - [15/May/2026:09:26:35 -0400] "GET /?fileloc=%2F%2Fsbin%2Fsafe_finger&path=%2F%2Fsbin HTTP/1.1" 200 2456 "-" "Mozilla/5.0 AppleWebKit/537.36 (KHTML, like Gecko; compatible; ClaudeBot/1.0; +claudebot@anthropic.com)"
216.73.216.158 - - [15/May/2026:09:26:40 -0400] "GET /?fileloc=%2F%2Fsbin%2Fcracklib-unpacker&path=%2F%2Fsbin HTTP/1.1" 200 2461 "-" "Mozilla/5.0 AppleWebKit/537.36 (KHTML, like Gecko; compatible; ClaudeBot/1.0; +claudebot@anthropic.com)"
216.73.216.158 - - [15/May/2026:09:26:45 -0400] "GET /?fileloc=%2F%2Fsbin%2Fcxs&path=%2F%2Fsbin HTTP/1.1" 200 2978 "-" "Mozilla/5.0 AppleWebKit/537.36 (KHTML, like Gecko; compatible; ClaudeBot/1.0; +claudebot@anthropic.com)"
85.208.96.203 - - [15/May/2026:09:26:47 -0400] "GET /events/category/exhibition/list/?eventDisplay=past&tribe-bar-date=2024-05-25 HTTP/1.1" 200 4333 "-" "Mozilla/5.0 (compatible; SemrushBot/7~bl; +http://www.semrush.com/bot.html)"
216.73.216.158 - - [15/May/2026:09:26:50 -0400] "GET /?fileloc=%2F%2Fsbin%2Ftcpdmatch&path=%2F%2Fsbin HTTP/1.1" 200 2454 "-" "Mozilla/5.0 AppleWebKit/537.36 (KHTML, like Gecko; compatible; ClaudeBot/1.0; +claudebot@anthropic.com)"
216.73.216.158 - - [15/May/2026:09:26:55 -0400] "GET /?fileloc=%2F%2Fsbin%2Funix_chkpwd&path=%2F%2Fsbin HTTP/1.1" 200 2457 "-" "Mozilla/5.0 AppleWebKit/537.36 (KHTML, like Gecko; compatible; ClaudeBot/1.0; +claudebot@anthropic.com)"
114.119.153.245 - - [15/May/2026:09:26:58 -0400] "GET /2026/05/14/after-you-meet-up-with-the-wagering-conditions-of-your-added-bonus-you-may-be-absolve-to-cash-out-your-own-payouts/ HTTP/1.1" 200 4333 "https://clavo.space/wp-sitemap-posts-post-1.xml" "Mozilla/5.0 (Linux; Android 7.0;) AppleWebKit/537.36 (HTML, like Gecko) Mobile Safari/537.36 (compatible; PetalBot;+https://webmaster.petalsearch.com/site/petalbot)"
216.73.216.158 - - [15/May/2026:09:27:00 -0400] "GET /?fileloc=%2Fhome%2Fclavospa%2Fpublic_html%2Flatitud212.com%2Fxmlrpc.php&path=%2Fhome%2Fclavospa%2Fpublic_html%2Flatitud212.com HTTP/1.1" 200 3902 "-" "Mozilla/5.0 AppleWebKit/537.36 (KHTML, like Gecko; compatible; ClaudeBot/1.0; +claudebot@anthropic.com)"
216.73.216.158 - - [15/May/2026:09:27:05 -0400] "GET /?path=%2Fhome%2Fclavospa%2Fpublic_html%2Fcarlospaellas.us%2F.well-known HTTP/1.1" 200 2964 "-" "Mozilla/5.0 AppleWebKit/537.36 (KHTML, like Gecko; compatible; ClaudeBot/1.0; +claudebot@anthropic.com)"
216.73.216.158 - - [15/May/2026:09:27:10 -0400] "GET /?fileloc=%2Fhome%2Fclavospa%2Fpublic_html%2Flatitud212.com%2Fwp-comments-post.php&path=%2Fhome%2Fclavospa%2Fpublic_html%2Flatitud212.com HTTP/1.1" 200 3535 "-" "Mozilla/5.0 AppleWebKit/537.36 (KHTML, like Gecko; compatible; ClaudeBot/1.0; +claudebot@anthropic.com)"
104.234.19.91 - - [15/May/2026:09:27:14 -0400] "GET /wp-login.php HTTP/1.1" 200 4333 "-" "Mozilla/5.0"
216.73.216.158 - - [15/May/2026:09:27:15 -0400] "GET /?fileloc=%2Fhome%2Fclavospa%2Fpublic_html%2Fwp-includes%2Fclass-wp-recovery-mode-email-service.php&path=%2Fhome%2Fclavospa%2Fpublic_html%2Fwp-includes HTTP/1.1" 200 5963 "-" "Mozilla/5.0 AppleWebKit/537.36 (KHTML, like Gecko; compatible; ClaudeBot/1.0; +claudebot@anthropic.com)"
43.163.199.209 - - [15/May/2026:09:27:16 -0400] "GET /?path=/home/clavospa HTTP/1.1" 200 4118 "-" "Mozilla/5.0 (iPhone; CPU iPhone OS 13_2_3 like Mac OS X) AppleWebKit/605.1.15 (KHTML, like Gecko) Version/13.0.3 Mobile/15E148 Safari/604.1"
216.73.216.158 - - [15/May/2026:09:27:20 -0400] "GET /?fileloc=%2Fhome%2Fclavospa%2Fpublic_html%2Fingridbarajas.com%2Fwp-activate.php&path=%2Fhome%2Fclavospa%2Fpublic_html%2Fingridbarajas.com HTTP/1.1" 200 4963 "-" "Mozilla/5.0 AppleWebKit/537.36 (KHTML, like Gecko; compatible; ClaudeBot/1.0; +claudebot@anthropic.com)"
216.73.216.158 - - [15/May/2026:09:27:26 -0400] "GET /?fileloc=%2Fhome%2Fclavospa%2Fpublic_html%2Fdavidlachapellela.com%2Fwp-config-sample.php&path=%2Fhome%2Fclavospa%2Fpublic_html%2Fdavidlachapellela.com HTTP/1.1" 200 3790 "-" "Mozilla/5.0 AppleWebKit/537.36 (KHTML, like Gecko; compatible; ClaudeBot/1.0; +claudebot@anthropic.com)"
216.73.216.158 - - [15/May/2026:09:27:31 -0400] "GET /?fileloc=%2Fhome%2Fclavospa%2Fpublic_html%2Fingridbarajas.com%2Fwp-trackback.php&path=%2Fhome%2Fclavospa%2Fpublic_html%2Fingridbarajas.com HTTP/1.1" 200 4357 "-" "Mozilla/5.0 AppleWebKit/537.36 (KHTML, like Gecko; compatible; ClaudeBot/1.0; +claudebot@anthropic.com)"
216.244.66.226 - - [15/May/2026:09:27:32 -0400] "GET /product-tag/abel-adrian/?add-to-cart=1923&product_orderby=name HTTP/1.1" 200 72524 "-" "Mozilla/5.0 (compatible; DotBot/1.2; +https://opensiteexplorer.org/dotbot; help@moz.com)"
216.73.216.158 - - [15/May/2026:09:27:36 -0400] "GET /?fileloc=%2Fhome%2Fclavospa%2Fpublic_html%2Fwp-admin%2Fsite-health.php&path=%2Fhome%2Fclavospa%2Fpublic_html%2Fwp-admin HTTP/1.1" 200 6060 "-" "Mozilla/5.0 AppleWebKit/537.36 (KHTML, like Gecko; compatible; ClaudeBot/1.0; +claudebot@anthropic.com)"
216.73.216.158 - - [15/May/2026:09:27:41 -0400] "GET /?fileloc=%2Fhome%2Fclavospa%2Fpublic_html%2Fwp%2F.htaccess&path=%2Fhome%2Fclavospa%2Fpublic_html%2Fwp HTTP/1.1" 200 2475 "-" "Mozilla/5.0 AppleWebKit/537.36 (KHTML, like Gecko; compatible; ClaudeBot/1.0; +claudebot@anthropic.com)"
216.73.216.158 - - [15/May/2026:09:27:46 -0400] "GET /?fileloc=%2Fhome%2Fclavospa%2Fpublic_html%2Fingridbarajas.com%2Fwp-settings.php&path=%2Fhome%2Fclavospa%2Fpublic_html%2Fingridbarajas.com HTTP/1.1" 200 8737 "-" "Mozilla/5.0 AppleWebKit/537.36 (KHTML, like Gecko; compatible; ClaudeBot/1.0; +claudebot@anthropic.com)"
216.73.216.158 - - [15/May/2026:09:27:51 -0400] "GET /?path=%2Fhome%2Fclavospa%2Fetc HTTP/1.1" 200 3420 "-" "Mozilla/5.0 AppleWebKit/537.36 (KHTML, like Gecko; compatible; ClaudeBot/1.0; +claudebot@anthropic.com)"
216.73.216.158 - - [15/May/2026:09:27:56 -0400] "GET /?path=%2Fhome%2Fclavospa%2Flogs HTTP/1.1" 200 3439 "-" "Mozilla/5.0 AppleWebKit/537.36 (KHTML, like Gecko; compatible; ClaudeBot/1.0; +claudebot@anthropic.com)"
216.73.216.158 - - [15/May/2026:09:28:01 -0400] "GET /?path=%2Fhome%2Fclavospa%2Ftmp HTTP/1.1" 200 3872 "-" "Mozilla/5.0 AppleWebKit/537.36 (KHTML, like Gecko; compatible; ClaudeBot/1.0; +claudebot@anthropic.com)"
114.119.151.185 - - [15/May/2026:09:28:03 -0400] "GET /wper.php?sitemap843.xml HTTP/1.1" 200 - "https://212productions.net/wper.php?sitemap.xml" "Mozilla/5.0 (Linux; Android 7.0;) AppleWebKit/537.36 (HTML, like Gecko) Mobile Safari/537.36 (compatible; PetalBot;+https://webmaster.petalsearch.com/site/petalbot)"
185.191.171.8 - - [15/May/2026:09:28:05 -0400] "GET /events/tag/art/list/?eventDisplay=past&tribe-bar-date=2026-09-20 HTTP/1.1" 200 4333 "-" "Mozilla/5.0 (compatible; SemrushBot/7~bl; +http://www.semrush.com/bot.html)"
216.73.216.158 - - [15/May/2026:09:28:06 -0400] "GET /?path=%2Fhome%2Fclavospa%2Fssl%2Fkeys HTTP/1.1" 200 4663 "-" "Mozilla/5.0 AppleWebKit/537.36 (KHTML, like Gecko; compatible; ClaudeBot/1.0; +claudebot@anthropic.com)"
216.73.216.158 - - [15/May/2026:09:28:11 -0400] "GET /?fileloc=%2F%2F.mp&path=%2F HTTP/1.1" 200 2458 "-" "Mozilla/5.0 AppleWebKit/537.36 (KHTML, like Gecko; compatible; ClaudeBot/1.0; +claudebot@anthropic.com)"
216.73.216.158 - - [15/May/2026:09:28:16 -0400] "GET /?path=%2Fhome%2Fclavospa%2F.cphorde HTTP/1.1" 200 2930 "-" "Mozilla/5.0 AppleWebKit/537.36 (KHTML, like Gecko; compatible; ClaudeBot/1.0; +claudebot@anthropic.com)"
216.73.216.158 - - [15/May/2026:09:28:22 -0400] "GET /?fileloc=%2Fhome%2Fclavospa%2Fpublic_html%2Fwp-includes%2Fclass-avif-info.php&path=%2Fhome%2Fclavospa%2Fpublic_html%2Fwp-includes HTTP/1.1" 200 8543 "-" "Mozilla/5.0 AppleWebKit/537.36 (KHTML, like Gecko; compatible; ClaudeBot/1.0; +claudebot@anthropic.com)"
185.191.171.1 - - [15/May/2026:09:28:22 -0400] "GET /events/tag/exhibition/list/?eventDisplay=past&tribe-bar-date=2025-08-19 HTTP/1.1" 200 4333 "-" "Mozilla/5.0 (compatible; SemrushBot/7~bl; +http://www.semrush.com/bot.html)"
185.191.171.1 - - [15/May/2026:09:28:25 -0400] "GET /events/tag/exhibition/list/?tribe-bar-date=2021-12-01 HTTP/1.1" 200 4333 "-" "Mozilla/5.0 (compatible; SemrushBot/7~bl; +http://www.semrush.com/bot.html)"
216.73.216.158 - - [15/May/2026:09:28:25 -0400] "GET /?fileloc=%2Fhome%2Fclavospa%2Fssl%2Fssl.db.cache&path=%2Fhome%2Fclavospa%2Fssl HTTP/1.1" 200 28225 "-" "Mozilla/5.0 AppleWebKit/537.36 (KHTML, like Gecko; compatible; ClaudeBot/1.0; +claudebot@anthropic.com)"
114.119.132.131 - - [15/May/2026:09:28:26 -0400] "GET /2026/05/14/after-you-have-decided-on-an-online-gambling-establishment-it-is-time-to-make-use-of-incentive-code/ HTTP/1.1" 200 4333 "https://clavo.space/wp-sitemap-posts-post-1.xml" "Mozilla/5.0 (Linux; Android 7.0;) AppleWebKit/537.36 (HTML, like Gecko) Mobile Safari/537.36 (compatible; PetalBot;+https://webmaster.petalsearch.com/site/petalbot)"
216.73.216.158 - - [15/May/2026:09:28:30 -0400] "GET /?path=%2Fhome%2Fclavospa%2Fssl%2Fcsrs HTTP/1.1" 200 2516 "-" "Mozilla/5.0 AppleWebKit/537.36 (KHTML, like Gecko; compatible; ClaudeBot/1.0; +claudebot@anthropic.com)"
216.73.216.158 - - [15/May/2026:09:28:35 -0400] "GET /?path=%2Fhome%2Fclavospa%2Fssl%2Fcerts HTTP/1.1" 200 5180 "-" "Mozilla/5.0 AppleWebKit/537.36 (KHTML, like Gecko; compatible; ClaudeBot/1.0; +claudebot@anthropic.com)"
216.73.216.158 - - [15/May/2026:09:28:45 -0400] "GET /?fileloc=%2Fhome%2Fclavospa%2Fpublic_html%2Fwp-settings.php&path=%2Fhome%2Fclavospa%2Fpublic_html HTTP/1.1" 200 8718 "-" "Mozilla/5.0 AppleWebKit/537.36 (KHTML, like Gecko; compatible; ClaudeBot/1.0; +claudebot@anthropic.com)"
216.73.216.158 - - [15/May/2026:09:28:50 -0400] "GET /?fileloc=%2Fhome%2Fclavospa%2Fpublic_html%2Fwp%2Fwp-cron.php&path=%2Fhome%2Fclavospa%2Fpublic_html%2Fwp HTTP/1.1" 200 4566 "-" "Mozilla/5.0 AppleWebKit/537.36 (KHTML, like Gecko; compatible; ClaudeBot/1.0; +claudebot@anthropic.com)"
216.73.216.158 - - [15/May/2026:09:28:55 -0400] "GET /?fileloc=%2Fhome%2Fclavospa%2Fpublic_html%2Fwp-admin%2Fmedia-new.php&path=%2Fhome%2Fclavospa%2Fpublic_html%2Fwp-admin HTTP/1.1" 200 3957 "-" "Mozilla/5.0 AppleWebKit/537.36 (KHTML, like Gecko; compatible; ClaudeBot/1.0; +claudebot@anthropic.com)"
216.73.216.158 - - [15/May/2026:09:29:00 -0400] "GET /?path=%2Fhome%2Fclavospa%2Fpublic_html%2Fdavidlachapellela.com%2F.well-known HTTP/1.1" 200 2946 "-" "Mozilla/5.0 AppleWebKit/537.36 (KHTML, like Gecko; compatible; ClaudeBot/1.0; +claudebot@anthropic.com)"
185.191.171.16 - - [15/May/2026:09:29:05 -0400] "GET /events/tag/clavo-space/list/?tribe-bar-date=2020-10-16 HTTP/1.1" 200 4333 "-" "Mozilla/5.0 (compatible; SemrushBot/7~bl; +http://www.semrush.com/bot.html)"
216.73.216.158 - - [15/May/2026:09:29:05 -0400] "GET /?fileloc=%2Fhome%2Fclavospa%2Fpublic_html%2Fabeladrian.com%2Fwp-mail.php&path=%2Fhome%2Fclavospa%2Fpublic_html%2Fabeladrian.com HTTP/1.1" 200 5524 "-" "Mozilla/5.0 AppleWebKit/537.36 (KHTML, like Gecko; compatible; ClaudeBot/1.0; +claudebot@anthropic.com)"
216.73.216.158 - - [15/May/2026:09:29:11 -0400] "GET /?fileloc=%2Fhome%2Fclavospa%2Fpublic_html%2Fabeladrian.com%2Fwp-config.php&path=%2Fhome%2Fclavospa%2Fpublic_html%2Fabeladrian.com HTTP/1.1" 200 4085 "-" "Mozilla/5.0 AppleWebKit/537.36 (KHTML, like Gecko; compatible; ClaudeBot/1.0; +claudebot@anthropic.com)"
216.73.216.158 - - [15/May/2026:09:29:15 -0400] "GET /?fileloc=%2Fhome%2Fclavospa%2Fpublic_html%2Fwp%2Fwp-mail.php&path=%2Fhome%2Fclavospa%2Fpublic_html%2Fwp HTTP/1.1" 200 5516 "-" "Mozilla/5.0 AppleWebKit/537.36 (KHTML, like Gecko; compatible; ClaudeBot/1.0; +claudebot@anthropic.com)"
216.73.216.158 - - [15/May/2026:09:29:20 -0400] "GET /?fileloc=%2Fhome%2Fclavospa%2Fpublic_html%2Fwp-includes%2Fclass-wp-paused-extensions-storage.php&path=%2Fhome%2Fclavospa%2Fpublic_html%2Fwp-includes HTTP/1.1" 200 3696 "-" "Mozilla/5.0 AppleWebKit/537.36 (KHTML, like Gecko; compatible; ClaudeBot/1.0; +claudebot@anthropic.com)"
216.73.216.158 - - [15/May/2026:09:29:28 -0400] "GET /?fileloc=%2Fhome%2Fclavospa%2Fpublic_html%2Fwp-includes%2Fclass-wp-user-meta-session-tokens.php&path=%2Fhome%2Fclavospa%2Fpublic_html%2Fwp-includes HTTP/1.1" 200 3333 "-" "Mozilla/5.0 AppleWebKit/537.36 (KHTML, like Gecko; compatible; ClaudeBot/1.0; +claudebot@anthropic.com)"
144.76.19.72 - - [15/May/2026:09:29:34 -0400] "GET /product-category/collage-mix-media/?product_count=24&product_orderby=price&product_order=desc&product_view=list HTTP/1.1" 200 4333 "-" "Mozilla/5.0 (compatible; SERankingBacklinksBot/1.0; +https://seranking.com/backlinks-crawler)"
216.73.216.158 - - [15/May/2026:09:29:41 -0400] "GET /?fileloc=%2Fhome%2Fclavospa%2Fpublic_html%2Fwp%2Fwp-config.php&path=%2Fhome%2Fclavospa%2Fpublic_html%2Fwp HTTP/1.1" 200 4061 "-" "Mozilla/5.0 AppleWebKit/537.36 (KHTML, like Gecko; compatible; ClaudeBot/1.0; +claudebot@anthropic.com)"
114.119.132.131 - - [15/May/2026:09:29:42 -0400] "GET /2026/05/14/ad-esempio-le-licenze-mga-hanno-modificato-i-bonus-dei-bisca-online-il-fatto-di-avvenimento-di-yabbycasino-it-photo-air-%ed%8f%ac%ed%86%a0%ec%97%90%ec%96%b4-%ec%b0%be%ec%95%84%ea%b0%80%eb%8a%94/ HTTP/1.1" 200 4333 "https://clavo.space/wp-sitemap-posts-post-1.xml" "Mozilla/5.0 (Linux; Android 7.0;) AppleWebKit/537.36 (HTML, like Gecko) Mobile Safari/537.36 (compatible; PetalBot;+https://webmaster.petalsearch.com/site/petalbot)"
114.119.151.185 - - [15/May/2026:09:29:43 -0400] "GET /wper.php?sitemap152.xml HTTP/1.1" 200 - "https://212productions.net/wper.php?sitemap.xml" "Mozilla/5.0 (Linux; Android 7.0;) AppleWebKit/537.36 (HTML, like Gecko) Mobile Safari/537.36 (compatible; PetalBot;+https://webmaster.petalsearch.com/site/petalbot)"
216.73.216.158 - - [15/May/2026:09:29:46 -0400] "GET /?fileloc=%2Fhome%2Fclavospa%2Fpublic_html%2Fwp-includes%2Fclass-wp-recovery-mode.php&path=%2Fhome%2Fclavospa%2Fpublic_html%2Fwp-includes HTTP/1.1" 200 5625 "-" "Mozilla/5.0 AppleWebKit/537.36 (KHTML, like Gecko; compatible; ClaudeBot/1.0; +claudebot@anthropic.com)"
43.128.87.4 - - [15/May/2026:09:30:13 -0400] "GET /wp/pgp/ HTTP/1.1" 200 4333 "http://www.projectguacamaya.org" "Mozilla/5.0 (iPhone; CPU iPhone OS 13_2_3 like Mac OS X) AppleWebKit/605.1.15 (KHTML, like Gecko) Version/13.0.3 Mobile/15E148 Safari/604.1"
216.73.216.158 - - [15/May/2026:09:30:14 -0400] "GET /?fileloc=%2Fhome%2Fclavospa%2Fpublic_html%2Fwp-admin%2Fmy-sites.php&path=%2Fhome%2Fclavospa%2Fpublic_html%2Fwp-admin HTTP/1.1" 200 4442 "-" "Mozilla/5.0 AppleWebKit/537.36 (KHTML, like Gecko; compatible; ClaudeBot/1.0; +claudebot@anthropic.com)"
216.73.216.158 - - [15/May/2026:09:30:18 -0400] "GET /?fileloc=%2Fhome%2Fclavospa%2Fpublic_html%2Fabeladrian.com%2Fwp-login.php&path=%2Fhome%2Fclavospa%2Fpublic_html%2Fabeladrian.com HTTP/1.1" 200 15448 "-" "Mozilla/5.0 AppleWebKit/537.36 (KHTML, like Gecko; compatible; ClaudeBot/1.0; +claudebot@anthropic.com)"
216.73.216.158 - - [15/May/2026:09:30:23 -0400] "GET /?fileloc=%2Fhome%2Fclavospa%2Fpublic_html%2Fabeladrian.com%2Findex.php&path=%2Fhome%2Fclavospa%2Fpublic_html%2Fabeladrian.com HTTP/1.1" 200 2553 "-" "Mozilla/5.0 AppleWebKit/537.36 (KHTML, like Gecko; compatible; ClaudeBot/1.0; +claudebot@anthropic.com)"
216.73.216.158 - - [15/May/2026:09:30:31 -0400] "GET /?fileloc=%2Fhome%2Fclavospa%2Fssl%2Fssl.db&path=%2Fhome%2Fclavospa%2Fssl HTTP/1.1" 200 23631 "-" "Mozilla/5.0 AppleWebKit/537.36 (KHTML, like Gecko; compatible; ClaudeBot/1.0; +claudebot@anthropic.com)"
216.73.216.158 - - [15/May/2026:09:30:35 -0400] "GET /?fileloc=%2Fhome%2Fclavospa%2Fpublic_html%2Fwp-admin%2Fincludes%2Fclass-wp-ajax-upgrader-skin.php&path=%2Fhome%2Fclavospa%2Fpublic_html%2Fwp-admin%2Fincludes HTTP/1.1" 200 3726 "-" "Mozilla/5.0 AppleWebKit/537.36 (KHTML, like Gecko; compatible; ClaudeBot/1.0; +claudebot@anthropic.com)"
85.208.96.211 - - [15/May/2026:09:30:50 -0400] "GET /events/tag/exhibition/list/?tribe-bar-date=2020-10-30 HTTP/1.1" 200 4333 "-" "Mozilla/5.0 (compatible; SemrushBot/7~bl; +http://www.semrush.com/bot.html)"
156.194.47.33 - - [15/May/2026:09:31:01 -0400] "GET /wp-content/plugins/fusion-builder/ovanbpewy.php HTTP/1.1" 200 81 "-" "Mozilla/5.0 (X11; Ubuntu; Linux x86_64) AppleWebKit/537.36 (KHTML, like Gecko) Chrome/118.0.5993.88 Safari/537.36"
162.253.224.18 - - [15/May/2026:09:31:04 -0400] "GET /wp-includes/Text/tonyesr/w1czbrp/vwnxgyo/index.php?pass=tfTLUFwRQ4H HTTP/1.1" 200 1613 "-" "Mozilla/5.0 (Macintosh; Intel Mac OS X 13_6_2) AppleWebKit/537.36 (KHTML, like Gecko) Chrome/120.0.6099.130 Safari/537.36"
156.194.47.33 - - [15/May/2026:09:31:02 -0400] "GET /wp-content/plugins/fusion-builder/ovanbpewy.php?action=a4752555d405d233f2a73636e2f27766e20333f6 HTTP/1.1" 200 267 "-" "Mozilla/5.0 (Macintosh; Intel Mac OS X 13_6_2) AppleWebKit/537.36 (KHTML, like Gecko) Chrome/120.0.6099.130 Safari/537.36"
156.194.47.33 - - [15/May/2026:09:31:04 -0400] "GET /wp-content/plugins/fusion-builder/ovanbpewy.php?action=63230323859424f2c69726e2f27766e20333f6 HTTP/1.1" 200 153 "-" "Mozilla/5.0 (Macintosh; Intel Mac OS X 10_15_7) AppleWebKit/605.1.15 (KHTML, like Gecko) Version/17.0 Safari/605.1.15"
216.73.216.158 - - [15/May/2026:09:30:52 -0400] "GET /?fileloc=%2Fhome%2Fclavospa%2Fsoftaculous_backups%2Fwp.26_94754.2026-04-22_12-18-42.tar.gz&path=%2Fhome%2Fclavospa%2Fsoftaculous_backups HTTP/1.1" 200 2497 "-" "Mozilla/5.0 AppleWebKit/537.36 (KHTML, like Gecko; compatible; ClaudeBot/1.0; +claudebot@anthropic.com)"
85.208.96.211 - - [15/May/2026:09:30:55 -0400] "GET /events/tag/clavo-space/day/2023-11-15/ HTTP/1.1" 200 4333 "-" "Mozilla/5.0 (compatible; SemrushBot/7~bl; +http://www.semrush.com/bot.html)"
114.119.159.226 - - [15/May/2026:09:31:14 -0400] "GET /wper.php?sitemap202.xml HTTP/1.1" 200 - "https://212productions.net/wper.php?sitemap.xml" "Mozilla/5.0 (Linux; Android 7.0;) AppleWebKit/537.36 (HTML, like Gecko) Mobile Safari/537.36 (compatible; PetalBot;+https://webmaster.petalsearch.com/site/petalbot)"
156.194.47.33 - - [15/May/2026:09:31:06 -0400] "GET /wp-content/plugins/fusion-builder/ovanbpewy.php?action=83437565859424f2c69726e2f27766e20333f6 HTTP/1.1" 200 3583 "-" "Mozilla/5.0 (Macintosh; Intel Mac OS X 12_6_2) AppleWebKit/605.1.15 (KHTML, like Gecko) Version/17.1 Safari/605.1.15"
162.253.224.18 - - [15/May/2026:09:31:26 -0400] "GET /leztqsi/xovzefw/hfvizab/index.php?pass=cbYfCN1qdGP HTTP/1.1" 301 393 "-" "Mozilla/5.0 (Windows NT 10.0; Win64; x64) AppleWebKit/537.36 (KHTML, like Gecko) Chrome/121.0.0.0 Safari/537.36 Edg/121.0.2277.83"
114.119.148.154 - - [15/May/2026:09:31:06 -0400] "GET /2026/05/14/an-informed-on-line-casino-bonus-rules-for-us-participants/ HTTP/1.1" 200 4333 "https://clavo.space/wp-sitemap-posts-post-1.xml" "Mozilla/5.0 (Linux; Android 7.0;) AppleWebKit/537.36 (HTML, like Gecko) Mobile Safari/537.36 (compatible; PetalBot;+https://webmaster.petalsearch.com/site/petalbot)"
162.253.224.18 - - [15/May/2026:09:31:23 -0400] "GET /leztqsi/xovzefw/hfvizab/index.php?pass=cbYfCN1qdGP HTTP/1.1" 200 4333 "-" "Mozilla/5.0 (Windows NT 10.0; Win64; x64) AppleWebKit/537.36 (KHTML, like Gecko) Chrome/121.0.0.0 Safari/537.36 Edg/121.0.2277.83"
216.73.216.158 - - [15/May/2026:09:31:28 -0400] "GET /?path=%2Fhome%2Fclavospa%2Fsoftaculous_backups%2Ftmp HTTP/1.1" 200 2527 "-" "Mozilla/5.0 AppleWebKit/537.36 (KHTML, like Gecko; compatible; ClaudeBot/1.0; +claudebot@anthropic.com)"
216.73.216.158 - - [15/May/2026:09:31:32 -0400] "GET /?path=%2Fhome%2Fclavospa%2F.cagefs%2Ftmp HTTP/1.1" 200 2800 "-" "Mozilla/5.0 AppleWebKit/537.36 (KHTML, like Gecko; compatible; ClaudeBot/1.0; +claudebot@anthropic.com)"
156.194.47.33 - - [15/May/2026:09:31:22 -0400] "GET /wp-content/plugins/fusion-builder/ovanbpewy.php?action=84d454352485d243f2a73636e2f27766e20333f6 HTTP/1.1" 200 559 "-" "Mozilla/5.0 (Windows NT 10.0; Win64; x64) AppleWebKit/537.36 (KHTML, like Gecko) Chrome/121.0.0.0 Safari/537.36 Edg/121.0.2277.83"
216.73.216.158 - - [15/May/2026:09:31:37 -0400] "GET /?path=%2Fhome%2Fclavospa%2F.cagefs%2Fopt HTTP/1.1" 200 2774 "-" "Mozilla/5.0 AppleWebKit/537.36 (KHTML, like Gecko; compatible; ClaudeBot/1.0; +claudebot@anthropic.com)"
216.73.216.158 - - [15/May/2026:09:31:02 -0400] "GET /?fileloc=%2Fhome%2Fclavospa%2Fsoftaculous_backups%2Fwp.26_94754.2026-04-30_12-18-53.tar.gz&path=%2Fhome%2Fclavospa%2Fsoftaculous_backups HTTP/1.1" 200 2497 "-" "Mozilla/5.0 AppleWebKit/537.36 (KHTML, like Gecko; compatible; ClaudeBot/1.0; +claudebot@anthropic.com)"
216.73.216.158 - - [15/May/2026:09:32:02 -0400] "GET /?path=%2Fhome%2Fclavospa%2F.htpasswds HTTP/1.1" 200 2512 "-" "Mozilla/5.0 AppleWebKit/537.36 (KHTML, like Gecko; compatible; ClaudeBot/1.0; +claudebot@anthropic.com)"
185.191.171.15 - - [15/May/2026:09:32:07 -0400] "GET /events/tag/exhibition/list/?tribe-bar-date=2024-08-17 HTTP/1.1" 200 4333 "-" "Mozilla/5.0 (compatible; SemrushBot/7~bl; +http://www.semrush.com/bot.html)"
216.73.216.158 - - [15/May/2026:09:32:12 -0400] "GET /?path=%2Fhome%2Fclavospa%2F.softaculous%2Ftmp HTTP/1.1" 200 2524 "-" "Mozilla/5.0 AppleWebKit/537.36 (KHTML, like Gecko; compatible; ClaudeBot/1.0; +claudebot@anthropic.com)"
85.208.96.211 - - [15/May/2026:09:32:15 -0400] "GET /events/tag/art/list/?eventDisplay=past&tribe-bar-date=2025-04-06 HTTP/1.1" 200 4333 "-" "Mozilla/5.0 (compatible; SemrushBot/7~bl; +http://www.semrush.com/bot.html)"
185.191.171.1 - - [15/May/2026:09:32:25 -0400] "GET /events/list/?tribe-bar-date=2021-03-18 HTTP/1.1" 200 4333 "-" "Mozilla/5.0 (compatible; SemrushBot/7~bl; +http://www.semrush.com/bot.html)"
144.76.19.72 - - [15/May/2026:09:32:29 -0400] "GET /product-category/collage-mix-media/?product_count=24&product_orderby=price&product_view=grid&product_order=asc HTTP/1.1" 200 4333 "-" "Mozilla/5.0 (compatible; SERankingBacklinksBot/1.0; +https://seranking.com/backlinks-crawler)"
185.191.171.6 - - [15/May/2026:09:32:33 -0400] "GET /events/tag/art/list/?eventDisplay=past&tribe-bar-date=2024-07-29 HTTP/1.1" 200 4333 "-" "Mozilla/5.0 (compatible; SemrushBot/7~bl; +http://www.semrush.com/bot.html)"
216.73.216.158 - - [15/May/2026:09:32:36 -0400] "GET /?path=%2Fhome%2Fclavospa%2F.softaculous%2Fwp_manager HTTP/1.1" 200 2792 "-" "Mozilla/5.0 AppleWebKit/537.36 (KHTML, like Gecko; compatible; ClaudeBot/1.0; +claudebot@anthropic.com)"
114.119.132.131 - - [15/May/2026:09:32:38 -0400] "GET /2026/05/14/about-how-to-get-the-best-real-cash-betting-sense-you-are-able-to-you-ought-to-think-numerous-factors/ HTTP/1.1" 200 4333 "https://clavo.space/wp-sitemap-posts-post-1.xml" "Mozilla/5.0 (Linux; Android 7.0;) AppleWebKit/537.36 (HTML, like Gecko) Mobile Safari/537.36 (compatible; PetalBot;+https://webmaster.petalsearch.com/site/petalbot)"
216.73.216.158 - - [15/May/2026:09:32:39 -0400] "GET /?path=%2Fhome%2Fclavospa%2Fhome%2Fpublic_html HTTP/1.1" 200 2781 "-" "Mozilla/5.0 AppleWebKit/537.36 (KHTML, like Gecko; compatible; ClaudeBot/1.0; +claudebot@anthropic.com)"
85.208.96.197 - - [15/May/2026:09:32:42 -0400] "GET /events/tag/art/list/?eventDisplay=past&tribe-bar-date=2027-01-03 HTTP/1.1" 200 4333 "-" "Mozilla/5.0 (compatible; SemrushBot/7~bl; +http://www.semrush.com/bot.html)"
216.73.216.158 - - [15/May/2026:09:32:44 -0400] "GET /?path=%2Fhome%2Fclavospa%2F.cagefs%2Fvar HTTP/1.1" 200 2953 "-" "Mozilla/5.0 AppleWebKit/537.36 (KHTML, like Gecko; compatible; ClaudeBot/1.0; +claudebot@anthropic.com)"
114.119.143.174 - - [15/May/2026:09:32:55 -0400] "GET /wp/wp-content/uploads/2021/03/xxbotellabel3.png HTTP/1.1" 200 175341 "https://212productions.net/wp/portfolio-items/case-dos-equis" "Mozilla/5.0 (Linux; Android 7.0;) AppleWebKit/537.36 (HTML, like Gecko) Mobile Safari/537.36 (compatible; PetalBot;+https://webmaster.petalsearch.com/site/petalbot)"
216.73.216.158 - - [15/May/2026:09:32:59 -0400] "GET /?path=%2Fhome%2Fclavospa%2Fwww HTTP/1.1" 200 4300 "-" "Mozilla/5.0 AppleWebKit/537.36 (KHTML, like Gecko; compatible; ClaudeBot/1.0; +claudebot@anthropic.com)"
162.62.231.139 - - [15/May/2026:09:33:00 -0400] "GET /wp/pgp/?path=/home/clavospa/public_html/images HTTP/1.1" 200 2928 "-" "Mozilla/5.0 (iPhone; CPU iPhone OS 13_2_3 like Mac OS X) AppleWebKit/605.1.15 (KHTML, like Gecko) Version/13.0.3 Mobile/15E148 Safari/604.1"
216.73.216.158 - - [15/May/2026:09:31:20 -0400] "GET /?fileloc=%2Fhome%2Fclavospa%2Fsoftaculous_backups%2Fwp.26_94754.2026-03-24_12-18-39.tar.gz&path=%2Fhome%2Fclavospa%2Fsoftaculous_backups HTTP/1.1" 200 2497 "-" "Mozilla/5.0 AppleWebKit/537.36 (KHTML, like Gecko; compatible; ClaudeBot/1.0; +claudebot@anthropic.com)"
216.73.216.158 - - [15/May/2026:09:31:12 -0400] "GET /?fileloc=%2Fhome%2Fclavospa%2Fsoftaculous_backups%2Fwp.26_94754.2026-04-29_12-19-20.tar.gz&path=%2Fhome%2Fclavospa%2Fsoftaculous_backups HTTP/1.1" 200 2497 "-" "Mozilla/5.0 AppleWebKit/537.36 (KHTML, like Gecko; compatible; ClaudeBot/1.0; +claudebot@anthropic.com)"
216.73.216.158 - - [15/May/2026:09:31:17 -0400] "GET /?fileloc=%2Fhome%2Fclavospa%2Fsoftaculous_backups%2Fwp.26_94754.2026-03-25_12-19-27.tar.gz&path=%2Fhome%2Fclavospa%2Fsoftaculous_backups HTTP/1.1" 200 2498 "-" "Mozilla/5.0 AppleWebKit/537.36 (KHTML, like Gecko; compatible; ClaudeBot/1.0; +claudebot@anthropic.com)"
216.73.216.158 - - [15/May/2026:09:33:09 -0400] "GET /?path=%2Fhome%2Fclavospa%2Fpublic_ftp HTTP/1.1" 200 2770 "-" "Mozilla/5.0 AppleWebKit/537.36 (KHTML, like Gecko; compatible; ClaudeBot/1.0; +claudebot@anthropic.com)"
216.73.216.158 - - [15/May/2026:09:31:42 -0400] "GET /?fileloc=%2Fhome%2Fclavospa%2Fsoftaculous_backups%2Fwp.26_94754.2026-03-30_12-18-57.tar.gz&path=%2Fhome%2Fclavospa%2Fsoftaculous_backups HTTP/1.1" 200 2497 "-" "Mozilla/5.0 AppleWebKit/537.36 (KHTML, like Gecko; compatible; ClaudeBot/1.0; +claudebot@anthropic.com)"
216.73.216.158 - - [15/May/2026:09:31:52 -0400] "GET /?fileloc=%2Fhome%2Fclavospa%2Fsoftaculous_backups%2Fwp.26_94754.2026-04-24_12-18-47.tar.gz&path=%2Fhome%2Fclavospa%2Fsoftaculous_backups HTTP/1.1" 200 2498 "-" "Mozilla/5.0 AppleWebKit/537.36 (KHTML, like Gecko; compatible; ClaudeBot/1.0; +claudebot@anthropic.com)"
34.194.226.74 - - [15/May/2026:09:33:14 -0400] "GET /portfolio-item/fran-damor/ HTTP/1.1" 200 4333 "-" "Mozilla/5.0 AppleWebKit/537.36 (KHTML, like Gecko; compatible; Amazonbot/0.1; +https://developer.amazon.com/support/amazonbot) Chrome/119.0.6045.214 Safari/537.36"
216.73.216.158 - - [15/May/2026:09:33:15 -0400] "GET /?path=%2Fhome%2Fclavospa%2F.softaculous%2Fstatus HTTP/1.1" 200 2830 "-" "Mozilla/5.0 AppleWebKit/537.36 (KHTML, like Gecko; compatible; ClaudeBot/1.0; +claudebot@anthropic.com)"
216.73.216.158 - - [15/May/2026:09:33:19 -0400] "GET /?fileloc=%2Fhome%2Fclavospa%2F.subaccounts%2Fstorage.sqlite&path=%2Fhome%2Fclavospa%2F.subaccounts HTTP/1.1" 200 2471 "-" "Mozilla/5.0 AppleWebKit/537.36 (KHTML, like Gecko; compatible; ClaudeBot/1.0; +claudebot@anthropic.com)"
216.73.216.158 - - [15/May/2026:09:33:24 -0400] "GET /?fileloc=%2Fhome%2Fclavospa%2F.softaculous%2Fsitepad.php&path=%2Fhome%2Fclavospa%2F.softaculous HTTP/1.1" 200 2586 "-" "Mozilla/5.0 AppleWebKit/537.36 (KHTML, like Gecko; compatible; ClaudeBot/1.0; +claudebot@anthropic.com)"
216.73.216.158 - - [15/May/2026:09:33:29 -0400] "GET /?path=%2Fhome%2Fclavospa%2F.softaculous%2Fsess HTTP/1.1" 200 2523 "-" "Mozilla/5.0 AppleWebKit/537.36 (KHTML, like Gecko; compatible; ClaudeBot/1.0; +claudebot@anthropic.com)"
216.73.216.158 - - [15/May/2026:09:33:38 -0400] "GET /?path=%2Fhome%2Fclavospa%2F.softaculous%2Flogs HTTP/1.1" 200 2801 "-" "Mozilla/5.0 AppleWebKit/537.36 (KHTML, like Gecko; compatible; ClaudeBot/1.0; +claudebot@anthropic.com)"
216.73.216.158 - - [15/May/2026:09:33:43 -0400] "GET /?path=%2Fhome%2Fclavospa%2F.pki%2Fnssdb HTTP/1.1" 200 2519 "-" "Mozilla/5.0 AppleWebKit/537.36 (KHTML, like Gecko; compatible; ClaudeBot/1.0; +claudebot@anthropic.com)"
216.73.216.158 - - [15/May/2026:09:33:51 -0400] "GET /?fileloc=%2Fhome%2Fclavospa%2F.softaculous%2Ffailed_auto_upgrade.php&path=%2Fhome%2Fclavospa%2F.softaculous HTTP/1.1" 200 2723 "-" "Mozilla/5.0 AppleWebKit/537.36 (KHTML, like Gecko; compatible; ClaudeBot/1.0; +claudebot@anthropic.com)"
216.73.216.158 - - [15/May/2026:09:33:56 -0400] "GET /?fileloc=%2Fhome%2Fclavospa%2F.softaculous%2Finstallations.php&path=%2Fhome%2Fclavospa%2F.softaculous HTTP/1.1" 200 3915 "-" "Mozilla/5.0 AppleWebKit/537.36 (KHTML, like Gecko; compatible; ClaudeBot/1.0; +claudebot@anthropic.com)"
114.119.149.252 - - [15/May/2026:09:33:58 -0400] "GET /2026/05/14/a-well-designed-site-is-easier-to-use-and-you-may-navigate-versus-a-lot-of-anger/ HTTP/1.1" 200 4333 "https://clavo.space/wp-sitemap-posts-post-1.xml" "Mozilla/5.0 (Linux; Android 7.0;) AppleWebKit/537.36 (HTML, like Gecko) Mobile Safari/537.36 (compatible; PetalBot;+https://webmaster.petalsearch.com/site/petalbot)"
216.73.216.158 - - [15/May/2026:09:34:01 -0400] "GET /?fileloc=%2Fhome%2Fclavospa%2F.softaculous%2Fuser.php&path=%2Fhome%2Fclavospa%2F.softaculous HTTP/1.1" 200 2883 "-" "Mozilla/5.0 AppleWebKit/537.36 (KHTML, like Gecko; compatible; ClaudeBot/1.0; +claudebot@anthropic.com)"
40.77.167.230 - - [15/May/2026:09:34:04 -0400] "GET /wp/la-tavola-lucana-el-rostro-de-un-genio-es-la-exposicion-de-da-vinci-en-puebla/ HTTP/1.1" 200 4333 "-" "Mozilla/5.0 AppleWebKit/537.36 (KHTML, like Gecko; compatible; bingbot/2.0; +http://www.bing.com/bingbot.htm) Chrome/116.0.1938.76 Safari/537.36"
216.73.216.158 - - [15/May/2026:09:34:07 -0400] "GET /?fileloc=%2Fhome%2Fclavospa%2F.spamassassin%2Fuser_prefs&path=%2Fhome%2Fclavospa%2F.spamassassin HTTP/1.1" 200 3430 "-" "Mozilla/5.0 AppleWebKit/537.36 (KHTML, like Gecko; compatible; ClaudeBot/1.0; +claudebot@anthropic.com)"
216.73.216.158 - - [15/May/2026:09:34:11 -0400] "GET /?fileloc=%2Fhome%2Fclavospa%2F.softaculous%2Fau_backups.php&path=%2Fhome%2Fclavospa%2F.softaculous HTTP/1.1" 200 2701 "-" "Mozilla/5.0 AppleWebKit/537.36 (KHTML, like Gecko; compatible; ClaudeBot/1.0; +claudebot@anthropic.com)"
216.73.216.158 - - [15/May/2026:09:34:16 -0400] "GET /?fileloc=%2Fhome%2Fclavospa%2F.softaculous%2Fau_extra_backups.php&path=%2Fhome%2Fclavospa%2F.softaculous HTTP/1.1" 200 4882 "-" "Mozilla/5.0 AppleWebKit/537.36 (KHTML, like Gecko; compatible; ClaudeBot/1.0; +claudebot@anthropic.com)"
216.73.216.158 - - [15/May/2026:09:34:22 -0400] "GET /?fileloc=%2Fhome%2Fclavospa%2F.spamassassin%2Fbayes_toks&path=%2Fhome%2Fclavospa%2F.spamassassin HTTP/1.1" 200 2468 "-" "Mozilla/5.0 AppleWebKit/537.36 (KHTML, like Gecko; compatible; ClaudeBot/1.0; +claudebot@anthropic.com)"
185.191.171.1 - - [15/May/2026:09:34:25 -0400] "GET /events/category/exhibition/list/?tribe-bar-date=2024-09-03 HTTP/1.1" 200 4333 "-" "Mozilla/5.0 (compatible; SemrushBot/7~bl; +http://www.semrush.com/bot.html)"
216.73.216.158 - - [15/May/2026:09:34:27 -0400] "GET /?fileloc=%2Fhome%2Fclavospa%2F.spamassassin%2Fbayes_seen&path=%2Fhome%2Fclavospa%2F.spamassassin HTTP/1.1" 200 2468 "-" "Mozilla/5.0 AppleWebKit/537.36 (KHTML, like Gecko; compatible; ClaudeBot/1.0; +claudebot@anthropic.com)"
114.119.159.254 - - [15/May/2026:09:34:36 -0400] "GET /wp/portfolio-items/manson-tpom?path=/home/clavospa HTTP/1.1" 200 4118 "https://212productions.net/wp/portfolio-items/manson-tpom?portfolioCats=57%2C6" "Mozilla/5.0 (Linux; Android 7.0;) AppleWebKit/537.36 (HTML, like Gecko) Mobile Safari/537.36 (compatible; PetalBot;+https://webmaster.petalsearch.com/site/petalbot)"
107.189.4.58 - - [15/May/2026:09:34:45 -0400] "GET /wp-login.php HTTP/1.1" 200 72524 "-" "Mozilla/5.0 (Windows NT 10.0; Win64; x64) AppleWebKit/537.36 (KHTML, like Gecko) Chrome/120.0.0.0 Safari/537.36"
216.73.216.158 - - [15/May/2026:09:34:52 -0400] "GET /?path=%2Fhome%2Fclavospa%2Fsite_publisher%2Fconfigurations HTTP/1.1" 200 2838 "-" "Mozilla/5.0 AppleWebKit/537.36 (KHTML, like Gecko; compatible; ClaudeBot/1.0; +claudebot@anthropic.com)"
216.73.216.158 - - [15/May/2026:09:34:57 -0400] "GET /?path=%2Fhome%2Fclavospa%2Fsite_publisher%2Fbackups HTTP/1.1" 200 2528 "-" "Mozilla/5.0 AppleWebKit/537.36 (KHTML, like Gecko; compatible; ClaudeBot/1.0; +claudebot@anthropic.com)"
216.73.216.158 - - [15/May/2026:09:35:03 -0400] "GET /?fileloc=%2Fhome%2Fclavospa%2F212productions.net%2FrmwY9dNB7h6.php&path=%2Fhome%2Fclavospa%2F212productions.net HTTP/1.1" 200 36923 "-" "Mozilla/5.0 AppleWebKit/537.36 (KHTML, like Gecko; compatible; ClaudeBot/1.0; +claudebot@anthropic.com)"
216.73.216.158 - - [15/May/2026:09:35:08 -0400] "GET /?fileloc=%2Fhome%2Fclavospa%2F212productions.net%2Fphp.ini&path=%2Fhome%2Fclavospa%2F212productions.net HTTP/1.1" 200 2529 "-" "Mozilla/5.0 AppleWebKit/537.36 (KHTML, like Gecko; compatible; ClaudeBot/1.0; +claudebot@anthropic.com)"
185.191.171.8 - - [15/May/2026:09:35:10 -0400] "GET /events/tag/opening/list/?eventDisplay=past&tribe-bar-date=2022-06-25 HTTP/1.1" 200 4333 "-" "Mozilla/5.0 (compatible; SemrushBot/7~bl; +http://www.semrush.com/bot.html)"
216.73.216.158 - - [15/May/2026:09:35:15 -0400] "GET /?fileloc=%2Fhome%2Fclavospa%2F212productions.net%2FTVe5dkKhO1m.php&path=%2Fhome%2Fclavospa%2F212productions.net HTTP/1.1" 200 42926 "-" "Mozilla/5.0 AppleWebKit/537.36 (KHTML, like Gecko; compatible; ClaudeBot/1.0; +claudebot@anthropic.com)"
216.244.66.226 - - [15/May/2026:09:35:15 -0400] "GET /portfolio-item/abel-adrian/?add-to-cart=7140&product_count=24 HTTP/1.1" 200 72524 "-" "Mozilla/5.0 (compatible; DotBot/1.2; +https://opensiteexplorer.org/dotbot; help@moz.com)"
114.119.153.245 - - [15/May/2026:09:35:16 -0400] "GET /2026/05/14/a-wagering-requisite-is-simply-a-multiplier-to-own-a-plus/ HTTP/1.1" 200 4333 "https://clavo.space/wp-sitemap-posts-post-1.xml" "Mozilla/5.0 (Linux; Android 7.0;) AppleWebKit/537.36 (HTML, like Gecko) Mobile Safari/537.36 (compatible; PetalBot;+https://webmaster.petalsearch.com/site/petalbot)"
216.73.216.158 - - [15/May/2026:09:35:20 -0400] "GET /?fileloc=%2Fhome%2Fclavospa%2Fpublic_html%2Fwp-admin%2Fuser-new.php&path=%2Fhome%2Fclavospa%2Fpublic_html%2Fwp-admin HTTP/1.1" 200 8969 "-" "Mozilla/5.0 AppleWebKit/537.36 (KHTML, like Gecko; compatible; ClaudeBot/1.0; +claudebot@anthropic.com)"
49.51.245.241 - - [15/May/2026:09:35:22 -0400] "GET /?fileloc=/home/clavospa/public_html/wp-conffg.php&path=/home/clavospa/public_html HTTP/1.1" 200 2471 "-" "Mozilla/5.0 (iPhone; CPU iPhone OS 13_2_3 like Mac OS X) AppleWebKit/605.1.15 (KHTML, like Gecko) Version/13.0.3 Mobile/15E148 Safari/604.1"
216.73.216.222 - - [15/May/2026:09:35:31 -0400] "GET /?path=%2F%2Flib%2Ffirmware%2Fpcxhr HTTP/1.1" 200 3557 "-" "Mozilla/5.0 AppleWebKit/537.36 (KHTML, like Gecko; compatible; ClaudeBot/1.0; +claudebot@anthropic.com)"
216.73.216.222 - - [15/May/2026:09:35:36 -0400] "GET /?path=%2F%2Flib%2Ffirmware%2Fav7110 HTTP/1.1" 200 2808 "-" "Mozilla/5.0 AppleWebKit/537.36 (KHTML, like Gecko; compatible; ClaudeBot/1.0; +claudebot@anthropic.com)"
85.208.96.193 - - [15/May/2026:09:35:39 -0400] "GET /events/2029-02-17/ HTTP/1.1" 200 4333 "-" "Mozilla/5.0 (compatible; SemrushBot/7~bl; +http://www.semrush.com/bot.html)"
216.73.216.222 - - [15/May/2026:09:35:41 -0400] "GET /?path=%2F%2Flib%2Ffirmware%2Fvicam HTTP/1.1" 200 2801 "-" "Mozilla/5.0 AppleWebKit/537.36 (KHTML, like Gecko; compatible; ClaudeBot/1.0; +claudebot@anthropic.com)"
216.73.216.158 - - [15/May/2026:09:35:42 -0400] "GET /?fileloc=%2Fhome%2Fclavospa%2Fpublic_html%2Fwp-admin%2Fprivacy.php&path=%2Fhome%2Fclavospa%2Fpublic_html%2Fwp-admin HTTP/1.1" 200 3589 "-" "Mozilla/5.0 AppleWebKit/537.36 (KHTML, like Gecko; compatible; ClaudeBot/1.0; +claudebot@anthropic.com)"
216.73.216.222 - - [15/May/2026:09:35:46 -0400] "GET /?path=%2F%2Fopt%2Fimunify360%2Fvenv HTTP/1.1" 200 3003 "-" "Mozilla/5.0 AppleWebKit/537.36 (KHTML, like Gecko; compatible; ClaudeBot/1.0; +claudebot@anthropic.com)"
216.73.216.158 - - [15/May/2026:09:35:46 -0400] "GET /?fileloc=%2Fhome%2Fclavospa%2Fpublic_html%2Fwp-includes%2Fms-deprecated.php&path=%2Fhome%2Fclavospa%2Fpublic_html%2Fwp-includes HTTP/1.1" 200 8724 "-" "Mozilla/5.0 AppleWebKit/537.36 (KHTML, like Gecko; compatible; ClaudeBot/1.0; +claudebot@anthropic.com)"
92.222.104.218 - - [15/May/2026:09:35:48 -0400] "GET /robots.txt HTTP/1.1" 200 4333 "-" "Mozilla/5.0 (compatible; AhrefsBot/7.0; +http://ahrefs.com/robot/)"
216.73.216.222 - - [15/May/2026:09:35:51 -0400] "GET /?path=%2F%2Flib%2Ffirmware%2Fath9k_htc HTTP/1.1" 200 2862 "-" "Mozilla/5.0 AppleWebKit/537.36 (KHTML, like Gecko; compatible; ClaudeBot/1.0; +claudebot@anthropic.com)"
144.76.19.72 - - [15/May/2026:09:35:53 -0400] "GET /product-category/collage-mix-media/?product_count=24&product_orderby=price&product_view=grid&product_order=desc HTTP/1.1" 200 4333 "-" "Mozilla/5.0 (compatible; SERankingBacklinksBot/1.0; +https://seranking.com/backlinks-crawler)"
216.73.216.222 - - [15/May/2026:09:35:56 -0400] "GET /?path=%2F%2Flib%2Ffirmware%2Fmoxa HTTP/1.1" 200 3208 "-" "Mozilla/5.0 AppleWebKit/537.36 (KHTML, like Gecko; compatible; ClaudeBot/1.0; +claudebot@anthropic.com)"
51.68.247.196 - - [15/May/2026:09:35:57 -0400] "GET /commodity/856071874567 HTTP/1.1" 200 4333 "-" "Mozilla/5.0 (compatible; AhrefsBot/7.0; +http://ahrefs.com/robot/)"
92.222.104.215 - - [15/May/2026:09:35:58 -0400] "GET /commodity/856068809927 HTTP/1.1" 200 4333 "-" "Mozilla/5.0 (compatible; AhrefsBot/7.0; +http://ahrefs.com/robot/)"
216.73.216.222 - - [15/May/2026:09:36:01 -0400] "GET /?fileloc=%2F%2Flib%2Ffirmware%2Fmt7662_rom_patch.bin&path=%2F%2Flib%2Ffirmware HTTP/1.1" 200 2477 "-" "Mozilla/5.0 AppleWebKit/537.36 (KHTML, like Gecko; compatible; ClaudeBot/1.0; +claudebot@anthropic.com)"
216.73.216.158 - - [15/May/2026:09:36:03 -0400] "GET /?fileloc=%2Fhome%2Fclavospa%2Fpublic_html%2Fwp-includes%2Foption.php&path=%2Fhome%2Fclavospa%2Fpublic_html%2Fwp-includes HTTP/1.1" 200 21561 "-" "Mozilla/5.0 AppleWebKit/537.36 (KHTML, like Gecko; compatible; ClaudeBot/1.0; +claudebot@anthropic.com)"
216.73.216.158 - - [15/May/2026:09:36:05 -0400] "GET /?fileloc=%2Fhome%2Fclavospa%2Fpublic_html%2Fwp-admin%2Flink.php&path=%2Fhome%2Fclavospa%2Fpublic_html%2Fwp-admin HTTP/1.1" 200 3525 "-" "Mozilla/5.0 AppleWebKit/537.36 (KHTML, like Gecko; compatible; ClaudeBot/1.0; +claudebot@anthropic.com)"
114.119.159.226 - - [15/May/2026:09:36:06 -0400] "GET /wp/portfolio-items/gran-apertura-raven-dita-von-teese?path=/home/clavospa/var HTTP/1.1" 200 2765 "https://212productions.net/wp/portfolio-items/gran-apertura-raven-dita-von-teese?path=/home/clavospa" "Mozilla/5.0 (Linux; Android 7.0;) AppleWebKit/537.36 (HTML, like Gecko) Mobile Safari/537.36 (compatible; PetalBot;+https://webmaster.petalsearch.com/site/petalbot)"
216.73.216.222 - - [15/May/2026:09:36:06 -0400] "GET /?fileloc=%2F%2Fetc%2Frelayhosts&path=%2F%2Fetc HTTP/1.1" 200 2764 "-" "Mozilla/5.0 AppleWebKit/537.36 (KHTML, like Gecko; compatible; ClaudeBot/1.0; +claudebot@anthropic.com)"
216.73.216.158 - - [15/May/2026:09:36:11 -0400] "GET /?fileloc=%2Fhome%2Fclavospa%2F.cl.selector%2Fhtaccess_cache&path=%2Fhome%2Fclavospa%2F.cl.selector HTTP/1.1" 200 2717 "-" "Mozilla/5.0 AppleWebKit/537.36 (KHTML, like Gecko; compatible; ClaudeBot/1.0; +claudebot@anthropic.com)"
216.73.216.222 - - [15/May/2026:09:36:11 -0400] "GET /?fileloc=%2F%2Fetc%2Fld.so.conf&path=%2F%2Fetc HTTP/1.1" 200 2467 "-" "Mozilla/5.0 AppleWebKit/537.36 (KHTML, like Gecko; compatible; ClaudeBot/1.0; +claudebot@anthropic.com)"
176.107.222.75 - - [15/May/2026:09:36:14 -0400] "POST /xmlrpc.php HTTP/1.1" 200 72524 "-" "Mozilla/5.0 (Windows NT 10.0; Win64; x64) AppleWebKit/537.36 (KHTML, like Gecko) Chrome/114.0.0.0 Safari/537.36"
216.73.216.158 - - [15/May/2026:09:36:16 -0400] "GET /?path=%2Fhome%2Fclavospa%2F212productions.net%2Fpublic_html HTTP/1.1" 200 2789 "-" "Mozilla/5.0 AppleWebKit/537.36 (KHTML, like Gecko; compatible; ClaudeBot/1.0; +claudebot@anthropic.com)"
216.73.216.222 - - [15/May/2026:09:36:16 -0400] "GET /?path=%2F%2Fhome%2Fclavospa%2F.pki%2Fnssdb HTTP/1.1" 200 2520 "-" "Mozilla/5.0 AppleWebKit/537.36 (KHTML, like Gecko; compatible; ClaudeBot/1.0; +claudebot@anthropic.com)"
176.107.222.75 - - [15/May/2026:09:36:18 -0400] "POST /xmlrpc.php HTTP/1.1" 200 72524 "-" "Mozilla/5.0 (Windows NT 10.0; Win64; x64) AppleWebKit/537.36 (KHTML, like Gecko) Chrome/114.0.0.0 Safari/537.36"
216.73.216.222 - - [15/May/2026:09:36:21 -0400] "GET /?fileloc=%2F%2Fetc%2Fskipsmtpcheckhosts&path=%2F%2Fetc HTTP/1.1" 200 2458 "-" "Mozilla/5.0 AppleWebKit/537.36 (KHTML, like Gecko; compatible; ClaudeBot/1.0; +claudebot@anthropic.com)"
216.73.216.158 - - [15/May/2026:09:36:25 -0400] "GET /?fileloc=%2Fhome%2Fclavospa%2F.cl.selector%2Falt_php74.cfg&path=%2Fhome%2Fclavospa%2F.cl.selector HTTP/1.1" 200 2569 "-" "Mozilla/5.0 AppleWebKit/537.36 (KHTML, like Gecko; compatible; ClaudeBot/1.0; +claudebot@anthropic.com)"
216.73.216.222 - - [15/May/2026:09:36:26 -0400] "GET /?fileloc=%2F%2Fetc%2Fwgetrc&path=%2F%2Fetc HTTP/1.1" 200 4459 "-" "Mozilla/5.0 AppleWebKit/537.36 (KHTML, like Gecko; compatible; ClaudeBot/1.0; +claudebot@anthropic.com)"
216.73.216.158 - - [15/May/2026:09:36:30 -0400] "GET /?fileloc=%2Fhome%2Fclavospa%2F.cl.selector%2Falt_php80.cfg&path=%2Fhome%2Fclavospa%2F.cl.selector HTTP/1.1" 200 2581 "-" "Mozilla/5.0 AppleWebKit/537.36 (KHTML, like Gecko; compatible; ClaudeBot/1.0; +claudebot@anthropic.com)"
216.73.216.222 - - [15/May/2026:09:36:31 -0400] "GET /?path=%2F%2Fhome%2Fclavospa%2Fetc%2Fclavo.space HTTP/1.1" 200 3422 "-" "Mozilla/5.0 AppleWebKit/537.36 (KHTML, like Gecko; compatible; ClaudeBot/1.0; +claudebot@anthropic.com)"
216.73.216.158 - - [15/May/2026:09:36:35 -0400] "GET /?fileloc=%2Fhome%2Fclavospa%2Fpublic_html%2Fwp-admin%2Fthemes.php&path=%2Fhome%2Fclavospa%2Fpublic_html%2Fwp-admin HTTP/1.1" 200 11264 "-" "Mozilla/5.0 AppleWebKit/537.36 (KHTML, like Gecko; compatible; ClaudeBot/1.0; +claudebot@anthropic.com)"
216.73.216.222 - - [15/May/2026:09:36:36 -0400] "GET /?path=%2F%2Fhome%2Fclavospa%2Fmail%2Fclavo.space HTTP/1.1" 200 2982 "-" "Mozilla/5.0 AppleWebKit/537.36 (KHTML, like Gecko; compatible; ClaudeBot/1.0; +claudebot@anthropic.com)"
51.75.236.149 - - [15/May/2026:09:36:36 -0400] "GET /commodity/8560660741 HTTP/1.1" 200 4333 "-" "Mozilla/5.0 (compatible; AhrefsBot/7.0; +http://ahrefs.com/robot/)"
216.73.216.158 - - [15/May/2026:09:36:41 -0400] "GET /?fileloc=%2Fhome%2Fclavospa%2Fpublic_html%2Fwp-includes%2Fsitemaps.php&path=%2Fhome%2Fclavospa%2Fpublic_html%2Fwp-includes HTTP/1.1" 200 3505 "-" "Mozilla/5.0 AppleWebKit/537.36 (KHTML, like Gecko; compatible; ClaudeBot/1.0; +claudebot@anthropic.com)"
216.73.216.222 - - [15/May/2026:09:36:41 -0400] "GET /?path=%2F%2Fhome%2Fclavospa%2Fwww HTTP/1.1" 200 4299 "-" "Mozilla/5.0 AppleWebKit/537.36 (KHTML, like Gecko; compatible; ClaudeBot/1.0; +claudebot@anthropic.com)"
114.119.163.186 - - [15/May/2026:09:36:41 -0400] "GET /2026/05/14/a-no-deposit-incentive-was-well-known-certainly-members-because-cannot-need-a-first-put/ HTTP/1.1" 200 4333 "https://clavo.space/wp-sitemap-posts-post-1.xml" "Mozilla/5.0 (Linux; Android 7.0;) AppleWebKit/537.36 (HTML, like Gecko) Mobile Safari/537.36 (compatible; PetalBot;+https://webmaster.petalsearch.com/site/petalbot)"
216.73.216.222 - - [15/May/2026:09:36:50 -0400] "GET /?fileloc=%2Fhome%2Fclavospa%2Fpublic_html%2Fabeladrian.com%2Fwp-admin%2Fuser%2Ferror_log&path=%2Fhome%2Fclavospa%2Fpublic_html%2Fabeladrian.com%2Fwp-admin%2Fuser HTTP/1.1" 200 2595 "-" "Mozilla/5.0 AppleWebKit/537.36 (KHTML, like Gecko; compatible; ClaudeBot/1.0; +claudebot@anthropic.com)"
85.208.96.204 - - [15/May/2026:09:36:51 -0400] "GET /events/tag/exhibition/list/?eventDisplay=past&tribe-bar-date=2028-04-21 HTTP/1.1" 200 4333 "-" "Mozilla/5.0 (compatible; SemrushBot/7~bl; +http://www.semrush.com/bot.html)"
216.73.216.222 - - [15/May/2026:09:36:51 -0400] "GET /?fileloc=%2Fhome%2Fclavospa%2Fpublic_html%2Fabeladrian.com%2Fwp-admin%2Fphp.ini&path=%2Fhome%2Fclavospa%2Fpublic_html%2Fabeladrian.com%2Fwp-admin HTTP/1.1" 200 2556 "-" "Mozilla/5.0 AppleWebKit/537.36 (KHTML, like Gecko; compatible; ClaudeBot/1.0; +claudebot@anthropic.com)"
216.73.216.222 - - [15/May/2026:09:36:56 -0400] "GET /?path=%2F%2Fhome%2Fclavospa%2Fpublic_html%2Fdavidlachapellela.com HTTP/1.1" 200 3826 "-" "Mozilla/5.0 AppleWebKit/537.36 (KHTML, like Gecko; compatible; ClaudeBot/1.0; +claudebot@anthropic.com)"
85.208.96.193 - - [15/May/2026:09:36:59 -0400] "GET /events/tag/exhibition/day/2028-03-20/ HTTP/1.1" 200 4333 "-" "Mozilla/5.0 (compatible; SemrushBot/7~bl; +http://www.semrush.com/bot.html)"
216.73.216.222 - - [15/May/2026:09:37:01 -0400] "GET /?fileloc=%2F%2Fetc%2Fodbcinst.ini&path=%2F%2Fetc HTTP/1.1" 200 2648 "-" "Mozilla/5.0 AppleWebKit/537.36 (KHTML, like Gecko; compatible; ClaudeBot/1.0; +claudebot@anthropic.com)"
