File: /home/clavospa/access-logs/clavo.space
216.73.216.158 - - [15/May/2026:08:02:17 -0400] "GET /portfolio_category/venezuela/?fileloc=%2F%2Flib64%2Flibnn.so.2.0.0&path=%2F%2Flib64 HTTP/1.1" 200 2459 "-" "Mozilla/5.0 AppleWebKit/537.36 (KHTML, like Gecko; compatible; ClaudeBot/1.0; +claudebot@anthropic.com)"
103.53.31.182 - - [15/May/2026:08:02:19 -0400] "POST /xmlrpc.php HTTP/1.1" 200 72524 "-" "WordPress.com; https://wordpress.com"
216.73.216.158 - - [15/May/2026:08:02:22 -0400] "GET /portfolio-item/garret-suhrie/?path=%2Fhome%2Fclavospa%2Fpublic_html%2Fnew.davidlachapelleamor.com%2Fwp-content%2Fupgrade HTTP/1.1" 200 2577 "-" "Mozilla/5.0 AppleWebKit/537.36 (KHTML, like Gecko; compatible; ClaudeBot/1.0; +claudebot@anthropic.com)"
216.73.216.158 - - [15/May/2026:08:02:27 -0400] "GET /artists/page/2/?fileloc=%2Fhome%2Fclavospa%2Fpublic_html%2Fwp-includes%2Fhtml-api%2F.htaccess&path=%2Fhome%2Fclavospa%2Fpublic_html%2Fwp-includes%2Fhtml-api HTTP/1.1" 200 2493 "-" "Mozilla/5.0 AppleWebKit/537.36 (KHTML, like Gecko; compatible; ClaudeBot/1.0; +claudebot@anthropic.com)"
103.53.31.182 - - [15/May/2026:08:02:30 -0400] "POST /xmlrpc.php HTTP/1.1" 200 72524 "-" "Jetpack by WordPress.com"
216.73.216.158 - - [15/May/2026:08:02:32 -0400] "GET /artists/page/2/?fileloc=%2Fhome%2Fclavospa%2Fpublic_html%2Fwp-includes%2Fcss%2Fwp-empty-template-alert.css&path=%2Fhome%2Fclavospa%2Fpublic_html%2Fwp-includes%2Fcss HTTP/1.1" 200 2627 "-" "Mozilla/5.0 AppleWebKit/537.36 (KHTML, like Gecko; compatible; ClaudeBot/1.0; +claudebot@anthropic.com)"
216.73.216.158 - - [15/May/2026:08:02:37 -0400] "GET /artists/page/2/?fileloc=%2Fhome%2Fclavospa%2Fpublic_html%2Fwp-admin%2Fcss%2Fadmin-menu-rtl.min.css&path=%2Fhome%2Fclavospa%2Fpublic_html%2Fwp-admin%2Fcss HTTP/1.1" 200 5239 "-" "Mozilla/5.0 AppleWebKit/537.36 (KHTML, like Gecko; compatible; ClaudeBot/1.0; +claudebot@anthropic.com)"
185.191.171.16 - - [15/May/2026:08:02:38 -0400] "GET /events/tag/opening/day/2027-10-14/ HTTP/1.1" 200 4333 "-" "Mozilla/5.0 (compatible; SemrushBot/7~bl; +http://www.semrush.com/bot.html)"
103.53.31.182 - - [15/May/2026:08:02:41 -0400] "POST /xmlrpc.php HTTP/1.1" 200 72524 "-" "Jetpack/12.1; WordPress/6.3; http://site49269188.com"
216.73.216.158 - - [15/May/2026:08:02:42 -0400] "GET /artists/page/2/?fileloc=%2Fhome%2Fclavospa%2Fpublic_html%2Fwp-admin%2Fcss%2Fcustomize-controls.min.css&path=%2Fhome%2Fclavospa%2Fpublic_html%2Fwp-admin%2Fcss HTTP/1.1" 200 12836 "-" "Mozilla/5.0 AppleWebKit/537.36 (KHTML, like Gecko; compatible; ClaudeBot/1.0; +claudebot@anthropic.com)"
43.160.219.206 - - [15/May/2026:08:02:44 -0400] "GET /wp/pgp/?path=/ HTTP/1.1" 200 3237 "-" "Mozilla/5.0 (iPhone; CPU iPhone OS 13_2_3 like Mac OS X) AppleWebKit/605.1.15 (KHTML, like Gecko) Version/13.0.3 Mobile/15E148 Safari/604.1"
216.73.216.158 - - [15/May/2026:08:02:47 -0400] "GET /artists/page/2/?fileloc=%2Fhome%2Fclavospa%2Fpublic_html%2Fwp-includes%2Fcss%2Fadmin-bar.css&path=%2Fhome%2Fclavospa%2Fpublic_html%2Fwp-includes%2Fcss HTTP/1.1" 200 7215 "-" "Mozilla/5.0 AppleWebKit/537.36 (KHTML, like Gecko; compatible; ClaudeBot/1.0; +claudebot@anthropic.com)"
185.191.171.3 - - [15/May/2026:08:02:50 -0400] "GET /events/category/exhibition/list/?eventDisplay=past&tribe-bar-date=2025-01-16 HTTP/1.1" 200 4333 "-" "Mozilla/5.0 (compatible; SemrushBot/7~bl; +http://www.semrush.com/bot.html)"
114.119.139.107 - - [15/May/2026:08:02:50 -0400] "GET /wp/selected-press-rankin-eicc?path=/home/clavospa/public_html/cgi-bin HTTP/1.1" 200 2802 "https://212productions.net/wp/selected-press-rankin-eicc?path=/home/clavospa/public_html" "Mozilla/5.0 (Linux; Android 7.0;) AppleWebKit/537.36 (HTML, like Gecko) Mobile Safari/537.36 (compatible; PetalBot;+https://webmaster.petalsearch.com/site/petalbot)"
103.53.31.182 - - [15/May/2026:08:02:52 -0400] "POST /xmlrpc.php HTTP/1.1" 200 72524 "-" "WordPress.com; https://wordpress.com"
216.73.216.158 - - [15/May/2026:08:02:52 -0400] "GET /artists/page/2/?fileloc=%2Fhome%2Fclavospa%2Fpublic_html%2Fwp-admin%2Fcss%2Fcustomize-controls-rtl.css&path=%2Fhome%2Fclavospa%2Fpublic_html%2Fwp-admin%2Fcss HTTP/1.1" 200 15317 "-" "Mozilla/5.0 AppleWebKit/537.36 (KHTML, like Gecko; compatible; ClaudeBot/1.0; +claudebot@anthropic.com)"
216.73.216.158 - - [15/May/2026:08:02:57 -0400] "GET /artists/page/2/?path=%2Fhome%2Fclavospa%2Fpublic_html%2Fingridbarajas.com%2Fwp-includes%2Fstyle-engine HTTP/1.1" 200 3076 "-" "Mozilla/5.0 AppleWebKit/537.36 (KHTML, like Gecko; compatible; ClaudeBot/1.0; +claudebot@anthropic.com)"
114.119.158.196 - - [15/May/2026:08:03:01 -0400] "GET /2026/05/14/bonus-senza-deposito-immediati-verso-bisca-addirittura-slot/ HTTP/1.1" 200 4333 "https://clavo.space/wp-sitemap-posts-post-1.xml" "Mozilla/5.0 (Linux; Android 7.0;) AppleWebKit/537.36 (HTML, like Gecko) Mobile Safari/537.36 (compatible; PetalBot;+https://webmaster.petalsearch.com/site/petalbot)"
216.73.216.158 - - [15/May/2026:08:03:02 -0400] "GET /artists/page/2/?fileloc=%2Fhome%2Fclavospa%2Fpublic_html%2Fwp-admin%2Fcss%2Fwp-admin-rtl.min.css&path=%2Fhome%2Fclavospa%2Fpublic_html%2Fwp-admin%2Fcss HTTP/1.1" 200 2622 "-" "Mozilla/5.0 AppleWebKit/537.36 (KHTML, like Gecko; compatible; ClaudeBot/1.0; +claudebot@anthropic.com)"
103.53.31.182 - - [15/May/2026:08:03:02 -0400] "POST /xmlrpc.php HTTP/1.1" 200 72524 "-" "Jetpack by WordPress.com"
216.73.216.158 - - [15/May/2026:08:03:07 -0400] "GET /artists/page/2/?fileloc=%2Fhome%2Fclavospa%2Fpublic_html%2Fwp-admin%2Fcss%2Fedit-rtl.min.css&path=%2Fhome%2Fclavospa%2Fpublic_html%2Fwp-admin%2Fcss HTTP/1.1" 200 9411 "-" "Mozilla/5.0 AppleWebKit/537.36 (KHTML, like Gecko; compatible; ClaudeBot/1.0; +claudebot@anthropic.com)"
216.73.216.158 - - [15/May/2026:08:03:12 -0400] "GET /artists/page/2/?fileloc=%2Fhome%2Fclavospa%2Fpublic_html%2Fwp-admin%2Fcss%2Fcommon.min.css&path=%2Fhome%2Fclavospa%2Fpublic_html%2Fwp-admin%2Fcss HTTP/1.1" 200 15501 "-" "Mozilla/5.0 AppleWebKit/537.36 (KHTML, like Gecko; compatible; ClaudeBot/1.0; +claudebot@anthropic.com)"
103.53.31.182 - - [15/May/2026:08:03:13 -0400] "POST /xmlrpc.php HTTP/1.1" 200 72524 "-" "WordPress.com; https://wordpress.com"
185.191.171.12 - - [15/May/2026:08:03:14 -0400] "GET /events/category/exhibition/day/2027-01-24/ HTTP/1.1" 200 4333 "-" "Mozilla/5.0 (compatible; SemrushBot/7~bl; +http://www.semrush.com/bot.html)"
216.73.216.158 - - [15/May/2026:08:03:17 -0400] "GET /artists/page/2/?fileloc=%2Fhome%2Fclavospa%2Fpublic_html%2Fwp-includes%2Finteractivity-api%2F.htaccess&path=%2Fhome%2Fclavospa%2Fpublic_html%2Fwp-includes%2Finteractivity-api HTTP/1.1" 200 2499 "-" "Mozilla/5.0 AppleWebKit/537.36 (KHTML, like Gecko; compatible; ClaudeBot/1.0; +claudebot@anthropic.com)"
185.191.171.14 - - [15/May/2026:08:03:17 -0400] "GET /events/tag/art/list/?eventDisplay=past&tribe-bar-date=2024-09-18 HTTP/1.1" 200 4333 "-" "Mozilla/5.0 (compatible; SemrushBot/7~bl; +http://www.semrush.com/bot.html)"
216.73.216.158 - - [15/May/2026:08:03:22 -0400] "GET /artists/page/2/?fileloc=%2Fhome%2Fclavospa%2Fpublic_html%2Fwp-admin%2Fnetwork%2Fedit.php&path=%2Fhome%2Fclavospa%2Fpublic_html%2Fwp-admin%2Fnetwork HTTP/1.1" 200 2928 "-" "Mozilla/5.0 AppleWebKit/537.36 (KHTML, like Gecko; compatible; ClaudeBot/1.0; +claudebot@anthropic.com)"
103.53.31.182 - - [15/May/2026:08:03:24 -0400] "POST /xmlrpc.php HTTP/1.1" 200 72524 "-" "Jetpack by WordPress.com"
216.73.216.158 - - [15/May/2026:08:03:27 -0400] "GET /artists/page/2/?fileloc=%2Fhome%2Fclavospa%2Fpublic_html%2Fwp-admin%2Fcss%2Fwidgets.min.css&path=%2Fhome%2Fclavospa%2Fpublic_html%2Fwp-admin%2Fcss HTTP/1.1" 200 5691 "-" "Mozilla/5.0 AppleWebKit/537.36 (KHTML, like Gecko; compatible; ClaudeBot/1.0; +claudebot@anthropic.com)"
216.73.216.158 - - [15/May/2026:08:03:32 -0400] "GET /artists/page/2/?fileloc=%2Fhome%2Fclavospa%2Fpublic_html%2Fwp-admin%2Fincludes%2Fadmin.php&path=%2Fhome%2Fclavospa%2Fpublic_html%2Fwp-admin%2Fincludes HTTP/1.1" 200 3273 "-" "Mozilla/5.0 AppleWebKit/537.36 (KHTML, like Gecko; compatible; ClaudeBot/1.0; +claudebot@anthropic.com)"
103.53.31.182 - - [15/May/2026:08:03:35 -0400] "POST /xmlrpc.php HTTP/1.1" 200 72524 "-" "Jetpack/12.5; WordPress/6.3; http://site87676659.com"
216.73.216.158 - - [15/May/2026:08:03:37 -0400] "GET /artists/page/2/?path=%2Fhome%2Fclavospa%2Ftmp%2Fpma_template_compiles_clavospa HTTP/1.1" 200 2785 "-" "Mozilla/5.0 AppleWebKit/537.36 (KHTML, like Gecko; compatible; ClaudeBot/1.0; +claudebot@anthropic.com)"
216.73.216.158 - - [15/May/2026:08:03:42 -0400] "GET /artists/page/2/?fileloc=%2Fhome%2Fclavospa%2Fpublic_html%2Fwp%2Fwp-comments-post.php&path=%2Fhome%2Fclavospa%2Fpublic_html%2Fwp HTTP/1.1" 200 3526 "-" "Mozilla/5.0 AppleWebKit/537.36 (KHTML, like Gecko; compatible; ClaudeBot/1.0; +claudebot@anthropic.com)"
103.53.31.182 - - [15/May/2026:08:03:45 -0400] "POST /xmlrpc.php HTTP/1.1" 200 72524 "-" "Jetpack/12.0; WordPress/6.3; http://site54471143.com"
85.208.96.201 - - [15/May/2026:08:03:46 -0400] "GET /events/tag/clavo-space/list/?tribe-bar-date=2024-04-01 HTTP/1.1" 200 4333 "-" "Mozilla/5.0 (compatible; SemrushBot/7~bl; +http://www.semrush.com/bot.html)"
216.73.216.158 - - [15/May/2026:08:03:47 -0400] "GET /artists/page/2/?fileloc=%2Fhome%2Fclavospa%2Fpublic_html%2Fwp-admin%2Fcss%2Frevisions-rtl.min.css&path=%2Fhome%2Fclavospa%2Fpublic_html%2Fwp-admin%2Fcss HTTP/1.1" 200 4698 "-" "Mozilla/5.0 AppleWebKit/537.36 (KHTML, like Gecko; compatible; ClaudeBot/1.0; +claudebot@anthropic.com)"
114.119.158.196 - - [15/May/2026:08:03:47 -0400] "GET /2026/05/14/bonus-senza-contare-fitto-immediati-marzo-2026/ HTTP/1.1" 200 4333 "https://clavo.space/wp-sitemap-posts-post-1.xml" "Mozilla/5.0 (Linux; Android 7.0;) AppleWebKit/537.36 (HTML, like Gecko) Mobile Safari/537.36 (compatible; PetalBot;+https://webmaster.petalsearch.com/site/petalbot)"
216.73.216.158 - - [15/May/2026:08:03:52 -0400] "GET /artists/page/2/?fileloc=%2Fhome%2Fclavospa%2Fpublic_html%2Fwp-includes%2Fclass-phpmailer.php&path=%2Fhome%2Fclavospa%2Fpublic_html%2Fwp-includes HTTP/1.1" 200 2736 "-" "Mozilla/5.0 AppleWebKit/537.36 (KHTML, like Gecko; compatible; ClaudeBot/1.0; +claudebot@anthropic.com)"
103.53.31.182 - - [15/May/2026:08:03:56 -0400] "POST /xmlrpc.php HTTP/1.1" 200 72524 "-" "Jetpack by WordPress.com (Jetpack 13.0; WordPress 6.1)"
185.191.171.1 - - [15/May/2026:08:03:56 -0400] "GET /events/tag/opening/list/?tribe-bar-date=2024-10-04 HTTP/1.1" 200 4333 "-" "Mozilla/5.0 (compatible; SemrushBot/7~bl; +http://www.semrush.com/bot.html)"
216.73.216.158 - - [15/May/2026:08:03:57 -0400] "GET /artists/page/2/?fileloc=%2Fhome%2Fclavospa%2Fpublic_html%2Fwp-includes%2Fms-settings.php&path=%2Fhome%2Fclavospa%2Fpublic_html%2Fwp-includes HTTP/1.1" 200 4050 "-" "Mozilla/5.0 AppleWebKit/537.36 (KHTML, like Gecko; compatible; ClaudeBot/1.0; +claudebot@anthropic.com)"
114.119.135.182 - - [15/May/2026:08:04:01 -0400] "GET /wp/rankin-live-mexico?path=/home/clavospa/public_html/davidlachapellela.com HTTP/1.1" 200 3872 "https://212productions.net/wp/rankin-live-mexico" "Mozilla/5.0 (Linux; Android 7.0;) AppleWebKit/537.36 (HTML, like Gecko) Mobile Safari/537.36 (compatible; PetalBot;+https://webmaster.petalsearch.com/site/petalbot)"
216.73.216.158 - - [15/May/2026:08:04:02 -0400] "GET /artists/page/2/?fileloc=%2Fhome%2Fclavospa%2Fpublic_html%2Fwp-includes%2Fabilities.php&path=%2Fhome%2Fclavospa%2Fpublic_html%2Fwp-includes HTTP/1.1" 200 4298 "-" "Mozilla/5.0 AppleWebKit/537.36 (KHTML, like Gecko; compatible; ClaudeBot/1.0; +claudebot@anthropic.com)"
216.73.216.158 - - [15/May/2026:08:04:07 -0400] "GET /artists/page/2/?fileloc=%2Fhome%2Fclavospa%2Fpublic_html%2Fwp-admin%2Fincludes%2Fclass-wp-site-icon.php&path=%2Fhome%2Fclavospa%2Fpublic_html%2Fwp-admin%2Fincludes HTTP/1.1" 200 4573 "-" "Mozilla/5.0 AppleWebKit/537.36 (KHTML, like Gecko; compatible; ClaudeBot/1.0; +claudebot@anthropic.com)"
103.53.31.182 - - [15/May/2026:08:04:07 -0400] "POST /xmlrpc.php HTTP/1.1" 200 72524 "-" "WordPress.com; https://wordpress.com"
216.73.216.158 - - [15/May/2026:08:04:12 -0400] "GET /artists/page/2/?fileloc=%2Fhome%2Fclavospa%2Fpublic_html%2Fwp-includes%2Fcron.php&path=%2Fhome%2Fclavospa%2Fpublic_html%2Fwp-includes HTTP/1.1" 200 10644 "-" "Mozilla/5.0 AppleWebKit/537.36 (KHTML, like Gecko; compatible; ClaudeBot/1.0; +claudebot@anthropic.com)"
216.73.216.158 - - [15/May/2026:08:04:17 -0400] "GET /artists/page/2/?fileloc=%2Fhome%2Fclavospa%2Fpublic_html%2Fwp-admin%2Foptions-general.php&path=%2Fhome%2Fclavospa%2Fpublic_html%2Fwp-admin HTTP/1.1" 200 9093 "-" "Mozilla/5.0 AppleWebKit/537.36 (KHTML, like Gecko; compatible; ClaudeBot/1.0; +claudebot@anthropic.com)"
103.53.31.182 - - [15/May/2026:08:04:18 -0400] "POST /xmlrpc.php HTTP/1.1" 200 72524 "-" "Jetpack by WordPress.com"
216.73.216.158 - - [15/May/2026:08:04:22 -0400] "GET /artists/page/2/?fileloc=%2Fhome%2Fclavospa%2Fpublic_html%2Fwp-includes%2Fclass-wp-phpmailer.php&path=%2Fhome%2Fclavospa%2Fpublic_html%2Fwp-includes HTTP/1.1" 200 3817 "-" "Mozilla/5.0 AppleWebKit/537.36 (KHTML, like Gecko; compatible; ClaudeBot/1.0; +claudebot@anthropic.com)"
185.191.171.10 - - [15/May/2026:08:04:23 -0400] "GET /events/tag/clavo-space/list/?eventDisplay=past&tribe-bar-date=2022-04-25 HTTP/1.1" 200 4333 "-" "Mozilla/5.0 (compatible; SemrushBot/7~bl; +http://www.semrush.com/bot.html)"
216.73.216.158 - - [15/May/2026:08:04:27 -0400] "GET /artists/page/2/?path=%2Fhome%2Fclavospa%2Fpublic_html%2Fingridbarajas.com%2Fwp-includes%2Fimages HTTP/1.1" 200 3873 "-" "Mozilla/5.0 AppleWebKit/537.36 (KHTML, like Gecko; compatible; ClaudeBot/1.0; +claudebot@anthropic.com)"
103.53.31.182 - - [15/May/2026:08:04:29 -0400] "POST /xmlrpc.php HTTP/1.1" 200 72524 "-" "Jetpack by WordPress.com (Jetpack 12.0; WordPress 6.3)"
216.73.216.158 - - [15/May/2026:08:04:32 -0400] "GET /artists/page/2/?path=%2Fhome%2Fclavospa%2Fpublic_html%2Fnew.davidlachapelleamor.com%2Fwp-admin HTTP/1.1" 200 6374 "-" "Mozilla/5.0 AppleWebKit/537.36 (KHTML, like Gecko; compatible; ClaudeBot/1.0; +claudebot@anthropic.com)"
144.76.19.72 - - [15/May/2026:08:04:35 -0400] "GET /product-category/collage-mix-media/?product_count=24&product_orderby=date&product_view=list&product_order=asc HTTP/1.1" 200 4333 "-" "Mozilla/5.0 (compatible; SERankingBacklinksBot/1.0; +https://seranking.com/backlinks-crawler)"
216.73.216.158 - - [15/May/2026:08:04:37 -0400] "GET /artists/page/2/?fileloc=%2Fhome%2Fclavospa%2Fpublic_html%2Fwp-includes%2Fclass-smtp.php&path=%2Fhome%2Fclavospa%2Fpublic_html%2Fwp-includes HTTP/1.1" 200 2685 "-" "Mozilla/5.0 AppleWebKit/537.36 (KHTML, like Gecko; compatible; ClaudeBot/1.0; +claudebot@anthropic.com)"
103.53.31.182 - - [15/May/2026:08:04:39 -0400] "POST /xmlrpc.php HTTP/1.1" 200 72524 "-" "WordPress.com; https://wordpress.com"
216.73.216.158 - - [15/May/2026:08:04:42 -0400] "GET /artists/page/2/?fileloc=%2Fhome%2Fclavospa%2Fpublic_html%2Fwp-admin%2Fcss%2Fdeprecated-media-rtl.min.css&path=%2Fhome%2Fclavospa%2Fpublic_html%2Fwp-admin%2Fcss HTTP/1.1" 200 4048 "-" "Mozilla/5.0 AppleWebKit/537.36 (KHTML, like Gecko; compatible; ClaudeBot/1.0; +claudebot@anthropic.com)"
114.119.136.13 - - [15/May/2026:08:04:44 -0400] "GET /2026/05/14/bonus-senza-contare-base-diretto-migliori-offerte-2026-%ef%b8%8f/ HTTP/1.1" 200 4333 "https://clavo.space/wp-sitemap-posts-post-1.xml" "Mozilla/5.0 (Linux; Android 7.0;) AppleWebKit/537.36 (HTML, like Gecko) Mobile Safari/537.36 (compatible; PetalBot;+https://webmaster.petalsearch.com/site/petalbot)"
216.73.216.158 - - [15/May/2026:08:04:47 -0400] "GET /artists/page/2/?fileloc=%2Fhome%2Fclavospa%2Fpublic_html%2Fingridbarajas.com%2Fwp-includes%2Fregistration.php&path=%2Fhome%2Fclavospa%2Fpublic_html%2Fingridbarajas.com%2Fwp-includes HTTP/1.1" 200 2632 "-" "Mozilla/5.0 AppleWebKit/537.36 (KHTML, like Gecko; compatible; ClaudeBot/1.0; +claudebot@anthropic.com)"
103.53.31.182 - - [15/May/2026:08:04:50 -0400] "POST /xmlrpc.php HTTP/1.1" 200 72524 "-" "WordPress.com; https://wordpress.com"
216.73.216.158 - - [15/May/2026:08:04:52 -0400] "GET /artists/page/2/?fileloc=%2Fhome%2Fclavospa%2Fpublic_html%2Fingridbarajas.com%2Fwp-includes%2Fms-blogs.php&path=%2Fhome%2Fclavospa%2Fpublic_html%2Fingridbarajas.com%2Fwp-includes HTTP/1.1" 200 8714 "-" "Mozilla/5.0 AppleWebKit/537.36 (KHTML, like Gecko; compatible; ClaudeBot/1.0; +claudebot@anthropic.com)"
145.239.69.153 - - [15/May/2026:08:04:55 -0400] "GET /robots.txt HTTP/1.1" 200 4333 "-" "Mozilla/5.0 (compatible; MJ12bot/v1.4.8; http://mj12bot.com/)"
85.208.96.206 - - [15/May/2026:08:04:57 -0400] "GET /events/tag/opening/list/?eventDisplay=past&tribe-bar-date=2029-11-30 HTTP/1.1" 200 4333 "-" "Mozilla/5.0 (compatible; SemrushBot/7~bl; +http://www.semrush.com/bot.html)"
145.239.69.153 - - [15/May/2026:08:04:57 -0400] "GET /product-category/collage-mix-media/mix-media-collage-mix-media/?add-to-cart=1943&product_order=asc&product_count=12&product_view=list&product_orderby=price HTTP/1.1" 200 4333 "-" "Mozilla/5.0 (compatible; MJ12bot/v1.4.8; http://mj12bot.com/)"
216.73.216.158 - - [15/May/2026:08:04:57 -0400] "GET /artists/page/2/?fileloc=%2Fhome%2Fclavospa%2Fpublic_html%2Fingridbarajas.com%2Fwp-includes%2Fpost-thumbnail-template.php&path=%2Fhome%2Fclavospa%2Fpublic_html%2Fingridbarajas.com%2Fwp-includes HTTP/1.1" 200 4823 "-" "Mozilla/5.0 AppleWebKit/537.36 (KHTML, like Gecko; compatible; ClaudeBot/1.0; +claudebot@anthropic.com)"
145.239.69.153 - - [15/May/2026:08:04:59 -0400] "GET /product-category/collage-mix-media/mix-media-collage-mix-media/?add-to-cart=1943&product_order=asc&product_view=grid&product_orderby=date&product_count=36 HTTP/1.1" 200 4333 "-" "Mozilla/5.0 (compatible; MJ12bot/v1.4.8; http://mj12bot.com/)"
103.53.31.182 - - [15/May/2026:08:05:01 -0400] "POST /xmlrpc.php HTTP/1.1" 200 72524 "-" "Jetpack by WordPress.com (Jetpack 13.0; WordPress 6.1)"
145.239.69.153 - - [15/May/2026:08:05:01 -0400] "GET /product-category/collage-mix-media/mix-media-collage-mix-media/?add-to-cart=1943&product_order=asc&product_view=list&product_count=12&product_orderby=popularity HTTP/1.1" 200 4333 "-" "Mozilla/5.0 (compatible; MJ12bot/v1.4.8; http://mj12bot.com/)"
216.73.216.158 - - [15/May/2026:08:05:02 -0400] "GET /artists/page/2/?fileloc=%2Fhome%2Fclavospa%2Fpublic_html%2Fingridbarajas.com%2Fwp-includes%2Foption.php&path=%2Fhome%2Fclavospa%2Fpublic_html%2Fingridbarajas.com%2Fwp-includes HTTP/1.1" 200 21582 "-" "Mozilla/5.0 AppleWebKit/537.36 (KHTML, like Gecko; compatible; ClaudeBot/1.0; +claudebot@anthropic.com)"
145.239.69.153 - - [15/May/2026:08:05:03 -0400] "GET /product-category/collage-mix-media/mix-media-collage-mix-media/?add-to-cart=1943&product_order=asc&product_view=list&product_count=12&product_orderby=price HTTP/1.1" 200 4333 "-" "Mozilla/5.0 (compatible; MJ12bot/v1.4.8; http://mj12bot.com/)"
145.239.69.153 - - [15/May/2026:08:05:05 -0400] "GET /product-category/collage-mix-media/mix-media-collage-mix-media/?add-to-cart=1943&product_order=asc&product_view=list&product_count=36&product_orderby=price HTTP/1.1" 200 4333 "-" "Mozilla/5.0 (compatible; MJ12bot/v1.4.8; http://mj12bot.com/)"
145.239.69.153 - - [15/May/2026:08:05:07 -0400] "GET /product-category/collage-mix-media/mix-media-collage-mix-media/?add-to-cart=1943&product_order=asc&product_view=list&product_count=36&product_orderby=rating HTTP/1.1" 200 4333 "-" "Mozilla/5.0 (compatible; MJ12bot/v1.4.8; http://mj12bot.com/)"
216.73.216.158 - - [15/May/2026:08:05:07 -0400] "GET /artists/page/2/?fileloc=%2Fhome%2Fclavospa%2Fpublic_html%2Fingridbarajas.com%2Fwp-includes%2Fclass-wp-taxonomy.php&path=%2Fhome%2Fclavospa%2Fpublic_html%2Fingridbarajas.com%2Fwp-includes HTTP/1.1" 200 6958 "-" "Mozilla/5.0 AppleWebKit/537.36 (KHTML, like Gecko; compatible; ClaudeBot/1.0; +claudebot@anthropic.com)"
145.239.69.153 - - [15/May/2026:08:05:08 -0400] "GET /product-category/collage-mix-media/mix-media-collage-mix-media/?add-to-cart=1943&product_order=asc&product_view=list&product_orderby=date HTTP/1.1" 200 4333 "-" "Mozilla/5.0 (compatible; MJ12bot/v1.4.8; http://mj12bot.com/)"
145.239.69.153 - - [15/May/2026:08:05:10 -0400] "GET /product-category/collage-mix-media/mix-media-collage-mix-media/?add-to-cart=1943&product_order=asc&product_view=list&product_orderby=date&product_count=12 HTTP/1.1" 200 4333 "-" "Mozilla/5.0 (compatible; MJ12bot/v1.4.8; http://mj12bot.com/)"
103.53.31.182 - - [15/May/2026:08:05:12 -0400] "POST /xmlrpc.php HTTP/1.1" 200 72524 "-" "Jetpack by WordPress.com (Jetpack 13.0; WordPress 6.3)"
145.239.69.153 - - [15/May/2026:08:05:12 -0400] "GET /product-category/collage-mix-media/mix-media-collage-mix-media/?add-to-cart=1943&product_order=asc&product_view=list&product_orderby=date&product_count=24 HTTP/1.1" 200 4333 "-" "Mozilla/5.0 (compatible; MJ12bot/v1.4.8; http://mj12bot.com/)"
216.73.216.158 - - [15/May/2026:08:05:12 -0400] "GET /artists/page/2/?fileloc=%2Fhome%2Fclavospa%2Fpublic_html%2Fingridbarajas.com%2Fwp-includes%2Fclass-pop3.php&path=%2Fhome%2Fclavospa%2Fpublic_html%2Fingridbarajas.com%2Fwp-includes HTTP/1.1" 200 7371 "-" "Mozilla/5.0 AppleWebKit/537.36 (KHTML, like Gecko; compatible; ClaudeBot/1.0; +claudebot@anthropic.com)"
145.239.69.153 - - [15/May/2026:08:05:14 -0400] "GET /product-category/collage-mix-media/mix-media-collage-mix-media/?add-to-cart=1943&product_order=asc&product_view=list&product_orderby=date&product_count=36 HTTP/1.1" 200 4333 "-" "Mozilla/5.0 (compatible; MJ12bot/v1.4.8; http://mj12bot.com/)"
145.239.69.153 - - [15/May/2026:08:05:16 -0400] "GET /product-category/collage-mix-media/mix-media-collage-mix-media/?add-to-cart=1943&product_order=asc&product_view=list&product_orderby=default HTTP/1.1" 200 4333 "-" "Mozilla/5.0 (compatible; MJ12bot/v1.4.8; http://mj12bot.com/)"
216.73.216.158 - - [15/May/2026:08:05:17 -0400] "GET /artists/page/2/?fileloc=%2Fhome%2Fclavospa%2Fpublic_html%2Fingridbarajas.com%2Fwp-includes%2Frewrite.php&path=%2Fhome%2Fclavospa%2Fpublic_html%2Fingridbarajas.com%2Fwp-includes HTTP/1.1" 200 8383 "-" "Mozilla/5.0 AppleWebKit/537.36 (KHTML, like Gecko; compatible; ClaudeBot/1.0; +claudebot@anthropic.com)"
145.239.69.153 - - [15/May/2026:08:05:17 -0400] "GET /product-category/collage-mix-media/mix-media-collage-mix-media/?add-to-cart=1943&product_order=asc&product_view=list&product_orderby=default&product_count=12 HTTP/1.1" 200 4333 "-" "Mozilla/5.0 (compatible; MJ12bot/v1.4.8; http://mj12bot.com/)"
145.239.69.153 - - [15/May/2026:08:05:19 -0400] "GET /product-category/collage-mix-media/mix-media-collage-mix-media/?add-to-cart=1943&product_order=asc&product_view=list&product_orderby=name HTTP/1.1" 200 4333 "-" "Mozilla/5.0 (compatible; MJ12bot/v1.4.8; http://mj12bot.com/)"
145.239.69.153 - - [15/May/2026:08:05:21 -0400] "GET /product-category/collage-mix-media/mix-media-collage-mix-media/?add-to-cart=1943&product_order=asc&product_view=list&product_orderby=name&product_count=12 HTTP/1.1" 200 4333 "-" "Mozilla/5.0 (compatible; MJ12bot/v1.4.8; http://mj12bot.com/)"
216.73.216.158 - - [15/May/2026:08:05:22 -0400] "GET /artists/page/2/?fileloc=%2Fhome%2Fclavospa%2Fpublic_html%2Fingridbarajas.com%2Fwp-includes%2Fclass-walker-page.php&path=%2Fhome%2Fclavospa%2Fpublic_html%2Fingridbarajas.com%2Fwp-includes HTTP/1.1" 200 4536 "-" "Mozilla/5.0 AppleWebKit/537.36 (KHTML, like Gecko; compatible; ClaudeBot/1.0; +claudebot@anthropic.com)"
103.53.31.182 - - [15/May/2026:08:05:22 -0400] "POST /xmlrpc.php HTTP/1.1" 200 72524 "-" "WordPress.com; https://wordpress.com"
145.239.69.153 - - [15/May/2026:08:05:23 -0400] "GET /product-category/collage-mix-media/mix-media-collage-mix-media/?add-to-cart=1943&product_order=asc&product_view=list&product_orderby=name&product_count=24 HTTP/1.1" 200 4333 "-" "Mozilla/5.0 (compatible; MJ12bot/v1.4.8; http://mj12bot.com/)"
145.239.69.153 - - [15/May/2026:08:05:25 -0400] "GET /product-category/collage-mix-media/mix-media-collage-mix-media/?add-to-cart=1943&product_order=asc&product_view=list&product_orderby=name&product_count=36 HTTP/1.1" 200 4333 "-" "Mozilla/5.0 (compatible; MJ12bot/v1.4.8; http://mj12bot.com/)"
145.239.69.153 - - [15/May/2026:08:05:26 -0400] "GET /product-category/collage-mix-media/mix-media-collage-mix-media/?add-to-cart=1943&product_order=asc&product_view=list&product_orderby=popularity HTTP/1.1" 200 4333 "-" "Mozilla/5.0 (compatible; MJ12bot/v1.4.8; http://mj12bot.com/)"
216.73.216.158 - - [15/May/2026:08:05:27 -0400] "GET /artists/page/2/?fileloc=%2Fhome%2Fclavospa%2Fpublic_html%2Fingridbarajas.com%2Fwp-includes%2Fbookmark.php&path=%2Fhome%2Fclavospa%2Fpublic_html%2Fingridbarajas.com%2Fwp-includes HTTP/1.1" 200 6745 "-" "Mozilla/5.0 AppleWebKit/537.36 (KHTML, like Gecko; compatible; ClaudeBot/1.0; +claudebot@anthropic.com)"
145.239.69.153 - - [15/May/2026:08:05:28 -0400] "GET /product-category/collage-mix-media/mix-media-collage-mix-media/?add-to-cart=1943&product_order=asc&product_view=list&product_orderby=popularity&product_count=12 HTTP/1.1" 200 4333 "-" "Mozilla/5.0 (compatible; MJ12bot/v1.4.8; http://mj12bot.com/)"
145.239.69.153 - - [15/May/2026:08:05:30 -0400] "GET /product-category/collage-mix-media/mix-media-collage-mix-media/?add-to-cart=1943&product_order=asc&product_view=list&product_orderby=popularity&product_count=24 HTTP/1.1" 200 4333 "-" "Mozilla/5.0 (compatible; MJ12bot/v1.4.8; http://mj12bot.com/)"
43.156.204.134 - - [15/May/2026:08:05:32 -0400] "GET /wp/pgp/ HTTP/1.1" 200 4333 "http://projectguacamaya.org" "Mozilla/5.0 (iPhone; CPU iPhone OS 13_2_3 like Mac OS X) AppleWebKit/605.1.15 (KHTML, like Gecko) Version/13.0.3 Mobile/15E148 Safari/604.1"
145.239.69.153 - - [15/May/2026:08:05:32 -0400] "GET /product-category/collage-mix-media/mix-media-collage-mix-media/?add-to-cart=1943&product_order=asc&product_view=list&product_orderby=popularity&product_count=36 HTTP/1.1" 200 4333 "-" "Mozilla/5.0 (compatible; MJ12bot/v1.4.8; http://mj12bot.com/)"
216.73.216.158 - - [15/May/2026:08:05:32 -0400] "GET /artists/page/2/?fileloc=%2Fhome%2Fclavospa%2Fpublic_html%2Fingridbarajas.com%2Fwp-includes%2Fmeta.php&path=%2Fhome%2Fclavospa%2Fpublic_html%2Fingridbarajas.com%2Fwp-includes HTTP/1.1" 200 13412 "-" "Mozilla/5.0 AppleWebKit/537.36 (KHTML, like Gecko; compatible; ClaudeBot/1.0; +claudebot@anthropic.com)"
103.53.31.182 - - [15/May/2026:08:05:33 -0400] "POST /xmlrpc.php HTTP/1.1" 200 72524 "-" "Jetpack/12.5; WordPress/6.1; http://site66795097.com"
145.239.69.153 - - [15/May/2026:08:05:34 -0400] "GET /product-category/collage-mix-media/mix-media-collage-mix-media/?add-to-cart=1943&product_order=asc&product_view=list&product_orderby=price HTTP/1.1" 200 4333 "-" "Mozilla/5.0 (compatible; MJ12bot/v1.4.8; http://mj12bot.com/)"
185.191.171.14 - - [15/May/2026:08:05:35 -0400] "GET /events/category/exhibition/list/?tribe-bar-date=2026-07-15 HTTP/1.1" 200 4333 "-" "Mozilla/5.0 (compatible; SemrushBot/7~bl; +http://www.semrush.com/bot.html)"
145.239.69.153 - - [15/May/2026:08:05:35 -0400] "GET /product-category/collage-mix-media/mix-media-collage-mix-media/?add-to-cart=1943&product_order=asc&product_view=list&product_orderby=price&product_count=12 HTTP/1.1" 200 4333 "-" "Mozilla/5.0 (compatible; MJ12bot/v1.4.8; http://mj12bot.com/)"
145.239.69.153 - - [15/May/2026:08:05:37 -0400] "GET /product-category/collage-mix-media/mix-media-collage-mix-media/?add-to-cart=1943&product_order=asc&product_view=list&product_orderby=price&product_count=24 HTTP/1.1" 200 4333 "-" "Mozilla/5.0 (compatible; MJ12bot/v1.4.8; http://mj12bot.com/)"
216.73.216.158 - - [15/May/2026:08:05:37 -0400] "GET /artists/page/2/?fileloc=%2Fhome%2Fclavospa%2Fpublic_html%2Fingridbarajas.com%2Fwp-includes%2Fauthor-template.php&path=%2Fhome%2Fclavospa%2Fpublic_html%2Fingridbarajas.com%2Fwp-includes HTTP/1.1" 200 7702 "-" "Mozilla/5.0 AppleWebKit/537.36 (KHTML, like Gecko; compatible; ClaudeBot/1.0; +claudebot@anthropic.com)"
145.239.69.153 - - [15/May/2026:08:05:39 -0400] "GET /product-category/collage-mix-media/mix-media-collage-mix-media/?add-to-cart=1943&product_order=asc&product_view=list&product_orderby=price&product_count=36 HTTP/1.1" 200 4333 "-" "Mozilla/5.0 (compatible; MJ12bot/v1.4.8; http://mj12bot.com/)"
107.174.169.10 - - [15/May/2026:08:05:39 -0400] "GET /wp-content/7izRa3KrpYs.php?pass=QlCzFqBbMj3 HTTP/1.1" 200 4333 "-" "Mozilla/5.0 (Windows NT 10.0; Win64; x64) AppleWebKit/537.36 (KHTML, like Gecko) Chrome/127.0.0.0 Safari/537.36"
145.239.69.153 - - [15/May/2026:08:05:41 -0400] "GET /product-category/collage-mix-media/mix-media-collage-mix-media/?add-to-cart=1943&product_order=asc&product_view=list&product_orderby=rating HTTP/1.1" 200 4333 "-" "Mozilla/5.0 (compatible; MJ12bot/v1.4.8; http://mj12bot.com/)"
216.73.216.158 - - [15/May/2026:08:05:42 -0400] "GET /artists/page/2/?fileloc=%2Fhome%2Fclavospa%2Fpublic_html%2Fingridbarajas.com%2Fwp-includes%2Fnav-menu-template.php&path=%2Fhome%2Fclavospa%2Fpublic_html%2Fingridbarajas.com%2Fwp-includes HTTP/1.1" 200 8805 "-" "Mozilla/5.0 AppleWebKit/537.36 (KHTML, like Gecko; compatible; ClaudeBot/1.0; +claudebot@anthropic.com)"
145.239.69.153 - - [15/May/2026:08:05:42 -0400] "GET /product-category/collage-mix-media/mix-media-collage-mix-media/?add-to-cart=1943&product_order=asc&product_view=list&product_orderby=rating&product_count=12 HTTP/1.1" 200 4333 "-" "Mozilla/5.0 (compatible; MJ12bot/v1.4.8; http://mj12bot.com/)"
103.53.31.182 - - [15/May/2026:08:05:44 -0400] "POST /xmlrpc.php HTTP/1.1" 200 72524 "-" "WordPress.com; https://wordpress.com"
145.239.69.153 - - [15/May/2026:08:05:44 -0400] "GET /product-category/collage-mix-media/mix-media-collage-mix-media/?add-to-cart=1943&product_order=asc&product_view=list&product_orderby=rating&product_count=24 HTTP/1.1" 200 4333 "-" "Mozilla/5.0 (compatible; MJ12bot/v1.4.8; http://mj12bot.com/)"
145.239.69.153 - - [15/May/2026:08:05:46 -0400] "GET /product-category/collage-mix-media/mix-media-collage-mix-media/?add-to-cart=1943&product_order=asc&product_view=list&product_orderby=rating&product_count=36 HTTP/1.1" 200 4333 "-" "Mozilla/5.0 (compatible; MJ12bot/v1.4.8; http://mj12bot.com/)"
216.73.216.158 - - [15/May/2026:08:05:47 -0400] "GET /artists/page/2/?fileloc=%2Fhome%2Fclavospa%2Fpublic_html%2Fingridbarajas.com%2Fwp-includes%2Fphp.ini&path=%2Fhome%2Fclavospa%2Fpublic_html%2Fingridbarajas.com%2Fwp-includes HTTP/1.1" 200 2561 "-" "Mozilla/5.0 AppleWebKit/537.36 (KHTML, like Gecko; compatible; ClaudeBot/1.0; +claudebot@anthropic.com)"
145.239.69.153 - - [15/May/2026:08:05:48 -0400] "GET /product-category/collage-mix-media/mix-media-collage-mix-media/?add-to-cart=1943&product_order=desc&product_count=12&product_orderby=date HTTP/1.1" 200 4333 "-" "Mozilla/5.0 (compatible; MJ12bot/v1.4.8; http://mj12bot.com/)"
145.239.69.153 - - [15/May/2026:08:05:50 -0400] "GET /product-category/collage-mix-media/mix-media-collage-mix-media/?add-to-cart=1943&product_order=desc&product_count=12&product_orderby=date&product_view=grid HTTP/1.1" 200 4333 "-" "Mozilla/5.0 (compatible; MJ12bot/v1.4.8; http://mj12bot.com/)"
185.191.171.11 - - [15/May/2026:08:05:50 -0400] "GET /events/category/exhibition/list/?eventDisplay=past&tribe-bar-date=2021-11-21 HTTP/1.1" 200 4333 "-" "Mozilla/5.0 (compatible; SemrushBot/7~bl; +http://www.semrush.com/bot.html)"
145.239.69.153 - - [15/May/2026:08:05:51 -0400] "GET /product-category/collage-mix-media/mix-media-collage-mix-media/?add-to-cart=1943&product_order=desc&product_count=12&product_orderby=date&product_view=list HTTP/1.1" 200 4333 "-" "Mozilla/5.0 (compatible; MJ12bot/v1.4.8; http://mj12bot.com/)"
216.73.216.158 - - [15/May/2026:08:05:52 -0400] "GET /artists/page/2/?fileloc=%2Fhome%2Fclavospa%2Fpublic_html%2Fingridbarajas.com%2Fwp-includes%2Fclass-wp-site.php&path=%2Fhome%2Fclavospa%2Fpublic_html%2Fingridbarajas.com%2Fwp-includes HTTP/1.1" 200 4576 "-" "Mozilla/5.0 AppleWebKit/537.36 (KHTML, like Gecko; compatible; ClaudeBot/1.0; +claudebot@anthropic.com)"
145.239.69.153 - - [15/May/2026:08:05:53 -0400] "GET /product-category/collage-mix-media/mix-media-collage-mix-media/?add-to-cart=1943&product_order=desc&product_count=12&product_orderby=default HTTP/1.1" 200 4333 "-" "Mozilla/5.0 (compatible; MJ12bot/v1.4.8; http://mj12bot.com/)"
103.53.31.182 - - [15/May/2026:08:05:54 -0400] "POST /xmlrpc.php HTTP/1.1" 200 72524 "-" "Jetpack by WordPress.com"
145.239.69.153 - - [15/May/2026:08:05:55 -0400] "GET /product-category/collage-mix-media/mix-media-collage-mix-media/?add-to-cart=1943&product_order=desc&product_count=12&product_orderby=default&product_view=grid HTTP/1.1" 200 4333 "-" "Mozilla/5.0 (compatible; MJ12bot/v1.4.8; http://mj12bot.com/)"
145.239.69.153 - - [15/May/2026:08:05:57 -0400] "GET /product-category/collage-mix-media/mix-media-collage-mix-media/?add-to-cart=1943&product_order=desc&product_count=12&product_orderby=default&product_view=list HTTP/1.1" 200 4333 "-" "Mozilla/5.0 (compatible; MJ12bot/v1.4.8; http://mj12bot.com/)"
216.73.216.158 - - [15/May/2026:08:05:57 -0400] "GET /artists/page/2/?fileloc=%2Fhome%2Fclavospa%2Fpublic_html%2Fingridbarajas.com%2Fwp-includes%2Fsitemaps.php&path=%2Fhome%2Fclavospa%2Fpublic_html%2Fingridbarajas.com%2Fwp-includes HTTP/1.1" 200 3525 "-" "Mozilla/5.0 AppleWebKit/537.36 (KHTML, like Gecko; compatible; ClaudeBot/1.0; +claudebot@anthropic.com)"
145.239.69.153 - - [15/May/2026:08:05:59 -0400] "GET /product-category/collage-mix-media/mix-media-collage-mix-media/?add-to-cart=1943&product_order=desc&product_count=12&product_orderby=name HTTP/1.1" 200 4333 "-" "Mozilla/5.0 (compatible; MJ12bot/v1.4.8; http://mj12bot.com/)"
145.239.69.153 - - [15/May/2026:08:06:00 -0400] "GET /product-category/collage-mix-media/mix-media-collage-mix-media/?add-to-cart=1943&product_order=desc&product_count=12&product_orderby=name&product_view=grid HTTP/1.1" 200 4333 "-" "Mozilla/5.0 (compatible; MJ12bot/v1.4.8; http://mj12bot.com/)"
145.239.69.153 - - [15/May/2026:08:06:02 -0400] "GET /product-category/collage-mix-media/mix-media-collage-mix-media/?add-to-cart=1943&product_order=desc&product_count=12&product_orderby=name&product_view=list HTTP/1.1" 200 4333 "-" "Mozilla/5.0 (compatible; MJ12bot/v1.4.8; http://mj12bot.com/)"
216.73.216.158 - - [15/May/2026:08:06:02 -0400] "GET /artists/page/2/?fileloc=%2Fhome%2Fclavospa%2Fpublic_html%2Fwp-admin%2Fcss%2Fsite-health.min.css&path=%2Fhome%2Fclavospa%2Fpublic_html%2Fwp-admin%2Fcss HTTP/1.1" 200 3945 "-" "Mozilla/5.0 AppleWebKit/537.36 (KHTML, like Gecko; compatible; ClaudeBot/1.0; +claudebot@anthropic.com)"
145.239.69.153 - - [15/May/2026:08:06:04 -0400] "GET /product-category/collage-mix-media/mix-media-collage-mix-media/?add-to-cart=1943&product_order=desc&product_count=12&product_orderby=popularity HTTP/1.1" 200 4333 "-" "Mozilla/5.0 (compatible; MJ12bot/v1.4.8; http://mj12bot.com/)"
103.53.31.182 - - [15/May/2026:08:06:05 -0400] "POST /xmlrpc.php HTTP/1.1" 200 72524 "-" "Jetpack by WordPress.com (Jetpack 13.0; WordPress 6.3)"
145.239.69.153 - - [15/May/2026:08:06:06 -0400] "GET /product-category/collage-mix-media/mix-media-collage-mix-media/?add-to-cart=1943&product_order=desc&product_count=12&product_orderby=popularity&product_view=grid HTTP/1.1" 200 4333 "-" "Mozilla/5.0 (compatible; MJ12bot/v1.4.8; http://mj12bot.com/)"
216.73.216.158 - - [15/May/2026:08:06:07 -0400] "GET /artists/page/2/?fileloc=%2Fhome%2Fclavospa%2Fpublic_html%2Fingridbarajas.com%2Fwp-includes%2Fregistration-functions.php&path=%2Fhome%2Fclavospa%2Fpublic_html%2Fingridbarajas.com%2Fwp-includes HTTP/1.1" 200 2639 "-" "Mozilla/5.0 AppleWebKit/537.36 (KHTML, like Gecko; compatible; ClaudeBot/1.0; +claudebot@anthropic.com)"
145.239.69.153 - - [15/May/2026:08:06:08 -0400] "GET /product-category/collage-mix-media/mix-media-collage-mix-media/?add-to-cart=1943&product_order=desc&product_count=12&product_orderby=popularity&product_view=list HTTP/1.1" 200 4333 "-" "Mozilla/5.0 (compatible; MJ12bot/v1.4.8; http://mj12bot.com/)"
114.119.163.186 - - [15/May/2026:08:06:09 -0400] "GET /2026/05/14/bonus-senza-base-impulsivo-confusione-scommesse-addirittura-slot-aprile-2026/ HTTP/1.1" 200 4333 "https://clavo.space/wp-sitemap-posts-post-1.xml" "Mozilla/5.0 (Linux; Android 7.0;) AppleWebKit/537.36 (HTML, like Gecko) Mobile Safari/537.36 (compatible; PetalBot;+https://webmaster.petalsearch.com/site/petalbot)"
145.239.69.153 - - [15/May/2026:08:06:10 -0400] "GET /product-category/collage-mix-media/mix-media-collage-mix-media/?add-to-cart=1943&product_order=desc&product_count=12&product_orderby=price HTTP/1.1" 200 4333 "-" "Mozilla/5.0 (compatible; MJ12bot/v1.4.8; http://mj12bot.com/)"
145.239.69.153 - - [15/May/2026:08:06:12 -0400] "GET /product-category/collage-mix-media/mix-media-collage-mix-media/?add-to-cart=1943&product_order=desc&product_count=12&product_orderby=price&product_view=grid HTTP/1.1" 200 4333 "-" "Mozilla/5.0 (compatible; MJ12bot/v1.4.8; http://mj12bot.com/)"
216.73.216.158 - - [15/May/2026:08:06:12 -0400] "GET /artists/page/2/?fileloc=%2Fhome%2Fclavospa%2Fpublic_html%2Fingridbarajas.com%2Fwp-includes%2Fcron.php&path=%2Fhome%2Fclavospa%2Fpublic_html%2Fingridbarajas.com%2Fwp-includes HTTP/1.1" 200 10662 "-" "Mozilla/5.0 AppleWebKit/537.36 (KHTML, like Gecko; compatible; ClaudeBot/1.0; +claudebot@anthropic.com)"
145.239.69.153 - - [15/May/2026:08:06:14 -0400] "GET /product-category/collage-mix-media/mix-media-collage-mix-media/?add-to-cart=1943&product_order=desc&product_count=12&product_orderby=price&product_view=list HTTP/1.1" 200 4333 "-" "Mozilla/5.0 (compatible; MJ12bot/v1.4.8; http://mj12bot.com/)"
145.239.69.153 - - [15/May/2026:08:06:15 -0400] "GET /product-category/collage-mix-media/mix-media-collage-mix-media/?add-to-cart=1943&product_order=desc&product_count=12&product_orderby=rating HTTP/1.1" 200 4333 "-" "Mozilla/5.0 (compatible; MJ12bot/v1.4.8; http://mj12bot.com/)"
103.53.31.182 - - [15/May/2026:08:06:16 -0400] "POST /xmlrpc.php HTTP/1.1" 200 72524 "-" "Jetpack by WordPress.com"
145.239.69.153 - - [15/May/2026:08:06:17 -0400] "GET /product-category/collage-mix-media/mix-media-collage-mix-media/?add-to-cart=1943&product_order=desc&product_count=12&product_orderby=rating&product_view=grid HTTP/1.1" 200 4333 "-" "Mozilla/5.0 (compatible; MJ12bot/v1.4.8; http://mj12bot.com/)"
216.73.216.158 - - [15/May/2026:08:06:17 -0400] "GET /artists/page/2/?fileloc=%2Fhome%2Fclavospa%2Fpublic_html%2Fingridbarajas.com%2Fwp-includes%2Fclass-phpmailer.php&path=%2Fhome%2Fclavospa%2Fpublic_html%2Fingridbarajas.com%2Fwp-includes HTTP/1.1" 200 2757 "-" "Mozilla/5.0 AppleWebKit/537.36 (KHTML, like Gecko; compatible; ClaudeBot/1.0; +claudebot@anthropic.com)"
145.239.69.153 - - [15/May/2026:08:06:19 -0400] "GET /product-category/collage-mix-media/mix-media-collage-mix-media/?add-to-cart=1943&product_order=desc&product_count=12&product_orderby=rating&product_view=list HTTP/1.1" 200 4333 "-" "Mozilla/5.0 (compatible; MJ12bot/v1.4.8; http://mj12bot.com/)"
145.239.69.153 - - [15/May/2026:08:06:21 -0400] "GET /product-category/collage-mix-media/mix-media-collage-mix-media/?add-to-cart=1943&product_order=desc&product_count=12&product_view=grid HTTP/1.1" 200 4333 "-" "Mozilla/5.0 (compatible; MJ12bot/v1.4.8; http://mj12bot.com/)"
216.73.216.158 - - [15/May/2026:08:06:22 -0400] "GET /artists/page/2/?fileloc=%2Fhome%2Fclavospa%2Fpublic_html%2Fingridbarajas.com%2Fwp-includes%2Fclass-wp-roles.php&path=%2Fhome%2Fclavospa%2Fpublic_html%2Fingridbarajas.com%2Fwp-includes HTTP/1.1" 200 5040 "-" "Mozilla/5.0 AppleWebKit/537.36 (KHTML, like Gecko; compatible; ClaudeBot/1.0; +claudebot@anthropic.com)"
145.239.69.153 - - [15/May/2026:08:06:23 -0400] "GET /product-category/collage-mix-media/mix-media-collage-mix-media/?add-to-cart=1943&product_order=desc&product_count=12&product_view=grid&product_orderby=date HTTP/1.1" 200 4333 "-" "Mozilla/5.0 (compatible; MJ12bot/v1.4.8; http://mj12bot.com/)"
145.239.69.153 - - [15/May/2026:08:06:25 -0400] "GET /product-category/collage-mix-media/mix-media-collage-mix-media/?add-to-cart=1943&product_order=desc&product_count=12&product_view=grid&product_orderby=default HTTP/1.1" 200 4333 "-" "Mozilla/5.0 (compatible; MJ12bot/v1.4.8; http://mj12bot.com/)"
145.239.69.153 - - [15/May/2026:08:06:26 -0400] "GET /product-category/collage-mix-media/mix-media-collage-mix-media/?add-to-cart=1943&product_order=desc&product_count=12&product_view=grid&product_orderby=name HTTP/1.1" 200 4333 "-" "Mozilla/5.0 (compatible; MJ12bot/v1.4.8; http://mj12bot.com/)"
103.53.31.182 - - [15/May/2026:08:06:27 -0400] "POST /xmlrpc.php HTTP/1.1" 200 72524 "-" "Jetpack by WordPress.com (Jetpack 13.0; WordPress 6.1)"
216.73.216.158 - - [15/May/2026:08:06:27 -0400] "GET /artists/page/2/?fileloc=%2Fhome%2Fclavospa%2Fpublic_html%2Fingridbarajas.com%2Fwp-includes%2Ftheme-templates.php&path=%2Fhome%2Fclavospa%2Fpublic_html%2Fingridbarajas.com%2Fwp-includes HTTP/1.1" 200 4810 "-" "Mozilla/5.0 AppleWebKit/537.36 (KHTML, like Gecko; compatible; ClaudeBot/1.0; +claudebot@anthropic.com)"
145.239.69.153 - - [15/May/2026:08:06:28 -0400] "GET /product-category/collage-mix-media/mix-media-collage-mix-media/?add-to-cart=1943&product_order=desc&product_count=12&product_view=grid&product_orderby=popularity HTTP/1.1" 200 4333 "-" "Mozilla/5.0 (compatible; MJ12bot/v1.4.8; http://mj12bot.com/)"
145.239.69.153 - - [15/May/2026:08:06:30 -0400] "GET /product-category/collage-mix-media/mix-media-collage-mix-media/?add-to-cart=1943&product_order=desc&product_count=12&product_view=grid&product_orderby=price HTTP/1.1" 200 4333 "-" "Mozilla/5.0 (compatible; MJ12bot/v1.4.8; http://mj12bot.com/)"
185.191.171.16 - - [15/May/2026:08:06:30 -0400] "GET /events/tag/art/list/?tribe-bar-date=2022-12-19 HTTP/1.1" 200 4333 "-" "Mozilla/5.0 (compatible; SemrushBot/7~bl; +http://www.semrush.com/bot.html)"
145.239.69.153 - - [15/May/2026:08:06:32 -0400] "GET /product-category/collage-mix-media/mix-media-collage-mix-media/?add-to-cart=1943&product_order=desc&product_count=12&product_view=grid&product_orderby=rating HTTP/1.1" 200 4333 "-" "Mozilla/5.0 (compatible; MJ12bot/v1.4.8; http://mj12bot.com/)"
216.73.216.158 - - [15/May/2026:08:06:32 -0400] "GET /artists/page/2/?fileloc=%2Fhome%2Fclavospa%2Fpublic_html%2Fingridbarajas.com%2Fwp-includes%2Fclass-wp-role.php&path=%2Fhome%2Fclavospa%2Fpublic_html%2Fingridbarajas.com%2Fwp-includes HTTP/1.1" 200 3235 "-" "Mozilla/5.0 AppleWebKit/537.36 (KHTML, like Gecko; compatible; ClaudeBot/1.0; +claudebot@anthropic.com)"
145.239.69.153 - - [15/May/2026:08:06:34 -0400] "GET /product-category/collage-mix-media/mix-media-collage-mix-media/?add-to-cart=1943&product_order=desc&product_count=12&product_view=list HTTP/1.1" 200 4333 "-" "Mozilla/5.0 (compatible; MJ12bot/v1.4.8; http://mj12bot.com/)"
145.239.69.153 - - [15/May/2026:08:06:35 -0400] "GET /product-category/collage-mix-media/mix-media-collage-mix-media/?add-to-cart=1943&product_order=desc&product_count=12&product_view=list&product_orderby=date HTTP/1.1" 200 4333 "-" "Mozilla/5.0 (compatible; MJ12bot/v1.4.8; http://mj12bot.com/)"
145.239.69.153 - - [15/May/2026:08:06:37 -0400] "GET /product-category/collage-mix-media/mix-media-collage-mix-media/?add-to-cart=1943&product_order=desc&product_count=12&product_view=list&product_orderby=default HTTP/1.1" 200 4333 "-" "Mozilla/5.0 (compatible; MJ12bot/v1.4.8; http://mj12bot.com/)"
216.73.216.158 - - [15/May/2026:08:06:37 -0400] "GET /artists/page/2/?fileloc=%2Fhome%2Fclavospa%2Fpublic_html%2Fingridbarajas.com%2Fwp-includes%2Fclass-smtp.php&path=%2Fhome%2Fclavospa%2Fpublic_html%2Fingridbarajas.com%2Fwp-includes HTTP/1.1" 200 2704 "-" "Mozilla/5.0 AppleWebKit/537.36 (KHTML, like Gecko; compatible; ClaudeBot/1.0; +claudebot@anthropic.com)"
103.53.31.182 - - [15/May/2026:08:06:37 -0400] "POST /xmlrpc.php HTTP/1.1" 200 72524 "-" "Jetpack by WordPress.com (Jetpack 12.5; WordPress 6.4)"
85.208.96.197 - - [15/May/2026:08:06:38 -0400] "GET /events/category/exhibition/list/?tribe-bar-date=2027-03-30 HTTP/1.1" 200 4333 "-" "Mozilla/5.0 (compatible; SemrushBot/7~bl; +http://www.semrush.com/bot.html)"
145.239.69.153 - - [15/May/2026:08:06:39 -0400] "GET /product-category/collage-mix-media/mix-media-collage-mix-media/?add-to-cart=1943&product_order=desc&product_count=12&product_view=list&product_orderby=name HTTP/1.1" 200 4333 "-" "Mozilla/5.0 (compatible; MJ12bot/v1.4.8; http://mj12bot.com/)"
145.239.69.153 - - [15/May/2026:08:06:41 -0400] "GET /product-category/collage-mix-media/mix-media-collage-mix-media/?add-to-cart=1943&product_order=desc&product_count=12&product_view=list&product_orderby=popularity HTTP/1.1" 200 4333 "-" "Mozilla/5.0 (compatible; MJ12bot/v1.4.8; http://mj12bot.com/)"
145.239.69.153 - - [15/May/2026:08:06:42 -0400] "GET /product-category/collage-mix-media/mix-media-collage-mix-media/?add-to-cart=1943&product_order=desc&product_count=12&product_view=list&product_orderby=price HTTP/1.1" 200 4333 "-" "Mozilla/5.0 (compatible; MJ12bot/v1.4.8; http://mj12bot.com/)"
85.208.96.193 - - [15/May/2026:08:06:42 -0400] "GET /events/category/exhibition/list/?tribe-bar-date=2024-08-27 HTTP/1.1" 200 4333 "-" "Mozilla/5.0 (compatible; SemrushBot/7~bl; +http://www.semrush.com/bot.html)"
216.73.216.158 - - [15/May/2026:08:06:43 -0400] "GET /artists/page/2/?fileloc=%2Fhome%2Fclavospa%2Fpublic_html%2Fwp-admin%2Fpost.php&path=%2Fhome%2Fclavospa%2Fpublic_html%2Fwp-admin HTTP/1.1" 200 5478 "-" "Mozilla/5.0 AppleWebKit/537.36 (KHTML, like Gecko; compatible; ClaudeBot/1.0; +claudebot@anthropic.com)"
145.239.69.153 - - [15/May/2026:08:06:44 -0400] "GET /product-category/collage-mix-media/mix-media-collage-mix-media/?add-to-cart=1943&product_order=desc&product_count=12&product_view=list&product_orderby=rating HTTP/1.1" 200 4333 "-" "Mozilla/5.0 (compatible; MJ12bot/v1.4.8; http://mj12bot.com/)"
145.239.69.153 - - [15/May/2026:08:06:46 -0400] "GET /product-category/collage-mix-media/mix-media-collage-mix-media/?add-to-cart=1943&product_order=desc&product_count=24&product_orderby=date HTTP/1.1" 200 4333 "-" "Mozilla/5.0 (compatible; MJ12bot/v1.4.8; http://mj12bot.com/)"
216.73.216.158 - - [15/May/2026:08:06:48 -0400] "GET /artists/page/2/?fileloc=%2Fhome%2Fclavospa%2Fpublic_html%2Fwp-includes%2Fuser.php&path=%2Fhome%2Fclavospa%2Fpublic_html%2Fwp-includes HTTP/1.1" 200 39939 "-" "Mozilla/5.0 AppleWebKit/537.36 (KHTML, like Gecko; compatible; ClaudeBot/1.0; +claudebot@anthropic.com)"
145.239.69.153 - - [15/May/2026:08:06:48 -0400] "GET /product-category/collage-mix-media/mix-media-collage-mix-media/?add-to-cart=1943&product_order=desc&product_count=24&product_orderby=date&product_view=grid HTTP/1.1" 200 4333 "-" "Mozilla/5.0 (compatible; MJ12bot/v1.4.8; http://mj12bot.com/)"
103.53.31.182 - - [15/May/2026:08:06:48 -0400] "POST /xmlrpc.php HTTP/1.1" 200 72524 "-" "Jetpack by WordPress.com (Jetpack 12.1; WordPress 6.2)"
85.208.96.193 - - [15/May/2026:08:06:50 -0400] "GET /events/tag/opening/day/2022-05-16/ HTTP/1.1" 200 4333 "-" "Mozilla/5.0 (compatible; SemrushBot/7~bl; +http://www.semrush.com/bot.html)"
145.239.69.153 - - [15/May/2026:08:06:50 -0400] "GET /product-category/collage-mix-media/mix-media-collage-mix-media/?add-to-cart=1943&product_order=desc&product_count=24&product_orderby=date&product_view=list HTTP/1.1" 200 4333 "-" "Mozilla/5.0 (compatible; MJ12bot/v1.4.8; http://mj12bot.com/)"
145.239.69.153 - - [15/May/2026:08:06:52 -0400] "GET /product-category/collage-mix-media/mix-media-collage-mix-media/?add-to-cart=1943&product_order=desc&product_count=24&product_orderby=default HTTP/1.1" 200 4333 "-" "Mozilla/5.0 (compatible; MJ12bot/v1.4.8; http://mj12bot.com/)"
216.73.216.158 - - [15/May/2026:08:06:53 -0400] "GET /artists/page/2/?fileloc=%2Fhome%2Fclavospa%2Fpublic_html%2Fwp-includes%2Ffunctions.wp-styles.php&path=%2Fhome%2Fclavospa%2Fpublic_html%2Fwp-includes HTTP/1.1" 200 4785 "-" "Mozilla/5.0 AppleWebKit/537.36 (KHTML, like Gecko; compatible; ClaudeBot/1.0; +claudebot@anthropic.com)"
145.239.69.153 - - [15/May/2026:08:06:54 -0400] "GET /product-category/collage-mix-media/mix-media-collage-mix-media/?add-to-cart=1943&product_order=desc&product_count=24&product_orderby=default&product_view=grid HTTP/1.1" 200 4333 "-" "Mozilla/5.0 (compatible; MJ12bot/v1.4.8; http://mj12bot.com/)"
145.239.69.153 - - [15/May/2026:08:06:56 -0400] "GET /product-category/collage-mix-media/mix-media-collage-mix-media/?add-to-cart=1943&product_order=desc&product_count=24&product_orderby=default&product_view=list HTTP/1.1" 200 4333 "-" "Mozilla/5.0 (compatible; MJ12bot/v1.4.8; http://mj12bot.com/)"
145.239.69.153 - - [15/May/2026:08:06:57 -0400] "GET /product-category/collage-mix-media/mix-media-collage-mix-media/?add-to-cart=1943&product_order=desc&product_count=24&product_orderby=name HTTP/1.1" 200 4333 "-" "Mozilla/5.0 (compatible; MJ12bot/v1.4.8; http://mj12bot.com/)"
216.73.216.158 - - [15/May/2026:08:06:58 -0400] "GET /artists/page/2/?fileloc=%2Fhome%2Fclavospa%2Fpublic_html%2Fwp-includes%2Fadmin-bar.php&path=%2Fhome%2Fclavospa%2Fpublic_html%2Fwp-includes HTTP/1.1" 200 10869 "-" "Mozilla/5.0 AppleWebKit/537.36 (KHTML, like Gecko; compatible; ClaudeBot/1.0; +claudebot@anthropic.com)"
103.53.31.182 - - [15/May/2026:08:06:59 -0400] "POST /xmlrpc.php HTTP/1.1" 200 72524 "-" "Jetpack/12.5; WordPress/6.3; http://site37339752.com"
145.239.69.153 - - [15/May/2026:08:06:59 -0400] "GET /product-category/collage-mix-media/mix-media-collage-mix-media/?add-to-cart=1943&product_order=desc&product_count=24&product_orderby=name&product_view=grid HTTP/1.1" 200 4333 "-" "Mozilla/5.0 (compatible; MJ12bot/v1.4.8; http://mj12bot.com/)"
145.239.69.153 - - [15/May/2026:08:07:01 -0400] "GET /product-category/collage-mix-media/mix-media-collage-mix-media/?add-to-cart=1943&product_order=desc&product_count=24&product_orderby=name&product_view=list HTTP/1.1" 200 4333 "-" "Mozilla/5.0 (compatible; MJ12bot/v1.4.8; http://mj12bot.com/)"
216.73.216.158 - - [15/May/2026:08:07:03 -0400] "GET /artists/page/2/?fileloc=%2Fhome%2Fclavospa%2Fpublic_html%2Fwp-includes%2Fdate.php&path=%2Fhome%2Fclavospa%2Fpublic_html%2Fwp-includes HTTP/1.1" 200 2701 "-" "Mozilla/5.0 AppleWebKit/537.36 (KHTML, like Gecko; compatible; ClaudeBot/1.0; +claudebot@anthropic.com)"
