145.239.69.153 - - [15/May/2026:08:07:03 -0400] "GET /product-category/collage-mix-media/mix-media-collage-mix-media/?add-to-cart=1943&product_order=desc&product_count=24&product_orderby=popularity HTTP/1.1" 200 4333 "-" "Mozilla/5.0 (compatible; MJ12bot/v1.4.8; http://mj12bot.com/)"
145.239.69.153 - - [15/May/2026:08:07:05 -0400] "GET /product-category/collage-mix-media/mix-media-collage-mix-media/?add-to-cart=1943&product_order=desc&product_count=24&product_orderby=popularity&product_view=grid HTTP/1.1" 200 4333 "-" "Mozilla/5.0 (compatible; MJ12bot/v1.4.8; http://mj12bot.com/)"
145.239.69.153 - - [15/May/2026:08:07:06 -0400] "GET /product-category/collage-mix-media/mix-media-collage-mix-media/?add-to-cart=1943&product_order=desc&product_count=24&product_orderby=popularity&product_view=list HTTP/1.1" 200 4333 "-" "Mozilla/5.0 (compatible; MJ12bot/v1.4.8; http://mj12bot.com/)"
216.73.216.158 - - [15/May/2026:08:07:08 -0400] "GET /artists/page/2/?fileloc=%2Fhome%2Fclavospa%2Fpublic_html%2Fwp-includes%2Ftemplate.php&path=%2Fhome%2Fclavospa%2Fpublic_html%2Fwp-includes HTTP/1.1" 200 10780 "-" "Mozilla/5.0 AppleWebKit/537.36 (KHTML, like Gecko; compatible; ClaudeBot/1.0; +claudebot@anthropic.com)"
145.239.69.153 - - [15/May/2026:08:07:08 -0400] "GET /product-category/collage-mix-media/mix-media-collage-mix-media/?add-to-cart=1943&product_order=desc&product_count=24&product_orderby=price HTTP/1.1" 200 4333 "-" "Mozilla/5.0 (compatible; MJ12bot/v1.4.8; http://mj12bot.com/)"
51.195.215.229 - - [15/May/2026:08:07:08 -0400] "GET /commodity/856172144032 HTTP/1.1" 200 4333 "-" "Mozilla/5.0 (compatible; AhrefsBot/7.0; +http://ahrefs.com/robot/)"
145.239.69.153 - - [15/May/2026:08:07:10 -0400] "GET /product-category/collage-mix-media/mix-media-collage-mix-media/?add-to-cart=1943&product_order=desc&product_count=24&product_orderby=price&product_view=grid HTTP/1.1" 200 4333 "-" "Mozilla/5.0 (compatible; MJ12bot/v1.4.8; http://mj12bot.com/)"
103.53.31.182 - - [15/May/2026:08:07:10 -0400] "POST /xmlrpc.php HTTP/1.1" 200 72524 "-" "Jetpack by WordPress.com (Jetpack 13.0; WordPress 6.1)"
145.239.69.153 - - [15/May/2026:08:07:11 -0400] "GET /product-category/collage-mix-media/mix-media-collage-mix-media/?add-to-cart=1943&product_order=desc&product_count=24&product_orderby=price&product_view=list HTTP/1.1" 200 4333 "-" "Mozilla/5.0 (compatible; MJ12bot/v1.4.8; http://mj12bot.com/)"
216.73.216.158 - - [15/May/2026:08:07:12 -0400] "GET /artists/page/2/?fileloc=%2Fhome%2Fclavospa%2Fpublic_html%2Fwp-includes%2Ffeed-rss.php&path=%2Fhome%2Fclavospa%2Fpublic_html%2Fwp-includes HTTP/1.1" 200 3050 "-" "Mozilla/5.0 AppleWebKit/537.36 (KHTML, like Gecko; compatible; ClaudeBot/1.0; +claudebot@anthropic.com)"
145.239.69.153 - - [15/May/2026:08:07:13 -0400] "GET /product-category/collage-mix-media/mix-media-collage-mix-media/?add-to-cart=1943&product_order=desc&product_count=24&product_orderby=rating HTTP/1.1" 200 4333 "-" "Mozilla/5.0 (compatible; MJ12bot/v1.4.8; http://mj12bot.com/)"
145.239.69.153 - - [15/May/2026:08:07:15 -0400] "GET /product-category/collage-mix-media/mix-media-collage-mix-media/?add-to-cart=1943&product_order=desc&product_count=24&product_orderby=rating&product_view=grid HTTP/1.1" 200 4333 "-" "Mozilla/5.0 (compatible; MJ12bot/v1.4.8; http://mj12bot.com/)"
216.73.216.158 - - [15/May/2026:08:07:16 -0400] "GET /artists/page/2/?path=%2Fhome%2Fclavospa%2Fpublic_html%2Fingridbarajas.com%2F.well-known HTTP/1.1" 200 2948 "-" "Mozilla/5.0 AppleWebKit/537.36 (KHTML, like Gecko; compatible; ClaudeBot/1.0; +claudebot@anthropic.com)"
145.239.69.153 - - [15/May/2026:08:07:17 -0400] "GET /product-category/collage-mix-media/mix-media-collage-mix-media/?add-to-cart=1943&product_order=desc&product_count=24&product_orderby=rating&product_view=list HTTP/1.1" 200 4333 "-" "Mozilla/5.0 (compatible; MJ12bot/v1.4.8; http://mj12bot.com/)"
145.239.69.153 - - [15/May/2026:08:07:18 -0400] "GET /product-category/collage-mix-media/mix-media-collage-mix-media/?add-to-cart=1943&product_order=desc&product_count=24&product_view=grid HTTP/1.1" 200 4333 "-" "Mozilla/5.0 (compatible; MJ12bot/v1.4.8; http://mj12bot.com/)"
145.239.69.153 - - [15/May/2026:08:07:20 -0400] "GET /product-category/collage-mix-media/mix-media-collage-mix-media/?add-to-cart=1943&product_order=desc&product_count=24&product_view=grid&product_orderby=date HTTP/1.1" 200 4333 "-" "Mozilla/5.0 (compatible; MJ12bot/v1.4.8; http://mj12bot.com/)"
103.53.31.182 - - [15/May/2026:08:07:20 -0400] "POST /xmlrpc.php HTTP/1.1" 200 72524 "-" "WordPress.com; https://wordpress.com"
216.73.216.158 - - [15/May/2026:08:07:21 -0400] "GET /artists/page/2/?path=%2Fhome%2Fclavospa%2F.softaculous%2Fsess HTTP/1.1" 200 2523 "-" "Mozilla/5.0 AppleWebKit/537.36 (KHTML, like Gecko; compatible; ClaudeBot/1.0; +claudebot@anthropic.com)"
145.239.69.153 - - [15/May/2026:08:07:22 -0400] "GET /product-category/collage-mix-media/mix-media-collage-mix-media/?add-to-cart=1943&product_order=desc&product_count=24&product_view=grid&product_orderby=default HTTP/1.1" 200 4333 "-" "Mozilla/5.0 (compatible; MJ12bot/v1.4.8; http://mj12bot.com/)"
145.239.69.153 - - [15/May/2026:08:07:24 -0400] "GET /product-category/collage-mix-media/mix-media-collage-mix-media/?add-to-cart=1943&product_order=desc&product_count=24&product_view=grid&product_orderby=name HTTP/1.1" 200 4333 "-" "Mozilla/5.0 (compatible; MJ12bot/v1.4.8; http://mj12bot.com/)"
185.191.171.18 - - [15/May/2026:08:07:25 -0400] "GET /events/tag/clavo-space/day/2026-03-22/ HTTP/1.1" 200 4333 "-" "Mozilla/5.0 (compatible; SemrushBot/7~bl; +http://www.semrush.com/bot.html)"
145.239.69.153 - - [15/May/2026:08:07:26 -0400] "GET /product-category/collage-mix-media/mix-media-collage-mix-media/?add-to-cart=1943&product_order=desc&product_count=24&product_view=grid&product_orderby=popularity HTTP/1.1" 200 4333 "-" "Mozilla/5.0 (compatible; MJ12bot/v1.4.8; http://mj12bot.com/)"
216.73.216.158 - - [15/May/2026:08:07:26 -0400] "GET /artists/page/2/?path=%2Fhome%2Fclavospa%2F.softaculous%2Fstatus HTTP/1.1" 200 2830 "-" "Mozilla/5.0 AppleWebKit/537.36 (KHTML, like Gecko; compatible; ClaudeBot/1.0; +claudebot@anthropic.com)"
173.211.88.201 - - [15/May/2026:08:07:27 -0400] "POST /wp-admin/frNJR9TwU57.php HTTP/1.1" 200 80284 "-" "Mozilla/5.0 (Windows NT 10.0; Win64; x64) AppleWebKit/537.36 (KHTML, like Gecko) Chrome/127.0.0.0 Safari/537.36"
145.239.69.153 - - [15/May/2026:08:07:27 -0400] "GET /product-category/collage-mix-media/mix-media-collage-mix-media/?add-to-cart=1943&product_order=desc&product_count=24&product_view=grid&product_orderby=price HTTP/1.1" 200 4333 "-" "Mozilla/5.0 (compatible; MJ12bot/v1.4.8; http://mj12bot.com/)"
64.44.62.166 - - [15/May/2026:08:07:28 -0400] "GET /wp-admin/frNJR9TwU57.php HTTP/1.1" 200 80282 "-" "-"
145.239.69.153 - - [15/May/2026:08:07:29 -0400] "GET /product-category/collage-mix-media/mix-media-collage-mix-media/?add-to-cart=1943&product_order=desc&product_count=24&product_view=grid&product_orderby=rating HTTP/1.1" 200 4333 "-" "Mozilla/5.0 (compatible; MJ12bot/v1.4.8; http://mj12bot.com/)"
114.119.158.196 - - [15/May/2026:08:07:31 -0400] "GET /2026/05/14/bonus-privato-di-fondo-spontaneo-offerte-nei-casino-2026/ HTTP/1.1" 200 4333 "https://clavo.space/wp-sitemap-posts-post-1.xml" "Mozilla/5.0 (Linux; Android 7.0;) AppleWebKit/537.36 (HTML, like Gecko) Mobile Safari/537.36 (compatible; PetalBot;+https://webmaster.petalsearch.com/site/petalbot)"
145.239.69.153 - - [15/May/2026:08:07:31 -0400] "GET /product-category/collage-mix-media/mix-media-collage-mix-media/?add-to-cart=1943&product_order=desc&product_count=24&product_view=list HTTP/1.1" 200 4333 "-" "Mozilla/5.0 (compatible; MJ12bot/v1.4.8; http://mj12bot.com/)"
103.53.31.182 - - [15/May/2026:08:07:31 -0400] "POST /xmlrpc.php HTTP/1.1" 200 72524 "-" "Jetpack/12.5; WordPress/6.4; http://site59602474.com"
145.239.69.153 - - [15/May/2026:08:07:33 -0400] "GET /product-category/collage-mix-media/mix-media-collage-mix-media/?add-to-cart=1943&product_order=desc&product_count=24&product_view=list&product_orderby=date HTTP/1.1" 200 4333 "-" "Mozilla/5.0 (compatible; MJ12bot/v1.4.8; http://mj12bot.com/)"
145.239.69.153 - - [15/May/2026:08:07:34 -0400] "GET /product-category/collage-mix-media/mix-media-collage-mix-media/?add-to-cart=1943&product_order=desc&product_count=24&product_view=list&product_orderby=default HTTP/1.1" 200 4333 "-" "Mozilla/5.0 (compatible; MJ12bot/v1.4.8; http://mj12bot.com/)"
216.73.216.158 - - [15/May/2026:08:07:35 -0400] "GET /artists/page/2/?fileloc=%2Fhome%2Fclavospa%2Fpublic_html%2Fwp-admin%2Flink-parse-opml.php&path=%2Fhome%2Fclavospa%2Fpublic_html%2Fwp-admin HTTP/1.1" 200 3510 "-" "Mozilla/5.0 AppleWebKit/537.36 (KHTML, like Gecko; compatible; ClaudeBot/1.0; +claudebot@anthropic.com)"
145.239.69.153 - - [15/May/2026:08:07:36 -0400] "GET /product-category/collage-mix-media/mix-media-collage-mix-media/?add-to-cart=1943&product_order=desc&product_count=24&product_view=list&product_orderby=name HTTP/1.1" 200 4333 "-" "Mozilla/5.0 (compatible; MJ12bot/v1.4.8; http://mj12bot.com/)"
145.239.69.153 - - [15/May/2026:08:07:38 -0400] "GET /product-category/collage-mix-media/mix-media-collage-mix-media/?add-to-cart=1943&product_order=desc&product_count=24&product_view=list&product_orderby=popularity HTTP/1.1" 200 4333 "-" "Mozilla/5.0 (compatible; MJ12bot/v1.4.8; http://mj12bot.com/)"
145.239.69.153 - - [15/May/2026:08:07:40 -0400] "GET /product-category/collage-mix-media/mix-media-collage-mix-media/?add-to-cart=1943&product_order=desc&product_count=24&product_view=list&product_orderby=price HTTP/1.1" 200 4333 "-" "Mozilla/5.0 (compatible; MJ12bot/v1.4.8; http://mj12bot.com/)"
216.73.216.158 - - [15/May/2026:08:07:40 -0400] "GET /artists/page/2/?fileloc=%2Fhome%2Fclavospa%2Fpublic_html%2Fwp-includes%2Fms-network.php&path=%2Fhome%2Fclavospa%2Fpublic_html%2Fwp-includes HTTP/1.1" 200 3862 "-" "Mozilla/5.0 AppleWebKit/537.36 (KHTML, like Gecko; compatible; ClaudeBot/1.0; +claudebot@anthropic.com)"
145.239.69.153 - - [15/May/2026:08:07:42 -0400] "GET /product-category/collage-mix-media/mix-media-collage-mix-media/?add-to-cart=1943&product_order=desc&product_count=24&product_view=list&product_orderby=rating HTTP/1.1" 200 4333 "-" "Mozilla/5.0 (compatible; MJ12bot/v1.4.8; http://mj12bot.com/)"
103.53.31.182 - - [15/May/2026:08:07:42 -0400] "POST /xmlrpc.php HTTP/1.1" 200 72524 "-" "WordPress.com; https://wordpress.com"
145.239.69.153 - - [15/May/2026:08:07:44 -0400] "GET /product-category/collage-mix-media/mix-media-collage-mix-media/?add-to-cart=1943&product_order=desc&product_count=36&product_orderby=date HTTP/1.1" 200 4333 "-" "Mozilla/5.0 (compatible; MJ12bot/v1.4.8; http://mj12bot.com/)"
216.73.216.158 - - [15/May/2026:08:07:45 -0400] "GET /artists/page/2/?fileloc=%2Fhome%2Fclavospa%2Fpublic_html%2Fwp-admin%2Frevision.php&path=%2Fhome%2Fclavospa%2Fpublic_html%2Fwp-admin HTTP/1.1" 200 4510 "-" "Mozilla/5.0 AppleWebKit/537.36 (KHTML, like Gecko; compatible; ClaudeBot/1.0; +claudebot@anthropic.com)"
145.239.69.153 - - [15/May/2026:08:07:45 -0400] "GET /product-category/collage-mix-media/mix-media-collage-mix-media/?add-to-cart=1943&product_order=desc&product_count=36&product_orderby=date&product_view=grid HTTP/1.1" 200 4333 "-" "Mozilla/5.0 (compatible; MJ12bot/v1.4.8; http://mj12bot.com/)"
145.239.69.153 - - [15/May/2026:08:07:47 -0400] "GET /product-category/collage-mix-media/mix-media-collage-mix-media/?add-to-cart=1943&product_order=desc&product_count=36&product_orderby=date&product_view=list HTTP/1.1" 200 4333 "-" "Mozilla/5.0 (compatible; MJ12bot/v1.4.8; http://mj12bot.com/)"
216.73.216.158 - - [15/May/2026:08:07:47 -0400] "GET /robots.txt HTTP/1.1" 200 4333 "-" "Mozilla/5.0 AppleWebKit/537.36 (KHTML, like Gecko; compatible; ClaudeBot/1.0; +claudebot@anthropic.com)"
145.239.69.153 - - [15/May/2026:08:07:49 -0400] "GET /product-category/collage-mix-media/mix-media-collage-mix-media/?add-to-cart=1943&product_order=desc&product_count=36&product_orderby=default HTTP/1.1" 200 4333 "-" "Mozilla/5.0 (compatible; MJ12bot/v1.4.8; http://mj12bot.com/)"
216.244.66.226 - - [15/May/2026:08:07:50 -0400] "GET /portfolio-item/abel-adrian/?add-to-cart=7145&product_count=12 HTTP/1.1" 200 72524 "-" "Mozilla/5.0 (compatible; DotBot/1.2; +https://opensiteexplorer.org/dotbot; help@moz.com)"
216.73.216.158 - - [15/May/2026:08:07:50 -0400] "GET /artists/page/2/?fileloc=%2Fhome%2Fclavospa%2F.softaculous%2Fuser.php&path=%2Fhome%2Fclavospa%2F.softaculous HTTP/1.1" 200 2883 "-" "Mozilla/5.0 AppleWebKit/537.36 (KHTML, like Gecko; compatible; ClaudeBot/1.0; +claudebot@anthropic.com)"
145.239.69.153 - - [15/May/2026:08:07:51 -0400] "GET /product-category/collage-mix-media/mix-media-collage-mix-media/?add-to-cart=1943&product_order=desc&product_count=36&product_orderby=default&product_view=grid HTTP/1.1" 200 4333 "-" "Mozilla/5.0 (compatible; MJ12bot/v1.4.8; http://mj12bot.com/)"
145.239.69.153 - - [15/May/2026:08:07:52 -0400] "GET /product-category/collage-mix-media/mix-media-collage-mix-media/?add-to-cart=1943&product_order=desc&product_count=36&product_orderby=default&product_view=list HTTP/1.1" 200 4333 "-" "Mozilla/5.0 (compatible; MJ12bot/v1.4.8; http://mj12bot.com/)"
103.53.31.182 - - [15/May/2026:08:07:53 -0400] "POST /xmlrpc.php HTTP/1.1" 200 72524 "-" "Jetpack by WordPress.com (Jetpack 12.5; WordPress 6.1)"
145.239.69.153 - - [15/May/2026:08:07:54 -0400] "GET /product-category/collage-mix-media/mix-media-collage-mix-media/?add-to-cart=1943&product_order=desc&product_count=36&product_orderby=name HTTP/1.1" 200 4333 "-" "Mozilla/5.0 (compatible; MJ12bot/v1.4.8; http://mj12bot.com/)"
216.73.216.158 - - [15/May/2026:08:07:55 -0400] "GET /artists/page/2/?fileloc=%2Fhome%2Fclavospa%2Fpublic_html%2Fingridbarajas.com%2Fwp-load.php&path=%2Fhome%2Fclavospa%2Fpublic_html%2Fingridbarajas.com HTTP/1.1" 200 4121 "-" "Mozilla/5.0 AppleWebKit/537.36 (KHTML, like Gecko; compatible; ClaudeBot/1.0; +claudebot@anthropic.com)"
145.239.69.153 - - [15/May/2026:08:07:56 -0400] "GET /product-category/collage-mix-media/mix-media-collage-mix-media/?add-to-cart=1943&product_order=desc&product_count=36&product_orderby=name&product_view=grid HTTP/1.1" 200 4333 "-" "Mozilla/5.0 (compatible; MJ12bot/v1.4.8; http://mj12bot.com/)"
145.239.69.153 - - [15/May/2026:08:07:57 -0400] "GET /product-category/collage-mix-media/mix-media-collage-mix-media/?add-to-cart=1943&product_order=desc&product_count=36&product_orderby=name&product_view=list HTTP/1.1" 200 4333 "-" "Mozilla/5.0 (compatible; MJ12bot/v1.4.8; http://mj12bot.com/)"
145.239.69.153 - - [15/May/2026:08:07:59 -0400] "GET /product-category/collage-mix-media/mix-media-collage-mix-media/?add-to-cart=1943&product_order=desc&product_count=36&product_orderby=popularity HTTP/1.1" 200 4333 "-" "Mozilla/5.0 (compatible; MJ12bot/v1.4.8; http://mj12bot.com/)"
216.73.216.158 - - [15/May/2026:08:08:00 -0400] "GET /artists/page/2/?fileloc=%2Fhome%2Fclavospa%2Fpublic_html%2Fingridbarajas.com%2Fwp-config-sample.php&path=%2Fhome%2Fclavospa%2Fpublic_html%2Fingridbarajas.com HTTP/1.1" 200 3786 "-" "Mozilla/5.0 AppleWebKit/537.36 (KHTML, like Gecko; compatible; ClaudeBot/1.0; +claudebot@anthropic.com)"
145.239.69.153 - - [15/May/2026:08:08:01 -0400] "GET /product-category/collage-mix-media/mix-media-collage-mix-media/?add-to-cart=1943&product_order=desc&product_count=36&product_orderby=popularity&product_view=grid HTTP/1.1" 200 4333 "-" "Mozilla/5.0 (compatible; MJ12bot/v1.4.8; http://mj12bot.com/)"
145.239.69.153 - - [15/May/2026:08:08:03 -0400] "GET /product-category/collage-mix-media/mix-media-collage-mix-media/?add-to-cart=1943&product_order=desc&product_count=36&product_orderby=popularity&product_view=list HTTP/1.1" 200 4333 "-" "Mozilla/5.0 (compatible; MJ12bot/v1.4.8; http://mj12bot.com/)"
103.53.31.182 - - [15/May/2026:08:08:04 -0400] "POST /xmlrpc.php HTTP/1.1" 200 72524 "-" "Jetpack/13.0; WordPress/6.3; http://site62968154.com"
145.239.69.153 - - [15/May/2026:08:08:04 -0400] "GET /product-category/collage-mix-media/mix-media-collage-mix-media/?add-to-cart=1943&product_order=desc&product_count=36&product_orderby=price HTTP/1.1" 200 4333 "-" "Mozilla/5.0 (compatible; MJ12bot/v1.4.8; http://mj12bot.com/)"
216.73.216.158 - - [15/May/2026:08:08:05 -0400] "GET /artists/page/2/?fileloc=%2Fhome%2Fclavospa%2Fpublic_html%2Fingridbarajas.com%2Fwp-comments-post.php&path=%2Fhome%2Fclavospa%2Fpublic_html%2Fingridbarajas.com HTTP/1.1" 200 3537 "-" "Mozilla/5.0 AppleWebKit/537.36 (KHTML, like Gecko; compatible; ClaudeBot/1.0; +claudebot@anthropic.com)"
145.239.69.153 - - [15/May/2026:08:08:06 -0400] "GET /product-category/collage-mix-media/mix-media-collage-mix-media/?add-to-cart=1943&product_order=desc&product_count=36&product_orderby=price&product_view=grid HTTP/1.1" 200 4333 "-" "Mozilla/5.0 (compatible; MJ12bot/v1.4.8; http://mj12bot.com/)"
144.76.19.72 - - [15/May/2026:08:08:08 -0400] "GET /product-category/collage-mix-media/?product_count=24&product_orderby=date&product_view=list&product_order=desc HTTP/1.1" 200 4333 "-" "Mozilla/5.0 (compatible; SERankingBacklinksBot/1.0; +https://seranking.com/backlinks-crawler)"
145.239.69.153 - - [15/May/2026:08:08:08 -0400] "GET /product-category/collage-mix-media/mix-media-collage-mix-media/?add-to-cart=1943&product_order=desc&product_count=36&product_orderby=price&product_view=list HTTP/1.1" 200 4333 "-" "Mozilla/5.0 (compatible; MJ12bot/v1.4.8; http://mj12bot.com/)"
85.208.96.198 - - [15/May/2026:08:08:09 -0400] "GET /events/list/?eventDisplay=past&tribe-bar-date=2021-08-19 HTTP/1.1" 200 4333 "-" "Mozilla/5.0 (compatible; SemrushBot/7~bl; +http://www.semrush.com/bot.html)"
145.239.69.153 - - [15/May/2026:08:08:10 -0400] "GET /product-category/collage-mix-media/mix-media-collage-mix-media/?add-to-cart=1943&product_order=desc&product_count=36&product_orderby=rating HTTP/1.1" 200 4333 "-" "Mozilla/5.0 (compatible; MJ12bot/v1.4.8; http://mj12bot.com/)"
145.239.69.153 - - [15/May/2026:08:08:12 -0400] "GET /product-category/collage-mix-media/mix-media-collage-mix-media/?add-to-cart=1943&product_order=desc&product_count=36&product_orderby=rating&product_view=grid HTTP/1.1" 200 4333 "-" "Mozilla/5.0 (compatible; MJ12bot/v1.4.8; http://mj12bot.com/)"
145.239.69.153 - - [15/May/2026:08:08:14 -0400] "GET /product-category/collage-mix-media/mix-media-collage-mix-media/?add-to-cart=1943&product_order=desc&product_count=36&product_orderby=rating&product_view=list HTTP/1.1" 200 4333 "-" "Mozilla/5.0 (compatible; MJ12bot/v1.4.8; http://mj12bot.com/)"
103.53.31.182 - - [15/May/2026:08:08:14 -0400] "POST /xmlrpc.php HTTP/1.1" 200 72524 "-" "WordPress.com; https://wordpress.com"
145.239.69.153 - - [15/May/2026:08:08:15 -0400] "GET /product-category/collage-mix-media/mix-media-collage-mix-media/?add-to-cart=1943&product_order=desc&product_count=36&product_view=grid HTTP/1.1" 200 4333 "-" "Mozilla/5.0 (compatible; MJ12bot/v1.4.8; http://mj12bot.com/)"
198.244.183.190 - - [15/May/2026:08:08:15 -0400] "GET /commodity/856169643892 HTTP/1.1" 200 4333 "-" "Mozilla/5.0 (compatible; AhrefsBot/7.0; +http://ahrefs.com/robot/)"
145.239.69.153 - - [15/May/2026:08:08:17 -0400] "GET /product-category/collage-mix-media/mix-media-collage-mix-media/?add-to-cart=1943&product_order=desc&product_count=36&product_view=grid&product_orderby=date HTTP/1.1" 200 4333 "-" "Mozilla/5.0 (compatible; MJ12bot/v1.4.8; http://mj12bot.com/)"
145.239.69.153 - - [15/May/2026:08:08:19 -0400] "GET /product-category/collage-mix-media/mix-media-collage-mix-media/?add-to-cart=1943&product_order=desc&product_count=36&product_view=grid&product_orderby=default HTTP/1.1" 200 4333 "-" "Mozilla/5.0 (compatible; MJ12bot/v1.4.8; http://mj12bot.com/)"
145.239.69.153 - - [15/May/2026:08:08:21 -0400] "GET /product-category/collage-mix-media/mix-media-collage-mix-media/?add-to-cart=1943&product_order=desc&product_count=36&product_view=grid&product_orderby=name HTTP/1.1" 200 4333 "-" "Mozilla/5.0 (compatible; MJ12bot/v1.4.8; http://mj12bot.com/)"
145.239.69.153 - - [15/May/2026:08:08:22 -0400] "GET /product-category/collage-mix-media/mix-media-collage-mix-media/?add-to-cart=1943&product_order=desc&product_count=36&product_view=grid&product_orderby=popularity HTTP/1.1" 200 4333 "-" "Mozilla/5.0 (compatible; MJ12bot/v1.4.8; http://mj12bot.com/)"
216.73.216.158 - - [15/May/2026:08:08:23 -0400] "GET /artists/page/2/?fileloc=%2Fhome%2Fclavospa%2F.softaculous%2Fau_backups.php&path=%2Fhome%2Fclavospa%2F.softaculous HTTP/1.1" 200 2701 "-" "Mozilla/5.0 AppleWebKit/537.36 (KHTML, like Gecko; compatible; ClaudeBot/1.0; +claudebot@anthropic.com)"
145.239.69.153 - - [15/May/2026:08:08:24 -0400] "GET /product-category/collage-mix-media/mix-media-collage-mix-media/?add-to-cart=1943&product_order=desc&product_count=36&product_view=grid&product_orderby=price HTTP/1.1" 200 4333 "-" "Mozilla/5.0 (compatible; MJ12bot/v1.4.8; http://mj12bot.com/)"
103.53.31.182 - - [15/May/2026:08:08:25 -0400] "POST /xmlrpc.php HTTP/1.1" 200 72524 "-" "WordPress.com; https://wordpress.com"
145.239.69.153 - - [15/May/2026:08:08:26 -0400] "GET /product-category/collage-mix-media/mix-media-collage-mix-media/?add-to-cart=1943&product_order=desc&product_count=36&product_view=grid&product_orderby=rating HTTP/1.1" 200 4333 "-" "Mozilla/5.0 (compatible; MJ12bot/v1.4.8; http://mj12bot.com/)"
216.73.216.158 - - [15/May/2026:08:08:27 -0400] "GET /artists/page/2/?fileloc=%2Fhome%2Fclavospa%2Fpublic_html%2Flatitud212.com%2Fwp-includes%2Fclass.wp-scripts.php&path=%2Fhome%2Fclavospa%2Fpublic_html%2Flatitud212.com%2Fwp-includes HTTP/1.1" 200 2680 "-" "Mozilla/5.0 AppleWebKit/537.36 (KHTML, like Gecko; compatible; ClaudeBot/1.0; +claudebot@anthropic.com)"
145.239.69.153 - - [15/May/2026:08:08:28 -0400] "GET /product-category/collage-mix-media/mix-media-collage-mix-media/?add-to-cart=1943&product_order=desc&product_count=36&product_view=list HTTP/1.1" 200 4333 "-" "Mozilla/5.0 (compatible; MJ12bot/v1.4.8; http://mj12bot.com/)"
145.239.69.153 - - [15/May/2026:08:08:30 -0400] "GET /product-category/collage-mix-media/mix-media-collage-mix-media/?add-to-cart=1943&product_order=desc&product_count=36&product_view=list&product_orderby=date HTTP/1.1" 200 4333 "-" "Mozilla/5.0 (compatible; MJ12bot/v1.4.8; http://mj12bot.com/)"
145.239.69.153 - - [15/May/2026:08:08:31 -0400] "GET /product-category/collage-mix-media/mix-media-collage-mix-media/?add-to-cart=1943&product_order=desc&product_count=36&product_view=list&product_orderby=default HTTP/1.1" 200 4333 "-" "Mozilla/5.0 (compatible; MJ12bot/v1.4.8; http://mj12bot.com/)"
216.73.216.158 - - [15/May/2026:08:08:32 -0400] "GET /artists/page/2/?fileloc=%2Fhome%2Fclavospa%2Fpublic_html%2Fdavidlachapellela.com%2Fwp-includes%2Ffunctions.wp-scripts.php&path=%2Fhome%2Fclavospa%2Fpublic_html%2Fdavidlachapellela.com%2Fwp-includes HTTP/1.1" 200 6531 "-" "Mozilla/5.0 AppleWebKit/537.36 (KHTML, like Gecko; compatible; ClaudeBot/1.0; +claudebot@anthropic.com)"
145.239.69.153 - - [15/May/2026:08:08:33 -0400] "GET /product-category/collage-mix-media/mix-media-collage-mix-media/?add-to-cart=1943&product_order=desc&product_count=36&product_view=list&product_orderby=name HTTP/1.1" 200 4333 "-" "Mozilla/5.0 (compatible; MJ12bot/v1.4.8; http://mj12bot.com/)"
145.239.69.153 - - [15/May/2026:08:08:35 -0400] "GET /product-category/collage-mix-media/mix-media-collage-mix-media/?add-to-cart=1943&product_order=desc&product_count=36&product_view=list&product_orderby=popularity HTTP/1.1" 200 4333 "-" "Mozilla/5.0 (compatible; MJ12bot/v1.4.8; http://mj12bot.com/)"
103.53.31.182 - - [15/May/2026:08:08:36 -0400] "POST /xmlrpc.php HTTP/1.1" 200 72524 "-" "Jetpack by WordPress.com"
145.239.69.153 - - [15/May/2026:08:08:37 -0400] "GET /product-category/collage-mix-media/mix-media-collage-mix-media/?add-to-cart=1943&product_order=desc&product_count=36&product_view=list&product_orderby=price HTTP/1.1" 200 4333 "-" "Mozilla/5.0 (compatible; MJ12bot/v1.4.8; http://mj12bot.com/)"
216.73.216.158 - - [15/May/2026:08:08:37 -0400] "GET /artists/page/2/?fileloc=%2Fhome%2Fclavospa%2Fpublic_html%2Flatitud212.com%2Fwp-includes%2Fclass-wp-script-modules.php&path=%2Fhome%2Fclavospa%2Fpublic_html%2Flatitud212.com%2Fwp-includes HTTP/1.1" 200 9945 "-" "Mozilla/5.0 AppleWebKit/537.36 (KHTML, like Gecko; compatible; ClaudeBot/1.0; +claudebot@anthropic.com)"
145.239.69.153 - - [15/May/2026:08:08:39 -0400] "GET /product-category/collage-mix-media/mix-media-collage-mix-media/?add-to-cart=1943&product_order=desc&product_count=36&product_view=list&product_orderby=rating HTTP/1.1" 200 4333 "-" "Mozilla/5.0 (compatible; MJ12bot/v1.4.8; http://mj12bot.com/)"
145.239.69.153 - - [15/May/2026:08:08:40 -0400] "GET /product-category/collage-mix-media/mix-media-collage-mix-media/?add-to-cart=1943&product_order=desc&product_orderby=date&product_count=12&product_view=grid HTTP/1.1" 200 4333 "-" "Mozilla/5.0 (compatible; MJ12bot/v1.4.8; http://mj12bot.com/)"
145.239.69.153 - - [15/May/2026:08:08:42 -0400] "GET /product-category/collage-mix-media/mix-media-collage-mix-media/?add-to-cart=1943&product_order=desc&product_orderby=date&product_count=12&product_view=list HTTP/1.1" 200 4333 "-" "Mozilla/5.0 (compatible; MJ12bot/v1.4.8; http://mj12bot.com/)"
216.73.216.158 - - [15/May/2026:08:08:43 -0400] "GET /artists/page/2/?fileloc=%2Fhome%2Fclavospa%2Fpublic_html%2Fdavidlachapellela.com%2Fwp-admin%2Fplugin-install.php&path=%2Fhome%2Fclavospa%2Fpublic_html%2Fdavidlachapellela.com%2Fwp-admin HTTP/1.1" 200 5096 "-" "Mozilla/5.0 AppleWebKit/537.36 (KHTML, like Gecko; compatible; ClaudeBot/1.0; +claudebot@anthropic.com)"
85.208.96.205 - - [15/May/2026:08:08:43 -0400] "GET /events/tag/exhibition/list/?eventDisplay=past&tribe-bar-date=2029-05-21 HTTP/1.1" 200 4333 "-" "Mozilla/5.0 (compatible; SemrushBot/7~bl; +http://www.semrush.com/bot.html)"
145.239.69.153 - - [15/May/2026:08:08:44 -0400] "GET /product-category/collage-mix-media/mix-media-collage-mix-media/?add-to-cart=1943&product_order=desc&product_orderby=date&product_count=24 HTTP/1.1" 200 4333 "-" "Mozilla/5.0 (compatible; MJ12bot/v1.4.8; http://mj12bot.com/)"
145.239.69.153 - - [15/May/2026:08:08:46 -0400] "GET /product-category/collage-mix-media/mix-media-collage-mix-media/?add-to-cart=1943&product_order=desc&product_orderby=date&product_count=24&product_view=grid HTTP/1.1" 200 4333 "-" "Mozilla/5.0 (compatible; MJ12bot/v1.4.8; http://mj12bot.com/)"
103.53.31.182 - - [15/May/2026:08:08:47 -0400] "POST /xmlrpc.php HTTP/1.1" 200 72524 "-" "WordPress.com; https://wordpress.com"
145.239.69.153 - - [15/May/2026:08:08:47 -0400] "GET /product-category/collage-mix-media/mix-media-collage-mix-media/?add-to-cart=1943&product_order=desc&product_orderby=date&product_count=24&product_view=list HTTP/1.1" 200 4333 "-" "Mozilla/5.0 (compatible; MJ12bot/v1.4.8; http://mj12bot.com/)"
216.73.216.158 - - [15/May/2026:08:08:48 -0400] "GET /artists/page/2/?fileloc=%2Fhome%2Fclavospa%2Fpublic_html%2Flatitud212.com%2Fwp-includes%2Fblock-editor.php&path=%2Fhome%2Fclavospa%2Fpublic_html%2Flatitud212.com%2Fwp-includes HTTP/1.1" 200 9250 "-" "Mozilla/5.0 AppleWebKit/537.36 (KHTML, like Gecko; compatible; ClaudeBot/1.0; +claudebot@anthropic.com)"
145.239.69.153 - - [15/May/2026:08:08:49 -0400] "GET /product-category/collage-mix-media/mix-media-collage-mix-media/?add-to-cart=1943&product_order=desc&product_orderby=date&product_count=36 HTTP/1.1" 200 4333 "-" "Mozilla/5.0 (compatible; MJ12bot/v1.4.8; http://mj12bot.com/)"
145.239.69.153 - - [15/May/2026:08:08:51 -0400] "GET /product-category/collage-mix-media/mix-media-collage-mix-media/?add-to-cart=1943&product_order=desc&product_orderby=date&product_count=36&product_view=grid HTTP/1.1" 200 4333 "-" "Mozilla/5.0 (compatible; MJ12bot/v1.4.8; http://mj12bot.com/)"
114.119.163.186 - - [15/May/2026:08:08:51 -0400] "GET /2026/05/14/bonus-privato-di-deposito-scompiglio-ed-slot-immediati-le-offerte-di-convenevole-2026/ HTTP/1.1" 200 4333 "https://clavo.space/wp-sitemap-posts-post-1.xml" "Mozilla/5.0 (Linux; Android 7.0;) AppleWebKit/537.36 (HTML, like Gecko) Mobile Safari/537.36 (compatible; PetalBot;+https://webmaster.petalsearch.com/site/petalbot)"
145.239.69.153 - - [15/May/2026:08:08:52 -0400] "GET /product-category/collage-mix-media/mix-media-collage-mix-media/?add-to-cart=1943&product_order=desc&product_orderby=date&product_count=36&product_view=list HTTP/1.1" 200 4333 "-" "Mozilla/5.0 (compatible; MJ12bot/v1.4.8; http://mj12bot.com/)"
216.73.216.158 - - [15/May/2026:08:08:53 -0400] "GET /artists/page/2/?fileloc=%2Fhome%2Fclavospa%2Fpublic_html%2Fdavidlachapellela.com%2Fwp-includes%2Fclass-wp-date-query.php&path=%2Fhome%2Fclavospa%2Fpublic_html%2Fdavidlachapellela.com%2Fwp-includes HTTP/1.1" 200 11171 "-" "Mozilla/5.0 AppleWebKit/537.36 (KHTML, like Gecko; compatible; ClaudeBot/1.0; +claudebot@anthropic.com)"
145.239.69.153 - - [15/May/2026:08:08:54 -0400] "GET /product-category/collage-mix-media/mix-media-collage-mix-media/?add-to-cart=1943&product_order=desc&product_orderby=date&product_view=grid&product_count=12 HTTP/1.1" 200 4333 "-" "Mozilla/5.0 (compatible; MJ12bot/v1.4.8; http://mj12bot.com/)"
145.239.69.153 - - [15/May/2026:08:08:56 -0400] "GET /product-category/collage-mix-media/mix-media-collage-mix-media/?add-to-cart=1943&product_order=desc&product_orderby=date&product_view=grid&product_count=36 HTTP/1.1" 200 4333 "-" "Mozilla/5.0 (compatible; MJ12bot/v1.4.8; http://mj12bot.com/)"
103.53.31.182 - - [15/May/2026:08:08:57 -0400] "POST /xmlrpc.php HTTP/1.1" 200 72524 "-" "Jetpack by WordPress.com (Jetpack 12.5; WordPress 6.3)"
43.135.133.241 - - [15/May/2026:08:08:58 -0400] "GET /?path=/home/clavospa/mail/new HTTP/1.1" 200 12918 "-" "Mozilla/5.0 (iPhone; CPU iPhone OS 13_2_3 like Mac OS X) AppleWebKit/605.1.15 (KHTML, like Gecko) Version/13.0.3 Mobile/15E148 Safari/604.1"
145.239.69.153 - - [15/May/2026:08:08:58 -0400] "GET /product-category/collage-mix-media/mix-media-collage-mix-media/?add-to-cart=1943&product_order=desc&product_orderby=date&product_view=list&product_count=12 HTTP/1.1" 200 4333 "-" "Mozilla/5.0 (compatible; MJ12bot/v1.4.8; http://mj12bot.com/)"
216.73.216.158 - - [15/May/2026:08:09:00 -0400] "GET /artists/page/2/?fileloc=%2Fhome%2Fclavospa%2Fpublic_html%2Flatitud212.com%2Fwp-includes%2Fblock-template-utils.php&path=%2Fhome%2Fclavospa%2Fpublic_html%2Flatitud212.com%2Fwp-includes HTTP/1.1" 200 15804 "-" "Mozilla/5.0 AppleWebKit/537.36 (KHTML, like Gecko; compatible; ClaudeBot/1.0; +claudebot@anthropic.com)"
216.73.216.158 - - [15/May/2026:08:09:06 -0400] "GET /artists/page/2/?fileloc=%2Fhome%2Fclavospa%2Fpublic_html%2Flatitud212.com%2Fwp-admin%2Fcustom-header.php&path=%2Fhome%2Fclavospa%2Fpublic_html%2Flatitud212.com%2Fwp-admin HTTP/1.1" 200 2743 "-" "Mozilla/5.0 AppleWebKit/537.36 (KHTML, like Gecko; compatible; ClaudeBot/1.0; +claudebot@anthropic.com)"
145.239.69.153 - - [15/May/2026:08:09:07 -0400] "GET /product-category/collage-mix-media/mix-media-collage-mix-media/?add-to-cart=1943&product_order=desc&product_orderby=date&product_view=list&product_count=36 HTTP/1.1" 200 4333 "-" "Mozilla/5.0 (compatible; MJ12bot/v1.4.8; http://mj12bot.com/)"
103.53.31.182 - - [15/May/2026:08:09:08 -0400] "POST /xmlrpc.php HTTP/1.1" 200 72524 "-" "Jetpack/12.1; WordPress/6.3; http://site26675628.com"
145.239.69.153 - - [15/May/2026:08:09:09 -0400] "GET /product-category/collage-mix-media/mix-media-collage-mix-media/?add-to-cart=1943&product_order=desc&product_orderby=default&product_count=12&product_view=grid HTTP/1.1" 200 4333 "-" "Mozilla/5.0 (compatible; MJ12bot/v1.4.8; http://mj12bot.com/)"
145.239.69.153 - - [15/May/2026:08:09:11 -0400] "GET /product-category/collage-mix-media/mix-media-collage-mix-media/?add-to-cart=1943&product_order=desc&product_orderby=default&product_count=24 HTTP/1.1" 200 4333 "-" "Mozilla/5.0 (compatible; MJ12bot/v1.4.8; http://mj12bot.com/)"
216.73.216.158 - - [15/May/2026:08:09:11 -0400] "GET /artists/page/2/?fileloc=%2Fhome%2Fclavospa%2Fpublic_html%2Fdavidlachapellela.com%2Fwp-admin%2Fnetwork.php&path=%2Fhome%2Fclavospa%2Fpublic_html%2Fdavidlachapellela.com%2Fwp-admin HTTP/1.1" 200 4678 "-" "Mozilla/5.0 AppleWebKit/537.36 (KHTML, like Gecko; compatible; ClaudeBot/1.0; +claudebot@anthropic.com)"
145.239.69.153 - - [15/May/2026:08:09:13 -0400] "GET /product-category/collage-mix-media/mix-media-collage-mix-media/?add-to-cart=1943&product_order=desc&product_orderby=default&product_count=24&product_view=grid HTTP/1.1" 200 4333 "-" "Mozilla/5.0 (compatible; MJ12bot/v1.4.8; http://mj12bot.com/)"
145.239.69.153 - - [15/May/2026:08:09:14 -0400] "GET /product-category/collage-mix-media/mix-media-collage-mix-media/?add-to-cart=1943&product_order=desc&product_orderby=default&product_count=24&product_view=list HTTP/1.1" 200 4333 "-" "Mozilla/5.0 (compatible; MJ12bot/v1.4.8; http://mj12bot.com/)"
217.181.81.110 - - [15/May/2026:08:09:15 -0400] "GET /wp-content/7izRa3KrpYs.php?pass=QlCzFqBbMj3&watchx=true HTTP/1.1" 200 4333 "https://clavo.space/wp-content/7izRa3KrpYs.php?pass=QlCzFqBbMj3&watchx=true" "Mozilla/5.0 (Windows NT 10.0; Win64; x64) AppleWebKit/537.36 (KHTML, like Gecko) Chrome/119.0.0.0 Safari/537.36"
145.239.69.153 - - [15/May/2026:08:09:16 -0400] "GET /product-category/collage-mix-media/mix-media-collage-mix-media/?add-to-cart=1943&product_order=desc&product_orderby=default&product_count=36 HTTP/1.1" 200 4333 "-" "Mozilla/5.0 (compatible; MJ12bot/v1.4.8; http://mj12bot.com/)"
216.73.216.158 - - [15/May/2026:08:09:16 -0400] "GET /artists/page/2/?fileloc=%2Fhome%2Fclavospa%2Fpublic_html%2Flatitud212.com%2Fwp-includes%2Fadmin-bar.php&path=%2Fhome%2Fclavospa%2Fpublic_html%2Flatitud212.com%2Fwp-includes HTTP/1.1" 200 10886 "-" "Mozilla/5.0 AppleWebKit/537.36 (KHTML, like Gecko; compatible; ClaudeBot/1.0; +claudebot@anthropic.com)"
145.239.69.153 - - [15/May/2026:08:09:18 -0400] "GET /product-category/collage-mix-media/mix-media-collage-mix-media/?add-to-cart=1943&product_order=desc&product_orderby=default&product_count=36&product_view=grid HTTP/1.1" 200 4333 "-" "Mozilla/5.0 (compatible; MJ12bot/v1.4.8; http://mj12bot.com/)"
103.53.31.182 - - [15/May/2026:08:09:19 -0400] "POST /xmlrpc.php HTTP/1.1" 200 72524 "-" "Jetpack/12.1; WordPress/6.2; http://site51702407.com"
145.239.69.153 - - [15/May/2026:08:09:19 -0400] "GET /product-category/collage-mix-media/mix-media-collage-mix-media/?add-to-cart=1943&product_order=desc&product_orderby=default&product_count=36&product_view=list HTTP/1.1" 200 4333 "-" "Mozilla/5.0 (compatible; MJ12bot/v1.4.8; http://mj12bot.com/)"
145.239.69.153 - - [15/May/2026:08:09:21 -0400] "GET /product-category/collage-mix-media/mix-media-collage-mix-media/?add-to-cart=1943&product_order=desc&product_orderby=default&product_view=grid HTTP/1.1" 200 4333 "-" "Mozilla/5.0 (compatible; MJ12bot/v1.4.8; http://mj12bot.com/)"
216.73.216.158 - - [15/May/2026:08:09:21 -0400] "GET /artists/page/2/?fileloc=%2Fhome%2Fclavospa%2Fpublic_html%2Flatitud212.com%2Fwp-includes%2Fms-functions.php&path=%2Fhome%2Fclavospa%2Fpublic_html%2Flatitud212.com%2Fwp-includes HTTP/1.1" 200 22393 "-" "Mozilla/5.0 AppleWebKit/537.36 (KHTML, like Gecko; compatible; ClaudeBot/1.0; +claudebot@anthropic.com)"
145.239.69.153 - - [15/May/2026:08:09:23 -0400] "GET /product-category/collage-mix-media/mix-media-collage-mix-media/?add-to-cart=1943&product_order=desc&product_orderby=default&product_view=grid&product_count=12 HTTP/1.1" 200 4333 "-" "Mozilla/5.0 (compatible; MJ12bot/v1.4.8; http://mj12bot.com/)"
51.195.183.216 - - [15/May/2026:08:09:24 -0400] "GET /commodity/85614332050 HTTP/1.1" 200 4333 "-" "Mozilla/5.0 (compatible; AhrefsBot/7.0; +http://ahrefs.com/robot/)"
145.239.69.153 - - [15/May/2026:08:09:25 -0400] "GET /product-category/collage-mix-media/mix-media-collage-mix-media/?add-to-cart=1943&product_order=desc&product_orderby=default&product_view=grid&product_count=24 HTTP/1.1" 200 4333 "-" "Mozilla/5.0 (compatible; MJ12bot/v1.4.8; http://mj12bot.com/)"
216.73.216.158 - - [15/May/2026:08:09:26 -0400] "GET /artists/page/2/?fileloc=%2Fhome%2Fclavospa%2Fpublic_html%2Fabeladrian.com%2Fwp-blog-header.php&path=%2Fhome%2Fclavospa%2Fpublic_html%2Fabeladrian.com HTTP/1.1" 200 3933 "-" "Mozilla/5.0 AppleWebKit/537.36 (KHTML, like Gecko; compatible; ClaudeBot/1.0; +claudebot@anthropic.com)"
145.239.69.153 - - [15/May/2026:08:09:26 -0400] "GET /product-category/collage-mix-media/mix-media-collage-mix-media/?add-to-cart=1943&product_order=desc&product_orderby=default&product_view=grid&product_count=36 HTTP/1.1" 200 4333 "-" "Mozilla/5.0 (compatible; MJ12bot/v1.4.8; http://mj12bot.com/)"
145.239.69.153 - - [15/May/2026:08:09:28 -0400] "GET /product-category/collage-mix-media/mix-media-collage-mix-media/?add-to-cart=1943&product_order=desc&product_orderby=default&product_view=list HTTP/1.1" 200 4333 "-" "Mozilla/5.0 (compatible; MJ12bot/v1.4.8; http://mj12bot.com/)"
185.191.171.11 - - [15/May/2026:08:09:28 -0400] "GET /events/tag/clavo-space/day/2028-12-30/ HTTP/1.1" 200 4333 "-" "Mozilla/5.0 (compatible; SemrushBot/7~bl; +http://www.semrush.com/bot.html)"
103.53.31.182 - - [15/May/2026:08:09:30 -0400] "POST /xmlrpc.php HTTP/1.1" 200 72524 "-" "Jetpack/13.0; WordPress/6.2; http://site56702752.com"
145.239.69.153 - - [15/May/2026:08:09:30 -0400] "GET /product-category/collage-mix-media/mix-media-collage-mix-media/?add-to-cart=1943&product_order=desc&product_orderby=default&product_view=list&product_count=12 HTTP/1.1" 200 4333 "-" "Mozilla/5.0 (compatible; MJ12bot/v1.4.8; http://mj12bot.com/)"
217.181.82.114 - - [15/May/2026:08:09:31 -0400] "GET /wp-includes/VlK6DtscqAf.php?watchx=true HTTP/1.1" 200 177 "https://clavo.space/wp-includes/VlK6DtscqAf.php?watchx=true" "Mozilla/5.0 (Windows NT 10.0; Win64; x64) AppleWebKit/537.36 (KHTML, like Gecko) Chrome/119.0.0.0 Safari/537.36"
145.239.69.153 - - [15/May/2026:08:09:32 -0400] "GET /product-category/collage-mix-media/mix-media-collage-mix-media/?add-to-cart=1943&product_order=desc&product_orderby=default&product_view=list&product_count=36 HTTP/1.1" 200 4333 "-" "Mozilla/5.0 (compatible; MJ12bot/v1.4.8; http://mj12bot.com/)"
216.73.216.158 - - [15/May/2026:08:09:33 -0400] "GET /artists/page/2/?fileloc=%2Fhome%2Fclavospa%2Fpublic_html%2Fdavidlachapellela.com%2Fwp-includes%2Fnav-menu.php&path=%2Fhome%2Fclavospa%2Fpublic_html%2Fdavidlachapellela.com%2Fwp-includes HTTP/1.1" 200 12314 "-" "Mozilla/5.0 AppleWebKit/537.36 (KHTML, like Gecko; compatible; ClaudeBot/1.0; +claudebot@anthropic.com)"
217.181.81.53 - - [15/May/2026:08:09:33 -0400] "GET / HTTP/1.1" 200 4333 "https://clavo.space" "Mozilla/5.0 (Windows NT 10.0; Win64; x64) AppleWebKit/537.36 (KHTML, like Gecko) Chrome/119.0.0.0 Safari/537.36"
145.239.69.153 - - [15/May/2026:08:09:34 -0400] "GET /product-category/collage-mix-media/mix-media-collage-mix-media/?add-to-cart=1943&product_order=desc&product_orderby=name&product_count=12 HTTP/1.1" 200 4333 "-" "Mozilla/5.0 (compatible; MJ12bot/v1.4.8; http://mj12bot.com/)"
145.239.69.153 - - [15/May/2026:08:09:35 -0400] "GET /product-category/collage-mix-media/mix-media-collage-mix-media/?add-to-cart=1943&product_order=desc&product_orderby=name&product_count=12&product_view=list HTTP/1.1" 200 4333 "-" "Mozilla/5.0 (compatible; MJ12bot/v1.4.8; http://mj12bot.com/)"
145.239.69.153 - - [15/May/2026:08:09:37 -0400] "GET /product-category/collage-mix-media/mix-media-collage-mix-media/?add-to-cart=1943&product_order=desc&product_orderby=name&product_count=24 HTTP/1.1" 200 4333 "-" "Mozilla/5.0 (compatible; MJ12bot/v1.4.8; http://mj12bot.com/)"
216.73.216.158 - - [15/May/2026:08:09:38 -0400] "GET /artists/page/2/?fileloc=%2Fhome%2Fclavospa%2Fpublic_html%2Fdavidlachapellela.com%2Fwp-includes%2Fblock-template.php&path=%2Fhome%2Fclavospa%2Fpublic_html%2Fdavidlachapellela.com%2Fwp-includes HTTP/1.1" 200 7352 "-" "Mozilla/5.0 AppleWebKit/537.36 (KHTML, like Gecko; compatible; ClaudeBot/1.0; +claudebot@anthropic.com)"
145.239.69.153 - - [15/May/2026:08:09:39 -0400] "GET /product-category/collage-mix-media/mix-media-collage-mix-media/?add-to-cart=1943&product_order=desc&product_orderby=name&product_count=24&product_view=list HTTP/1.1" 200 4333 "-" "Mozilla/5.0 (compatible; MJ12bot/v1.4.8; http://mj12bot.com/)"
103.53.31.182 - - [15/May/2026:08:09:40 -0400] "POST /xmlrpc.php HTTP/1.1" 200 72524 "-" "Jetpack by WordPress.com"
145.239.69.153 - - [15/May/2026:08:09:41 -0400] "GET /product-category/collage-mix-media/mix-media-collage-mix-media/?add-to-cart=1943&product_order=desc&product_orderby=name&product_count=36 HTTP/1.1" 200 4333 "-" "Mozilla/5.0 (compatible; MJ12bot/v1.4.8; http://mj12bot.com/)"
143.244.183.11 - - [15/May/2026:08:09:42 -0400] "GET / HTTP/1.1" 301 329 "-" "Mozilla/5.0 (Windows NT 10.0; Win64; x64) AppleWebKit/537.36 (KHTML, like Gecko) Chrome/146.0.0.0 Safari/537.36"
143.244.183.11 - - [15/May/2026:08:09:42 -0400] "GET / HTTP/1.1" 200 4333 "-" "Mozilla/5.0 (Windows NT 10.0; Win64; x64) AppleWebKit/537.36 (KHTML, like Gecko) Chrome/146.0.0.0 Safari/537.36"
145.239.69.153 - - [15/May/2026:08:09:43 -0400] "GET /product-category/collage-mix-media/mix-media-collage-mix-media/?add-to-cart=1943&product_order=desc&product_orderby=name&product_count=36&product_view=list HTTP/1.1" 200 4333 "-" "Mozilla/5.0 (compatible; MJ12bot/v1.4.8; http://mj12bot.com/)"
216.73.216.158 - - [15/May/2026:08:09:43 -0400] "GET /artists/page/2/?fileloc=%2Fhome%2Fclavospa%2Fpublic_html%2Fdavidlachapellela.com%2Fwp-admin%2Frevision.php&path=%2Fhome%2Fclavospa%2Fpublic_html%2Fdavidlachapellela.com%2Fwp-admin HTTP/1.1" 200 4533 "-" "Mozilla/5.0 AppleWebKit/537.36 (KHTML, like Gecko; compatible; ClaudeBot/1.0; +claudebot@anthropic.com)"
164.92.113.245 - - [15/May/2026:08:09:43 -0400] "GET / HTTP/1.1" 200 4333 "http://clavo.space/" "spider"
185.191.171.10 - - [15/May/2026:08:09:44 -0400] "GET /events/tag/exhibition/list/?eventDisplay=past&tribe-bar-date=2022-03-22 HTTP/1.1" 200 4333 "-" "Mozilla/5.0 (compatible; SemrushBot/7~bl; +http://www.semrush.com/bot.html)"
145.239.69.153 - - [15/May/2026:08:09:45 -0400] "GET /product-category/collage-mix-media/mix-media-collage-mix-media/?add-to-cart=1943&product_order=desc&product_orderby=name&product_view=grid HTTP/1.1" 200 4333 "-" "Mozilla/5.0 (compatible; MJ12bot/v1.4.8; http://mj12bot.com/)"
66.249.84.5 - - [15/May/2026:08:09:45 -0400] "GET / HTTP/1.1" 200 4333 "-" "Mozilla/5.0 (Linux; Android 11; moto g power (2022)) AppleWebKit/537.36 (KHTML, like Gecko) Chrome/136.0.0.0 Mobile Safari/537.36 Chrome-Lighthouse"
145.239.69.153 - - [15/May/2026:08:09:47 -0400] "GET /product-category/collage-mix-media/mix-media-collage-mix-media/?add-to-cart=1943&product_order=desc&product_orderby=name&product_view=grid&product_count=24 HTTP/1.1" 200 4333 "-" "Mozilla/5.0 (compatible; MJ12bot/v1.4.8; http://mj12bot.com/)"
216.73.216.158 - - [15/May/2026:08:09:48 -0400] "GET /artists/page/2/?fileloc=%2Fhome%2Fclavospa%2Fpublic_html%2Flatitud212.com%2Fwp-includes%2Fclass-wp-site-query.php&path=%2Fhome%2Fclavospa%2Fpublic_html%2Flatitud212.com%2Fwp-includes HTTP/1.1" 200 9251 "-" "Mozilla/5.0 AppleWebKit/537.36 (KHTML, like Gecko; compatible; ClaudeBot/1.0; +claudebot@anthropic.com)"
143.244.188.109 - - [15/May/2026:08:09:48 -0400] "GET /favicon.ico HTTP/1.1" 200 4333 "-" "Mozilla/5.0 (Windows NT 10.0; Win64; x64) AppleWebKit/537.36 (KHTML, like Gecko) Chrome/146.0.0.0 Safari/537.36"
145.239.69.153 - - [15/May/2026:08:09:48 -0400] "GET /product-category/collage-mix-media/mix-media-collage-mix-media/?add-to-cart=1943&product_order=desc&product_orderby=name&product_view=grid&product_count=36 HTTP/1.1" 200 4333 "-" "Mozilla/5.0 (compatible; MJ12bot/v1.4.8; http://mj12bot.com/)"
107.189.29.201 - - [15/May/2026:08:09:49 -0400] "GET /wp-login.php HTTP/1.1" 200 72524 "-" "Mozilla/5.0 (Windows NT 6.3; WOW64; rv:31.0) Gecko/20100101 Firefox/31.0"
66.249.84.5 - - [15/May/2026:08:09:50 -0400] "GET /robots.txt HTTP/1.1" 200 4333 "http://ghost-rider/" "Mozilla/5.0 (Linux; Android 11; moto g power (2022)) AppleWebKit/537.36 (KHTML, like Gecko) Chrome/136.0.0.0 Mobile Safari/537.36 Chrome-Lighthouse"
145.239.69.153 - - [15/May/2026:08:09:51 -0400] "GET /product-category/collage-mix-media/mix-media-collage-mix-media/?add-to-cart=1943&product_order=desc&product_orderby=name&product_view=list HTTP/1.1" 200 4333 "-" "Mozilla/5.0 (compatible; MJ12bot/v1.4.8; http://mj12bot.com/)"
103.53.31.182 - - [15/May/2026:08:09:51 -0400] "POST /xmlrpc.php HTTP/1.1" 200 72524 "-" "Jetpack by WordPress.com (Jetpack 12.0; WordPress 6.3)"
216.73.216.158 - - [15/May/2026:08:09:54 -0400] "GET /artists/page/2/?fileloc=%2Fhome%2Fclavospa%2Fpublic_html%2Fdavidlachapellela.com%2Fwp-includes%2Fpost-formats.php&path=%2Fhome%2Fclavospa%2Fpublic_html%2Fdavidlachapellela.com%2Fwp-includes HTTP/1.1" 200 4389 "-" "Mozilla/5.0 AppleWebKit/537.36 (KHTML, like Gecko; compatible; ClaudeBot/1.0; +claudebot@anthropic.com)"
66.102.8.226 - - [15/May/2026:08:09:54 -0400] "GET / HTTP/1.1" 301 329 "-" "Mozilla/5.0 (Macintosh; Intel Mac OS X 10_15_7) AppleWebKit/537.36 (KHTML, like Gecko) Chrome/136.0.0.0 Safari/537.36 Chrome-Lighthouse"
66.102.8.229 - - [15/May/2026:08:09:55 -0400] "GET / HTTP/1.1" 200 4333 "-" "Mozilla/5.0 (Macintosh; Intel Mac OS X 10_15_7) AppleWebKit/537.36 (KHTML, like Gecko) Chrome/136.0.0.0 Safari/537.36 Chrome-Lighthouse"
216.73.216.158 - - [15/May/2026:08:09:58 -0400] "GET /artists/page/2/?fileloc=%2Fhome%2Fclavospa%2Fpublic_html%2Fdavidlachapellela.com%2Fwp-includes%2Ferror_log&path=%2Fhome%2Fclavospa%2Fpublic_html%2Fdavidlachapellela.com%2Fwp-includes HTTP/1.1" 200 4933 "-" "Mozilla/5.0 AppleWebKit/537.36 (KHTML, like Gecko; compatible; ClaudeBot/1.0; +claudebot@anthropic.com)"
103.53.31.182 - - [15/May/2026:08:10:02 -0400] "POST /xmlrpc.php HTTP/1.1" 200 72524 "-" "WordPress.com; https://wordpress.com"
216.73.216.158 - - [15/May/2026:08:10:04 -0400] "GET /artists/page/2/?fileloc=%2Fhome%2Fclavospa%2Fpublic_html%2Flatitud212.com%2Fwp-admin%2Ferase-personal-data.php&path=%2Fhome%2Fclavospa%2Fpublic_html%2Flatitud212.com%2Fwp-admin HTTP/1.1" 200 5236 "-" "Mozilla/5.0 AppleWebKit/537.36 (KHTML, like Gecko; compatible; ClaudeBot/1.0; +claudebot@anthropic.com)"
172.59.215.242 - - [15/May/2026:08:10:06 -0400] "GET / HTTP/1.1" 200 4333 "-" "Mozilla/5.0 WP-Post-Manager/1.0"
172.59.15.164 - - [15/May/2026:08:10:08 -0400] "GET / HTTP/1.1" 200 4333 "-" "Mozilla/5.0 WP-Post-Manager/1.0"
216.73.216.158 - - [15/May/2026:08:10:09 -0400] "GET /artists/page/2/?fileloc=%2Fhome%2Fclavospa%2Fpublic_html%2Flatitud212.com%2Fwp-admin%2Fupgrade.php&path=%2Fhome%2Fclavospa%2Fpublic_html%2Flatitud212.com%2Fwp-admin HTTP/1.1" 200 4537 "-" "Mozilla/5.0 AppleWebKit/537.36 (KHTML, like Gecko; compatible; ClaudeBot/1.0; +claudebot@anthropic.com)"
73.207.96.244 - - [15/May/2026:08:10:09 -0400] "GET / HTTP/1.1" 301 337 "-" "Mozilla/5.0 WP-Post-Manager/1.0"
172.59.215.242 - - [15/May/2026:08:10:10 -0400] "POST /xmlrpc.php HTTP/1.1" 200 4333 "-" "curl/8.0.1"
172.59.215.242 - - [15/May/2026:08:10:10 -0400] "POST /xmlrpc.php HTTP/1.1" 200 4333 "-" "curl/8.0.1"
172.59.215.242 - - [15/May/2026:08:10:11 -0400] "POST /xmlrpc.php HTTP/1.1" 200 4333 "-" "curl/8.0.1"
103.53.31.182 - - [15/May/2026:08:10:13 -0400] "POST /xmlrpc.php HTTP/1.1" 200 72524 "-" "WordPress.com; https://wordpress.com"
66.102.8.230 - - [15/May/2026:08:10:13 -0400] "GET / HTTP/1.1" 200 4333 "-" "Mozilla/5.0 (Macintosh; Intel Mac OS X 10_15_7) AppleWebKit/537.36 (KHTML, like Gecko) Chrome/136.0.0.0 Safari/537.36 Chrome-Lighthouse"
172.59.215.242 - - [15/May/2026:08:10:13 -0400] "POST /xmlrpc.php HTTP/1.1" 200 4333 "-" "curl/8.0.1"
216.73.216.158 - - [15/May/2026:08:10:14 -0400] "GET /artists/page/2/?fileloc=%2Fhome%2Fclavospa%2Fpublic_html%2Fdavidlachapellela.com%2Fwp-admin%2Ferase-personal-data.php&path=%2Fhome%2Fclavospa%2Fpublic_html%2Fdavidlachapellela.com%2Fwp-admin HTTP/1.1" 200 5240 "-" "Mozilla/5.0 AppleWebKit/537.36 (KHTML, like Gecko; compatible; ClaudeBot/1.0; +claudebot@anthropic.com)"
66.102.8.229 - - [15/May/2026:08:10:14 -0400] "GET /robots.txt HTTP/1.1" 200 4333 "http://ghost-rider/" "Mozilla/5.0 (Macintosh; Intel Mac OS X 10_15_7) AppleWebKit/537.36 (KHTML, like Gecko) Chrome/136.0.0.0 Safari/537.36 Chrome-Lighthouse"
114.119.153.245 - - [15/May/2026:08:10:18 -0400] "GET /2026/05/14/bonus-privato-di-deposito-casimba-italia-gratis-a-italico/ HTTP/1.1" 200 4333 "https://clavo.space/wp-sitemap-posts-post-1.xml" "Mozilla/5.0 (Linux; Android 7.0;) AppleWebKit/537.36 (HTML, like Gecko) Mobile Safari/537.36 (compatible; PetalBot;+https://webmaster.petalsearch.com/site/petalbot)"
216.73.216.158 - - [15/May/2026:08:10:19 -0400] "GET /artists/page/2/?fileloc=%2Fhome%2Fclavospa%2Fpublic_html%2Fdavidlachapellela.com%2Fwp-admin%2Fupgrade.php&path=%2Fhome%2Fclavospa%2Fpublic_html%2Fdavidlachapellela.com%2Fwp-admin HTTP/1.1" 200 4542 "-" "Mozilla/5.0 AppleWebKit/537.36 (KHTML, like Gecko; compatible; ClaudeBot/1.0; +claudebot@anthropic.com)"
103.53.31.182 - - [15/May/2026:08:10:23 -0400] "POST /xmlrpc.php HTTP/1.1" 200 72524 "-" "Jetpack by WordPress.com"
216.73.216.158 - - [15/May/2026:08:10:24 -0400] "GET /artists/page/2/?path=%2Fhome%2Fclavospa%2Fpublic_html%2Flatitud212.com%2Fwp-content HTTP/1.1" 200 3150 "-" "Mozilla/5.0 AppleWebKit/537.36 (KHTML, like Gecko; compatible; ClaudeBot/1.0; +claudebot@anthropic.com)"
216.73.216.158 - - [15/May/2026:08:10:27 -0400] "GET /artists/page/2/?fileloc=%2Fhome%2Fclavospa%2Fpublic_html%2Fdavidlachapellela.com%2Fwp-config-sample.php&path=%2Fhome%2Fclavospa%2Fpublic_html%2Fdavidlachapellela.com HTTP/1.1" 200 3790 "-" "Mozilla/5.0 AppleWebKit/537.36 (KHTML, like Gecko; compatible; ClaudeBot/1.0; +claudebot@anthropic.com)"
216.73.216.158 - - [15/May/2026:08:10:31 -0400] "GET /artists/page/2/?fileloc=%2Fhome%2Fclavospa%2Fpublic_html%2Flatitud212.com%2Fwp-activate.php&path=%2Fhome%2Fclavospa%2Fpublic_html%2Flatitud212.com HTTP/1.1" 200 4959 "-" "Mozilla/5.0 AppleWebKit/537.36 (KHTML, like Gecko; compatible; ClaudeBot/1.0; +claudebot@anthropic.com)"
