52.167.144.229 - - [27/Feb/2026:15:46:19 -0500] "GET /wp/wp-content/uploads/2021/06/dossierlachauru-800x1121.png HTTP/1.1" 200 286903 "-" "Mozilla/5.0 AppleWebKit/537.36 (KHTML, like Gecko; compatible; bingbot/2.0; +http://www.bing.com/bingbot.htm) Chrome/116.0.1938.76 Safari/537.36"
114.119.151.197 - - [27/Feb/2026:15:46:26 -0500] "GET /shop/page/3?product_view=list&product_order=desc&product_orderby=rating HTTP/1.1" 200 4196 "https://clavo.space/shop/page/3?product_view=list&product_order=desc&product_orderby=name" "Mozilla/5.0 (Linux; Android 7.0;) AppleWebKit/537.36 (KHTML, like Gecko) Mobile Safari/537.36 (compatible; PetalBot;+https://webmaster.petalsearch.com/site/petalbot)"
66.249.79.67 - - [27/Feb/2026:15:46:28 -0500] "GET /page/2/?h=exblk0zs0kzlsxg HTTP/1.1" 200 4196 "-" "Mozilla/5.0 (Linux; Android 6.0.1; Nexus 5X Build/MMB29P) AppleWebKit/537.36 (KHTML, like Gecko) Chrome/144.0.7559.132 Mobile Safari/537.36 (compatible; GoogleOther)"
72.167.150.128 - - [27/Feb/2026:15:46:59 -0500] "GET /wp-login.php HTTP/1.1" 200 4196 "-" "Mozilla/5.0 (Windows NT 6.3; Win64; x64) AppleWebKit/537.36 (KHTML, like Gecko) Chrome/52.0.2743.116 Safari/537.36 Edge/15.15063"
72.167.150.128 - - [27/Feb/2026:15:47:00 -0500] "POST /wp-login.php HTTP/1.1" 200 4196 "https://212productions.net/wp-login.php" "Mozilla/5.0 (Windows NT 6.3; Win64; x64) AppleWebKit/537.36 (KHTML, like Gecko) Chrome/52.0.2743.116 Safari/537.36 Edge/15.15063"
103.56.163.133 - - [27/Feb/2026:15:47:42 -0500] "POST /xmlrpc.php HTTP/1.1" 200 4196 "-" "Mozilla/5.0 (Windows NT 6.3; Win64; x64) AppleWebKit/537.36 (KHTML, like Gecko) Chrome/65.0.3325.146 Safari/537.36"
85.208.96.196 - - [27/Feb/2026:15:47:44 -0500] "GET /events/tag/art/list/?eventDisplay=past&tribe-bar-date=2027-06-06 HTTP/1.1" 200 4196 "-" "Mozilla/5.0 (compatible; SemrushBot/7~bl; +http://www.semrush.com/bot.html)"
114.119.163.186 - - [27/Feb/2026:15:47:49 -0500] "GET /shop/page/3?product_order=desc&product_view=grid&product_orderby=name HTTP/1.1" 200 4196 "https://clavo.space/shop/page/3?product_order=asc&product_view=grid&product_orderby=name" "Mozilla/5.0 (Linux; Android 7.0;) AppleWebKit/537.36 (KHTML, like Gecko) Mobile Safari/537.36 (compatible; PetalBot;+https://webmaster.petalsearch.com/site/petalbot)"
103.56.163.133 - - [27/Feb/2026:15:47:50 -0500] "POST /xmlrpc.php HTTP/1.1" 200 4196 "-" "Mozilla/5.0 (Windows NT 6.3; Win64; x64) AppleWebKit/537.36 (KHTML, like Gecko) Chrome/65.0.3325.146 Safari/537.36"
103.56.163.133 - - [27/Feb/2026:15:48:00 -0500] "POST /xmlrpc.php HTTP/1.1" 200 4196 "-" "Mozilla/5.0 (Windows NT 6.3; Win64; x64) AppleWebKit/537.36 (KHTML, like Gecko) Chrome/65.0.3325.146 Safari/537.36"
185.191.171.16 - - [27/Feb/2026:15:48:18 -0500] "GET /events/tag/clavo-space/list/?tribe-bar-date=2026-01-14 HTTP/1.1" 200 4196 "-" "Mozilla/5.0 (compatible; SemrushBot/7~bl; +http://www.semrush.com/bot.html)"
114.119.148.154 - - [27/Feb/2026:15:49:21 -0500] "GET /shop/page/3?product_count=36&product_orderby=price&product_order=asc HTTP/1.1" 200 4196 "https://clavo.space/shop?product_count=36&product_orderby=price&product_order=asc" "Mozilla/5.0 (Linux; Android 7.0;) AppleWebKit/537.36 (KHTML, like Gecko) Mobile Safari/537.36 (compatible; PetalBot;+https://webmaster.petalsearch.com/site/petalbot)"
185.191.171.8 - - [27/Feb/2026:15:49:44 -0500] "GET /events/category/exhibition/list/?eventDisplay=past&tribe-bar-date=2024-12-05 HTTP/1.1" 200 4196 "-" "Mozilla/5.0 (compatible; SemrushBot/7~bl; +http://www.semrush.com/bot.html)"
85.208.96.209 - - [27/Feb/2026:15:49:51 -0500] "GET /events/tag/exhibition/list/?eventDisplay=past&tribe-bar-date=2023-08-23 HTTP/1.1" 200 4196 "-" "Mozilla/5.0 (compatible; SemrushBot/7~bl; +http://www.semrush.com/bot.html)"
216.73.216.61 - - [27/Feb/2026:15:49:56 -0500] "GET /product/mi-cima-ii HTTP/1.1" 200 4196 "-" "Mozilla/5.0 AppleWebKit/537.36 (KHTML, like Gecko; compatible; ClaudeBot/1.0; +claudebot@anthropic.com)"
66.249.79.68 - - [27/Feb/2026:15:50:33 -0500] "GET /product-category/paintings/?add-to-cart=1973&product_count=12 HTTP/1.1" 200 4196 "-" "Mozilla/5.0 (Linux; Android 6.0.1; Nexus 5X Build/MMB29P) AppleWebKit/537.36 (KHTML, like Gecko) Chrome/144.0.7559.132 Mobile Safari/537.36 (compatible; Googlebot/2.1; +http://www.google.com/bot.html)"
114.119.151.197 - - [27/Feb/2026:15:50:42 -0500] "GET /shop/page/3?product_count=24&product_view=list&product_orderby=price&product_order=desc HTTP/1.1" 200 4196 "https://clavo.space/shop/page/3?product_count=24&product_view=grid&product_orderby=price&product_order=desc" "Mozilla/5.0 (Linux; Android 7.0;) AppleWebKit/537.36 (KHTML, like Gecko) Mobile Safari/537.36 (compatible; PetalBot;+https://webmaster.petalsearch.com/site/petalbot)"
198.71.60.118 - - [27/Feb/2026:15:51:05 -0500] "GET /wp-login.php HTTP/1.1" 200 4196 "-" "Mozilla/5.0 (Windows NT 6.1) AppleWebKit/537.36 (KHTML, like Gecko) Chrome/65.0.3325.162 Safari/537.36"
198.71.60.118 - - [27/Feb/2026:15:51:05 -0500] "POST /wp-login.php HTTP/1.1" 200 4196 "https://212productions.net/wp-login.php" "Mozilla/5.0 (Windows NT 6.1) AppleWebKit/537.36 (KHTML, like Gecko) Chrome/65.0.3325.162 Safari/537.36"
85.208.96.204 - - [27/Feb/2026:15:51:32 -0500] "GET /events/category/exhibition/list/?tribe-bar-date=2025-11-29 HTTP/1.1" 200 4196 "-" "Mozilla/5.0 (compatible; SemrushBot/7~bl; +http://www.semrush.com/bot.html)"
15.235.96.123 - - [27/Feb/2026:15:51:43 -0500] "GET /product-category/paintings/page/2/?product_orderby=date&product_order=desc&product_view=list&product_count=36 HTTP/1.1" 200 4196 "-" "Mozilla/5.0 (compatible; AhrefsBot/7.0; +http://ahrefs.com/robot/)"
57.130.20.252 - - [27/Feb/2026:15:51:51 -0500] "POST /xmlrpc.php HTTP/1.1" 200 4196 "-" "Mozilla/5.0 (Windows NT 6.1; WOW64; Trident/7.0; EIE10;ENGBMSN; rv:11.0) like Gecko"
57.130.20.252 - - [27/Feb/2026:15:51:52 -0500] "POST /xmlrpc.php HTTP/1.1" 200 4196 "-" "Mozilla/5.0 (Windows NT 6.1; WOW64; Trident/7.0; EIE10;ENGBMSN; rv:11.0) like Gecko"
57.130.20.252 - - [27/Feb/2026:15:51:52 -0500] "POST /xmlrpc.php HTTP/1.1" 200 4196 "-" "Mozilla/5.0 (Windows NT 6.1; WOW64; Trident/7.0; EIE10;ENGBMSN; rv:11.0) like Gecko"
205.185.122.204 - - [27/Feb/2026:15:51:53 -0500] "GET /wp-login.php HTTP/1.1" 200 65129 "-" "Mozilla/5.0 (Macintosh; Intel Mac OS X 10.8; rv:31.0) Gecko/20100101 Firefox/31.0"
114.119.153.245 - - [27/Feb/2026:15:52:01 -0500] "GET /shop/page/3/?product_orderby=name&product_view=grid&product_count=36&paged=1 HTTP/1.1" 200 4196 "https://clavo.space/shop/page/3/?product_orderby=name&product_view=grid" "Mozilla/5.0 (Linux; Android 7.0;) AppleWebKit/537.36 (KHTML, like Gecko) Mobile Safari/537.36 (compatible; PetalBot;+https://webmaster.petalsearch.com/site/petalbot)"
85.208.96.196 - - [27/Feb/2026:15:52:22 -0500] "GET /events/tag/opening/list/?eventDisplay=past&tribe-bar-date=2026-09-27 HTTP/1.1" 200 4196 "-" "Mozilla/5.0 (compatible; SemrushBot/7~bl; +http://www.semrush.com/bot.html)"
159.69.136.106 - - [27/Feb/2026:15:52:57 -0500] "GET / HTTP/1.1" 200 4196 "-" "Mozilla/5.0 (Windows NT 10.0; Win64; x64) AppleWebKit/537.36 (KHTML, like Gecko) Chrome/131.0.0.0 Safari/537.36"
85.208.96.210 - - [27/Feb/2026:15:53:20 -0500] "GET /events/tag/art/list/?tribe-bar-date=2023-05-04 HTTP/1.1" 200 4196 "-" "Mozilla/5.0 (compatible; SemrushBot/7~bl; +http://www.semrush.com/bot.html)"
114.119.158.196 - - [27/Feb/2026:15:53:26 -0500] "GET /shop/page/2/?product_orderby=date&product_count=36&product_view=list HTTP/1.1" 200 4196 "https://clavo.space/shop/page/3/?product_orderby=date&product_count=36&product_view=list" "Mozilla/5.0 (Linux; Android 7.0;) AppleWebKit/537.36 (KHTML, like Gecko) Mobile Safari/537.36 (compatible; PetalBot;+https://webmaster.petalsearch.com/site/petalbot)"
85.208.96.204 - - [27/Feb/2026:15:53:46 -0500] "GET /events/tag/exhibition/day/2026-10-07/ HTTP/1.1" 200 4196 "-" "Mozilla/5.0 (compatible; SemrushBot/7~bl; +http://www.semrush.com/bot.html)"
85.208.96.207 - - [27/Feb/2026:15:54:02 -0500] "GET /events/tag/art/list/?eventDisplay=past&tribe-bar-date=2026-02-28 HTTP/1.1" 200 4196 "-" "Mozilla/5.0 (compatible; SemrushBot/7~bl; +http://www.semrush.com/bot.html)"
85.208.96.199 - - [27/Feb/2026:15:54:16 -0500] "GET /events/tag/opening/list/?eventDisplay=past&tribe-bar-date=2027-01-13 HTTP/1.1" 200 4196 "-" "Mozilla/5.0 (compatible; SemrushBot/7~bl; +http://www.semrush.com/bot.html)"
114.119.148.154 - - [27/Feb/2026:15:54:49 -0500] "GET /shop/page/2/?product_order=desc&product_view=list&product_orderby=default&product_count=24 HTTP/1.1" 200 4196 "https://clavo.space/shop/page/2/?product_order=desc&product_view=list&product_orderby=name&product_count=24" "Mozilla/5.0 (Linux; Android 7.0;) AppleWebKit/537.36 (KHTML, like Gecko) Mobile Safari/537.36 (compatible; PetalBot;+https://webmaster.petalsearch.com/site/petalbot)"
154.30.74.19 - - [27/Feb/2026:15:54:53 -0500] "GET /2022/11/16/experimental/ HTTP/1.1" 200 4196 "-" "Mozilla/5.0 (Macintosh; Intel Mac OS X 10_15_7) AppleWebKit/537.36 (KHTML, like Gecko) Chrome/142.0.0.0 Safari/537.36"
185.12.150.17 - - [27/Feb/2026:15:55:28 -0500] "GET /wp/broken-film/ HTTP/1.1" 301 326 "http://brokendocumentary.film/" "Mozilla/5.0 (Windows NT 10.0; Win64; x64) AppleWebKit/537.36 (KHTML, like Gecko) Chrome/122.0.0.0 Safari/537.36 Agency/93.8.2357.5"
121.200.216.13 - - [27/Feb/2026:15:55:28 -0500] "GET /wp-login.php HTTP/1.1" 200 4196 "-" "Mozilla/5.0 (Macintosh; Intel Mac OS X 10_12_6) AppleWebKit/537.36 (KHTML, like Gecko) Chrome/67.0.3396.87 Safari/537.36"
192.36.53.210 - - [27/Feb/2026:15:55:28 -0500] "GET /wp/broken-film/ HTTP/1.1" 301 - "http://www.212productions.net/wp/broken-film/" "Mozilla/5.0 (Windows NT 10.0; Win64; x64) AppleWebKit/537.36 (KHTML, like Gecko) Chrome/122.0.0.0 Safari/537.36 Agency/93.8.2357.5"
121.200.216.13 - - [27/Feb/2026:15:55:29 -0500] "POST /wp-login.php HTTP/1.1" 200 4196 "https://212productions.net/wp-login.php" "Mozilla/5.0 (Macintosh; Intel Mac OS X 10_12_6) AppleWebKit/537.36 (KHTML, like Gecko) Chrome/67.0.3396.87 Safari/537.36"
93.158.98.56 - - [27/Feb/2026:15:55:30 -0500] "GET /wp/broken-film/ HTTP/1.1" 200 17239 "https://www.212productions.net/wp/broken-film/" "Mozilla/5.0 (Windows NT 10.0; Win64; x64) AppleWebKit/537.36 (KHTML, like Gecko) Chrome/122.0.0.0 Safari/537.36 Agency/93.8.2357.5"
114.119.132.131 - - [27/Feb/2026:15:56:12 -0500] "GET /shop/page/2/?product_count=24&product_order=desc&product_view=grid&product_orderby=name HTTP/1.1" 200 4196 "https://clavo.space/shop/page/2/?product_count=24&product_order=desc&product_view=list&product_orderby=name" "Mozilla/5.0 (Linux; Android 7.0;) AppleWebKit/537.36 (KHTML, like Gecko) Mobile Safari/537.36 (compatible; PetalBot;+https://webmaster.petalsearch.com/site/petalbot)"
85.208.96.209 - - [27/Feb/2026:15:56:23 -0500] "GET /events/tag/art/day/2029-12-30/ HTTP/1.1" 200 4196 "-" "Mozilla/5.0 (compatible; SemrushBot/7~bl; +http://www.semrush.com/bot.html)"
185.191.171.3 - - [27/Feb/2026:15:57:02 -0500] "GET /events/list/?eventDisplay=past&tribe-bar-date=2026-07-27 HTTP/1.1" 200 4196 "-" "Mozilla/5.0 (compatible; SemrushBot/7~bl; +http://www.semrush.com/bot.html)"
209.141.55.158 - - [27/Feb/2026:15:57:18 -0500] "GET /wp-login.php HTTP/1.1" 200 65129 "-" "Mozilla/5.0 (Windows NT 6.0) AppleWebKit/537.36 (KHTML, like Gecko) Chrome/36.0.1985.125 Safari/537.36"
66.249.79.67 - - [27/Feb/2026:15:57:36 -0500] "GET /product-tag/tania-riera/?product_orderby=rating&product_view=list&product_count=24&product_order=asc HTTP/1.1" 200 4196 "-" "Mozilla/5.0 (Linux; Android 6.0.1; Nexus 5X Build/MMB29P) AppleWebKit/537.36 (KHTML, like Gecko) Chrome/144.0.7559.132 Mobile Safari/537.36 (compatible; Googlebot/2.1; +http://www.google.com/bot.html)"
185.191.171.1 - - [27/Feb/2026:15:57:36 -0500] "GET /events/tag/opening/list/?eventDisplay=past&tribe-bar-date=2021-07-17 HTTP/1.1" 200 4196 "-" "Mozilla/5.0 (compatible; SemrushBot/7~bl; +http://www.semrush.com/bot.html)"
114.119.163.186 - - [27/Feb/2026:15:57:40 -0500] "GET /shop/page/1?product_count=12&product_order=desc&product_view=grid&product_orderby=default HTTP/1.1" 200 4196 "https://clavo.space/shop/page/5?product_count=12&product_order=desc&product_view=grid&product_orderby=default" "Mozilla/5.0 (Linux; Android 7.0;) AppleWebKit/537.36 (KHTML, like Gecko) Mobile Safari/537.36 (compatible; PetalBot;+https://webmaster.petalsearch.com/site/petalbot)"
185.191.171.1 - - [27/Feb/2026:15:57:41 -0500] "GET /events/tag/clavo-space/list/?eventDisplay=past&tribe-bar-date=2026-04-24 HTTP/1.1" 200 4196 "-" "Mozilla/5.0 (compatible; SemrushBot/7~bl; +http://www.semrush.com/bot.html)"
14.239.150.128 - - [27/Feb/2026:15:57:46 -0500] "GET /wp/posmodernidad-contada-en-una-obra-provocativa/ HTTP/1.1" 200 19764 "-" "Mozilla/5.0 (Macintosh; Intel Mac OS X 10_15_7) AppleWebKit/537.36 (KHTML, like Gecko) Chrome/98.0.4758.80 Safari/537.36"
85.208.96.205 - - [27/Feb/2026:15:57:53 -0500] "GET /events/tag/clavo-space/list/?eventDisplay=past&tribe-bar-date=2025-04-29 HTTP/1.1" 200 4196 "-" "Mozilla/5.0 (compatible; SemrushBot/7~bl; +http://www.semrush.com/bot.html)"
185.191.171.7 - - [27/Feb/2026:15:58:07 -0500] "GET /events/tag/art/list/?tribe-bar-date=2022-04-26 HTTP/1.1" 200 4196 "-" "Mozilla/5.0 (compatible; SemrushBot/7~bl; +http://www.semrush.com/bot.html)"
114.119.148.154 - - [27/Feb/2026:15:59:00 -0500] "GET /product-tag/tania-riera/?product_order=desc&product_orderby=date HTTP/1.1" 200 4196 "https://clavo.space/product-tag/tania-riera/?product_order=desc" "Mozilla/5.0 (Linux; Android 7.0;) AppleWebKit/537.36 (KHTML, like Gecko) Mobile Safari/537.36 (compatible; PetalBot;+https://webmaster.petalsearch.com/site/petalbot)"
185.191.171.15 - - [27/Feb/2026:15:59:04 -0500] "GET /events/tag/art/day/2021-11-02/ HTTP/1.1" 200 4196 "-" "Mozilla/5.0 (compatible; SemrushBot/7~bl; +http://www.semrush.com/bot.html)"
85.208.96.210 - - [27/Feb/2026:15:59:31 -0500] "GET /events/list/?tribe-bar-date=2023-05-19 HTTP/1.1" 200 4196 "-" "Mozilla/5.0 (compatible; SemrushBot/7~bl; +http://www.semrush.com/bot.html)"
114.119.163.186 - - [27/Feb/2026:16:00:23 -0500] "GET /product-tag/tania-riera/?product_count=24&product_orderby=default&product_order=asc HTTP/1.1" 200 4196 "https://clavo.space/product-tag/tania-riera/?product_count=24&product_orderby=default&product_order=asc" "Mozilla/5.0 (Linux; Android 7.0;) AppleWebKit/537.36 (KHTML, like Gecko) Mobile Safari/537.36 (compatible; PetalBot;+https://webmaster.petalsearch.com/site/petalbot)"
167.172.79.172 - - [27/Feb/2026:16:00:36 -0500] "POST /xmlrpc.php HTTP/1.1" 200 4196 "-" "Mozilla/5.0 (Windows NT 6.1; WOW64) AppleWebKit/537.36 (KHTML, like Gecko) Chrome/67.0.3396.62 Safari/537.36"
66.249.79.68 - - [27/Feb/2026:16:00:48 -0500] "GET /page/2/?h=e6sqptgp5dgqoqx HTTP/1.1" 200 4196 "-" "Mozilla/5.0 (Linux; Android 6.0.1; Nexus 5X Build/MMB29P) AppleWebKit/537.36 (KHTML, like Gecko) Chrome/144.0.7559.132 Mobile Safari/537.36 (compatible; GoogleOther)"
185.191.171.3 - - [27/Feb/2026:16:01:33 -0500] "GET /events/tag/exhibition/list/?eventDisplay=past&tribe-bar-date=2021-11-04 HTTP/1.1" 200 4196 "-" "Mozilla/5.0 (compatible; SemrushBot/7~bl; +http://www.semrush.com/bot.html)"
114.119.149.252 - - [27/Feb/2026:16:01:51 -0500] "GET /product-tag/garret-suhrie/?product_orderby=date&product_count=12&product_order=asc&product_view=grid HTTP/1.1" 200 4196 "https://clavo.space/product-tag/garret-suhrie/?product_orderby=date&product_count=12&product_order=asc&product_view=list" "Mozilla/5.0 (Linux; Android 7.0;) AppleWebKit/537.36 (KHTML, like Gecko) Mobile Safari/537.36 (compatible; PetalBot;+https://webmaster.petalsearch.com/site/petalbot)"
14.230.119.133 - - [27/Feb/2026:16:01:51 -0500] "GET /wp/2021/06/29/david-lachapelle-y-un-circuito-imperdible/ HTTP/1.1" 404 12288 "-" "Mozilla/5.0 (Windows NT 10.0; WOW64) AppleWebKit/537.36 (KHTML, like Gecko) Chrome/80.0.3987.132 Safari/537.36"
66.249.79.69 - - [27/Feb/2026:16:02:45 -0500] "GET /page/3/?path=/home/clavospa/public_html/wp-content HTTP/1.1" 200 3099 "-" "Mozilla/5.0 (Linux; Android 6.0.1; Nexus 5X Build/MMB29P) AppleWebKit/537.36 (KHTML, like Gecko) Chrome/144.0.7559.132 Mobile Safari/537.36 (compatible; GoogleOther)"
209.141.44.114 - - [27/Feb/2026:16:02:48 -0500] "GET /wp-login.php HTTP/1.1" 200 65129 "-" "Mozilla/5.0 (Macintosh; Intel Mac OS X 10_10_0) AppleWebKit/537.36 (KHTML, like Gecko) Chrome/36.0.1985.125 Safari/537.36"
185.191.171.4 - - [27/Feb/2026:16:03:00 -0500] "GET /events/tag/opening/list/?eventDisplay=past&tribe-bar-date=2023-03-28 HTTP/1.1" 200 4196 "-" "Mozilla/5.0 (compatible; SemrushBot/7~bl; +http://www.semrush.com/bot.html)"
66.249.79.69 - - [27/Feb/2026:16:03:08 -0500] "GET /page/2/?h=ebbnk0zg0kzloxg HTTP/1.1" 200 4196 "-" "Mozilla/5.0 (Linux; Android 6.0.1; Nexus 5X Build/MMB29P) AppleWebKit/537.36 (KHTML, like Gecko) Chrome/144.0.7559.132 Mobile Safari/537.36 (compatible; GoogleOther)"
114.119.136.13 - - [27/Feb/2026:16:03:11 -0500] "GET /product-tag/autopsy/?product_view=list&product_order=desc&product_orderby=name HTTP/1.1" 200 4196 "https://clavo.space/product-tag/autopsy/?product_view=list&product_order=desc&product_orderby=popularity" "Mozilla/5.0 (Linux; Android 7.0;) AppleWebKit/537.36 (KHTML, like Gecko) Mobile Safari/537.36 (compatible; PetalBot;+https://webmaster.petalsearch.com/site/petalbot)"
116.202.244.177 - - [27/Feb/2026:16:03:16 -0500] "GET /wp-login.php HTTP/1.1" 200 4196 "-" "Mozilla/5.0 (Windows NT 6.3; Win64; x64; Trident/7.0; Touch; ASU2JS; rv:11.0) like Gecko"
116.202.244.177 - - [27/Feb/2026:16:03:17 -0500] "POST /wp-login.php HTTP/1.1" 200 4196 "https://212productions.net/wp-login.php" "Mozilla/5.0 (Windows NT 6.3; Win64; x64; Trident/7.0; Touch; ASU2JS; rv:11.0) like Gecko"
54.39.0.101 - - [27/Feb/2026:16:03:33 -0500] "GET /product-category/paintings/page/3/?product_count=24&product_view=list&product_orderby=price&paged=1 HTTP/1.1" 200 4196 "-" "Mozilla/5.0 (compatible; AhrefsBot/7.0; +http://ahrefs.com/robot/)"
85.208.96.207 - - [27/Feb/2026:16:03:45 -0500] "GET /events/tag/clavo-space/list/?eventDisplay=past&tribe-bar-date=2021-07-24 HTTP/1.1" 200 4196 "-" "Mozilla/5.0 (compatible; SemrushBot/7~bl; +http://www.semrush.com/bot.html)"
85.208.96.202 - - [27/Feb/2026:16:04:02 -0500] "GET /events/tag/clavo-space/list/?eventDisplay=past&tribe-bar-date=2027-06-08 HTTP/1.1" 200 4196 "-" "Mozilla/5.0 (compatible; SemrushBot/7~bl; +http://www.semrush.com/bot.html)"
63.143.44.106 - - [27/Feb/2026:16:04:14 -0500] "POST /xmlrpc.php HTTP/1.1" 200 4196 "-" "Mozilla/4.0 (compatible; MSIE 7.0; Windows NT 6.2; WOW64; Trident/7.0; .NET4.0E; .NET4.0C; Tablet PC 2.0; .NET CLR 3.5.30729; .NET CLR 2.0.50727; .NET CLR 3.0.30729; McAfee; LCJB)"
63.143.44.106 - - [27/Feb/2026:16:04:15 -0500] "POST /xmlrpc.php HTTP/1.1" 200 4196 "-" "Mozilla/4.0 (compatible; MSIE 7.0; Windows NT 6.2; WOW64; Trident/7.0; .NET4.0E; .NET4.0C; Tablet PC 2.0; .NET CLR 3.5.30729; .NET CLR 2.0.50727; .NET CLR 3.0.30729; McAfee; LCJB)"
63.143.44.106 - - [27/Feb/2026:16:04:16 -0500] "POST /xmlrpc.php HTTP/1.1" 200 4196 "-" "Mozilla/4.0 (compatible; MSIE 7.0; Windows NT 6.2; WOW64; Trident/7.0; .NET4.0E; .NET4.0C; Tablet PC 2.0; .NET CLR 3.5.30729; .NET CLR 2.0.50727; .NET CLR 3.0.30729; McAfee; LCJB)"
114.119.163.186 - - [27/Feb/2026:16:04:34 -0500] "GET /shop?product_count=12&product_view=list&product_order=asc&product_orderby=price HTTP/1.1" 200 4196 "https://clavo.space/shop?product_count=36&product_view=list&product_order=asc&product_orderby=price" "Mozilla/5.0 (Linux; Android 7.0;) AppleWebKit/537.36 (KHTML, like Gecko) Mobile Safari/537.36 (compatible; PetalBot;+https://webmaster.petalsearch.com/site/petalbot)"
85.208.96.205 - - [27/Feb/2026:16:04:51 -0500] "GET /events/list/?eventDisplay=past&tribe-bar-date=2024-07-06 HTTP/1.1" 200 4196 "-" "Mozilla/5.0 (compatible; SemrushBot/7~bl; +http://www.semrush.com/bot.html)"
85.208.96.207 - - [27/Feb/2026:16:05:28 -0500] "GET /wp/la-inspiracion-de-david-lachapelle/ HTTP/1.1" 200 19766 "-" "Mozilla/5.0 (compatible; SemrushBot/7~bl; +http://www.semrush.com/bot.html)"
85.208.96.193 - - [27/Feb/2026:16:05:50 -0500] "GET /events/tag/art/list/?tribe-bar-date=2023-09-02 HTTP/1.1" 200 4196 "-" "Mozilla/5.0 (compatible; SemrushBot/7~bl; +http://www.semrush.com/bot.html)"
114.119.158.196 - - [27/Feb/2026:16:05:59 -0500] "GET /shop/page/4?product_count=24&product_orderby=rating&product_view=grid&product_order=asc HTTP/1.1" 200 4196 "-" "Mozilla/5.0 (Linux; Android 7.0;) AppleWebKit/537.36 (KHTML, like Gecko) Mobile Safari/537.36 (compatible; PetalBot;+https://webmaster.petalsearch.com/site/petalbot)"
85.208.96.209 - - [27/Feb/2026:16:06:57 -0500] "GET /events/tag/clavo-space/list/?tribe-bar-date=2022-11-07 HTTP/1.1" 200 4196 "-" "Mozilla/5.0 (compatible; SemrushBot/7~bl; +http://www.semrush.com/bot.html)"
85.208.96.204 - - [27/Feb/2026:16:07:01 -0500] "GET /events/2024-08-11/ HTTP/1.1" 200 4196 "-" "Mozilla/5.0 (compatible; SemrushBot/7~bl; +http://www.semrush.com/bot.html)"
85.208.96.211 - - [27/Feb/2026:16:07:04 -0500] "GET /events/tag/art/list/?tribe-bar-date=2029-05-17 HTTP/1.1" 200 4196 "-" "Mozilla/5.0 (compatible; SemrushBot/7~bl; +http://www.semrush.com/bot.html)"
201.97.29.82 - - [27/Feb/2026:16:07:06 -0500] "GET /wp/leonardo-da-vinci-el-rostro-de-un-genio-llega-a-mexico/ HTTP/1.1" 200 19239 "-" "Mozilla/5.0 (Windows NT 6.2; WOW64) AppleWebKit/537.36 (KHTML, like Gecko) Chrome/30.0.1599.17 Safari/537.36"
157.230.13.3 - - [27/Feb/2026:16:07:08 -0500] "GET /product/lady-and-the-cat-in-the-white-boxes/975 HTTP/1.1" 200 4196 "https://clavo.space/" "Mozilla/5.0 (Windows NT 10.0; Win64; x64) AppleWebKit/537.36 (KHTML, like Gecko) Chrome/131.0.0.0 Safari/537.36"
185.191.171.19 - - [27/Feb/2026:16:07:18 -0500] "GET /events/tag/exhibition/list/?tribe-bar-date=2023-06-19 HTTP/1.1" 200 4196 "-" "Mozilla/5.0 (compatible; SemrushBot/7~bl; +http://www.semrush.com/bot.html)"
114.119.149.252 - - [27/Feb/2026:16:07:20 -0500] "GET /shop/page/4/?product_order=desc&product_orderby=date&product_view=grid&product_count=24 HTTP/1.1" 200 4196 "https://clavo.space/shop/page/4/?product_order=desc&product_orderby=date&product_view=list&product_count=24" "Mozilla/5.0 (Linux; Android 7.0;) AppleWebKit/537.36 (KHTML, like Gecko) Mobile Safari/537.36 (compatible; PetalBot;+https://webmaster.petalsearch.com/site/petalbot)"
85.208.96.204 - - [27/Feb/2026:16:07:26 -0500] "GET /events/tag/clavo-space/day/2028-07-19/ HTTP/1.1" 200 4196 "-" "Mozilla/5.0 (compatible; SemrushBot/7~bl; +http://www.semrush.com/bot.html)"
104.223.123.19 - - [27/Feb/2026:16:07:28 -0500] "GET /wp-login.php HTTP/1.1" 200 4196 "-" "Mozilla/5.0 (Windows NT 10.0; Win64; x64; rv:61.0) Gecko/20100101 Firefox/61.0"
104.223.123.19 - - [27/Feb/2026:16:07:29 -0500] "POST /wp-login.php HTTP/1.1" 200 4196 "https://212productions.net/wp-login.php" "Mozilla/5.0 (Windows NT 10.0; Win64; x64; rv:61.0) Gecko/20100101 Firefox/61.0"
122.175.189.80 - - [27/Feb/2026:16:08:34 -0500] "POST /xmlrpc.php HTTP/1.1" 200 4196 "-" "Mozilla/5.0 (Windows NT 6.1; Trident/7.0; SLCC2; .NET CLR 2.0.50727; .NET CLR 3.5.30729; .NET CLR 3.0.30729; Media Center PC 6.0; InfoPath.2; .NET4.0C; rv:11.0) like Gecko"
114.119.148.154 - - [27/Feb/2026:16:08:45 -0500] "GET /shop/page/3?product_view=grid&product_orderby=name&product_count=12&product_order=desc HTTP/1.1" 200 4196 "https://clavo.space/shop/page/3?product_view=grid&product_orderby=date&product_count=12&product_order=desc" "Mozilla/5.0 (Linux; Android 7.0;) AppleWebKit/537.36 (KHTML, like Gecko) Mobile Safari/537.36 (compatible; PetalBot;+https://webmaster.petalsearch.com/site/petalbot)"
217.182.195.225 - - [27/Feb/2026:16:09:20 -0500] "GET /robots.txt HTTP/1.1" 200 111 "-" "Mozilla/5.0 (compatible; MJ12bot/v1.4.8; http://mj12bot.com/)"
216.73.216.223 - - [27/Feb/2026:16:09:22 -0500] "GET /robots.txt HTTP/1.1" 200 111 "-" "Mozilla/5.0 AppleWebKit/537.36 (KHTML, like Gecko; compatible; ClaudeBot/1.0; +claudebot@anthropic.com)"
216.73.216.223 - - [27/Feb/2026:16:09:22 -0500] "GET /wp/david-lachapelle-2024/ HTTP/1.1" 200 28193 "-" "Mozilla/5.0 AppleWebKit/537.36 (KHTML, like Gecko; compatible; ClaudeBot/1.0; +claudebot@anthropic.com)"
217.182.195.225 - - [27/Feb/2026:16:09:23 -0500] "GET /product-category/paintings/?add-to-cart=6610&product_view=list&product_orderby=date&product_order=desc&product_count=36 HTTP/1.1" 200 4196 "-" "Mozilla/5.0 (compatible; MJ12bot/v1.4.8; http://mj12bot.com/)"
40.77.167.126 - - [27/Feb/2026:16:09:23 -0500] "GET /?ID=75861.html HTTP/1.1" 200 4196 "-" "Mozilla/5.0 AppleWebKit/537.36 (KHTML, like Gecko; compatible; bingbot/2.0; +http://www.bing.com/bingbot.htm) Chrome/116.0.1938.76 Safari/537.36"
40.77.167.126 - - [27/Feb/2026:16:09:26 -0500] "GET /?ID=48802.html HTTP/1.1" 200 4196 "-" "Mozilla/5.0 AppleWebKit/537.36 (KHTML, like Gecko; compatible; bingbot/2.0; +http://www.bing.com/bingbot.htm) Chrome/116.0.1938.76 Safari/537.36"
217.182.195.225 - - [27/Feb/2026:16:09:27 -0500] "GET /product-category/paintings/?add-to-cart=7075&product_view=list&product_orderby=rating&product_order=asc HTTP/1.1" 200 4196 "-" "Mozilla/5.0 (compatible; MJ12bot/v1.4.8; http://mj12bot.com/)"
217.182.195.225 - - [27/Feb/2026:16:09:31 -0500] "GET /shop/?add-to-cart=1921&product_orderby=price&product_view=list&product_count=12&product_order=desc HTTP/1.1" 200 4196 "-" "Mozilla/5.0 (compatible; MJ12bot/v1.4.8; http://mj12bot.com/)"
217.182.195.225 - - [27/Feb/2026:16:09:35 -0500] "GET /shop/?add-to-cart=1921&product_orderby=price&product_view=list&product_count=24&product_order=desc HTTP/1.1" 200 4196 "-" "Mozilla/5.0 (compatible; MJ12bot/v1.4.8; http://mj12bot.com/)"
217.182.195.225 - - [27/Feb/2026:16:09:39 -0500] "GET /shop/?add-to-cart=1973&product_count=24&product_orderby=default&product_view=list HTTP/1.1" 200 4196 "-" "Mozilla/5.0 (compatible; MJ12bot/v1.4.8; http://mj12bot.com/)"
217.182.195.225 - - [27/Feb/2026:16:09:42 -0500] "GET /shop/?add-to-cart=1973&product_count=24&product_orderby=name HTTP/1.1" 200 4196 "-" "Mozilla/5.0 (compatible; MJ12bot/v1.4.8; http://mj12bot.com/)"
217.182.195.225 - - [27/Feb/2026:16:09:46 -0500] "GET /shop/?add-to-cart=1973&product_count=24&product_orderby=name&product_order=desc HTTP/1.1" 200 4196 "-" "Mozilla/5.0 (compatible; MJ12bot/v1.4.8; http://mj12bot.com/)"
85.208.96.197 - - [27/Feb/2026:16:09:49 -0500] "GET /events/tag/art/list/?tribe-bar-date=2030-01-25 HTTP/1.1" 200 4196 "-" "Mozilla/5.0 (compatible; SemrushBot/7~bl; +http://www.semrush.com/bot.html)"
217.182.195.225 - - [27/Feb/2026:16:09:50 -0500] "GET /shop/?add-to-cart=1973&product_count=24&product_orderby=price&product_view=grid HTTP/1.1" 200 4196 "-" "Mozilla/5.0 (compatible; MJ12bot/v1.4.8; http://mj12bot.com/)"
217.182.195.225 - - [27/Feb/2026:16:09:54 -0500] "GET /shop/?add-to-cart=1973&product_count=36&product_order=desc&product_orderby=popularity HTTP/1.1" 200 4196 "-" "Mozilla/5.0 (compatible; MJ12bot/v1.4.8; http://mj12bot.com/)"
217.182.195.225 - - [27/Feb/2026:16:09:57 -0500] "GET /shop/?add-to-cart=1973&product_count=36&product_orderby=rating&product_view=grid HTTP/1.1" 200 4196 "-" "Mozilla/5.0 (compatible; MJ12bot/v1.4.8; http://mj12bot.com/)"
217.182.195.225 - - [27/Feb/2026:16:10:01 -0500] "GET /shop/?add-to-cart=1976&product_count=36&product_orderby=price HTTP/1.1" 200 4196 "-" "Mozilla/5.0 (compatible; MJ12bot/v1.4.8; http://mj12bot.com/)"
217.182.195.225 - - [27/Feb/2026:16:10:05 -0500] "GET /shop/?add-to-cart=1977&product_order=desc&product_view=grid&product_count=24 HTTP/1.1" 200 4196 "-" "Mozilla/5.0 (compatible; MJ12bot/v1.4.8; http://mj12bot.com/)"
114.119.158.196 - - [27/Feb/2026:16:10:07 -0500] "GET /shop/page/3/?product_view=grid&product_count=24&product_orderby=rating HTTP/1.1" 200 4196 "https://clavo.space/shop/page/4/?product_view=grid&product_count=24&product_orderby=rating" "Mozilla/5.0 (Linux; Android 7.0;) AppleWebKit/537.36 (KHTML, like Gecko) Mobile Safari/537.36 (compatible; PetalBot;+https://webmaster.petalsearch.com/site/petalbot)"
217.182.195.225 - - [27/Feb/2026:16:10:09 -0500] "GET /shop/?add-to-cart=1977&product_order=desc&product_view=grid&product_count=36 HTTP/1.1" 200 4196 "-" "Mozilla/5.0 (compatible; MJ12bot/v1.4.8; http://mj12bot.com/)"
66.249.79.69 - - [27/Feb/2026:16:10:11 -0500] "GET /page/2/?h=eyuuf7invrig44z HTTP/1.1" 200 4196 "-" "Mozilla/5.0 (Linux; Android 6.0.1; Nexus 5X Build/MMB29P) AppleWebKit/537.36 (KHTML, like Gecko) Chrome/144.0.7559.132 Mobile Safari/537.36 (compatible; GoogleOther)"
217.182.195.225 - - [27/Feb/2026:16:10:13 -0500] "GET /shop/?add-to-cart=1977&product_order=desc&product_view=list&product_count=12 HTTP/1.1" 200 4196 "-" "Mozilla/5.0 (compatible; MJ12bot/v1.4.8; http://mj12bot.com/)"
217.182.195.225 - - [27/Feb/2026:16:10:16 -0500] "GET /shop/?add-to-cart=1977&product_order=desc&product_view=list&product_count=24 HTTP/1.1" 200 4196 "-" "Mozilla/5.0 (compatible; MJ12bot/v1.4.8; http://mj12bot.com/)"
217.182.195.225 - - [27/Feb/2026:16:10:20 -0500] "GET /shop/?add-to-cart=1977&product_order=desc&product_view=list&product_count=36 HTTP/1.1" 200 4196 "-" "Mozilla/5.0 (compatible; MJ12bot/v1.4.8; http://mj12bot.com/)"
217.182.195.225 - - [27/Feb/2026:16:10:24 -0500] "GET /shop/?add-to-cart=1977&product_order=desc&product_view=list&product_count=36&product_orderby=name HTTP/1.1" 200 4196 "-" "Mozilla/5.0 (compatible; MJ12bot/v1.4.8; http://mj12bot.com/)"
217.182.195.225 - - [27/Feb/2026:16:10:28 -0500] "GET /shop/?add-to-cart=1977&product_order=desc&product_view=list&product_count=36&product_orderby=popularity HTTP/1.1" 200 4196 "-" "Mozilla/5.0 (compatible; MJ12bot/v1.4.8; http://mj12bot.com/)"
217.182.195.225 - - [27/Feb/2026:16:10:31 -0500] "GET /shop/?add-to-cart=1977&product_order=desc&product_view=list&product_count=36&product_orderby=price HTTP/1.1" 200 4196 "-" "Mozilla/5.0 (compatible; MJ12bot/v1.4.8; http://mj12bot.com/)"
217.182.195.225 - - [27/Feb/2026:16:10:35 -0500] "GET /shop/?add-to-cart=1977&product_orderby=date&product_count=24 HTTP/1.1" 200 4196 "-" "Mozilla/5.0 (compatible; MJ12bot/v1.4.8; http://mj12bot.com/)"
217.182.195.225 - - [27/Feb/2026:16:10:39 -0500] "GET /shop/?add-to-cart=1977&product_orderby=date&product_count=36&product_view=grid HTTP/1.1" 200 4196 "-" "Mozilla/5.0 (compatible; MJ12bot/v1.4.8; http://mj12bot.com/)"
217.182.195.225 - - [27/Feb/2026:16:10:42 -0500] "GET /shop/?add-to-cart=1977&product_orderby=date&product_order=desc&product_count=24 HTTP/1.1" 200 4196 "-" "Mozilla/5.0 (compatible; MJ12bot/v1.4.8; http://mj12bot.com/)"
217.182.195.225 - - [27/Feb/2026:16:10:46 -0500] "GET /shop/?add-to-cart=1977&product_orderby=date&product_order=desc&product_count=36 HTTP/1.1" 200 4196 "-" "Mozilla/5.0 (compatible; MJ12bot/v1.4.8; http://mj12bot.com/)"
217.182.195.225 - - [27/Feb/2026:16:10:50 -0500] "GET /shop/?add-to-cart=1977&product_orderby=default&product_count=12 HTTP/1.1" 200 4196 "-" "Mozilla/5.0 (compatible; MJ12bot/v1.4.8; http://mj12bot.com/)"
185.191.171.4 - - [27/Feb/2026:16:10:50 -0500] "GET /events/tag/art/list/?eventDisplay=past&tribe-bar-date=2021-03-25 HTTP/1.1" 200 4196 "-" "Mozilla/5.0 (compatible; SemrushBot/7~bl; +http://www.semrush.com/bot.html)"
217.182.195.225 - - [27/Feb/2026:16:10:54 -0500] "GET /shop/?add-to-cart=1977&product_orderby=default&product_count=24 HTTP/1.1" 200 4196 "-" "Mozilla/5.0 (compatible; MJ12bot/v1.4.8; http://mj12bot.com/)"
217.182.195.225 - - [27/Feb/2026:16:10:57 -0500] "GET /shop/?add-to-cart=1977&product_orderby=default&product_count=36 HTTP/1.1" 200 4196 "-" "Mozilla/5.0 (compatible; MJ12bot/v1.4.8; http://mj12bot.com/)"
185.191.171.14 - - [27/Feb/2026:16:11:00 -0500] "GET /events/category/exhibition/day/2026-12-09/ HTTP/1.1" 200 4196 "-" "Mozilla/5.0 (compatible; SemrushBot/7~bl; +http://www.semrush.com/bot.html)"
217.182.195.225 - - [27/Feb/2026:16:11:01 -0500] "GET /shop/?add-to-cart=1977&product_orderby=popularity&product_count=12 HTTP/1.1" 200 4196 "-" "Mozilla/5.0 (compatible; MJ12bot/v1.4.8; http://mj12bot.com/)"
217.182.195.225 - - [27/Feb/2026:16:11:05 -0500] "GET /shop/?add-to-cart=1977&product_orderby=popularity&product_order=desc&product_count=12 HTTP/1.1" 200 4196 "-" "Mozilla/5.0 (compatible; MJ12bot/v1.4.8; http://mj12bot.com/)"
217.182.195.225 - - [27/Feb/2026:16:11:09 -0500] "GET /shop/?add-to-cart=1977&product_orderby=popularity&product_order=desc&product_count=24 HTTP/1.1" 200 4196 "-" "Mozilla/5.0 (compatible; MJ12bot/v1.4.8; http://mj12bot.com/)"
217.182.195.225 - - [27/Feb/2026:16:11:12 -0500] "GET /shop/?add-to-cart=1977&product_orderby=popularity&product_order=desc&product_count=36 HTTP/1.1" 200 4196 "-" "Mozilla/5.0 (compatible; MJ12bot/v1.4.8; http://mj12bot.com/)"
217.182.195.225 - - [27/Feb/2026:16:11:16 -0500] "GET /shop/?add-to-cart=1977&product_orderby=price&product_count=24 HTTP/1.1" 200 4196 "-" "Mozilla/5.0 (compatible; MJ12bot/v1.4.8; http://mj12bot.com/)"
217.182.195.225 - - [27/Feb/2026:16:11:20 -0500] "GET /shop/?add-to-cart=1977&product_orderby=price&product_count=36 HTTP/1.1" 200 4196 "-" "Mozilla/5.0 (compatible; MJ12bot/v1.4.8; http://mj12bot.com/)"
217.182.195.225 - - [27/Feb/2026:16:11:23 -0500] "GET /shop/?add-to-cart=1977&product_orderby=rating&product_count=24 HTTP/1.1" 200 4196 "-" "Mozilla/5.0 (compatible; MJ12bot/v1.4.8; http://mj12bot.com/)"
217.182.195.225 - - [27/Feb/2026:16:11:27 -0500] "GET /shop/?add-to-cart=1977&product_orderby=rating&product_count=36 HTTP/1.1" 200 4196 "-" "Mozilla/5.0 (compatible; MJ12bot/v1.4.8; http://mj12bot.com/)"
57.130.20.252 - - [27/Feb/2026:16:11:29 -0500] "GET /wp-login.php HTTP/1.1" 200 4196 "-" "Mozilla/5.0 (Windows NT 6.1; Win64; x64) AppleWebKit/537.36 (KHTML, like Gecko) Chrome/64.0.3282.186 Safari/537.36 OPR/51.0.2830.55"
57.130.20.252 - - [27/Feb/2026:16:11:30 -0500] "POST /wp-login.php HTTP/1.1" 200 4196 "https://212productions.net/wp-login.php" "Mozilla/5.0 (Windows NT 6.1; Win64; x64) AppleWebKit/537.36 (KHTML, like Gecko) Chrome/64.0.3282.186 Safari/537.36 OPR/51.0.2830.55"
114.119.153.245 - - [27/Feb/2026:16:11:31 -0500] "GET /shop/page/2?product_count=36&product_orderby=price&product_view=list HTTP/1.1" 200 4196 "https://clavo.space/shop?product_count=36&product_orderby=price&product_view=list" "Mozilla/5.0 (Linux; Android 7.0;) AppleWebKit/537.36 (KHTML, like Gecko) Mobile Safari/537.36 (compatible; PetalBot;+https://webmaster.petalsearch.com/site/petalbot)"
217.182.195.225 - - [27/Feb/2026:16:11:31 -0500] "GET /shop/?add-to-cart=1977&product_orderby=rating&product_count=36&product_view=grid HTTP/1.1" 200 4196 "-" "Mozilla/5.0 (compatible; MJ12bot/v1.4.8; http://mj12bot.com/)"
47.128.120.217 - - [27/Feb/2026:16:11:32 -0500] "GET /robots.txt HTTP/1.1" 200 111 "-" "-"
217.182.195.225 - - [27/Feb/2026:16:11:35 -0500] "GET /shop/?add-to-cart=1977&product_view=grid&product_count=24 HTTP/1.1" 200 4196 "-" "Mozilla/5.0 (compatible; MJ12bot/v1.4.8; http://mj12bot.com/)"
217.182.195.225 - - [27/Feb/2026:16:11:39 -0500] "GET /shop/?add-to-cart=1977&product_view=grid&product_count=24&product_order=asc HTTP/1.1" 200 4196 "-" "Mozilla/5.0 (compatible; MJ12bot/v1.4.8; http://mj12bot.com/)"
185.191.171.5 - - [27/Feb/2026:16:11:40 -0500] "GET /events/tag/art/list/?tribe-bar-date=2025-09-29 HTTP/1.1" 200 4196 "-" "Mozilla/5.0 (compatible; SemrushBot/7~bl; +http://www.semrush.com/bot.html)"
217.182.195.225 - - [27/Feb/2026:16:11:43 -0500] "GET /shop/?add-to-cart=1977&product_view=grid&product_count=24&product_order=desc HTTP/1.1" 200 4196 "-" "Mozilla/5.0 (compatible; MJ12bot/v1.4.8; http://mj12bot.com/)"
217.182.195.225 - - [27/Feb/2026:16:11:47 -0500] "GET /shop/?add-to-cart=1977&product_view=grid&product_order=asc&product_count=12 HTTP/1.1" 200 4196 "-" "Mozilla/5.0 (compatible; MJ12bot/v1.4.8; http://mj12bot.com/)"
185.191.171.5 - - [27/Feb/2026:16:11:50 -0500] "GET /events/tag/opening/list/?eventDisplay=past&tribe-bar-date=2021-08-31 HTTP/1.1" 200 4196 "-" "Mozilla/5.0 (compatible; SemrushBot/7~bl; +http://www.semrush.com/bot.html)"
217.182.195.225 - - [27/Feb/2026:16:11:51 -0500] "GET /shop/?add-to-cart=1977&product_view=list&product_count=12&product_order=desc HTTP/1.1" 200 4196 "-" "Mozilla/5.0 (compatible; MJ12bot/v1.4.8; http://mj12bot.com/)"
217.182.195.225 - - [27/Feb/2026:16:11:55 -0500] "GET /shop/?add-to-cart=1977&product_view=list&product_count=12&product_orderby=price HTTP/1.1" 200 4196 "-" "Mozilla/5.0 (compatible; MJ12bot/v1.4.8; http://mj12bot.com/)"
217.182.195.225 - - [27/Feb/2026:16:11:59 -0500] "GET /shop/?add-to-cart=1977&product_view=list&product_count=12&product_orderby=rating HTTP/1.1" 200 4196 "-" "Mozilla/5.0 (compatible; MJ12bot/v1.4.8; http://mj12bot.com/)"
217.182.195.225 - - [27/Feb/2026:16:12:03 -0500] "GET /shop/?add-to-cart=1977&product_view=list&product_count=24&product_orderby=date HTTP/1.1" 200 4196 "-" "Mozilla/5.0 (compatible; MJ12bot/v1.4.8; http://mj12bot.com/)"
217.182.195.225 - - [27/Feb/2026:16:12:07 -0500] "GET /shop/?add-to-cart=1977&product_view=list&product_count=24&product_orderby=default HTTP/1.1" 200 4196 "-" "Mozilla/5.0 (compatible; MJ12bot/v1.4.8; http://mj12bot.com/)"
217.182.195.225 - - [27/Feb/2026:16:12:11 -0500] "GET /shop/?add-to-cart=1977&product_view=list&product_count=24&product_orderby=name HTTP/1.1" 200 4196 "-" "Mozilla/5.0 (compatible; MJ12bot/v1.4.8; http://mj12bot.com/)"
217.182.195.225 - - [27/Feb/2026:16:12:14 -0500] "GET /shop/?add-to-cart=1977&product_view=list&product_count=24&product_orderby=popularity HTTP/1.1" 200 4196 "-" "Mozilla/5.0 (compatible; MJ12bot/v1.4.8; http://mj12bot.com/)"
217.182.195.225 - - [27/Feb/2026:16:12:18 -0500] "GET /shop/?add-to-cart=1977&product_view=list&product_count=24&product_orderby=price HTTP/1.1" 200 4196 "-" "Mozilla/5.0 (compatible; MJ12bot/v1.4.8; http://mj12bot.com/)"
216.73.216.223 - - [27/Feb/2026:16:12:19 -0500] "GET / HTTP/1.1" 200 4196 "-" "Mozilla/5.0 AppleWebKit/537.36 (KHTML, like Gecko; compatible; ClaudeBot/1.0; +claudebot@anthropic.com)"
217.182.195.225 - - [27/Feb/2026:16:12:22 -0500] "GET /shop/?add-to-cart=1977&product_view=list&product_count=24&product_orderby=rating HTTP/1.1" 200 4196 "-" "Mozilla/5.0 (compatible; MJ12bot/v1.4.8; http://mj12bot.com/)"
217.182.195.225 - - [27/Feb/2026:16:12:26 -0500] "GET /shop/?add-to-cart=1978&product_count=12&product_orderby=date HTTP/1.1" 200 4196 "-" "Mozilla/5.0 (compatible; MJ12bot/v1.4.8; http://mj12bot.com/)"
217.182.195.225 - - [27/Feb/2026:16:12:30 -0500] "GET /shop/?add-to-cart=1978&product_count=12&product_orderby=default HTTP/1.1" 200 4196 "-" "Mozilla/5.0 (compatible; MJ12bot/v1.4.8; http://mj12bot.com/)"
66.249.79.67 - - [27/Feb/2026:16:12:31 -0500] "GET /?ID=72756.html HTTP/1.1" 200 4196 "-" "Mozilla/5.0 (Linux; Android 6.0.1; Nexus 5X Build/MMB29P) AppleWebKit/537.36 (KHTML, like Gecko) Chrome/144.0.7559.132 Mobile Safari/537.36 (compatible; GoogleOther)"
217.182.195.225 - - [27/Feb/2026:16:12:34 -0500] "GET /shop/?add-to-cart=1978&product_count=12&product_orderby=name HTTP/1.1" 200 4196 "-" "Mozilla/5.0 (compatible; MJ12bot/v1.4.8; http://mj12bot.com/)"
217.182.195.225 - - [27/Feb/2026:16:12:38 -0500] "GET /shop/?add-to-cart=1978&product_count=12&product_orderby=popularity HTTP/1.1" 200 4196 "-" "Mozilla/5.0 (compatible; MJ12bot/v1.4.8; http://mj12bot.com/)"
50.6.7.129 - - [27/Feb/2026:16:12:38 -0500] "POST /xmlrpc.php HTTP/1.1" 200 4196 "-" "Mozilla/5.0 (Windows NT 6.3; Win64; x64; Trident/7.0; TNJB; rv:11.0) like Gecko"
50.6.7.129 - - [27/Feb/2026:16:12:39 -0500] "POST /xmlrpc.php HTTP/1.1" 200 4196 "-" "Mozilla/5.0 (Windows NT 6.3; Win64; x64; Trident/7.0; TNJB; rv:11.0) like Gecko"
50.6.7.129 - - [27/Feb/2026:16:12:40 -0500] "POST /xmlrpc.php HTTP/1.1" 200 4196 "-" "Mozilla/5.0 (Windows NT 6.3; Win64; x64; Trident/7.0; TNJB; rv:11.0) like Gecko"
217.182.195.225 - - [27/Feb/2026:16:12:42 -0500] "GET /shop/?add-to-cart=1978&product_count=12&product_orderby=price HTTP/1.1" 200 4196 "-" "Mozilla/5.0 (compatible; MJ12bot/v1.4.8; http://mj12bot.com/)"
217.182.195.225 - - [27/Feb/2026:16:12:46 -0500] "GET /shop/?add-to-cart=1978&product_count=12&product_orderby=rating HTTP/1.1" 200 4196 "-" "Mozilla/5.0 (compatible; MJ12bot/v1.4.8; http://mj12bot.com/)"
157.230.178.251 - - [27/Feb/2026:16:12:47 -0500] "GET /product/lady-and-the-cat-in-the-white-boxes/750 HTTP/1.1" 200 4196 "https://clavo.space/" "Mozilla/5.0 (Windows NT 10.0; Win64; x64) AppleWebKit/537.36 (KHTML, like Gecko) Chrome/116.0.0.0 Safari/537.36"
217.182.195.225 - - [27/Feb/2026:16:12:50 -0500] "GET /shop/?add-to-cart=1978&product_count=12&product_view=grid HTTP/1.1" 200 4196 "-" "Mozilla/5.0 (compatible; MJ12bot/v1.4.8; http://mj12bot.com/)"
217.182.195.225 - - [27/Feb/2026:16:12:54 -0500] "GET /shop/?add-to-cart=1978&product_count=12&product_view=list HTTP/1.1" 200 4196 "-" "Mozilla/5.0 (compatible; MJ12bot/v1.4.8; http://mj12bot.com/)"
114.119.163.186 - - [27/Feb/2026:16:12:54 -0500] "GET /shop/page/1?product_view=list&product_order=desc&product_orderby=rating&product_count=12 HTTP/1.1" 200 4196 "https://clavo.space/shop/page/7?product_view=list&product_order=desc&product_orderby=rating&product_count=12" "Mozilla/5.0 (Linux; Android 7.0;) AppleWebKit/537.36 (KHTML, like Gecko) Mobile Safari/537.36 (compatible; PetalBot;+https://webmaster.petalsearch.com/site/petalbot)"
217.182.195.225 - - [27/Feb/2026:16:12:58 -0500] "GET /shop/?add-to-cart=1978&product_count=24 HTTP/1.1" 200 4196 "-" "Mozilla/5.0 (compatible; MJ12bot/v1.4.8; http://mj12bot.com/)"
217.182.195.225 - - [27/Feb/2026:16:13:02 -0500] "GET /shop/?add-to-cart=1978&product_count=24&product_order=desc HTTP/1.1" 200 4196 "-" "Mozilla/5.0 (compatible; MJ12bot/v1.4.8; http://mj12bot.com/)"
217.182.195.225 - - [27/Feb/2026:16:13:06 -0500] "GET /shop/?add-to-cart=1978&product_count=36 HTTP/1.1" 200 4196 "-" "Mozilla/5.0 (compatible; MJ12bot/v1.4.8; http://mj12bot.com/)"
217.182.195.225 - - [27/Feb/2026:16:13:09 -0500] "GET /shop/?add-to-cart=1978&product_count=36&product_orderby=popularity HTTP/1.1" 200 4196 "-" "Mozilla/5.0 (compatible; MJ12bot/v1.4.8; http://mj12bot.com/)"
217.182.195.225 - - [27/Feb/2026:16:13:13 -0500] "GET /shop/?add-to-cart=1978&product_order=asc&product_view=list&product_count=36 HTTP/1.1" 200 4196 "-" "Mozilla/5.0 (compatible; MJ12bot/v1.4.8; http://mj12bot.com/)"
54.39.136.217 - - [27/Feb/2026:16:13:15 -0500] "GET /product-category/paintings/page/3/?product_count=36&product_view=list&product_orderby=date&paged=1 HTTP/1.1" 200 4196 "-" "Mozilla/5.0 (compatible; AhrefsBot/7.0; +http://ahrefs.com/robot/)"
185.191.171.7 - - [27/Feb/2026:16:13:16 -0500] "GET /events/category/exhibition/list/?eventDisplay=past&tribe-bar-date=2024-05-01 HTTP/1.1" 200 4196 "-" "Mozilla/5.0 (compatible; SemrushBot/7~bl; +http://www.semrush.com/bot.html)"
217.182.195.225 - - [27/Feb/2026:16:13:17 -0500] "GET /shop/?add-to-cart=1978&product_order=desc&product_count=24 HTTP/1.1" 200 4196 "-" "Mozilla/5.0 (compatible; MJ12bot/v1.4.8; http://mj12bot.com/)"
217.182.195.225 - - [27/Feb/2026:16:13:22 -0500] "GET /shop/?add-to-cart=1978&product_order=desc&product_view=grid&product_count=36 HTTP/1.1" 200 4196 "-" "Mozilla/5.0 (compatible; MJ12bot/v1.4.8; http://mj12bot.com/)"
217.182.195.225 - - [27/Feb/2026:16:13:26 -0500] "GET /shop/?add-to-cart=1978&product_orderby=date&product_order=asc&product_count=24&product_view=grid HTTP/1.1" 200 4196 "-" "Mozilla/5.0 (compatible; MJ12bot/v1.4.8; http://mj12bot.com/)"
217.182.195.225 - - [27/Feb/2026:16:13:29 -0500] "GET /shop/?add-to-cart=1978&product_orderby=date&product_order=asc&product_count=24&product_view=list HTTP/1.1" 200 4196 "-" "Mozilla/5.0 (compatible; MJ12bot/v1.4.8; http://mj12bot.com/)"
217.182.195.225 - - [27/Feb/2026:16:13:33 -0500] "GET /shop/?add-to-cart=1978&product_orderby=default&product_order=asc&product_count=24&product_view=grid HTTP/1.1" 200 4196 "-" "Mozilla/5.0 (compatible; MJ12bot/v1.4.8; http://mj12bot.com/)"
217.182.195.225 - - [27/Feb/2026:16:13:37 -0500] "GET /shop/?add-to-cart=1978&product_orderby=name&product_order=asc&product_count=24&product_view=grid HTTP/1.1" 200 4196 "-" "Mozilla/5.0 (compatible; MJ12bot/v1.4.8; http://mj12bot.com/)"
217.182.195.225 - - [27/Feb/2026:16:13:41 -0500] "GET /shop/?add-to-cart=1978&product_orderby=name&product_view=grid&product_count=12&product_order=desc HTTP/1.1" 200 4196 "-" "Mozilla/5.0 (compatible; MJ12bot/v1.4.8; http://mj12bot.com/)"
217.182.195.225 - - [27/Feb/2026:16:13:45 -0500] "GET /shop/?add-to-cart=1978&product_orderby=name&product_view=grid&product_count=36&product_order=desc HTTP/1.1" 200 4196 "-" "Mozilla/5.0 (compatible; MJ12bot/v1.4.8; http://mj12bot.com/)"
217.182.195.225 - - [27/Feb/2026:16:13:49 -0500] "GET /shop/?add-to-cart=1978&product_orderby=name&product_view=list&product_count=12&product_order=desc HTTP/1.1" 200 4196 "-" "Mozilla/5.0 (compatible; MJ12bot/v1.4.8; http://mj12bot.com/)"
217.182.195.225 - - [27/Feb/2026:16:13:53 -0500] "GET /shop/?add-to-cart=1978&product_orderby=name&product_view=list&product_count=36&product_order=desc HTTP/1.1" 200 4196 "-" "Mozilla/5.0 (compatible; MJ12bot/v1.4.8; http://mj12bot.com/)"
217.182.195.225 - - [27/Feb/2026:16:13:57 -0500] "GET /shop/?add-to-cart=1978&product_orderby=popularity&product_order=asc&product_count=24&product_view=grid HTTP/1.1" 200 4196 "-" "Mozilla/5.0 (compatible; MJ12bot/v1.4.8; http://mj12bot.com/)"
217.182.195.225 - - [27/Feb/2026:16:14:01 -0500] "GET /shop/?add-to-cart=1978&product_orderby=popularity&product_view=grid&product_count=12&product_order=asc HTTP/1.1" 200 4196 "-" "Mozilla/5.0 (compatible; MJ12bot/v1.4.8; http://mj12bot.com/)"
217.182.195.225 - - [27/Feb/2026:16:14:05 -0500] "GET /shop/?add-to-cart=1978&product_orderby=popularity&product_view=grid&product_count=24&product_order=asc HTTP/1.1" 200 4196 "-" "Mozilla/5.0 (compatible; MJ12bot/v1.4.8; http://mj12bot.com/)"
217.182.195.225 - - [27/Feb/2026:16:14:09 -0500] "GET /shop/?add-to-cart=1978&product_orderby=popularity&product_view=grid&product_count=36&product_order=asc HTTP/1.1" 200 4196 "-" "Mozilla/5.0 (compatible; MJ12bot/v1.4.8; http://mj12bot.com/)"
217.182.195.225 - - [27/Feb/2026:16:14:13 -0500] "GET /shop/?add-to-cart=1978&product_orderby=price&product_count=36 HTTP/1.1" 200 4196 "-" "Mozilla/5.0 (compatible; MJ12bot/v1.4.8; http://mj12bot.com/)"
217.182.195.225 - - [27/Feb/2026:16:14:17 -0500] "GET /shop/?add-to-cart=1978&product_orderby=price&product_order=asc&product_count=24&product_view=grid HTTP/1.1" 200 4196 "-" "Mozilla/5.0 (compatible; MJ12bot/v1.4.8; http://mj12bot.com/)"
114.119.151.197 - - [27/Feb/2026:16:14:18 -0500] "GET /shop/page/1/?product_orderby=price&product_view=grid&product_count=36 HTTP/1.1" 200 4196 "https://clavo.space/shop/page/3/?product_orderby=price&product_view=grid&product_count=36" "Mozilla/5.0 (Linux; Android 7.0;) AppleWebKit/537.36 (KHTML, like Gecko) Mobile Safari/537.36 (compatible; PetalBot;+https://webmaster.petalsearch.com/site/petalbot)"
217.182.195.225 - - [27/Feb/2026:16:14:20 -0500] "GET /shop/?add-to-cart=1978&product_orderby=price&product_view=grid&product_count=12&product_order=desc HTTP/1.1" 200 4196 "-" "Mozilla/5.0 (compatible; MJ12bot/v1.4.8; http://mj12bot.com/)"
47.79.51.64 - - [27/Feb/2026:16:14:21 -0500] "GET /events/today/ HTTP/1.1" 200 4196 "-" "Mozilla/5.0 (Macintosh; Intel Mac OS X 10_15_7) AppleWebKit/537.36 (KHTML, like Gecko) Chrome/144.0.0.0 Safari/537.36"
217.182.195.225 - - [27/Feb/2026:16:14:24 -0500] "GET /shop/?add-to-cart=1978&product_orderby=price&product_view=grid&product_count=36&product_order=desc HTTP/1.1" 200 4196 "-" "Mozilla/5.0 (compatible; MJ12bot/v1.4.8; http://mj12bot.com/)"
47.128.119.159 - - [27/Feb/2026:16:14:27 -0500] "GET /product/caribean/ HTTP/1.1" 200 4196 "-" "Mozilla/5.0 (Linux; Android 5.0) AppleWebKit/537.36 (KHTML, like Gecko) Mobile Safari/537.36 (compatible; TikTokSpider; ttspider-feedback@tiktok.com)"
217.182.195.225 - - [27/Feb/2026:16:14:28 -0500] "GET /shop/?add-to-cart=1978&product_orderby=price&product_view=list&product_count=24&product_order=desc HTTP/1.1" 200 4196 "-" "Mozilla/5.0 (compatible; MJ12bot/v1.4.8; http://mj12bot.com/)"
217.182.195.225 - - [27/Feb/2026:16:14:32 -0500] "GET /shop/?add-to-cart=1978&product_orderby=rating&product_count=24 HTTP/1.1" 200 4196 "-" "Mozilla/5.0 (compatible; MJ12bot/v1.4.8; http://mj12bot.com/)"
217.182.195.225 - - [27/Feb/2026:16:14:36 -0500] "GET /shop/?add-to-cart=1978&product_orderby=rating&product_order=asc&product_count=24&product_view=grid HTTP/1.1" 200 4196 "-" "Mozilla/5.0 (compatible; MJ12bot/v1.4.8; http://mj12bot.com/)"
217.182.195.225 - - [27/Feb/2026:16:14:40 -0500] "GET /shop/?add-to-cart=1978&product_orderby=rating&product_view=grid&product_count=12&product_order=asc HTTP/1.1" 200 4196 "-" "Mozilla/5.0 (compatible; MJ12bot/v1.4.8; http://mj12bot.com/)"
85.208.96.204 - - [27/Feb/2026:16:14:43 -0500] "GET /events/category/exhibition/list/?tribe-bar-date=2025-12-31 HTTP/1.1" 200 4196 "-" "Mozilla/5.0 (compatible; SemrushBot/7~bl; +http://www.semrush.com/bot.html)"
217.182.195.225 - - [27/Feb/2026:16:14:45 -0500] "GET /shop/?add-to-cart=1978&product_orderby=rating&product_view=grid&product_count=24&product_order=asc HTTP/1.1" 200 4196 "-" "Mozilla/5.0 (compatible; MJ12bot/v1.4.8; http://mj12bot.com/)"
66.249.79.68 - - [27/Feb/2026:16:14:47 -0500] "GET /?ID=15830.html HTTP/1.1" 200 4196 "-" "Mozilla/5.0 (Linux; Android 6.0.1; Nexus 5X Build/MMB29P) AppleWebKit/537.36 (KHTML, like Gecko) Chrome/144.0.7559.132 Mobile Safari/537.36 (compatible; Googlebot/2.1; +http://www.google.com/bot.html)"
85.208.96.197 - - [27/Feb/2026:16:14:47 -0500] "GET /events/list/?eventDisplay=past&tribe-bar-date=2021-09-19 HTTP/1.1" 200 4196 "-" "Mozilla/5.0 (compatible; SemrushBot/7~bl; +http://www.semrush.com/bot.html)"
217.182.195.225 - - [27/Feb/2026:16:14:49 -0500] "GET /shop/?add-to-cart=1978&product_orderby=rating&product_view=grid&product_count=36&product_order=asc HTTP/1.1" 200 4196 "-" "Mozilla/5.0 (compatible; MJ12bot/v1.4.8; http://mj12bot.com/)"
