185.191.171.12 - - [27/Feb/2026:10:45:23 -0500] "GET /events/tag/opening/list/?eventDisplay=past&tribe-bar-date=2023-10-25 HTTP/1.1" 200 20689 "-" "Mozilla/5.0 (compatible; SemrushBot/7~bl; +http://www.semrush.com/bot.html)"
162.253.224.18 - - [27/Feb/2026:10:45:33 -0500] "POST /wp-cron.php?doing_wp_cron=1772207133.9578359127044677734375 HTTP/1.1" 200 - "-" "WordPress/6.9.1; https://clavo.space"
50.6.226.221 - - [27/Feb/2026:10:45:29 -0500] "GET /wp-login.php HTTP/1.1" 200 2093 "-" "Mozilla/5.0 (Windows NT 6.3; Win64; x64; Trident/7.0; rv:11.0) like Gecko"
50.6.226.221 - - [27/Feb/2026:10:45:34 -0500] "POST /wp-login.php HTTP/1.1" 200 2224 "https://212productions.net/wp-login.php" "Mozilla/5.0 (Windows NT 6.3; Win64; x64; Trident/7.0; rv:11.0) like Gecko"
114.119.149.252 - - [27/Feb/2026:10:45:35 -0500] "GET /product-tag/heart/?product_order=asc&product_view=list&product_count=36 HTTP/1.1" 404 13542 "https://clavo.space/product-tag/heart/?product_order=asc&product_view=list&product_count=12" "Mozilla/5.0 (Linux; Android 7.0;) AppleWebKit/537.36 (KHTML, like Gecko) Mobile Safari/537.36 (compatible; PetalBot;+https://webmaster.petalsearch.com/site/petalbot)"
85.208.96.206 - - [27/Feb/2026:10:45:46 -0500] "GET /events/tag/exhibition/list/?eventDisplay=past&tribe-bar-date=2025-11-26 HTTP/1.1" 200 20678 "-" "Mozilla/5.0 (compatible; SemrushBot/7~bl; +http://www.semrush.com/bot.html)"
216.244.66.226 - - [27/Feb/2026:10:45:53 -0500] "GET /robots.txt HTTP/1.1" 301 299 "-" "Mozilla/5.0 (compatible; DotBot/1.2; +https://opensiteexplorer.org/dotbot; help@moz.com)"
216.244.66.226 - - [27/Feb/2026:10:45:53 -0500] "GET /robots.txt HTTP/1.1" 200 111 "-" "Mozilla/5.0 (compatible; DotBot/1.2; +https://opensiteexplorer.org/dotbot; help@moz.com)"
45.61.184.67 - - [27/Feb/2026:10:46:11 -0500] "GET /wp-login.php HTTP/1.1" 200 6864 "-" "Mozilla/5.0 (Macintosh; Intel Mac OS X 10_8_5) AppleWebKit/537.36 (KHTML, like Gecko) Chrome/36.0.1985.125 Safari/537.36"
45.61.184.67 - - [27/Feb/2026:10:46:12 -0500] "POST /wp-login.php HTTP/1.1" 200 7350 "-" "Mozilla/5.0 (Macintosh; Intel Mac OS X 10_8_5) AppleWebKit/537.36 (KHTML, like Gecko) Chrome/36.0.1985.125 Safari/537.36"
185.198.240.228 - - [27/Feb/2026:10:46:37 -0500] "POST /wp-login.php HTTP/1.1" 200 7325 "-" "Mozilla/5.0"
185.198.240.188 - - [27/Feb/2026:10:46:37 -0500] "POST /wp-login.php HTTP/1.1" 200 7325 "-" "Mozilla/5.0"
185.198.240.190 - - [27/Feb/2026:10:46:37 -0500] "POST /wp-login.php HTTP/1.1" 200 7325 "-" "Mozilla/5.0"
185.198.240.219 - - [27/Feb/2026:10:46:37 -0500] "POST /wp-login.php HTTP/1.1" 200 7325 "-" "Mozilla/5.0"
185.198.240.187 - - [27/Feb/2026:10:46:37 -0500] "POST /wp-login.php HTTP/1.1" 200 7325 "-" "Mozilla/5.0"
162.253.224.18 - - [27/Feb/2026:10:46:45 -0500] "POST /wp-cron.php?doing_wp_cron=1772207205.5569729804992675781250 HTTP/1.1" 200 - "-" "WordPress/6.9.1; https://clavo.space"
185.198.240.221 - - [27/Feb/2026:10:46:37 -0500] "POST /wp-login.php HTTP/1.1" 200 7319 "-" "Mozilla/5.0"
185.198.240.207 - - [27/Feb/2026:10:46:37 -0500] "POST /wp-login.php HTTP/1.1" 200 7319 "-" "Mozilla/5.0"
167.114.139.254 - - [27/Feb/2026:10:46:50 -0500] "GET /portfolio-item/abel-adrian/?product_orderby=date&product_count=36&product_view=list&product_order=asc HTTP/1.1" 200 21330 "-" "Mozilla/5.0 (compatible; AhrefsBot/7.0; +http://ahrefs.com/robot/)"
185.191.171.12 - - [27/Feb/2026:10:46:52 -0500] "GET /robots.txt HTTP/1.1" 200 111 "-" "Mozilla/5.0 (compatible; SemrushBot/7~bl; +http://www.semrush.com/bot.html)"
85.208.96.204 - - [27/Feb/2026:10:46:52 -0500] "GET /events/tag/exhibition/list/?tribe-bar-date=2024-12-14 HTTP/1.1" 200 19715 "-" "Mozilla/5.0 (compatible; SemrushBot/7~bl; +http://www.semrush.com/bot.html)"
114.119.158.196 - - [27/Feb/2026:10:46:58 -0500] "GET /product-tag/heart/?product_count=24&product_order=desc&product_orderby=price&product_view=grid HTTP/1.1" 404 13541 "https://clavo.space/product-tag/heart/?product_count=24&product_order=desc&product_orderby=default&product_view=grid" "Mozilla/5.0 (Linux; Android 7.0;) AppleWebKit/537.36 (KHTML, like Gecko) Mobile Safari/537.36 (compatible; PetalBot;+https://webmaster.petalsearch.com/site/petalbot)"
162.253.224.18 - - [27/Feb/2026:10:47:40 -0500] "POST /wp-cron.php?doing_wp_cron=1772207260.7673830986022949218750 HTTP/1.1" 200 - "-" "WordPress/6.9.1; https://clavo.space"
185.191.171.19 - - [27/Feb/2026:10:47:39 -0500] "GET /events/tag/exhibition/list/?eventDisplay=past&tribe-bar-date=2022-10-31 HTTP/1.1" 200 20689 "-" "Mozilla/5.0 (compatible; SemrushBot/7~bl; +http://www.semrush.com/bot.html)"
85.208.96.200 - - [27/Feb/2026:10:48:05 -0500] "GET /events/tag/opening/day/2024-08-18/ HTTP/1.1" 200 14446 "-" "Mozilla/5.0 (compatible; SemrushBot/7~bl; +http://www.semrush.com/bot.html)"
114.119.149.252 - - [27/Feb/2026:10:48:20 -0500] "GET /product-tag/hands/?product_order=desc&product_orderby=date&product_count=36&product_view=grid HTTP/1.1" 404 13536 "https://clavo.space/product-tag/hands/?product_order=desc&product_orderby=date&product_count=36" "Mozilla/5.0 (Linux; Android 7.0;) AppleWebKit/537.36 (KHTML, like Gecko) Mobile Safari/537.36 (compatible; PetalBot;+https://webmaster.petalsearch.com/site/petalbot)"
162.253.224.18 - - [27/Feb/2026:10:48:35 -0500] "POST /wp-cron.php?doing_wp_cron=1772207315.3015580177307128906250 HTTP/1.1" 200 - "-" "WordPress/6.9.1; https://clavo.space"
185.191.171.7 - - [27/Feb/2026:10:48:34 -0500] "GET /events/tag/art/list/?eventDisplay=past&tribe-bar-date=2025-12-16 HTTP/1.1" 200 20700 "-" "Mozilla/5.0 (compatible; SemrushBot/7~bl; +http://www.semrush.com/bot.html)"
20.151.128.128 - - [27/Feb/2026:10:48:47 -0500] "GET /wp-content/plugins/hellopress/wp_filemanager.php HTTP/1.1" 301 351 "-" "-"
85.215.241.149 - - [27/Feb/2026:10:48:52 -0500] "POST /xmlrpc.php HTTP/1.1" 200 225 "-" "Mozilla/4.0 (compatible; MSIE 7.0; Windows NT 6.2; Win64; x64; Trident/7.0; .NET4.0C; .NET4.0E; .NET CLR 2.0.50727; .NET CLR 3.0.30729; .NET CLR 3.5.30729; InfoPath.3)"
20.151.128.128 - - [27/Feb/2026:10:48:56 -0500] "GET /wp-content/plugins/hellopress/wp_filemanager.php HTTP/1.1" 404 13551 "-" "-"
20.151.128.128 - - [27/Feb/2026:10:48:57 -0500] "GET /wp-includes/SimplePie/cah.php HTTP/1.1" 301 332 "-" "-"
20.151.128.128 - - [27/Feb/2026:10:48:57 -0500] "GET /wp-includes/SimplePie/cah.php HTTP/1.1" 404 13546 "-" "-"
20.151.128.128 - - [27/Feb/2026:10:48:59 -0500] "GET /cah.php HTTP/1.1" 301 310 "-" "-"
20.151.128.128 - - [27/Feb/2026:10:48:59 -0500] "GET /cah.php HTTP/1.1" 404 13535 "-" "-"
20.151.128.128 - - [27/Feb/2026:10:49:00 -0500] "GET /wp-content/plugins/pwnd/acp.php HTTP/1.1" 301 334 "-" "-"
20.151.128.128 - - [27/Feb/2026:10:49:00 -0500] "GET /wp-content/plugins/pwnd/acp.php HTTP/1.1" 404 13543 "-" "-"
20.151.128.128 - - [27/Feb/2026:10:49:01 -0500] "GET /acp.php HTTP/1.1" 301 310 "-" "-"
20.151.128.128 - - [27/Feb/2026:10:49:01 -0500] "GET /acp.php HTTP/1.1" 404 13535 "-" "-"
20.151.128.128 - - [27/Feb/2026:10:49:03 -0500] "GET /muzu.php HTTP/1.1" 301 311 "-" "-"
20.151.128.128 - - [27/Feb/2026:10:49:03 -0500] "GET /muzu.php HTTP/1.1" 404 13538 "-" "-"
20.151.128.128 - - [27/Feb/2026:10:49:04 -0500] "GET /trx24.php HTTP/1.1" 301 312 "-" "-"
20.151.128.128 - - [27/Feb/2026:10:49:04 -0500] "GET /trx24.php HTTP/1.1" 404 13528 "-" "-"
20.151.128.128 - - [27/Feb/2026:10:49:06 -0500] "GET /wpo.php HTTP/1.1" 301 310 "-" "-"
66.249.79.68 - - [27/Feb/2026:10:49:03 -0500] "GET /page/2/?h=ephpq65s6q5re3m HTTP/1.1" 200 30447 "-" "Mozilla/5.0 (Linux; Android 6.0.1; Nexus 5X Build/MMB29P) AppleWebKit/537.36 (KHTML, like Gecko) Chrome/144.0.7559.132 Mobile Safari/537.36 (compatible; GoogleOther)"
20.151.128.128 - - [27/Feb/2026:10:49:06 -0500] "GET /wpo.php HTTP/1.1" 404 13530 "-" "-"
20.151.128.128 - - [27/Feb/2026:10:49:07 -0500] "GET /x123x.php HTTP/1.1" 301 312 "-" "-"
20.151.128.128 - - [27/Feb/2026:10:49:07 -0500] "GET /x123x.php HTTP/1.1" 404 13535 "-" "-"
20.151.128.128 - - [27/Feb/2026:10:49:09 -0500] "GET /aq.php HTTP/1.1" 301 309 "-" "-"
20.151.128.128 - - [27/Feb/2026:10:49:09 -0500] "GET /aq.php HTTP/1.1" 404 13532 "-" "-"
20.151.128.128 - - [27/Feb/2026:10:49:10 -0500] "GET /011i.php HTTP/1.1" 301 311 "-" "-"
20.151.128.128 - - [27/Feb/2026:10:49:10 -0500] "GET /011i.php HTTP/1.1" 404 13537 "-" "-"
20.151.128.128 - - [27/Feb/2026:10:49:11 -0500] "GET /edit-tags.php HTTP/1.1" 301 316 "-" "-"
20.151.128.128 - - [27/Feb/2026:10:49:11 -0500] "GET /edit-tags.php HTTP/1.1" 404 13537 "-" "-"
20.151.128.128 - - [27/Feb/2026:10:49:12 -0500] "GET /as1337.php HTTP/1.1" 301 313 "-" "-"
20.151.128.128 - - [27/Feb/2026:10:49:12 -0500] "GET /as1337.php HTTP/1.1" 404 13529 "-" "-"
20.151.128.128 - - [27/Feb/2026:10:49:13 -0500] "GET /Okxob.php HTTP/1.1" 301 312 "-" "-"
20.151.128.128 - - [27/Feb/2026:10:49:13 -0500] "GET /Okxob.php HTTP/1.1" 404 13532 "-" "-"
20.151.128.128 - - [27/Feb/2026:10:49:15 -0500] "GET /wolf-shell.php HTTP/1.1" 301 317 "-" "-"
20.151.128.128 - - [27/Feb/2026:10:49:15 -0500] "GET /wolf-shell.php HTTP/1.1" 404 13537 "-" "-"
20.151.128.128 - - [27/Feb/2026:10:49:16 -0500] "GET /core.php HTTP/1.1" 301 311 "-" "-"
20.151.128.128 - - [27/Feb/2026:10:49:16 -0500] "GET /core.php HTTP/1.1" 404 13541 "-" "-"
20.151.128.128 - - [27/Feb/2026:10:49:17 -0500] "GET /zeal.php HTTP/1.1" 301 311 "-" "-"
20.151.128.128 - - [27/Feb/2026:10:49:17 -0500] "GET /zeal.php HTTP/1.1" 404 13535 "-" "-"
20.151.128.128 - - [27/Feb/2026:10:49:18 -0500] "GET /asf.php HTTP/1.1" 301 310 "-" "-"
20.151.128.128 - - [27/Feb/2026:10:49:18 -0500] "GET /asf.php HTTP/1.1" 404 13535 "-" "-"
20.151.128.128 - - [27/Feb/2026:10:49:19 -0500] "GET /sa.php HTTP/1.1" 301 309 "-" "-"
20.151.128.128 - - [27/Feb/2026:10:49:19 -0500] "GET /sa.php HTTP/1.1" 404 13536 "-" "-"
45.227.253.15 - - [27/Feb/2026:10:49:23 -0500] "GET /index.php/jk HTTP/1.1" 301 - "-" "Mozilla/5.0 (Windows NT 6.3; WOW64; rv:74.0) Gecko/20100101 Firefox/74.0"
45.227.253.15 - - [27/Feb/2026:10:49:24 -0500] "GET /jk HTTP/1.1" 404 13530 "https://212productions.net/index.php/jk" "Mozilla/5.0 (Windows NT 6.3; WOW64; rv:74.0) Gecko/20100101 Firefox/74.0"
85.208.96.200 - - [27/Feb/2026:10:49:29 -0500] "GET /events/list/?eventDisplay=past&tribe-bar-date=2027-03-07 HTTP/1.1" 200 20451 "-" "Mozilla/5.0 (compatible; SemrushBot/7~bl; +http://www.semrush.com/bot.html)"
162.253.224.18 - - [27/Feb/2026:10:49:36 -0500] "POST /wp-cron.php?doing_wp_cron=1772207376.0106749534606933593750 HTTP/1.1" 200 - "-" "WordPress/6.9.1; https://clavo.space"
66.249.79.68 - - [27/Feb/2026:10:49:33 -0500] "GET /page/3/?ID=10989.html HTTP/1.1" 200 30617 "-" "Mozilla/5.0 (Linux; Android 6.0.1; Nexus 5X Build/MMB29P) AppleWebKit/537.36 (KHTML, like Gecko) Chrome/144.0.7559.132 Mobile Safari/537.36 (compatible; Googlebot/2.1; +http://www.google.com/bot.html)"
50.6.226.221 - - [27/Feb/2026:10:49:37 -0500] "GET /wp-login.php HTTP/1.1" 200 2093 "-" "Mozilla/4.0 (compatible; MSIE 7.0; Windows NT 6.2; Trident/7.0; .NET4.0E; .NET4.0C; .NET CLR 3.5.30729; .NET CLR 2.0.50727; .NET CLR 3.0.30729)"
50.6.226.221 - - [27/Feb/2026:10:49:46 -0500] "POST /wp-login.php HTTP/1.1" 200 2224 "https://212productions.net/wp-login.php" "Mozilla/4.0 (compatible; MSIE 7.0; Windows NT 6.2; Trident/7.0; .NET4.0E; .NET4.0C; .NET CLR 3.5.30729; .NET CLR 2.0.50727; .NET CLR 3.0.30729)"
114.119.163.186 - - [27/Feb/2026:10:49:52 -0500] "GET /product-tag/garret-suhrie/?product_view=list&product_count=24&product_orderby=name&product_order=desc HTTP/1.1" 301 - "https://clavo.space/product-tag/garret-suhrie/?product_view=list&product_count=24&product_orderby=date&product_order=desc" "Mozilla/5.0 (Linux; Android 7.0;) AppleWebKit/537.36 (KHTML, like Gecko) Mobile Safari/537.36 (compatible; PetalBot;+https://webmaster.petalsearch.com/site/petalbot)"
114.119.163.186 - - [27/Feb/2026:10:49:56 -0500] "GET /portfolio-item/garret-suhrie/?product_view=list&product_count=24&product_orderby=name&product_order=desc HTTP/1.1" 200 23626 "https://clavo.space/product-tag/garret-suhrie/?product_view=list&product_count=24&product_orderby=date&product_order=desc" "Mozilla/5.0 (Linux; Android 7.0;) AppleWebKit/537.36 (KHTML, like Gecko) Mobile Safari/537.36 (compatible; PetalBot;+https://webmaster.petalsearch.com/site/petalbot)"
205.185.114.145 - - [27/Feb/2026:10:50:07 -0500] "GET /wp-login.php HTTP/1.1" 200 6864 "-" "Mozilla/5.0 (X11; Linux x86_64) AppleWebKit/537.36 (KHTML, like Gecko) Ubuntu Chromium/34.0.1847.116 Chrome/34.0.1847.116 Safari/537.36"
185.191.171.2 - - [27/Feb/2026:10:50:08 -0500] "GET /events/list/?tribe-bar-date=2024-05-19 HTTP/1.1" 200 19455 "-" "Mozilla/5.0 (compatible; SemrushBot/7~bl; +http://www.semrush.com/bot.html)"
205.185.114.145 - - [27/Feb/2026:10:50:10 -0500] "POST /wp-login.php HTTP/1.1" 200 7348 "-" "Mozilla/5.0 (X11; Linux x86_64) AppleWebKit/537.36 (KHTML, like Gecko) Ubuntu Chromium/34.0.1847.116 Chrome/34.0.1847.116 Safari/537.36"
162.253.224.18 - - [27/Feb/2026:10:51:12 -0500] "POST /wp-cron.php?doing_wp_cron=1772207472.1447780132293701171875 HTTP/1.1" 200 - "-" "WordPress/6.9.1; https://clavo.space"
114.119.153.245 - - [27/Feb/2026:10:51:09 -0500] "GET /product-tag/garret-suhrie/?product_view=list&product_count=12&product_order=asc&product_orderby=rating HTTP/1.1" 301 - "https://clavo.space/product-tag/garret-suhrie/?product_view=list&product_count=12&product_order=asc&product_orderby=rating" "Mozilla/5.0 (Linux; Android 7.0;) AppleWebKit/537.36 (KHTML, like Gecko) Mobile Safari/537.36 (compatible; PetalBot;+https://webmaster.petalsearch.com/site/petalbot)"
185.191.171.14 - - [27/Feb/2026:10:51:12 -0500] "GET /events/tag/clavo-space/list/?eventDisplay=past&tribe-bar-date=2028-06-21 HTTP/1.1" 200 20696 "-" "Mozilla/5.0 (compatible; SemrushBot/7~bl; +http://www.semrush.com/bot.html)"
114.119.153.245 - - [27/Feb/2026:10:51:14 -0500] "GET /portfolio-item/garret-suhrie/?product_view=list&product_count=12&product_order=asc&product_orderby=rating HTTP/1.1" 200 23627 "https://clavo.space/product-tag/garret-suhrie/?product_view=list&product_count=12&product_order=asc&product_orderby=rating" "Mozilla/5.0 (Linux; Android 7.0;) AppleWebKit/537.36 (KHTML, like Gecko) Mobile Safari/537.36 (compatible; PetalBot;+https://webmaster.petalsearch.com/site/petalbot)"
85.208.96.209 - - [27/Feb/2026:10:51:20 -0500] "GET /events/tag/clavo-space/day/2026-09-16/ HTTP/1.1" 200 14441 "-" "Mozilla/5.0 (compatible; SemrushBot/7~bl; +http://www.semrush.com/bot.html)"
54.39.6.153 - - [27/Feb/2026:10:51:26 -0500] "GET /product-tag/abel-adrian/page/2/?product_orderby=default&product_order=desc&product_view=grid&product_count=12&paged=1 HTTP/1.1" 301 - "-" "Mozilla/5.0 (compatible; AhrefsBot/7.0; +http://ahrefs.com/robot/)"
85.208.96.198 - - [27/Feb/2026:10:51:26 -0500] "GET /events/2020-02-15/ HTTP/1.1" 200 14432 "-" "Mozilla/5.0 (compatible; SemrushBot/7~bl; +http://www.semrush.com/bot.html)"
43.153.71.132 - - [27/Feb/2026:10:51:30 -0500] "GET /wp/wp-content/uploads/2025/11/6-claudia-navajea-300x263.webp HTTP/1.1" 200 16905 "-" "Mozilla/5.0 (iPhone; CPU iPhone OS 13_2_3 like Mac OS X) AppleWebKit/605.1.15 (KHTML, like Gecko) Version/13.0.3 Mobile/15E148 Safari/604.1"
162.253.224.18 - - [27/Feb/2026:10:51:37 -0500] "POST /wp-cron.php?doing_wp_cron=1772207497.6396870613098144531250 HTTP/1.1" 200 - "-" "WordPress/6.9.1; https://clavo.space"
185.191.171.12 - - [27/Feb/2026:10:51:36 -0500] "GET /events/tag/art/list/?tribe-bar-date=2026-12-24 HTTP/1.1" 200 19708 "-" "Mozilla/5.0 (compatible; SemrushBot/7~bl; +http://www.semrush.com/bot.html)"
123.21.162.36 - - [27/Feb/2026:10:51:59 -0500] "GET /?h=fbgpdh4btd8uy6p HTTP/1.1" 301 - "-" "Mozilla/5.0 (Windows NT 10.0; WOW64) AppleWebKit/537.36 (KHTML, like Gecko) Chrome/96.0.4664.45 Safari/537.36"
14.184.182.31 - - [27/Feb/2026:10:52:03 -0500] "GET /?h=fbgpdh4btd8uy6p HTTP/1.1" 200 30752 "-" "Mozilla/5.0 (Windows NT 10.0; WOW64) AppleWebKit/537.36 (KHTML, like Gecko) Chrome/96.0.4664.45 Safari/537.36"
150.40.245.41 - - [27/Feb/2026:10:52:05 -0500] "GET /product-category/paintings/page/1/?product_count=12&product_orderby=default&product_view=list HTTP/1.1" 404 13544 "https://clavo.space/product-category/paintings/page/1/?product_count=12&product_orderby=default&product_view=list" "Mozilla/5.0 (Macintosh; Intel Mac OS X 10_15_7) AppleWebKit/537.36 (KHTML, like Gecko) Chrome/131.0.0.0 Safari/537.36"
47.82.14.124 - - [27/Feb/2026:10:52:07 -0500] "GET /2020/01/31/clavo-space-private-opening/ HTTP/1.1" 200 21053 "-" "Mozilla/5.0 (Windows NT 10.0; Win64; x64) AppleWebKit/537.36 (KHTML, like Gecko) Chrome/146.0.0.0 Safari/537.36"
162.253.224.18 - - [27/Feb/2026:10:52:33 -0500] "POST /wp-cron.php?doing_wp_cron=1772207553.2131130695343017578125 HTTP/1.1" 200 - "-" "WordPress/6.9.1; https://clavo.space"
114.119.148.154 - - [27/Feb/2026:10:52:32 -0500] "GET /product-tag/garret-suhrie/?product_view=grid&product_order=desc HTTP/1.1" 301 - "https://clavo.space/product-tag/garret-suhrie/?product_view=list&product_order=desc" "Mozilla/5.0 (Linux; Android 7.0;) AppleWebKit/537.36 (KHTML, like Gecko) Mobile Safari/537.36 (compatible; PetalBot;+https://webmaster.petalsearch.com/site/petalbot)"
114.119.148.154 - - [27/Feb/2026:10:52:34 -0500] "GET /portfolio-item/garret-suhrie/?product_view=grid&product_order=desc HTTP/1.1" 200 23625 "https://clavo.space/product-tag/garret-suhrie/?product_view=list&product_order=desc" "Mozilla/5.0 (Linux; Android 7.0;) AppleWebKit/537.36 (KHTML, like Gecko) Mobile Safari/537.36 (compatible; PetalBot;+https://webmaster.petalsearch.com/site/petalbot)"
66.249.79.67 - - [27/Feb/2026:10:52:55 -0500] "GET /page/3/?h=ejok91clplcaeyt HTTP/1.1" 200 30623 "-" "Mozilla/5.0 (Linux; Android 6.0.1; Nexus 5X Build/MMB29P) AppleWebKit/537.36 (KHTML, like Gecko) Chrome/144.0.7559.132 Mobile Safari/537.36 (compatible; GoogleOther)"
50.6.174.16 - - [27/Feb/2026:10:53:10 -0500] "POST /xmlrpc.php HTTP/1.1" 200 225 "-" "Mozilla/4.0 (compatible; MSIE 7.0; Windows NT 6.3; Win64; x64; Trident/7.0; .NET4.0E; .NET4.0C)"
185.191.171.12 - - [27/Feb/2026:10:53:12 -0500] "GET /events/category/exhibition/day/2026-04-25/ HTTP/1.1" 200 14471 "-" "Mozilla/5.0 (compatible; SemrushBot/7~bl; +http://www.semrush.com/bot.html)"
15.204.14.110 - - [27/Feb/2026:10:53:17 -0500] "GET /wp-content/plugins/fancy-elementor-gallery-box/assets/js/fancy-elementor-flipbox.js HTTP/1.1" 404 13548 "-" "Mozilla/5.0 (Windows NT 10.0; Win64; x64) AppleWebKit/537.36 (KHTML, like Gecko) Chrome/127.0.0.0 Safari/537.36"
85.208.96.210 - - [27/Feb/2026:10:53:22 -0500] "GET /events/tag/exhibition/list/?eventDisplay=past&tribe-bar-date=2024-05-29 HTTP/1.1" 200 20689 "-" "Mozilla/5.0 (compatible; SemrushBot/7~bl; +http://www.semrush.com/bot.html)"
162.253.224.18 - - [27/Feb/2026:10:53:35 -0500] "POST /wp-cron.php?doing_wp_cron=1772207615.6707398891448974609375 HTTP/1.1" 200 - "-" "WordPress/6.9.1; https://clavo.space"
185.191.171.10 - - [27/Feb/2026:10:53:31 -0500] "GET /events/category/exhibition/list/?eventDisplay=past&tribe-bar-date=2020-04-24 HTTP/1.1" 200 20709 "-" "Mozilla/5.0 (compatible; SemrushBot/7~bl; +http://www.semrush.com/bot.html)"
85.208.96.209 - - [27/Feb/2026:10:53:39 -0500] "GET /events/tag/art/day/2027-07-07/ HTTP/1.1" 200 14440 "-" "Mozilla/5.0 (compatible; SemrushBot/7~bl; +http://www.semrush.com/bot.html)"
114.119.149.252 - - [27/Feb/2026:10:53:59 -0500] "GET /product-tag/garret-suhrie/?product_orderby=price&product_count=24&product_order=desc&product_view=grid HTTP/1.1" 301 - "https://clavo.space/product-tag/garret-suhrie/?product_orderby=name&product_count=24&product_order=desc&product_view=grid" "Mozilla/5.0 (Linux; Android 7.0;) AppleWebKit/537.36 (KHTML, like Gecko) Mobile Safari/537.36 (compatible; PetalBot;+https://webmaster.petalsearch.com/site/petalbot)"
114.119.149.252 - - [27/Feb/2026:10:54:06 -0500] "GET /portfolio-item/garret-suhrie/?product_orderby=price&product_count=24&product_order=desc&product_view=grid HTTP/1.1" 200 23620 "https://clavo.space/product-tag/garret-suhrie/?product_orderby=name&product_count=24&product_order=desc&product_view=grid" "Mozilla/5.0 (Linux; Android 7.0;) AppleWebKit/537.36 (KHTML, like Gecko) Mobile Safari/537.36 (compatible; PetalBot;+https://webmaster.petalsearch.com/site/petalbot)"
50.6.225.58 - - [27/Feb/2026:10:54:12 -0500] "GET /wp-login.php HTTP/1.1" 200 2093 "-" "Mozilla/5.0 (Windows NT 6.1; WOW64; Trident/7.0; ASJB; ASJB; MAAU; rv:11.0) like Gecko"
50.6.225.58 - - [27/Feb/2026:10:54:15 -0500] "POST /wp-login.php HTTP/1.1" 200 2224 "https://212productions.net/wp-login.php" "Mozilla/5.0 (Windows NT 6.1; WOW64; Trident/7.0; ASJB; ASJB; MAAU; rv:11.0) like Gecko"
185.191.171.2 - - [27/Feb/2026:10:54:27 -0500] "GET /events/tag/exhibition/list/?eventDisplay=past&tribe-bar-date=2022-04-05 HTTP/1.1" 200 20696 "-" "Mozilla/5.0 (compatible; SemrushBot/7~bl; +http://www.semrush.com/bot.html)"
43.165.189.206 - - [27/Feb/2026:10:54:54 -0500] "GET /wp/broken-film/ HTTP/1.1" 301 326 "http://www.brokendocumentary.info" "Mozilla/5.0 (iPhone; CPU iPhone OS 13_2_3 like Mac OS X) AppleWebKit/605.1.15 (KHTML, like Gecko) Version/13.0.3 Mobile/15E148 Safari/604.1"
162.253.224.18 - - [27/Feb/2026:10:55:07 -0500] "POST /wp-cron.php?doing_wp_cron=1772207707.4547560214996337890625 HTTP/1.1" 200 - "-" "WordPress/6.9.1; https://clavo.space"
85.208.96.204 - - [27/Feb/2026:10:54:56 -0500] "GET /events/tag/art/day/2025-12-07/ HTTP/1.1" 200 14442 "-" "Mozilla/5.0 (compatible; SemrushBot/7~bl; +http://www.semrush.com/bot.html)"
43.165.189.206 - - [27/Feb/2026:10:54:56 -0500] "GET /wp/broken-film/ HTTP/1.1" 301 - "http://www.212productions.net/wp/broken-film/" "Mozilla/5.0 (iPhone; CPU iPhone OS 13_2_3 like Mac OS X) AppleWebKit/605.1.15 (KHTML, like Gecko) Version/13.0.3 Mobile/15E148 Safari/604.1"
15.204.14.110 - - [27/Feb/2026:10:54:56 -0500] "GET /?check_plugin HTTP/1.1" 200 30743 "-" "Mozilla/5.0 (Windows NT 10.0; Win64; x64) AppleWebKit/537.36 (KHTML, like Gecko) Chrome/127.0.0.0 Safari/537.36"
43.165.189.206 - - [27/Feb/2026:10:55:09 -0500] "GET /wp/broken-film/ HTTP/1.1" 200 17258 "https://www.212productions.net/wp/broken-film/" "Mozilla/5.0 (iPhone; CPU iPhone OS 13_2_3 like Mac OS X) AppleWebKit/605.1.15 (KHTML, like Gecko) Version/13.0.3 Mobile/15E148 Safari/604.1"
114.119.158.196 - - [27/Feb/2026:10:55:20 -0500] "GET /product-tag/garret-suhrie/?product_orderby=price&product_count=12&product_view=list&product_order=asc HTTP/1.1" 301 - "https://clavo.space/product-tag/garret-suhrie/?product_orderby=default&product_count=12&product_view=list&product_order=asc" "Mozilla/5.0 (Linux; Android 7.0;) AppleWebKit/537.36 (KHTML, like Gecko) Mobile Safari/537.36 (compatible; PetalBot;+https://webmaster.petalsearch.com/site/petalbot)"
85.208.96.212 - - [27/Feb/2026:10:55:21 -0500] "GET /events/tag/art/list/?tribe-bar-date=2028-08-19 HTTP/1.1" 200 19715 "-" "Mozilla/5.0 (compatible; SemrushBot/7~bl; +http://www.semrush.com/bot.html)"
114.119.158.196 - - [27/Feb/2026:10:55:26 -0500] "GET /portfolio-item/garret-suhrie/?product_orderby=price&product_count=12&product_view=list&product_order=asc HTTP/1.1" 200 23624 "https://clavo.space/product-tag/garret-suhrie/?product_orderby=default&product_count=12&product_view=list&product_order=asc" "Mozilla/5.0 (Linux; Android 7.0;) AppleWebKit/537.36 (KHTML, like Gecko) Mobile Safari/537.36 (compatible; PetalBot;+https://webmaster.petalsearch.com/site/petalbot)"
162.253.224.18 - - [27/Feb/2026:10:56:08 -0500] "POST /wp-cron.php?doing_wp_cron=1772207768.8356559276580810546875 HTTP/1.1" 200 - "-" "WordPress/6.9.1; https://clavo.space"
85.208.96.209 - - [27/Feb/2026:10:56:02 -0500] "GET /events/tag/opening/list/?tribe-bar-date=2026-07-24 HTTP/1.1" 200 19711 "-" "Mozilla/5.0 (compatible; SemrushBot/7~bl; +http://www.semrush.com/bot.html)"
142.44.233.75 - - [27/Feb/2026:10:56:16 -0500] "GET /product-tag/heart/?product_orderby=price&product_order=desc&product_view=grid&product_count=36 HTTP/1.1" 404 13529 "-" "Mozilla/5.0 (compatible; AhrefsBot/7.0; +http://ahrefs.com/robot/)"
150.109.230.210 - - [27/Feb/2026:10:56:34 -0500] "GET /wp/pgp/ HTTP/1.1" 200 14494 "http://m.projectguacamaya.org" "Mozilla/5.0 (iPhone; CPU iPhone OS 13_2_3 like Mac OS X) AppleWebKit/605.1.15 (KHTML, like Gecko) Version/13.0.3 Mobile/15E148 Safari/604.1"
162.253.224.18 - - [27/Feb/2026:10:56:51 -0500] "POST /wp-cron.php?doing_wp_cron=1772207811.1498858928680419921875 HTTP/1.1" 200 - "-" "WordPress/6.9.1; https://clavo.space"
114.119.151.197 - - [27/Feb/2026:10:56:45 -0500] "GET /product-tag/garret-suhrie/?product_orderby=name&product_view=list&product_order=asc HTTP/1.1" 301 - "https://clavo.space/product-tag/garret-suhrie/?product_orderby=price&product_view=list&product_order=asc" "Mozilla/5.0 (Linux; Android 7.0;) AppleWebKit/537.36 (KHTML, like Gecko) Mobile Safari/537.36 (compatible; PetalBot;+https://webmaster.petalsearch.com/site/petalbot)"
114.119.151.197 - - [27/Feb/2026:10:56:53 -0500] "GET /portfolio-item/garret-suhrie/?product_orderby=name&product_view=list&product_order=asc HTTP/1.1" 200 23621 "https://clavo.space/product-tag/garret-suhrie/?product_orderby=price&product_view=list&product_order=asc" "Mozilla/5.0 (Linux; Android 7.0;) AppleWebKit/537.36 (KHTML, like Gecko) Mobile Safari/537.36 (compatible; PetalBot;+https://webmaster.petalsearch.com/site/petalbot)"
162.253.224.18 - - [27/Feb/2026:10:57:10 -0500] "POST /wp-cron.php?doing_wp_cron=1772207830.5488419532775878906250 HTTP/1.1" 200 - "-" "WordPress/6.9.1; https://clavo.space"
216.244.66.226 - - [27/Feb/2026:10:57:02 -0500] "GET /shop/?add-to-cart=7085&product_count=24&product_view=list&product_orderby=price HTTP/1.1" 404 65903 "-" "Mozilla/5.0 (compatible; DotBot/1.2; +https://opensiteexplorer.org/dotbot; help@moz.com)"
121.200.216.13 - - [27/Feb/2026:10:57:23 -0500] "POST /xmlrpc.php HTTP/1.1" 200 225 "-" "Mozilla/5.0 (MSIE 9.0; Windows NT 6.1; WOW64; Trident/7.0; rv:11.0) like Gecko"
162.253.224.18 - - [27/Feb/2026:10:57:45 -0500] "POST /wp-cron.php?doing_wp_cron=1772207865.3366029262542724609375 HTTP/1.1" 200 - "-" "WordPress/6.9.1; https://clavo.space"
85.208.96.202 - - [27/Feb/2026:10:57:38 -0500] "GET /events/list/?eventDisplay=past&tribe-bar-date=2024-01-18 HTTP/1.1" 200 20423 "-" "Mozilla/5.0 (compatible; SemrushBot/7~bl; +http://www.semrush.com/bot.html)"
185.191.171.12 - - [27/Feb/2026:10:57:50 -0500] "GET /events/category/exhibition/list/?eventDisplay=past&tribe-bar-date=2024-07-31 HTTP/1.1" 200 20726 "-" "Mozilla/5.0 (compatible; SemrushBot/7~bl; +http://www.semrush.com/bot.html)"
185.191.171.3 - - [27/Feb/2026:10:58:01 -0500] "GET /events/list/?tribe-bar-date=2025-01-10 HTTP/1.1" 200 19470 "-" "Mozilla/5.0 (compatible; SemrushBot/7~bl; +http://www.semrush.com/bot.html)"
114.119.149.252 - - [27/Feb/2026:10:58:07 -0500] "GET /product-tag/garret-suhrie/?product_orderby=name&product_view=list&product_count=24 HTTP/1.1" 301 - "https://clavo.space/product-tag/garret-suhrie/?product_orderby=name&product_view=list" "Mozilla/5.0 (Linux; Android 7.0;) AppleWebKit/537.36 (KHTML, like Gecko) Mobile Safari/537.36 (compatible; PetalBot;+https://webmaster.petalsearch.com/site/petalbot)"
114.119.149.252 - - [27/Feb/2026:10:58:16 -0500] "GET /portfolio-item/garret-suhrie/?product_orderby=name&product_view=list&product_count=24 HTTP/1.1" 200 23624 "https://clavo.space/product-tag/garret-suhrie/?product_orderby=name&product_view=list" "Mozilla/5.0 (Linux; Android 7.0;) AppleWebKit/537.36 (KHTML, like Gecko) Mobile Safari/537.36 (compatible; PetalBot;+https://webmaster.petalsearch.com/site/petalbot)"
162.253.224.18 - - [27/Feb/2026:10:58:37 -0500] "POST /wp-cron.php?doing_wp_cron=1772207916.9477310180664062500000 HTTP/1.1" 200 - "-" "WordPress/6.9.1; https://clavo.space"
50.6.225.58 - - [27/Feb/2026:10:58:31 -0500] "GET /wp-login.php HTTP/1.1" 200 2093 "-" "Mozilla/5.0 (Windows NT 10.0; WOW64) AppleWebKit/537.36 (KHTML, like Gecko) Chrome/66.0.3359.170 Safari/537.36"
50.6.225.58 - - [27/Feb/2026:10:58:37 -0500] "POST /wp-login.php HTTP/1.1" 200 2224 "https://212productions.net/wp-login.php" "Mozilla/5.0 (Windows NT 10.0; WOW64) AppleWebKit/537.36 (KHTML, like Gecko) Chrome/66.0.3359.170 Safari/537.36"
85.208.96.212 - - [27/Feb/2026:10:58:44 -0500] "GET /events/tag/exhibition/list/?eventDisplay=past&tribe-bar-date=2025-02-19 HTTP/1.1" 200 20686 "-" "Mozilla/5.0 (compatible; SemrushBot/7~bl; +http://www.semrush.com/bot.html)"
85.208.96.209 - - [27/Feb/2026:10:59:24 -0500] "GET /events/tag/clavo-space/list/?eventDisplay=past&tribe-bar-date=2024-04-08 HTTP/1.1" 200 20694 "-" "Mozilla/5.0 (compatible; SemrushBot/7~bl; +http://www.semrush.com/bot.html)"
162.253.224.18 - - [27/Feb/2026:10:59:37 -0500] "POST /wp-cron.php?doing_wp_cron=1772207977.9380619525909423828125 HTTP/1.1" 200 - "-" "WordPress/6.9.1; https://clavo.space"
114.119.158.196 - - [27/Feb/2026:10:59:32 -0500] "GET /product-tag/garret-suhrie/?product_order=asc&product_view=grid&product_count=12&product_orderby=price HTTP/1.1" 301 - "https://clavo.space/product-tag/garret-suhrie/?product_order=asc&product_view=grid&product_count=12&product_orderby=popularity" "Mozilla/5.0 (Linux; Android 7.0;) AppleWebKit/537.36 (KHTML, like Gecko) Mobile Safari/537.36 (compatible; PetalBot;+https://webmaster.petalsearch.com/site/petalbot)"
114.119.158.196 - - [27/Feb/2026:10:59:39 -0500] "GET /portfolio-item/garret-suhrie/?product_order=asc&product_view=grid&product_count=12&product_orderby=price HTTP/1.1" 200 23628 "https://clavo.space/product-tag/garret-suhrie/?product_order=asc&product_view=grid&product_count=12&product_orderby=popularity" "Mozilla/5.0 (Linux; Android 7.0;) AppleWebKit/537.36 (KHTML, like Gecko) Mobile Safari/537.36 (compatible; PetalBot;+https://webmaster.petalsearch.com/site/petalbot)"
110.249.201.230 - - [27/Feb/2026:11:00:08 -0500] "GET / HTTP/1.1" 200 30742 "-" "Mozilla/5.0 (Linux; Android 5.0) AppleWebKit/537.36 (KHTML, like Gecko) Mobile Safari/537.36 (compatible; Bytespider; https://zhanzhang.toutiao.com/)"
110.249.201.230 - - [27/Feb/2026:11:00:17 -0500] "GET /wp-content/plugins/LayerSlider/assets/static/layerslider/css/layerslider.css HTTP/1.1" 200 5587 "https://clavo.space/" "Mozilla/5.0 (Linux; Android 5.0) AppleWebKit/537.36 (KHTML, like Gecko) Mobile Safari/537.36 (compatible; Bytespider; https://zhanzhang.toutiao.com/)"
110.249.201.230 - - [27/Feb/2026:11:00:17 -0500] "GET /wp-content/uploads/fusion-styles/029a45d2228098d0ce036738a70632ee.min.css HTTP/1.1" 200 164264 "https://clavo.space/" "Mozilla/5.0 (Linux; Android 5.0) AppleWebKit/537.36 (KHTML, like Gecko) Mobile Safari/537.36 (compatible; Bytespider; https://zhanzhang.toutiao.com/)"
110.249.201.111 - - [27/Feb/2026:11:00:17 -0500] "GET /wp-includes/css/dist/block-library/style.min.css HTTP/1.1" 200 15916 "https://clavo.space/" "Mozilla/5.0 (Linux; Android 5.0) AppleWebKit/537.36 (KHTML, like Gecko) Mobile Safari/537.36 (compatible; Bytespider; https://zhanzhang.toutiao.com/)"
110.249.201.12 - - [27/Feb/2026:11:00:17 -0500] "GET /wp-content/plugins/LayerSlider/assets/static/layerslider/js/layerslider.utils.js HTTP/1.1" 200 41565 "https://clavo.space/" "Mozilla/5.0 (Linux; Android 5.0) AppleWebKit/537.36 (KHTML, like Gecko) Mobile Safari/537.36 (compatible; Bytespider; https://zhanzhang.toutiao.com/)"
110.249.201.16 - - [27/Feb/2026:11:00:18 -0500] "GET /wp-includes/js/jquery/jquery.min.js HTTP/1.1" 200 30368 "https://clavo.space/" "Mozilla/5.0 (Linux; Android 5.0) AppleWebKit/537.36 (KHTML, like Gecko) Mobile Safari/537.36 (compatible; Bytespider; https://zhanzhang.toutiao.com/)"
110.249.201.111 - - [27/Feb/2026:11:00:18 -0500] "GET /wp-content/plugins/LayerSlider/assets/static/layerslider/js/layerslider.transitions.js HTTP/1.1" 200 4907 "https://clavo.space/" "Mozilla/5.0 (Linux; Android 5.0) AppleWebKit/537.36 (KHTML, like Gecko) Mobile Safari/537.36 (compatible; Bytespider; https://zhanzhang.toutiao.com/)"
110.249.201.31 - - [27/Feb/2026:11:00:18 -0500] "GET /wp-includes/js/jquery/jquery-migrate.min.js HTTP/1.1" 200 4872 "https://clavo.space/" "Mozilla/5.0 (Linux; Android 5.0) AppleWebKit/537.36 (KHTML, like Gecko) Mobile Safari/537.36 (compatible; Bytespider; https://zhanzhang.toutiao.com/)"
110.249.201.111 - - [27/Feb/2026:11:00:18 -0500] "GET /wp-content/plugins/LayerSlider/assets/static/layerslider/js/layerslider.kreaturamedia.jquery.js HTTP/1.1" 200 65290 "https://clavo.space/" "Mozilla/5.0 (Linux; Android 5.0) AppleWebKit/537.36 (KHTML, like Gecko) Mobile Safari/537.36 (compatible; Bytespider; https://zhanzhang.toutiao.com/)"
110.249.201.31 - - [27/Feb/2026:11:00:18 -0500] "GET /wp-content/uploads/2021/03/space.jpg HTTP/1.1" 200 54287 "https://clavo.space/" "Mozilla/5.0 (Linux; Android 5.0) AppleWebKit/537.36 (KHTML, like Gecko) Mobile Safari/537.36 (compatible; Bytespider; https://zhanzhang.toutiao.com/)"
110.249.201.31 - - [27/Feb/2026:11:00:18 -0500] "GET /wp-content/uploads/2021/03/conference.png HTTP/1.1" 200 49075 "https://clavo.space/" "Mozilla/5.0 (Linux; Android 5.0) AppleWebKit/537.36 (KHTML, like Gecko) Mobile Safari/537.36 (compatible; Bytespider; https://zhanzhang.toutiao.com/)"
110.249.201.16 - - [27/Feb/2026:11:00:19 -0500] "GET /wp-content/uploads/2021/03/network.png HTTP/1.1" 200 49808 "https://clavo.space/" "Mozilla/5.0 (Linux; Android 5.0) AppleWebKit/537.36 (KHTML, like Gecko) Mobile Safari/537.36 (compatible; Bytespider; https://zhanzhang.toutiao.com/)"
110.249.201.31 - - [27/Feb/2026:11:00:19 -0500] "GET /wp-content/uploads/2021/03/about-place1-1-400x423.jpg HTTP/1.1" 200 19631 "https://clavo.space/" "Mozilla/5.0 (Linux; Android 5.0) AppleWebKit/537.36 (KHTML, like Gecko) Mobile Safari/537.36 (compatible; Bytespider; https://zhanzhang.toutiao.com/)"
110.249.201.16 - - [27/Feb/2026:11:00:19 -0500] "GET /wp-content/uploads/2021/03/mars2-400x600.jpg HTTP/1.1" 200 37343 "https://clavo.space/" "Mozilla/5.0 (Linux; Android 5.0) AppleWebKit/537.36 (KHTML, like Gecko) Mobile Safari/537.36 (compatible; Bytespider; https://zhanzhang.toutiao.com/)"
110.249.201.31 - - [27/Feb/2026:11:00:19 -0500] "GET /wp-content/plugins/the-events-calendar/common/build/js/user-agent.js HTTP/1.1" 200 206 "https://clavo.space/" "Mozilla/5.0 (Linux; Android 5.0) AppleWebKit/537.36 (KHTML, like Gecko) Mobile Safari/537.36 (compatible; Bytespider; https://zhanzhang.toutiao.com/)"
110.249.201.16 - - [27/Feb/2026:11:00:19 -0500] "GET /wp-content/plugins/fusion-core/js/min/fusion-vertical-menu-widget.js HTTP/1.1" 200 472 "https://clavo.space/" "Mozilla/5.0 (Linux; Android 5.0) AppleWebKit/537.36 (KHTML, like Gecko) Mobile Safari/537.36 (compatible; Bytespider; https://zhanzhang.toutiao.com/)"
110.249.201.16 - - [27/Feb/2026:11:00:19 -0500] "GET /wp-content/themes/Avada/includes/lib/assets/min/js/library/cssua.js HTTP/1.1" 200 1498 "https://clavo.space/" "Mozilla/5.0 (Linux; Android 5.0) AppleWebKit/537.36 (KHTML, like Gecko) Mobile Safari/537.36 (compatible; Bytespider; https://zhanzhang.toutiao.com/)"
110.249.201.31 - - [27/Feb/2026:11:00:19 -0500] "GET /wp-content/themes/Avada/includes/lib/assets/min/js/library/modernizr.js HTTP/1.1" 200 6954 "https://clavo.space/" "Mozilla/5.0 (Linux; Android 5.0) AppleWebKit/537.36 (KHTML, like Gecko) Mobile Safari/537.36 (compatible; Bytespider; https://zhanzhang.toutiao.com/)"
110.249.201.16 - - [27/Feb/2026:11:00:19 -0500] "GET /wp-content/themes/Avada/includes/lib/assets/min/js/general/fusion.js HTTP/1.1" 200 1758 "https://clavo.space/" "Mozilla/5.0 (Linux; Android 5.0) AppleWebKit/537.36 (KHTML, like Gecko) Mobile Safari/537.36 (compatible; Bytespider; https://zhanzhang.toutiao.com/)"
110.249.201.31 - - [27/Feb/2026:11:00:20 -0500] "GET /wp-content/themes/Avada/includes/lib/assets/min/js/library/isotope.js HTTP/1.1" 200 9619 "https://clavo.space/" "Mozilla/5.0 (Linux; Android 5.0) AppleWebKit/537.36 (KHTML, like Gecko) Mobile Safari/537.36 (compatible; Bytespider; https://zhanzhang.toutiao.com/)"
110.249.201.16 - - [27/Feb/2026:11:00:20 -0500] "GET /wp-content/themes/Avada/includes/lib/assets/min/js/library/packery.js HTTP/1.1" 200 4124 "https://clavo.space/" "Mozilla/5.0 (Linux; Android 5.0) AppleWebKit/537.36 (KHTML, like Gecko) Mobile Safari/537.36 (compatible; Bytespider; https://zhanzhang.toutiao.com/)"
110.249.201.31 - - [27/Feb/2026:11:00:20 -0500] "GET /wp-content/themes/Avada/includes/lib/assets/min/js/library/bootstrap.transition.js HTTP/1.1" 200 373 "https://clavo.space/" "Mozilla/5.0 (Linux; Android 5.0) AppleWebKit/537.36 (KHTML, like Gecko) Mobile Safari/537.36 (compatible; Bytespider; https://zhanzhang.toutiao.com/)"
110.249.201.16 - - [27/Feb/2026:11:00:20 -0500] "GET /wp-content/themes/Avada/includes/lib/assets/min/js/library/bootstrap.tooltip.js HTTP/1.1" 200 3831 "https://clavo.space/" "Mozilla/5.0 (Linux; Android 5.0) AppleWebKit/537.36 (KHTML, like Gecko) Mobile Safari/537.36 (compatible; Bytespider; https://zhanzhang.toutiao.com/)"
110.249.201.16 - - [27/Feb/2026:11:00:20 -0500] "GET /wp-content/themes/Avada/includes/lib/assets/min/js/library/bootstrap.collapse.js HTTP/1.1" 200 1173 "https://clavo.space/" "Mozilla/5.0 (Linux; Android 5.0) AppleWebKit/537.36 (KHTML, like Gecko) Mobile Safari/537.36 (compatible; Bytespider; https://zhanzhang.toutiao.com/)"
110.249.201.16 - - [27/Feb/2026:11:00:21 -0500] "GET /wp-content/themes/Avada/includes/lib/assets/min/js/library/jquery.requestAnimationFrame.js HTTP/1.1" 200 337 "https://clavo.space/" "Mozilla/5.0 (Linux; Android 5.0) AppleWebKit/537.36 (KHTML, like Gecko) Mobile Safari/537.36 (compatible; Bytespider; https://zhanzhang.toutiao.com/)"
110.249.201.31 - - [27/Feb/2026:11:00:21 -0500] "GET /wp-content/themes/Avada/includes/lib/assets/min/js/library/jquery.easing.js HTTP/1.1" 200 750 "https://clavo.space/" "Mozilla/5.0 (Linux; Android 5.0) AppleWebKit/537.36 (KHTML, like Gecko) Mobile Safari/537.36 (compatible; Bytespider; https://zhanzhang.toutiao.com/)"
110.249.201.16 - - [27/Feb/2026:11:00:21 -0500] "GET /wp-content/themes/Avada/includes/lib/assets/min/js/library/jquery.fitvids.js HTTP/1.1" 200 788 "https://clavo.space/" "Mozilla/5.0 (Linux; Android 5.0) AppleWebKit/537.36 (KHTML, like Gecko) Mobile Safari/537.36 (compatible; Bytespider; https://zhanzhang.toutiao.com/)"
110.249.201.31 - - [27/Feb/2026:11:00:21 -0500] "GET /wp-content/themes/Avada/includes/lib/assets/min/js/library/jquery.flexslider.js HTTP/1.1" 200 6453 "https://clavo.space/" "Mozilla/5.0 (Linux; Android 5.0) AppleWebKit/537.36 (KHTML, like Gecko) Mobile Safari/537.36 (compatible; Bytespider; https://zhanzhang.toutiao.com/)"
110.249.201.16 - - [27/Feb/2026:11:00:21 -0500] "GET /wp-content/themes/Avada/includes/lib/assets/min/js/library/jquery.ilightbox.js HTTP/1.1" 200 25291 "https://clavo.space/" "Mozilla/5.0 (Linux; Android 5.0) AppleWebKit/537.36 (KHTML, like Gecko) Mobile Safari/537.36 (compatible; Bytespider; https://zhanzhang.toutiao.com/)"
110.249.201.16 - - [27/Feb/2026:11:00:21 -0500] "GET /wp-content/themes/Avada/includes/lib/assets/min/js/library/jquery.infinitescroll.js HTTP/1.1" 200 12009 "https://clavo.space/" "Mozilla/5.0 (Linux; Android 5.0) AppleWebKit/537.36 (KHTML, like Gecko) Mobile Safari/537.36 (compatible; Bytespider; https://zhanzhang.toutiao.com/)"
110.249.201.31 - - [27/Feb/2026:11:00:22 -0500] "GET /wp-content/themes/Avada/includes/lib/assets/min/js/library/jquery.mousewheel.js HTTP/1.1" 200 1145 "https://clavo.space/" "Mozilla/5.0 (Linux; Android 5.0) AppleWebKit/537.36 (KHTML, like Gecko) Mobile Safari/537.36 (compatible; Bytespider; https://zhanzhang.toutiao.com/)"
110.249.201.16 - - [27/Feb/2026:11:00:22 -0500] "GET /wp-content/plugins/the-events-calendar/vendor/jquery-placeholder/jquery.placeholder.min.js HTTP/1.1" 200 1298 "https://clavo.space/" "Mozilla/5.0 (Linux; Android 5.0) AppleWebKit/537.36 (KHTML, like Gecko) Mobile Safari/537.36 (compatible; Bytespider; https://zhanzhang.toutiao.com/)"
110.249.201.31 - - [27/Feb/2026:11:00:23 -0500] "GET /wp-content/themes/Avada/includes/lib/assets/min/js/library/jquery.fade.js HTTP/1.1" 200 437 "https://clavo.space/" "Mozilla/5.0 (Linux; Android 5.0) AppleWebKit/537.36 (KHTML, like Gecko) Mobile Safari/537.36 (compatible; Bytespider; https://zhanzhang.toutiao.com/)"
110.249.201.16 - - [27/Feb/2026:11:00:23 -0500] "GET /wp-content/themes/Avada/includes/lib/assets/min/js/library/imagesLoaded.js HTTP/1.1" 200 2221 "https://clavo.space/" "Mozilla/5.0 (Linux; Android 5.0) AppleWebKit/537.36 (KHTML, like Gecko) Mobile Safari/537.36 (compatible; Bytespider; https://zhanzhang.toutiao.com/)"
110.249.201.31 - - [27/Feb/2026:11:00:23 -0500] "GET /wp-content/themes/Avada/includes/lib/assets/min/js/general/fusion-equal-heights.js HTTP/1.1" 200 603 "https://clavo.space/" "Mozilla/5.0 (Linux; Android 5.0) AppleWebKit/537.36 (KHTML, like Gecko) Mobile Safari/537.36 (compatible; Bytespider; https://zhanzhang.toutiao.com/)"
110.249.201.16 - - [27/Feb/2026:11:00:23 -0500] "GET /wp-content/themes/Avada/includes/lib/assets/min/js/library/fusion-parallax.js HTTP/1.1" 200 2845 "https://clavo.space/" "Mozilla/5.0 (Linux; Android 5.0) AppleWebKit/537.36 (KHTML, like Gecko) Mobile Safari/537.36 (compatible; Bytespider; https://zhanzhang.toutiao.com/)"
110.249.201.31 - - [27/Feb/2026:11:00:23 -0500] "GET /wp-content/themes/Avada/includes/lib/assets/min/js/library/fusion-video-general.js HTTP/1.1" 200 890 "https://clavo.space/" "Mozilla/5.0 (Linux; Android 5.0) AppleWebKit/537.36 (KHTML, like Gecko) Mobile Safari/537.36 (compatible; Bytespider; https://zhanzhang.toutiao.com/)"
110.249.201.16 - - [27/Feb/2026:11:00:23 -0500] "GET /wp-content/themes/Avada/includes/lib/assets/min/js/library/fusion-video-bg.js HTTP/1.1" 200 1663 "https://clavo.space/" "Mozilla/5.0 (Linux; Android 5.0) AppleWebKit/537.36 (KHTML, like Gecko) Mobile Safari/537.36 (compatible; Bytespider; https://zhanzhang.toutiao.com/)"
110.249.201.31 - - [27/Feb/2026:11:00:23 -0500] "GET /wp-content/themes/Avada/includes/lib/assets/min/js/general/fusion-lightbox.js HTTP/1.1" 200 2092 "https://clavo.space/" "Mozilla/5.0 (Linux; Android 5.0) AppleWebKit/537.36 (KHTML, like Gecko) Mobile Safari/537.36 (compatible; Bytespider; https://zhanzhang.toutiao.com/)"
110.249.201.16 - - [27/Feb/2026:11:00:23 -0500] "GET /wp-content/themes/Avada/includes/lib/assets/min/js/general/fusion-tooltip.js HTTP/1.1" 200 323 "https://clavo.space/" "Mozilla/5.0 (Linux; Android 5.0) AppleWebKit/537.36 (KHTML, like Gecko) Mobile Safari/537.36 (compatible; Bytespider; https://zhanzhang.toutiao.com/)"
110.249.201.31 - - [27/Feb/2026:11:00:24 -0500] "GET /wp-content/themes/Avada/includes/lib/assets/min/js/general/fusion-sharing-box.js HTTP/1.1" 200 363 "https://clavo.space/" "Mozilla/5.0 (Linux; Android 5.0) AppleWebKit/537.36 (KHTML, like Gecko) Mobile Safari/537.36 (compatible; Bytespider; https://zhanzhang.toutiao.com/)"
110.249.201.16 - - [27/Feb/2026:11:00:24 -0500] "GET /wp-content/themes/Avada/includes/lib/assets/min/js/general/fusion-flexslider.js HTTP/1.1" 200 1448 "https://clavo.space/" "Mozilla/5.0 (Linux; Android 5.0) AppleWebKit/537.36 (KHTML, like Gecko) Mobile Safari/537.36 (compatible; Bytespider; https://zhanzhang.toutiao.com/)"
110.249.201.16 - - [27/Feb/2026:11:00:24 -0500] "GET /wp-content/themes/Avada/includes/lib/assets/min/js/general/fusion-blog.js HTTP/1.1" 200 2152 "https://clavo.space/" "Mozilla/5.0 (Linux; Android 5.0) AppleWebKit/537.36 (KHTML, like Gecko) Mobile Safari/537.36 (compatible; Bytespider; https://zhanzhang.toutiao.com/)"
110.249.201.31 - - [27/Feb/2026:11:00:24 -0500] "GET /wp-content/themes/Avada/includes/lib/assets/min/js/library/jquery.sticky-kit.js HTTP/1.1" 200 2087 "https://clavo.space/" "Mozilla/5.0 (Linux; Android 5.0) AppleWebKit/537.36 (KHTML, like Gecko) Mobile Safari/537.36 (compatible; Bytespider; https://zhanzhang.toutiao.com/)"
110.249.201.31 - - [27/Feb/2026:11:00:24 -0500] "GET /wp-content/themes/Avada/includes/lib/assets/min/js/library/fusion-youtube.js HTTP/1.1" 200 1726 "https://clavo.space/" "Mozilla/5.0 (Linux; Android 5.0) AppleWebKit/537.36 (KHTML, like Gecko) Mobile Safari/537.36 (compatible; Bytespider; https://zhanzhang.toutiao.com/)"
110.249.201.31 - - [27/Feb/2026:11:00:24 -0500] "GET /wp-content/themes/Avada/includes/lib/assets/min/js/library/vimeoPlayer.js HTTP/1.1" 200 5319 "https://clavo.space/" "Mozilla/5.0 (Linux; Android 5.0) AppleWebKit/537.36 (KHTML, like Gecko) Mobile Safari/537.36 (compatible; Bytespider; https://zhanzhang.toutiao.com/)"
110.249.201.31 - - [27/Feb/2026:11:00:25 -0500] "GET /wp-content/themes/Avada/assets/min/js/general/avada-general-footer.js HTTP/1.1" 200 218 "https://clavo.space/" "Mozilla/5.0 (Linux; Android 5.0) AppleWebKit/537.36 (KHTML, like Gecko) Mobile Safari/537.36 (compatible; Bytespider; https://zhanzhang.toutiao.com/)"
110.249.201.16 - - [27/Feb/2026:11:00:25 -0500] "GET /wp-content/themes/Avada/assets/min/js/general/avada-quantity.js HTTP/1.1" 200 805 "https://clavo.space/" "Mozilla/5.0 (Linux; Android 5.0) AppleWebKit/537.36 (KHTML, like Gecko) Mobile Safari/537.36 (compatible; Bytespider; https://zhanzhang.toutiao.com/)"
110.249.201.31 - - [27/Feb/2026:11:00:25 -0500] "GET /wp-content/themes/Avada/assets/min/js/general/avada-crossfade-images.js HTTP/1.1" 200 190 "https://clavo.space/" "Mozilla/5.0 (Linux; Android 5.0) AppleWebKit/537.36 (KHTML, like Gecko) Mobile Safari/537.36 (compatible; Bytespider; https://zhanzhang.toutiao.com/)"
110.249.201.16 - - [27/Feb/2026:11:00:25 -0500] "GET /wp-content/themes/Avada/assets/min/js/general/avada-select.js HTTP/1.1" 200 343 "https://clavo.space/" "Mozilla/5.0 (Linux; Android 5.0) AppleWebKit/537.36 (KHTML, like Gecko) Mobile Safari/537.36 (compatible; Bytespider; https://zhanzhang.toutiao.com/)"
110.249.201.31 - - [27/Feb/2026:11:00:25 -0500] "GET /wp-content/themes/Avada/assets/min/js/general/avada-tabs-widget.js HTTP/1.1" 200 259 "https://clavo.space/" "Mozilla/5.0 (Linux; Android 5.0) AppleWebKit/537.36 (KHTML, like Gecko) Mobile Safari/537.36 (compatible; Bytespider; https://zhanzhang.toutiao.com/)"
110.249.201.16 - - [27/Feb/2026:11:00:25 -0500] "GET /wp-content/themes/Avada/assets/min/js/general/avada-events.js HTTP/1.1" 200 946 "https://clavo.space/" "Mozilla/5.0 (Linux; Android 5.0) AppleWebKit/537.36 (KHTML, like Gecko) Mobile Safari/537.36 (compatible; Bytespider; https://zhanzhang.toutiao.com/)"
110.249.201.31 - - [27/Feb/2026:11:00:25 -0500] "GET /wp-content/themes/Avada/assets/min/js/general/avada-live-search.js HTTP/1.1" 200 1030 "https://clavo.space/" "Mozilla/5.0 (Linux; Android 5.0) AppleWebKit/537.36 (KHTML, like Gecko) Mobile Safari/537.36 (compatible; Bytespider; https://zhanzhang.toutiao.com/)"
110.249.201.31 - - [27/Feb/2026:11:00:26 -0500] "GET /wp-content/themes/Avada/includes/lib/assets/min/js/general/fusion-alert.js HTTP/1.1" 200 195 "https://clavo.space/" "Mozilla/5.0 (Linux; Android 5.0) AppleWebKit/537.36 (KHTML, like Gecko) Mobile Safari/537.36 (compatible; Bytespider; https://zhanzhang.toutiao.com/)"
110.249.201.16 - - [27/Feb/2026:11:00:26 -0500] "GET /wp-content/plugins/fusion-builder/assets/js/min/general/awb-off-canvas.js HTTP/1.1" 200 3501 "https://clavo.space/" "Mozilla/5.0 (Linux; Android 5.0) AppleWebKit/537.36 (KHTML, like Gecko) Mobile Safari/537.36 (compatible; Bytespider; https://zhanzhang.toutiao.com/)"
110.249.201.31 - - [27/Feb/2026:11:00:26 -0500] "GET /wp-content/plugins/fusion-builder/assets/js/min/library/jquery.textillate.js HTTP/1.1" 200 2164 "https://clavo.space/" "Mozilla/5.0 (Linux; Android 5.0) AppleWebKit/537.36 (KHTML, like Gecko) Mobile Safari/537.36 (compatible; Bytespider; https://zhanzhang.toutiao.com/)"
110.249.201.16 - - [27/Feb/2026:11:00:26 -0500] "GET /wp-content/plugins/fusion-builder/assets/js/min/general/fusion-title.js HTTP/1.1" 200 1540 "https://clavo.space/" "Mozilla/5.0 (Linux; Android 5.0) AppleWebKit/537.36 (KHTML, like Gecko) Mobile Safari/537.36 (compatible; Bytespider; https://zhanzhang.toutiao.com/)"
110.249.201.31 - - [27/Feb/2026:11:00:26 -0500] "GET /wp-content/themes/Avada/includes/lib/assets/min/js/general/fusion-button.js HTTP/1.1" 200 174 "https://clavo.space/" "Mozilla/5.0 (Linux; Android 5.0) AppleWebKit/537.36 (KHTML, like Gecko) Mobile Safari/537.36 (compatible; Bytespider; https://zhanzhang.toutiao.com/)"
110.249.201.16 - - [27/Feb/2026:11:00:26 -0500] "GET /wp-content/plugins/fusion-builder/assets/js/min/general/fusion-toggles.js HTTP/1.1" 200 824 "https://clavo.space/" "Mozilla/5.0 (Linux; Android 5.0) AppleWebKit/537.36 (KHTML, like Gecko) Mobile Safari/537.36 (compatible; Bytespider; https://zhanzhang.toutiao.com/)"
110.249.201.31 - - [27/Feb/2026:11:00:26 -0500] "GET /wp-content/plugins/fusion-builder/assets/js/min/general/fusion-animations.js HTTP/1.1" 200 696 "https://clavo.space/" "Mozilla/5.0 (Linux; Android 5.0) AppleWebKit/537.36 (KHTML, like Gecko) Mobile Safari/537.36 (compatible; Bytespider; https://zhanzhang.toutiao.com/)"
110.249.201.16 - - [27/Feb/2026:11:00:27 -0500] "GET /wp-content/plugins/fusion-builder/assets/js/min/general/fusion-form.js HTTP/1.1" 200 3767 "https://clavo.space/" "Mozilla/5.0 (Linux; Android 5.0) AppleWebKit/537.36 (KHTML, like Gecko) Mobile Safari/537.36 (compatible; Bytespider; https://zhanzhang.toutiao.com/)"
110.249.201.31 - - [27/Feb/2026:11:00:27 -0500] "GET /wp-content/plugins/fusion-builder/assets/js/min/general/fusion-flip-boxes.js HTTP/1.1" 200 658 "https://clavo.space/" "Mozilla/5.0 (Linux; Android 5.0) AppleWebKit/537.36 (KHTML, like Gecko) Mobile Safari/537.36 (compatible; Bytespider; https://zhanzhang.toutiao.com/)"
110.249.201.16 - - [27/Feb/2026:11:00:27 -0500] "GET /wp-content/plugins/fusion-builder/assets/js/min/general/fusion-form-logics.js HTTP/1.1" 200 1283 "https://clavo.space/" "Mozilla/5.0 (Linux; Android 5.0) AppleWebKit/537.36 (KHTML, like Gecko) Mobile Safari/537.36 (compatible; Bytespider; https://zhanzhang.toutiao.com/)"
