20.198.0.58 - - [27/Feb/2026:13:24:41 -0500] "GET /wp-blog.php HTTP/1.1" 404 13526 "-" "Mozilla/5.0 (Windows NT 10.0; Win64; x64) AppleWebKit/537.36 (KHTML, like Gecko) Chrome/120.0.0.0 Safari/537.36"
20.198.0.58 - - [27/Feb/2026:13:24:43 -0500] "GET /wp-good.php HTTP/1.1" 404 13532 "-" "Mozilla/5.0 (Windows NT 10.0; Win64; x64) AppleWebKit/537.36 (KHTML, like Gecko) Chrome/120.0.0.0 Safari/537.36"
20.198.0.58 - - [27/Feb/2026:13:24:44 -0500] "GET /wp-editor.php HTTP/1.1" 404 13525 "-" "Mozilla/5.0 (Windows NT 10.0; Win64; x64) AppleWebKit/537.36 (KHTML, like Gecko) Chrome/120.0.0.0 Safari/537.36"
20.198.0.58 - - [27/Feb/2026:13:24:46 -0500] "GET /wp-content/themes/admin.php HTTP/1.1" 404 13527 "-" "Mozilla/5.0 (Windows NT 10.0; Win64; x64) AppleWebKit/537.36 (KHTML, like Gecko) Chrome/120.0.0.0 Safari/537.36"
209.141.47.190 - - [27/Feb/2026:13:25:05 -0500] "GET /wp-login.php HTTP/1.1" 200 6864 "-" "Mozilla/5.0 (Macintosh; Intel Mac OS X 10.8; rv:30.0) Gecko/20100101 Firefox/30.0"
209.141.47.190 - - [27/Feb/2026:13:25:07 -0500] "POST /wp-login.php HTTP/1.1" 200 7343 "-" "Mozilla/5.0 (Macintosh; Intel Mac OS X 10.8; rv:30.0) Gecko/20100101 Firefox/30.0"
45.61.186.130 - - [27/Feb/2026:13:25:08 -0500] "GET /wp-login.php HTTP/1.1" 200 6864 "-" "Mozilla/5.0 (Windows NT 6.1; rv:30.0) Gecko/20100101 Firefox/30.0"
45.61.186.130 - - [27/Feb/2026:13:25:11 -0500] "POST /wp-login.php HTTP/1.1" 200 7332 "-" "Mozilla/5.0 (Windows NT 6.1; rv:30.0) Gecko/20100101 Firefox/30.0"
185.191.171.2 - - [27/Feb/2026:13:25:14 -0500] "GET /events/tag/clavo-space/list/?eventDisplay=past&tribe-bar-date=2022-03-11 HTTP/1.1" 200 20697 "-" "Mozilla/5.0 (compatible; SemrushBot/7~bl; +http://www.semrush.com/bot.html)"
45.61.186.130 - - [27/Feb/2026:13:25:15 -0500] "GET /wp-login.php HTTP/1.1" 200 6864 "-" "Mozilla/5.0 (Windows NT 6.1; WOW64; rv:29.0) Gecko/20100101 Firefox/29.0"
45.61.186.130 - - [27/Feb/2026:13:25:17 -0500] "GET /wp-login.php HTTP/1.1" 200 6864 "-" "Mozilla/5.0 (X11; Linux x86_64) AppleWebKit/537.36 (KHTML, like Gecko) Chrome/36.0.1985.143 Safari/537.36"
45.61.186.130 - - [27/Feb/2026:13:25:19 -0500] "POST /wp-login.php HTTP/1.1" 200 7332 "-" "Mozilla/5.0 (Windows NT 6.1; WOW64; rv:29.0) Gecko/20100101 Firefox/29.0"
45.61.186.130 - - [27/Feb/2026:13:25:21 -0500] "POST /wp-login.php HTTP/1.1" 200 7332 "-" "Mozilla/5.0 (X11; Linux x86_64) AppleWebKit/537.36 (KHTML, like Gecko) Chrome/36.0.1985.143 Safari/537.36"
52.167.144.216 - - [27/Feb/2026:13:25:26 -0500] "GET /wp/wp-content/uploads/2021/07/20_MMP_ALZADO-scaled-1.jpg HTTP/1.1" 200 482508 "-" "Mozilla/5.0 AppleWebKit/537.36 (KHTML, like Gecko; compatible; bingbot/2.0; +http://www.bing.com/bingbot.htm) Chrome/116.0.1938.76 Safari/537.36"
85.208.96.211 - - [27/Feb/2026:13:25:30 -0500] "GET /events/tag/clavo-space/list/?eventDisplay=past&tribe-bar-date=2021-04-05 HTTP/1.1" 200 20693 "-" "Mozilla/5.0 (compatible; SemrushBot/7~bl; +http://www.semrush.com/bot.html)"
162.253.224.18 - - [27/Feb/2026:13:25:43 -0500] "POST /wp-cron.php?doing_wp_cron=1772216743.3298668861389160156250 HTTP/1.1" 200 - "-" "WordPress/6.9.1; https://clavo.space"
82.223.50.157 - - [27/Feb/2026:13:25:41 -0500] "GET /wp-login.php HTTP/1.1" 200 2093 "-" "Mozilla/4.0 (compatible; MSIE 7.0; Windows NT 6.3; WOW64; Trident/7.0; .NET4.0E; .NET4.0C; .NET CLR 3.5.30729; .NET CLR 2.0.50727; .NET CLR 3.0.30729; InfoPath.3)"
82.223.50.157 - - [27/Feb/2026:13:25:43 -0500] "POST /wp-login.php HTTP/1.1" 200 2224 "https://212productions.net/wp-login.php" "Mozilla/4.0 (compatible; MSIE 7.0; Windows NT 6.3; WOW64; Trident/7.0; .NET4.0E; .NET4.0C; .NET CLR 3.5.30729; .NET CLR 2.0.50727; .NET CLR 3.0.30729; InfoPath.3)"
114.119.163.186 - - [27/Feb/2026:13:25:49 -0500] "GET /product-tag/abel-adrian/page/3/?product_count=24&product_orderby=default&product_order=desc&paged=1 HTTP/1.1" 301 - "https://clavo.space/product-tag/abel-adrian/page/3/?product_count=12&product_orderby=default&product_order=desc" "Mozilla/5.0 (Linux; Android 7.0;) AppleWebKit/537.36 (KHTML, like Gecko) Mobile Safari/537.36 (compatible; PetalBot;+https://webmaster.petalsearch.com/site/petalbot)"
114.119.163.186 - - [27/Feb/2026:13:25:52 -0500] "GET /portfolio-item/abel-adrian/?product_count=24&product_orderby=default&product_order=desc&paged=1 HTTP/1.1" 301 - "https://clavo.space/product-tag/abel-adrian/page/3/?product_count=12&product_orderby=default&product_order=desc" "Mozilla/5.0 (Linux; Android 7.0;) AppleWebKit/537.36 (KHTML, like Gecko) Mobile Safari/537.36 (compatible; PetalBot;+https://webmaster.petalsearch.com/site/petalbot)"
114.119.163.186 - - [27/Feb/2026:13:25:55 -0500] "GET /portfolio-item/abel-adrian/?product_count=24&product_orderby=default&product_order=desc HTTP/1.1" 200 21333 "https://clavo.space/product-tag/abel-adrian/page/3/?product_count=12&product_orderby=default&product_order=desc" "Mozilla/5.0 (Linux; Android 7.0;) AppleWebKit/537.36 (KHTML, like Gecko) Mobile Safari/537.36 (compatible; PetalBot;+https://webmaster.petalsearch.com/site/petalbot)"
162.253.224.18 - - [27/Feb/2026:13:26:44 -0500] "POST /wp-cron.php?doing_wp_cron=1772216804.1613640785217285156250 HTTP/1.1" 200 - "-" "WordPress/6.9.1; https://clavo.space"
45.227.253.15 - - [27/Feb/2026:13:26:42 -0500] "GET /index.php/jk HTTP/1.1" 301 - "-" "Mozilla/5.0 (Windows NT 6.1; Win64; x64) AppleWebKit/537.36 (KHTML, like Gecko) Chrome/86.0.4240.111 Safari/537.36"
45.227.253.15 - - [27/Feb/2026:13:26:44 -0500] "GET /jk HTTP/1.1" 404 13525 "https://clavo.space/index.php/jk" "Mozilla/5.0 (Windows NT 6.1; Win64; x64) AppleWebKit/537.36 (KHTML, like Gecko) Chrome/86.0.4240.111 Safari/537.36"
185.191.171.7 - - [27/Feb/2026:13:27:01 -0500] "GET /events/tag/art/day/2022-06-20/ HTTP/1.1" 200 14437 "-" "Mozilla/5.0 (compatible; SemrushBot/7~bl; +http://www.semrush.com/bot.html)"
114.119.151.197 - - [27/Feb/2026:13:27:12 -0500] "GET /product-tag/abel-adrian/page/1/?product_orderby=default&product_view=grid HTTP/1.1" 301 - "https://clavo.space/product-tag/abel-adrian/page/2/?product_orderby=default&product_view=grid" "Mozilla/5.0 (Linux; Android 7.0;) AppleWebKit/537.36 (KHTML, like Gecko) Mobile Safari/537.36 (compatible; PetalBot;+https://webmaster.petalsearch.com/site/petalbot)"
114.119.151.197 - - [27/Feb/2026:13:27:15 -0500] "GET /portfolio-item/abel-adrian/?product_orderby=default&product_view=grid HTTP/1.1" 200 21331 "https://clavo.space/product-tag/abel-adrian/page/2/?product_orderby=default&product_view=grid" "Mozilla/5.0 (Linux; Android 7.0;) AppleWebKit/537.36 (KHTML, like Gecko) Mobile Safari/537.36 (compatible; PetalBot;+https://webmaster.petalsearch.com/site/petalbot)"
162.253.224.18 - - [27/Feb/2026:13:27:47 -0500] "POST /wp-cron.php?doing_wp_cron=1772216867.3453879356384277343750 HTTP/1.1" 200 - "-" "WordPress/6.9.1; https://clavo.space"
85.208.96.200 - - [27/Feb/2026:13:27:45 -0500] "GET /events/tag/opening/list/?tribe-bar-date=2024-03-10 HTTP/1.1" 200 19710 "-" "Mozilla/5.0 (compatible; SemrushBot/7~bl; +http://www.semrush.com/bot.html)"
85.208.96.195 - - [27/Feb/2026:13:27:55 -0500] "GET /events/2029-09-01/ HTTP/1.1" 200 14434 "-" "Mozilla/5.0 (compatible; SemrushBot/7~bl; +http://www.semrush.com/bot.html)"
209.141.57.163 - - [27/Feb/2026:13:28:22 -0500] "GET /wp-login.php HTTP/1.1" 200 6864 "-" "Mozilla/5.0 (compatible; MSIE 9.0; Windows NT 6.1; Trident/5.0)"
209.141.57.163 - - [27/Feb/2026:13:28:23 -0500] "POST /wp-login.php HTTP/1.1" 200 7344 "-" "Mozilla/5.0 (compatible; MSIE 9.0; Windows NT 6.1; Trident/5.0)"
45.61.184.67 - - [27/Feb/2026:13:28:31 -0500] "GET /wp-login.php HTTP/1.1" 200 6864 "-" "Mozilla/5.0 (X11; Linux x86_64)"
162.253.224.18 - - [27/Feb/2026:13:28:33 -0500] "POST /wp-cron.php?doing_wp_cron=1772216913.1443290710449218750000 HTTP/1.1" 200 - "-" "WordPress/6.9.1; https://clavo.space"
45.61.184.67 - - [27/Feb/2026:13:28:32 -0500] "POST /wp-login.php HTTP/1.1" 200 7350 "-" "Mozilla/5.0 (X11; Linux x86_64)"
114.119.132.131 - - [27/Feb/2026:13:28:41 -0500] "GET /shop?product_order=asc&product_count=36&product_orderby=rating HTTP/1.1" 404 13533 "https://clavo.space/shop/page/5?product_order=asc&product_count=36&product_orderby=date&paged=1" "Mozilla/5.0 (Linux; Android 7.0;) AppleWebKit/537.36 (KHTML, like Gecko) Mobile Safari/537.36 (compatible; PetalBot;+https://webmaster.petalsearch.com/site/petalbot)"
85.208.96.197 - - [27/Feb/2026:13:29:08 -0500] "GET /events/tag/clavo-space/list/?tribe-bar-date=2024-10-03 HTTP/1.1" 200 19722 "-" "Mozilla/5.0 (compatible; SemrushBot/7~bl; +http://www.semrush.com/bot.html)"
162.253.224.18 - - [27/Feb/2026:13:29:35 -0500] "POST /wp-cron.php?doing_wp_cron=1772216975.3015151023864746093750 HTTP/1.1" 200 - "-" "WordPress/6.9.1; https://clavo.space"
185.191.171.19 - - [27/Feb/2026:13:29:34 -0500] "GET /events/tag/clavo-space/list/?eventDisplay=past&tribe-bar-date=2020-10-16 HTTP/1.1" 200 20693 "-" "Mozilla/5.0 (compatible; SemrushBot/7~bl; +http://www.semrush.com/bot.html)"
15.235.96.122 - - [27/Feb/2026:13:29:41 -0500] "GET /2023/07/19/experiencia-latina/ HTTP/1.1" 200 23098 "-" "Mozilla/5.0 (compatible; AhrefsBot/7.0; +http://ahrefs.com/robot/)"
185.191.171.18 - - [27/Feb/2026:13:29:50 -0500] "GET /events/tag/opening/list/?tribe-bar-date=2024-02-04 HTTP/1.1" 200 19721 "-" "Mozilla/5.0 (compatible; SemrushBot/7~bl; +http://www.semrush.com/bot.html)"
162.240.22.47 - - [27/Feb/2026:13:29:54 -0500] "GET /wp-login.php HTTP/1.1" 200 2093 "-" "Mozilla/5.0 (X11; Linux x86_64) AppleWebKit/537.36 (KHTML, like Gecko) Chrome/65.0.3325.109 Safari/537.36"
114.119.132.131 - - [27/Feb/2026:13:29:59 -0500] "GET /shop/page/7?product_order=asc&product_view=list&product_orderby=price HTTP/1.1" 404 13540 "https://clavo.space/shop/page/7?product_order=asc&product_view=list&product_orderby=popularity" "Mozilla/5.0 (Linux; Android 7.0;) AppleWebKit/537.36 (KHTML, like Gecko) Mobile Safari/537.36 (compatible; PetalBot;+https://webmaster.petalsearch.com/site/petalbot)"
162.240.22.47 - - [27/Feb/2026:13:30:01 -0500] "POST /wp-login.php HTTP/1.1" 200 2224 "https://212productions.net/wp-login.php" "Mozilla/5.0 (X11; Linux x86_64) AppleWebKit/537.36 (KHTML, like Gecko) Chrome/65.0.3325.109 Safari/537.36"
138.246.253.24 - - [27/Feb/2026:13:30:08 -0500] "GET /robots.txt HTTP/1.1" 200 111 "-" "Mozilla/5.0 (Windows NT 10.0; Win64; x64) AppleWebKit/537.36 (KHTML, like Gecko) Chrome/103.0.5060.134 Safari/537.36"
104.244.77.51 - - [27/Feb/2026:13:30:21 -0500] "GET /wp-login.php HTTP/1.1" 200 6864 "-" "Mozilla/5.0 (Macintosh; Intel Mac OS X 10_9_3) AppleWebKit/537.36 (KHTML, like Gecko) Chrome/36.0.1985.125 Safari/537.36"
104.244.77.51 - - [27/Feb/2026:13:30:22 -0500] "POST /wp-login.php HTTP/1.1" 200 7304 "-" "Mozilla/5.0 (Macintosh; Intel Mac OS X 10_9_3) AppleWebKit/537.36 (KHTML, like Gecko) Chrome/36.0.1985.125 Safari/537.36"
185.191.171.3 - - [27/Feb/2026:13:30:23 -0500] "GET /events/tag/opening/list/?tribe-bar-date=2024-08-22 HTTP/1.1" 200 19710 "-" "Mozilla/5.0 (compatible; SemrushBot/7~bl; +http://www.semrush.com/bot.html)"
199.244.88.229 - - [27/Feb/2026:13:31:24 -0500] "GET /wp/wp-content/uploads/2021/03/212-android-chrome-192x192-1.png HTTP/1.1" 200 14455 "-" "Mozilla/5.0 (Macintosh; Intel Mac OS X 10_15_7) AppleWebKit/537.36 (KHTML, like Gecko) Chrome/120.0.0.0 Safari/537.36"
162.253.224.18 - - [27/Feb/2026:13:31:25 -0500] "POST /wp-cron.php?doing_wp_cron=1772217085.5252230167388916015625 HTTP/1.1" 200 - "-" "WordPress/6.9.1; https://clavo.space"
114.119.136.13 - - [27/Feb/2026:13:31:24 -0500] "GET /shop/page/6?product_order=desc&product_view=grid&product_orderby=name&product_count=12 HTTP/1.1" 404 13539 "https://clavo.space/shop/page/6?product_order=desc&product_view=grid&product_orderby=date&product_count=12" "Mozilla/5.0 (Linux; Android 7.0;) AppleWebKit/537.36 (KHTML, like Gecko) Mobile Safari/537.36 (compatible; PetalBot;+https://webmaster.petalsearch.com/site/petalbot)"
162.253.224.18 - - [27/Feb/2026:13:32:23 -0500] "POST /wp-cron.php?doing_wp_cron=1772217143.4819428920745849609375 HTTP/1.1" 200 - "-" "WordPress/6.9.1; https://clavo.space"
85.208.96.211 - - [27/Feb/2026:13:32:22 -0500] "GET /events/tag/art/list/?tribe-bar-date=2028-06-01 HTTP/1.1" 200 19704 "-" "Mozilla/5.0 (compatible; SemrushBot/7~bl; +http://www.semrush.com/bot.html)"
162.253.224.18 - - [27/Feb/2026:13:32:40 -0500] "POST /wp/wp-cron.php?doing_wp_cron=1772217160.2510619163513183593750 HTTP/1.1" 200 - "-" "WordPress/6.9.1; https://212productions.net/wp"
52.167.144.19 - - [27/Feb/2026:13:32:39 -0500] "GET /wp/recibira-san-ildefonso-a-manson/ HTTP/1.1" 200 18993 "-" "Mozilla/5.0 AppleWebKit/537.36 (KHTML, like Gecko; compatible; bingbot/2.0; +http://www.bing.com/bingbot.htm) Chrome/116.0.1938.76 Safari/537.36"
162.253.224.18 - - [27/Feb/2026:13:32:47 -0500] "POST /wp-cron.php?doing_wp_cron=1772217167.8331549167633056640625 HTTP/1.1" 200 - "-" "WordPress/6.9.1; https://clavo.space"
114.119.132.131 - - [27/Feb/2026:13:32:46 -0500] "GET /shop/page/5/?product_count=12&product_orderby=popularity&product_order=asc&paged=1 HTTP/1.1" 404 13532 "https://clavo.space/shop/page/5/?product_count=12&product_orderby=popularity&product_order=asc" "Mozilla/5.0 (Linux; Android 7.0;) AppleWebKit/537.36 (KHTML, like Gecko) Mobile Safari/537.36 (compatible; PetalBot;+https://webmaster.petalsearch.com/site/petalbot)"
104.244.77.51 - - [27/Feb/2026:13:33:03 -0500] "GET /wp-login.php HTTP/1.1" 200 6864 "-" "Mozilla/5.0 (X11; Linux x86_64) AppleWebKit/537.36 (KHTML, like Gecko) Ubuntu Chromium/36.0.1985.125 Chrome/36.0.1985.125 Safari/537.36"
104.244.77.51 - - [27/Feb/2026:13:33:04 -0500] "POST /wp-login.php HTTP/1.1" 200 7343 "-" "Mozilla/5.0 (X11; Linux x86_64) AppleWebKit/537.36 (KHTML, like Gecko) Ubuntu Chromium/36.0.1985.125 Chrome/36.0.1985.125 Safari/537.36"
72.249.68.236 - - [27/Feb/2026:13:33:11 -0500] "POST /xmlrpc.php HTTP/1.1" 200 225 "-" "Mozilla/5.0 (X11; CrOS x86_64 10323.67.0) AppleWebKit/537.36 (KHTML, like Gecko) Chrome/65.0.3325.209 Safari/537.36"
54.37.252.46 - - [27/Feb/2026:13:33:59 -0500] "GET /robots.txt HTTP/1.1" 304 - "-" "Mozilla/5.0 (compatible; MJ12bot/v1.4.8; http://mj12bot.com/)"
162.253.224.18 - - [27/Feb/2026:13:34:04 -0500] "POST /wp-cron.php?doing_wp_cron=1772217244.5862479209899902343750 HTTP/1.1" 200 - "-" "WordPress/6.9.1; https://clavo.space"
54.37.252.46 - - [27/Feb/2026:13:34:03 -0500] "GET /product-category/paintings/?add-to-cart=6607&product_view=grid&product_count=12&product_orderby=default&product_order=desc HTTP/1.1" 404 13535 "-" "Mozilla/5.0 (compatible; MJ12bot/v1.4.8; http://mj12bot.com/)"
54.37.252.46 - - [27/Feb/2026:13:34:08 -0500] "GET /product-category/paintings/?add-to-cart=7075&product_order=desc&product_count=12&product_orderby=name HTTP/1.1" 404 13548 "-" "Mozilla/5.0 (compatible; MJ12bot/v1.4.8; http://mj12bot.com/)"
114.119.148.154 - - [27/Feb/2026:13:34:10 -0500] "GET /shop/page/3/?product_order=asc&product_orderby=default&product_count=12 HTTP/1.1" 404 13533 "https://clavo.space/shop/page/3/?product_order=asc&product_orderby=date&product_count=12" "Mozilla/5.0 (Linux; Android 7.0;) AppleWebKit/537.36 (KHTML, like Gecko) Mobile Safari/537.36 (compatible; PetalBot;+https://webmaster.petalsearch.com/site/petalbot)"
54.37.252.46 - - [27/Feb/2026:13:34:13 -0500] "GET /shop/?add-to-cart=1919&product_orderby=price&product_count=36&product_view=grid HTTP/1.1" 404 13531 "-" "Mozilla/5.0 (compatible; MJ12bot/v1.4.8; http://mj12bot.com/)"
82.223.66.148 - - [27/Feb/2026:13:34:16 -0500] "GET /wp-login.php HTTP/1.1" 200 2093 "-" "Mozilla/5.0 (Windows NT 10.0; Win64; x64; Trident/7.0; rv:11.0) like Gecko"
66.249.79.67 - - [27/Feb/2026:13:34:16 -0500] "GET /page/2/?h=eqhrq65k6q5r43m HTTP/1.1" 200 30437 "-" "Mozilla/5.0 (Linux; Android 6.0.1; Nexus 5X Build/MMB29P) AppleWebKit/537.36 (KHTML, like Gecko) Chrome/144.0.7559.132 Mobile Safari/537.36 (compatible; GoogleOther)"
54.37.252.46 - - [27/Feb/2026:13:34:17 -0500] "GET /shop/?add-to-cart=1919&product_view=list&product_orderby=price&product_count=36 HTTP/1.1" 404 13534 "-" "Mozilla/5.0 (compatible; MJ12bot/v1.4.8; http://mj12bot.com/)"
82.223.66.148 - - [27/Feb/2026:13:34:18 -0500] "POST /wp-login.php HTTP/1.1" 200 2224 "https://212productions.net/wp-login.php" "Mozilla/5.0 (Windows NT 10.0; Win64; x64; Trident/7.0; rv:11.0) like Gecko"
66.249.79.68 - - [27/Feb/2026:13:34:23 -0500] "GET /page/2/?h=eb50eutiuetfwra HTTP/1.1" 200 30434 "-" "Mozilla/5.0 (Linux; Android 6.0.1; Nexus 5X Build/MMB29P) AppleWebKit/537.36 (KHTML, like Gecko) Chrome/144.0.7559.132 Mobile Safari/537.36 (compatible; GoogleOther)"
54.37.252.46 - - [27/Feb/2026:13:34:24 -0500] "GET /shop/?add-to-cart=1955&product_view=list&product_orderby=price&product_count=12 HTTP/1.1" 404 13527 "-" "Mozilla/5.0 (compatible; MJ12bot/v1.4.8; http://mj12bot.com/)"
85.208.96.206 - - [27/Feb/2026:13:34:27 -0500] "GET /events/category/exhibition/day/2025-04-06/ HTTP/1.1" 200 14471 "-" "Mozilla/5.0 (compatible; SemrushBot/7~bl; +http://www.semrush.com/bot.html)"
54.37.252.46 - - [27/Feb/2026:13:34:29 -0500] "GET /shop/?add-to-cart=1955&product_view=list&product_orderby=price&product_count=24 HTTP/1.1" 404 13531 "-" "Mozilla/5.0 (compatible; MJ12bot/v1.4.8; http://mj12bot.com/)"
162.253.224.18 - - [27/Feb/2026:13:34:35 -0500] "POST /wp-cron.php?doing_wp_cron=1772217275.1616261005401611328125 HTTP/1.1" 200 - "-" "WordPress/6.9.1; https://clavo.space"
54.37.252.46 - - [27/Feb/2026:13:34:34 -0500] "GET /shop/?add-to-cart=1955&product_view=list&product_orderby=price&product_count=36 HTTP/1.1" 404 13527 "-" "Mozilla/5.0 (compatible; MJ12bot/v1.4.8; http://mj12bot.com/)"
185.191.171.13 - - [27/Feb/2026:13:34:36 -0500] "GET /events/category/exhibition/list/?tribe-bar-date=2025-05-31 HTTP/1.1" 200 19747 "-" "Mozilla/5.0 (compatible; SemrushBot/7~bl; +http://www.semrush.com/bot.html)"
54.37.252.46 - - [27/Feb/2026:13:34:38 -0500] "GET /shop/?add-to-cart=1955&product_view=list&product_orderby=rating&product_count=12 HTTP/1.1" 404 13521 "-" "Mozilla/5.0 (compatible; MJ12bot/v1.4.8; http://mj12bot.com/)"
185.191.171.14 - - [27/Feb/2026:13:34:41 -0500] "GET /events/category/exhibition/list/?eventDisplay=past&tribe-bar-date=2024-06-07 HTTP/1.1" 200 20719 "-" "Mozilla/5.0 (compatible; SemrushBot/7~bl; +http://www.semrush.com/bot.html)"
54.37.252.46 - - [27/Feb/2026:13:34:43 -0500] "GET /shop/?add-to-cart=1955&product_view=list&product_orderby=rating&product_count=24 HTTP/1.1" 404 13524 "-" "Mozilla/5.0 (compatible; MJ12bot/v1.4.8; http://mj12bot.com/)"
66.249.79.67 - - [27/Feb/2026:13:34:45 -0500] "GET /product-category/paintings/page/2/?product_count=24&product_orderby=rating HTTP/1.1" 404 13550 "-" "Mozilla/5.0 (Linux; Android 6.0.1; Nexus 5X Build/MMB29P) AppleWebKit/537.36 (KHTML, like Gecko) Chrome/144.0.7559.132 Mobile Safari/537.36 (compatible; Googlebot/2.1; +http://www.google.com/bot.html)"
54.37.252.46 - - [27/Feb/2026:13:34:48 -0500] "GET /shop/?add-to-cart=1955&product_view=list&product_orderby=rating&product_count=36 HTTP/1.1" 404 13520 "-" "Mozilla/5.0 (compatible; MJ12bot/v1.4.8; http://mj12bot.com/)"
54.37.252.46 - - [27/Feb/2026:13:34:53 -0500] "GET /shop/?add-to-cart=1956&product_order=asc&product_orderby=date&product_count=12 HTTP/1.1" 404 13528 "-" "Mozilla/5.0 (compatible; MJ12bot/v1.4.8; http://mj12bot.com/)"
54.37.252.46 - - [27/Feb/2026:13:34:57 -0500] "GET /shop/?add-to-cart=1956&product_order=asc&product_orderby=default&product_count=12 HTTP/1.1" 404 13527 "-" "Mozilla/5.0 (compatible; MJ12bot/v1.4.8; http://mj12bot.com/)"
54.37.252.46 - - [27/Feb/2026:13:35:02 -0500] "GET /shop/?add-to-cart=1956&product_order=asc&product_orderby=default&product_count=24 HTTP/1.1" 404 13522 "-" "Mozilla/5.0 (compatible; MJ12bot/v1.4.8; http://mj12bot.com/)"
54.37.252.46 - - [27/Feb/2026:13:35:07 -0500] "GET /shop/?add-to-cart=1956&product_order=asc&product_orderby=default&product_count=36 HTTP/1.1" 404 13525 "-" "Mozilla/5.0 (compatible; MJ12bot/v1.4.8; http://mj12bot.com/)"
54.37.252.46 - - [27/Feb/2026:13:35:11 -0500] "GET /shop/?add-to-cart=1956&product_order=asc&product_orderby=name&product_count=12 HTTP/1.1" 404 13529 "-" "Mozilla/5.0 (compatible; MJ12bot/v1.4.8; http://mj12bot.com/)"
54.37.252.46 - - [27/Feb/2026:13:35:16 -0500] "GET /shop/?add-to-cart=1956&product_order=asc&product_orderby=name&product_count=24 HTTP/1.1" 404 13528 "-" "Mozilla/5.0 (compatible; MJ12bot/v1.4.8; http://mj12bot.com/)"
54.37.252.46 - - [27/Feb/2026:13:35:21 -0500] "GET /shop/?add-to-cart=1956&product_order=asc&product_orderby=name&product_count=36 HTTP/1.1" 404 13532 "-" "Mozilla/5.0 (compatible; MJ12bot/v1.4.8; http://mj12bot.com/)"
54.37.252.46 - - [27/Feb/2026:13:35:25 -0500] "GET /shop/?add-to-cart=1956&product_order=asc&product_orderby=popularity&product_count=12 HTTP/1.1" 404 13526 "-" "Mozilla/5.0 (compatible; MJ12bot/v1.4.8; http://mj12bot.com/)"
54.37.252.46 - - [27/Feb/2026:13:35:30 -0500] "GET /shop/?add-to-cart=1956&product_order=asc&product_orderby=popularity&product_count=24 HTTP/1.1" 404 13525 "-" "Mozilla/5.0 (compatible; MJ12bot/v1.4.8; http://mj12bot.com/)"
162.253.224.18 - - [27/Feb/2026:13:35:36 -0500] "POST /wp-cron.php?doing_wp_cron=1772217336.6710441112518310546875 HTTP/1.1" 200 - "-" "WordPress/6.9.1; https://clavo.space"
54.37.252.46 - - [27/Feb/2026:13:35:35 -0500] "GET /shop/?add-to-cart=1956&product_order=asc&product_orderby=popularity&product_count=36 HTTP/1.1" 404 13533 "-" "Mozilla/5.0 (compatible; MJ12bot/v1.4.8; http://mj12bot.com/)"
51.222.95.179 - - [27/Feb/2026:13:35:36 -0500] "GET /portfolio-item/abel-adrian/?product_orderby=date&product_count=36&product_view=list&product_order=asc HTTP/1.1" 200 21330 "-" "Mozilla/5.0 (compatible; AhrefsBot/7.0; +http://ahrefs.com/robot/)"
54.37.252.46 - - [27/Feb/2026:13:35:40 -0500] "GET /shop/?add-to-cart=1956&product_view=grid&product_count=12&product_orderby=rating HTTP/1.1" 404 13523 "-" "Mozilla/5.0 (compatible; MJ12bot/v1.4.8; http://mj12bot.com/)"
114.119.163.186 - - [27/Feb/2026:13:35:40 -0500] "GET /shop/page/2/?product_orderby=price&product_count=12&product_view=grid&paged=1 HTTP/1.1" 404 13536 "https://clavo.space/shop/page/2/?product_orderby=price&product_count=36&product_view=grid" "Mozilla/5.0 (Linux; Android 7.0;) AppleWebKit/537.36 (KHTML, like Gecko) Mobile Safari/537.36 (compatible; PetalBot;+https://webmaster.petalsearch.com/site/petalbot)"
54.37.252.46 - - [27/Feb/2026:13:35:45 -0500] "GET /shop/?add-to-cart=1956&product_view=grid&product_order=desc&product_count=12 HTTP/1.1" 404 13524 "-" "Mozilla/5.0 (compatible; MJ12bot/v1.4.8; http://mj12bot.com/)"
54.37.252.46 - - [27/Feb/2026:13:35:50 -0500] "GET /shop/?add-to-cart=1956&product_view=grid&product_order=desc&product_count=24 HTTP/1.1" 404 13530 "-" "Mozilla/5.0 (compatible; MJ12bot/v1.4.8; http://mj12bot.com/)"
54.37.252.46 - - [27/Feb/2026:13:35:55 -0500] "GET /shop/?add-to-cart=1956&product_view=list&product_count=24 HTTP/1.1" 404 13530 "-" "Mozilla/5.0 (compatible; MJ12bot/v1.4.8; http://mj12bot.com/)"
54.37.252.46 - - [27/Feb/2026:13:36:00 -0500] "GET /shop/?add-to-cart=1956&product_view=list&product_count=24&product_orderby=date HTTP/1.1" 404 13516 "-" "Mozilla/5.0 (compatible; MJ12bot/v1.4.8; http://mj12bot.com/)"
54.37.252.46 - - [27/Feb/2026:13:36:05 -0500] "GET /shop/?add-to-cart=1956&product_view=list&product_count=36 HTTP/1.1" 404 13527 "-" "Mozilla/5.0 (compatible; MJ12bot/v1.4.8; http://mj12bot.com/)"
54.37.252.46 - - [27/Feb/2026:13:36:09 -0500] "GET /shop/?add-to-cart=1957&product_count=12&product_view=list HTTP/1.1" 404 13524 "-" "Mozilla/5.0 (compatible; MJ12bot/v1.4.8; http://mj12bot.com/)"
54.37.252.46 - - [27/Feb/2026:13:36:14 -0500] "GET /shop/?add-to-cart=1957&product_count=36 HTTP/1.1" 404 13528 "-" "Mozilla/5.0 (compatible; MJ12bot/v1.4.8; http://mj12bot.com/)"
54.37.252.46 - - [27/Feb/2026:13:36:19 -0500] "GET /shop/?add-to-cart=1957&product_order=asc&product_count=12&product_view=grid HTTP/1.1" 404 13516 "-" "Mozilla/5.0 (compatible; MJ12bot/v1.4.8; http://mj12bot.com/)"
54.37.252.46 - - [27/Feb/2026:13:36:23 -0500] "GET /shop/?add-to-cart=1957&product_orderby=name&product_count=12&product_view=grid HTTP/1.1" 404 13520 "-" "Mozilla/5.0 (compatible; MJ12bot/v1.4.8; http://mj12bot.com/)"
185.191.171.10 - - [27/Feb/2026:13:36:26 -0500] "GET /events/tag/exhibition/day/2021-09-03/ HTTP/1.1" 200 14445 "-" "Mozilla/5.0 (compatible; SemrushBot/7~bl; +http://www.semrush.com/bot.html)"
54.37.252.46 - - [27/Feb/2026:13:36:28 -0500] "GET /shop/?add-to-cart=1957&product_orderby=price&product_count=24&product_order=desc HTTP/1.1" 404 13527 "-" "Mozilla/5.0 (compatible; MJ12bot/v1.4.8; http://mj12bot.com/)"
162.253.224.18 - - [27/Feb/2026:13:36:34 -0500] "POST /wp-cron.php?doing_wp_cron=1772217394.2484869956970214843750 HTTP/1.1" 200 - "-" "WordPress/6.9.1; https://clavo.space"
54.37.252.46 - - [27/Feb/2026:13:36:33 -0500] "GET /shop/?add-to-cart=1957&product_view=grid&product_order=asc&product_count=12 HTTP/1.1" 404 13528 "-" "Mozilla/5.0 (compatible; MJ12bot/v1.4.8; http://mj12bot.com/)"
54.37.252.46 - - [27/Feb/2026:13:36:37 -0500] "GET /shop/?add-to-cart=1957&product_view=grid&product_order=asc&product_count=24 HTTP/1.1" 404 13524 "-" "Mozilla/5.0 (compatible; MJ12bot/v1.4.8; http://mj12bot.com/)"
54.37.252.46 - - [27/Feb/2026:13:36:42 -0500] "GET /shop/?add-to-cart=1957&product_view=grid&product_order=asc&product_count=36 HTTP/1.1" 404 13526 "-" "Mozilla/5.0 (compatible; MJ12bot/v1.4.8; http://mj12bot.com/)"
54.37.252.46 - - [27/Feb/2026:13:36:47 -0500] "GET /shop/?add-to-cart=1957&product_view=list&product_order=asc&product_count=12 HTTP/1.1" 404 13527 "-" "Mozilla/5.0 (compatible; MJ12bot/v1.4.8; http://mj12bot.com/)"
54.37.252.46 - - [27/Feb/2026:13:36:52 -0500] "GET /shop/?add-to-cart=1957&product_view=list&product_order=asc&product_count=12&product_orderby=default HTTP/1.1" 404 13527 "-" "Mozilla/5.0 (compatible; MJ12bot/v1.4.8; http://mj12bot.com/)"
54.37.252.46 - - [27/Feb/2026:13:36:56 -0500] "GET /shop/?add-to-cart=1957&product_view=list&product_order=asc&product_count=12&product_orderby=name HTTP/1.1" 404 13524 "-" "Mozilla/5.0 (compatible; MJ12bot/v1.4.8; http://mj12bot.com/)"
114.119.149.252 - - [27/Feb/2026:13:36:57 -0500] "GET /shop/page/1?product_view=grid&product_count=36&product_order=asc&product_orderby=rating HTTP/1.1" 404 13535 "https://clavo.space/shop/page/3?product_view=grid&product_count=36&product_order=asc&product_orderby=rating" "Mozilla/5.0 (Linux; Android 7.0;) AppleWebKit/537.36 (KHTML, like Gecko) Mobile Safari/537.36 (compatible; PetalBot;+https://webmaster.petalsearch.com/site/petalbot)"
54.37.252.46 - - [27/Feb/2026:13:37:01 -0500] "GET /shop/?add-to-cart=1957&product_view=list&product_order=asc&product_count=12&product_orderby=popularity HTTP/1.1" 404 13530 "-" "Mozilla/5.0 (compatible; MJ12bot/v1.4.8; http://mj12bot.com/)"
54.37.252.46 - - [27/Feb/2026:13:37:05 -0500] "GET /shop/?add-to-cart=1957&product_view=list&product_order=asc&product_count=12&product_orderby=price HTTP/1.1" 404 13524 "-" "Mozilla/5.0 (compatible; MJ12bot/v1.4.8; http://mj12bot.com/)"
54.37.252.46 - - [27/Feb/2026:13:37:10 -0500] "GET /shop/?add-to-cart=1957&product_view=list&product_order=asc&product_count=12&product_orderby=rating HTTP/1.1" 404 13528 "-" "Mozilla/5.0 (compatible; MJ12bot/v1.4.8; http://mj12bot.com/)"
54.37.252.46 - - [27/Feb/2026:13:37:15 -0500] "GET /shop/?add-to-cart=1957&product_view=list&product_order=asc&product_count=24 HTTP/1.1" 404 13527 "-" "Mozilla/5.0 (compatible; MJ12bot/v1.4.8; http://mj12bot.com/)"
54.37.252.46 - - [27/Feb/2026:13:37:20 -0500] "GET /shop/?add-to-cart=1957&product_view=list&product_order=asc&product_count=24&product_orderby=date HTTP/1.1" 404 13522 "-" "Mozilla/5.0 (compatible; MJ12bot/v1.4.8; http://mj12bot.com/)"
54.37.252.46 - - [27/Feb/2026:13:37:25 -0500] "GET /shop/?add-to-cart=1957&product_view=list&product_order=asc&product_count=24&product_orderby=default HTTP/1.1" 404 13526 "-" "Mozilla/5.0 (compatible; MJ12bot/v1.4.8; http://mj12bot.com/)"
54.37.252.46 - - [27/Feb/2026:13:37:30 -0500] "GET /shop/?add-to-cart=1957&product_view=list&product_order=asc&product_count=24&product_orderby=name HTTP/1.1" 404 13532 "-" "Mozilla/5.0 (compatible; MJ12bot/v1.4.8; http://mj12bot.com/)"
162.253.224.18 - - [27/Feb/2026:13:37:35 -0500] "POST /wp-cron.php?doing_wp_cron=1772217455.9778499603271484375000 HTTP/1.1" 200 - "-" "WordPress/6.9.1; https://clavo.space"
54.37.252.46 - - [27/Feb/2026:13:37:34 -0500] "GET /shop/?add-to-cart=1957&product_view=list&product_order=asc&product_count=24&product_orderby=popularity HTTP/1.1" 404 13527 "-" "Mozilla/5.0 (compatible; MJ12bot/v1.4.8; http://mj12bot.com/)"
54.37.252.46 - - [27/Feb/2026:13:37:39 -0500] "GET /shop/?add-to-cart=1957&product_view=list&product_order=asc&product_count=24&product_orderby=price HTTP/1.1" 404 13529 "-" "Mozilla/5.0 (compatible; MJ12bot/v1.4.8; http://mj12bot.com/)"
54.37.252.46 - - [27/Feb/2026:13:37:44 -0500] "GET /shop/?add-to-cart=1957&product_view=list&product_order=asc&product_count=36 HTTP/1.1" 404 13526 "-" "Mozilla/5.0 (compatible; MJ12bot/v1.4.8; http://mj12bot.com/)"
54.37.252.46 - - [27/Feb/2026:13:37:48 -0500] "GET /shop/?add-to-cart=1957&product_view=list&product_order=asc&product_count=36&product_orderby=name HTTP/1.1" 404 13529 "-" "Mozilla/5.0 (compatible; MJ12bot/v1.4.8; http://mj12bot.com/)"
162.253.224.18 - - [27/Feb/2026:13:37:54 -0500] "POST /wp-cron.php?doing_wp_cron=1772217474.1558690071105957031250 HTTP/1.1" 200 - "-" "WordPress/6.9.1; https://clavo.space"
54.37.252.46 - - [27/Feb/2026:13:37:53 -0500] "GET /shop/?add-to-cart=1968&product_orderby=default&product_count=36&product_order=desc HTTP/1.1" 404 13534 "-" "Mozilla/5.0 (compatible; MJ12bot/v1.4.8; http://mj12bot.com/)"
54.37.252.46 - - [27/Feb/2026:13:37:57 -0500] "GET /shop/?add-to-cart=1968&product_orderby=rating&product_count=36&product_view=grid HTTP/1.1" 404 13531 "-" "Mozilla/5.0 (compatible; MJ12bot/v1.4.8; http://mj12bot.com/)"
54.37.252.46 - - [27/Feb/2026:13:38:02 -0500] "GET /shop/?add-to-cart=1968&product_orderby=rating&product_count=36&product_view=list HTTP/1.1" 404 13523 "-" "Mozilla/5.0 (compatible; MJ12bot/v1.4.8; http://mj12bot.com/)"
54.37.252.46 - - [27/Feb/2026:13:38:07 -0500] "GET /shop/?add-to-cart=1969&product_count=12 HTTP/1.1" 404 13521 "-" "Mozilla/5.0 (compatible; MJ12bot/v1.4.8; http://mj12bot.com/)"
54.37.252.46 - - [27/Feb/2026:13:38:13 -0500] "GET /shop/?add-to-cart=1969&product_count=24 HTTP/1.1" 404 13526 "-" "Mozilla/5.0 (compatible; MJ12bot/v1.4.8; http://mj12bot.com/)"
54.37.252.46 - - [27/Feb/2026:13:38:18 -0500] "GET /shop/?add-to-cart=1969&product_count=36 HTTP/1.1" 404 13530 "-" "Mozilla/5.0 (compatible; MJ12bot/v1.4.8; http://mj12bot.com/)"
114.119.158.196 - - [27/Feb/2026:13:38:22 -0500] "GET /product-tag/tania-riera/?product_view=grid&product_orderby=price HTTP/1.1" 301 - "https://clavo.space/product-tag/tania-riera/?product_view=grid&product_orderby=name" "Mozilla/5.0 (Linux; Android 7.0;) AppleWebKit/537.36 (KHTML, like Gecko) Mobile Safari/537.36 (compatible; PetalBot;+https://webmaster.petalsearch.com/site/petalbot)"
54.37.252.46 - - [27/Feb/2026:13:38:24 -0500] "GET /shop/?add-to-cart=1969&product_order=asc&product_count=12 HTTP/1.1" 404 13532 "-" "Mozilla/5.0 (compatible; MJ12bot/v1.4.8; http://mj12bot.com/)"
114.119.158.196 - - [27/Feb/2026:13:38:25 -0500] "GET /portfolio-item/tania-riera/?product_view=grid&product_orderby=price HTTP/1.1" 200 20439 "https://clavo.space/product-tag/tania-riera/?product_view=grid&product_orderby=name" "Mozilla/5.0 (Linux; Android 7.0;) AppleWebKit/537.36 (KHTML, like Gecko) Mobile Safari/537.36 (compatible; PetalBot;+https://webmaster.petalsearch.com/site/petalbot)"
54.37.252.46 - - [27/Feb/2026:13:38:29 -0500] "GET /shop/?add-to-cart=1969&product_order=asc&product_count=24 HTTP/1.1" 404 13525 "-" "Mozilla/5.0 (compatible; MJ12bot/v1.4.8; http://mj12bot.com/)"
162.253.224.18 - - [27/Feb/2026:13:38:35 -0500] "POST /wp-cron.php?doing_wp_cron=1772217515.5538849830627441406250 HTTP/1.1" 200 - "-" "WordPress/6.9.1; https://clavo.space"
54.37.252.46 - - [27/Feb/2026:13:38:34 -0500] "GET /shop/?add-to-cart=1969&product_order=asc&product_count=36 HTTP/1.1" 404 13522 "-" "Mozilla/5.0 (compatible; MJ12bot/v1.4.8; http://mj12bot.com/)"
185.191.171.4 - - [27/Feb/2026:13:38:37 -0500] "GET /robots.txt HTTP/1.1" 304 - "-" "Mozilla/5.0 (compatible; SemrushBot/7~bl; +http://www.semrush.com/bot.html)"
85.208.96.199 - - [27/Feb/2026:13:38:36 -0500] "GET /events/tag/opening/list/?tribe-bar-date=2027-06-10 HTTP/1.1" 200 19709 "-" "Mozilla/5.0 (compatible; SemrushBot/7~bl; +http://www.semrush.com/bot.html)"
114.119.143.174 - - [27/Feb/2026:13:38:37 -0500] "GET /wp/las-celebridades-no-lo-deslumbran HTTP/1.1" 301 - "https://212productions.net/wp/las-celebridades-no-lo-deslumbran" "Mozilla/5.0 (Linux; Android 7.0;) AppleWebKit/537.36 (KHTML, like Gecko) Mobile Safari/537.36 (compatible; PetalBot;+https://webmaster.petalsearch.com/site/petalbot)"
54.37.252.46 - - [27/Feb/2026:13:38:38 -0500] "GET /shop/?add-to-cart=1969&product_orderby=name&product_count=36&product_view=grid HTTP/1.1" 404 13529 "-" "Mozilla/5.0 (compatible; MJ12bot/v1.4.8; http://mj12bot.com/)"
114.119.143.174 - - [27/Feb/2026:13:38:39 -0500] "GET /wp/las-celebridades-no-lo-deslumbran/ HTTP/1.1" 200 19814 "https://212productions.net/wp/las-celebridades-no-lo-deslumbran" "Mozilla/5.0 (Linux; Android 7.0;) AppleWebKit/537.36 (KHTML, like Gecko) Mobile Safari/537.36 (compatible; PetalBot;+https://webmaster.petalsearch.com/site/petalbot)"
185.191.171.13 - - [27/Feb/2026:13:38:41 -0500] "GET /events/tag/opening/list/?eventDisplay=past&tribe-bar-date=2021-06-26 HTTP/1.1" 200 20683 "-" "Mozilla/5.0 (compatible; SemrushBot/7~bl; +http://www.semrush.com/bot.html)"
54.37.252.46 - - [27/Feb/2026:13:38:44 -0500] "GET /shop/?add-to-cart=1969&product_orderby=name&product_count=36&product_view=list HTTP/1.1" 404 13531 "-" "Mozilla/5.0 (compatible; MJ12bot/v1.4.8; http://mj12bot.com/)"
54.37.252.46 - - [27/Feb/2026:13:38:48 -0500] "GET /shop/?add-to-cart=1969&product_view=grid&product_count=12 HTTP/1.1" 404 13530 "-" "Mozilla/5.0 (compatible; MJ12bot/v1.4.8; http://mj12bot.com/)"
162.253.224.18 - - [27/Feb/2026:13:38:54 -0500] "POST /wp-cron.php?doing_wp_cron=1772217534.7686109542846679687500 HTTP/1.1" 200 - "-" "WordPress/6.9.1; https://clavo.space"
54.37.252.46 - - [27/Feb/2026:13:38:53 -0500] "GET /shop/?add-to-cart=1969&product_view=grid&product_count=24 HTTP/1.1" 404 13526 "-" "Mozilla/5.0 (compatible; MJ12bot/v1.4.8; http://mj12bot.com/)"
216.244.66.226 - - [27/Feb/2026:13:38:57 -0500] "GET /robots.txt HTTP/1.1" 301 299 "-" "Mozilla/5.0 (compatible; DotBot/1.2; +https://opensiteexplorer.org/dotbot; help@moz.com)"
216.244.66.226 - - [27/Feb/2026:13:38:57 -0500] "GET /robots.txt HTTP/1.1" 200 111 "-" "Mozilla/5.0 (compatible; DotBot/1.2; +https://opensiteexplorer.org/dotbot; help@moz.com)"
54.37.252.46 - - [27/Feb/2026:13:38:58 -0500] "GET /shop/?add-to-cart=1970&product_count=12 HTTP/1.1" 404 13508 "-" "Mozilla/5.0 (compatible; MJ12bot/v1.4.8; http://mj12bot.com/)"
54.37.252.46 - - [27/Feb/2026:13:39:02 -0500] "GET /shop/?add-to-cart=1970&product_count=24 HTTP/1.1" 404 13522 "-" "Mozilla/5.0 (compatible; MJ12bot/v1.4.8; http://mj12bot.com/)"
54.37.252.46 - - [27/Feb/2026:13:39:07 -0500] "GET /shop/?add-to-cart=1970&product_count=36 HTTP/1.1" 404 13530 "-" "Mozilla/5.0 (compatible; MJ12bot/v1.4.8; http://mj12bot.com/)"
85.208.96.202 - - [27/Feb/2026:13:39:11 -0500] "GET /events/category/exhibition/day/2026-07-04/ HTTP/1.1" 200 14467 "-" "Mozilla/5.0 (compatible; SemrushBot/7~bl; +http://www.semrush.com/bot.html)"
54.37.252.46 - - [27/Feb/2026:13:39:12 -0500] "GET /shop/?add-to-cart=1970&product_orderby=name&product_order=desc&product_count=12 HTTP/1.1" 404 13522 "-" "Mozilla/5.0 (compatible; MJ12bot/v1.4.8; http://mj12bot.com/)"
54.37.252.46 - - [27/Feb/2026:13:39:17 -0500] "GET /shop/?add-to-cart=1970&product_orderby=name&product_order=desc&product_count=24 HTTP/1.1" 404 13523 "-" "Mozilla/5.0 (compatible; MJ12bot/v1.4.8; http://mj12bot.com/)"
54.37.252.46 - - [27/Feb/2026:13:39:21 -0500] "GET /shop/?add-to-cart=1970&product_orderby=name&product_order=desc&product_count=36 HTTP/1.1" 404 13529 "-" "Mozilla/5.0 (compatible; MJ12bot/v1.4.8; http://mj12bot.com/)"
54.37.252.46 - - [27/Feb/2026:13:39:26 -0500] "GET /shop/?add-to-cart=1970&product_orderby=name&product_view=grid&product_count=24 HTTP/1.1" 404 13530 "-" "Mozilla/5.0 (compatible; MJ12bot/v1.4.8; http://mj12bot.com/)"
54.37.252.46 - - [27/Feb/2026:13:39:31 -0500] "GET /shop/?add-to-cart=1970&product_orderby=name&product_view=grid&product_count=36 HTTP/1.1" 404 13524 "-" "Mozilla/5.0 (compatible; MJ12bot/v1.4.8; http://mj12bot.com/)"
162.253.224.18 - - [27/Feb/2026:13:39:33 -0500] "POST /wp-cron.php?doing_wp_cron=1772217573.6031019687652587890625 HTTP/1.1" 200 - "-" "WordPress/6.9.1; https://clavo.space"
185.191.171.9 - - [27/Feb/2026:13:39:32 -0500] "GET /events/tag/clavo-space/day/2028-06-22/ HTTP/1.1" 200 14446 "-" "Mozilla/5.0 (compatible; SemrushBot/7~bl; +http://www.semrush.com/bot.html)"
54.37.252.46 - - [27/Feb/2026:13:39:36 -0500] "GET /shop/?add-to-cart=1970&product_orderby=popularity&product_count=36&product_order=asc HTTP/1.1" 404 13532 "-" "Mozilla/5.0 (compatible; MJ12bot/v1.4.8; http://mj12bot.com/)"
54.37.252.46 - - [27/Feb/2026:13:39:40 -0500] "GET /shop/?add-to-cart=1970&product_orderby=popularity&product_view=list&product_count=12 HTTP/1.1" 404 13525 "-" "Mozilla/5.0 (compatible; MJ12bot/v1.4.8; http://mj12bot.com/)"
185.191.171.6 - - [27/Feb/2026:13:39:43 -0500] "GET /events/tag/clavo-space/list/?tribe-bar-date=2027-09-28 HTTP/1.1" 200 19721 "-" "Mozilla/5.0 (compatible; SemrushBot/7~bl; +http://www.semrush.com/bot.html)"
114.119.153.245 - - [27/Feb/2026:13:39:44 -0500] "GET /product-tag/nature?product_order=desc&product_view=list&product_orderby=price&product_count=36 HTTP/1.1" 404 13539 "https://clavo.space/product-tag/nature/?product_order=desc&product_view=list&product_orderby=price&product_count=36" "Mozilla/5.0 (Linux; Android 7.0;) AppleWebKit/537.36 (KHTML, like Gecko) Mobile Safari/537.36 (compatible; PetalBot;+https://webmaster.petalsearch.com/site/petalbot)"
54.37.252.46 - - [27/Feb/2026:13:39:45 -0500] "GET /shop/?add-to-cart=1970&product_orderby=price&product_count=24&product_order=desc HTTP/1.1" 404 13530 "-" "Mozilla/5.0 (compatible; MJ12bot/v1.4.8; http://mj12bot.com/)"
54.37.252.46 - - [27/Feb/2026:13:39:50 -0500] "GET /shop/?add-to-cart=1970&product_orderby=price&product_count=36&product_order=desc HTTP/1.1" 404 13525 "-" "Mozilla/5.0 (compatible; MJ12bot/v1.4.8; http://mj12bot.com/)"
54.37.252.46 - - [27/Feb/2026:13:39:54 -0500] "GET /shop/?add-to-cart=1970&product_orderby=price&product_view=grid&product_count=36 HTTP/1.1" 404 13526 "-" "Mozilla/5.0 (compatible; MJ12bot/v1.4.8; http://mj12bot.com/)"
54.37.252.46 - - [27/Feb/2026:13:39:59 -0500] "GET /shop/?add-to-cart=1970&product_orderby=rating&product_view=grid&product_count=12 HTTP/1.1" 404 13525 "-" "Mozilla/5.0 (compatible; MJ12bot/v1.4.8; http://mj12bot.com/)"
54.37.252.46 - - [27/Feb/2026:13:40:04 -0500] "GET /shop/?add-to-cart=1970&product_orderby=rating&product_view=grid&product_count=24 HTTP/1.1" 404 13523 "-" "Mozilla/5.0 (compatible; MJ12bot/v1.4.8; http://mj12bot.com/)"
54.37.252.46 - - [27/Feb/2026:13:40:08 -0500] "GET /shop/?add-to-cart=1970&product_orderby=rating&product_view=grid&product_count=36 HTTP/1.1" 404 13531 "-" "Mozilla/5.0 (compatible; MJ12bot/v1.4.8; http://mj12bot.com/)"
54.37.252.46 - - [27/Feb/2026:13:40:13 -0500] "GET /shop/?add-to-cart=1970&product_orderby=rating&product_view=list&product_count=12 HTTP/1.1" 404 13528 "-" "Mozilla/5.0 (compatible; MJ12bot/v1.4.8; http://mj12bot.com/)"
54.37.252.46 - - [27/Feb/2026:13:40:17 -0500] "GET /shop/?add-to-cart=1970&product_orderby=rating&product_view=list&product_count=36 HTTP/1.1" 404 13528 "-" "Mozilla/5.0 (compatible; MJ12bot/v1.4.8; http://mj12bot.com/)"
54.37.252.46 - - [27/Feb/2026:13:40:22 -0500] "GET /shop/?add-to-cart=1970&product_view=grid&product_orderby=default&product_count=12 HTTP/1.1" 404 13527 "-" "Mozilla/5.0 (compatible; MJ12bot/v1.4.8; http://mj12bot.com/)"
54.37.252.46 - - [27/Feb/2026:13:40:27 -0500] "GET /shop/?add-to-cart=1970&product_view=grid&product_orderby=default&product_count=24 HTTP/1.1" 404 13527 "-" "Mozilla/5.0 (compatible; MJ12bot/v1.4.8; http://mj12bot.com/)"
216.73.216.223 - - [27/Feb/2026:13:40:30 -0500] "GET /robots.txt HTTP/1.1" 200 111 "-" "Mozilla/5.0 AppleWebKit/537.36 (KHTML, like Gecko; compatible; ClaudeBot/1.0; +claudebot@anthropic.com)"
209.141.32.218 - - [27/Feb/2026:13:40:30 -0500] "GET /wp-login.php HTTP/1.1" 200 6864 "-" "Mozilla/5.0 (Macintosh; Intel Mac OS X 10_6_8) AppleWebKit/537.36 (KHTML, like Gecko) Chrome/36.0.1985.125 Safari/537.36"
162.253.224.18 - - [27/Feb/2026:13:40:33 -0500] "POST /wp-cron.php?doing_wp_cron=1772217633.0688490867614746093750 HTTP/1.1" 200 - "-" "WordPress/6.9.1; https://clavo.space"
216.73.216.223 - - [27/Feb/2026:13:40:30 -0500] "GET /index.php/sitemap.xml HTTP/1.1" 200 269 "-" "Mozilla/5.0 AppleWebKit/537.36 (KHTML, like Gecko; compatible; ClaudeBot/1.0; +claudebot@anthropic.com)"
54.37.252.46 - - [27/Feb/2026:13:40:31 -0500] "GET /shop/?add-to-cart=1970&product_view=grid&product_orderby=default&product_count=36 HTTP/1.1" 404 13526 "-" "Mozilla/5.0 (compatible; MJ12bot/v1.4.8; http://mj12bot.com/)"
54.37.252.46 - - [27/Feb/2026:13:40:37 -0500] "GET /shop/?add-to-cart=1971&product_count=12 HTTP/1.1" 404 13526 "-" "Mozilla/5.0 (compatible; MJ12bot/v1.4.8; http://mj12bot.com/)"
85.208.96.194 - - [27/Feb/2026:13:40:40 -0500] "GET /events/tag/art/list/?eventDisplay=past&tribe-bar-date=2022-04-19 HTTP/1.1" 200 20698 "-" "Mozilla/5.0 (compatible; SemrushBot/7~bl; +http://www.semrush.com/bot.html)"
54.37.252.46 - - [27/Feb/2026:13:40:42 -0500] "GET /shop/?add-to-cart=1971&product_count=12&product_orderby=popularity HTTP/1.1" 404 13528 "-" "Mozilla/5.0 (compatible; MJ12bot/v1.4.8; http://mj12bot.com/)"
54.37.252.46 - - [27/Feb/2026:13:40:46 -0500] "GET /shop/?add-to-cart=1971&product_count=24 HTTP/1.1" 404 13523 "-" "Mozilla/5.0 (compatible; MJ12bot/v1.4.8; http://mj12bot.com/)"
54.37.252.46 - - [27/Feb/2026:13:40:51 -0500] "GET /shop/?add-to-cart=1971&product_count=36 HTTP/1.1" 404 13523 "-" "Mozilla/5.0 (compatible; MJ12bot/v1.4.8; http://mj12bot.com/)"
54.37.252.46 - - [27/Feb/2026:13:40:56 -0500] "GET /shop/?add-to-cart=1971&product_order=asc&product_count=12 HTTP/1.1" 404 13526 "-" "Mozilla/5.0 (compatible; MJ12bot/v1.4.8; http://mj12bot.com/)"
209.141.32.218 - - [27/Feb/2026:13:40:58 -0500] "POST /wp-login.php HTTP/1.1" 200 7343 "-" "Mozilla/5.0 (Macintosh; Intel Mac OS X 10_6_8) AppleWebKit/537.36 (KHTML, like Gecko) Chrome/36.0.1985.125 Safari/537.36"
148.113.130.25 - - [27/Feb/2026:13:41:00 -0500] "GET /product-category/paintings/oil-painting/?product_count=36&product_orderby=price&product_order=desc&product_view=grid HTTP/1.1" 404 13548 "-" "Mozilla/5.0 (compatible; AhrefsBot/7.0; +http://ahrefs.com/robot/)"
54.37.252.46 - - [27/Feb/2026:13:41:00 -0500] "GET /shop/?add-to-cart=1971&product_order=asc&product_count=24 HTTP/1.1" 404 13524 "-" "Mozilla/5.0 (compatible; MJ12bot/v1.4.8; http://mj12bot.com/)"
54.37.252.46 - - [27/Feb/2026:13:41:06 -0500] "GET /shop/?add-to-cart=1971&product_order=asc&product_count=36 HTTP/1.1" 404 13531 "-" "Mozilla/5.0 (compatible; MJ12bot/v1.4.8; http://mj12bot.com/)"
114.119.132.131 - - [27/Feb/2026:13:41:08 -0500] "GET /product-tag/iron/?product_orderby=default&product_order=desc&product_count=12 HTTP/1.1" 404 13538 "https://clavo.space/product-tag/iron/?product_orderby=default&product_order=desc" "Mozilla/5.0 (Linux; Android 7.0;) AppleWebKit/537.36 (KHTML, like Gecko) Mobile Safari/537.36 (compatible; PetalBot;+https://webmaster.petalsearch.com/site/petalbot)"
54.37.252.46 - - [27/Feb/2026:13:41:10 -0500] "GET /shop/?add-to-cart=1971&product_order=desc&product_orderby=name&product_count=36 HTTP/1.1" 404 13536 "-" "Mozilla/5.0 (compatible; MJ12bot/v1.4.8; http://mj12bot.com/)"
54.37.252.46 - - [27/Feb/2026:13:41:15 -0500] "GET /shop/?add-to-cart=1971&product_order=desc&product_orderby=popularity&product_count=12 HTTP/1.1" 404 13527 "-" "Mozilla/5.0 (compatible; MJ12bot/v1.4.8; http://mj12bot.com/)"
54.37.252.46 - - [27/Feb/2026:13:41:20 -0500] "GET /shop/?add-to-cart=1971&product_order=desc&product_orderby=popularity&product_count=24 HTTP/1.1" 404 13526 "-" "Mozilla/5.0 (compatible; MJ12bot/v1.4.8; http://mj12bot.com/)"
54.37.252.46 - - [27/Feb/2026:13:41:24 -0500] "GET /shop/?add-to-cart=1971&product_order=desc&product_orderby=popularity&product_count=36 HTTP/1.1" 404 13523 "-" "Mozilla/5.0 (compatible; MJ12bot/v1.4.8; http://mj12bot.com/)"
54.37.252.46 - - [27/Feb/2026:13:41:29 -0500] "GET /shop/?add-to-cart=1971&product_order=desc&product_orderby=price&product_count=24 HTTP/1.1" 404 13519 "-" "Mozilla/5.0 (compatible; MJ12bot/v1.4.8; http://mj12bot.com/)"
162.253.224.18 - - [27/Feb/2026:13:41:35 -0500] "POST /wp-cron.php?doing_wp_cron=1772217695.7837369441986083984375 HTTP/1.1" 200 - "-" "WordPress/6.9.1; https://clavo.space"
54.37.252.46 - - [27/Feb/2026:13:41:34 -0500] "GET /shop/?add-to-cart=1971&product_order=desc&product_view=grid&product_count=36 HTTP/1.1" 404 13517 "-" "Mozilla/5.0 (compatible; MJ12bot/v1.4.8; http://mj12bot.com/)"
54.37.252.46 - - [27/Feb/2026:13:41:39 -0500] "GET /shop/?add-to-cart=1971&product_order=desc&product_view=list&product_count=36 HTTP/1.1" 404 13528 "-" "Mozilla/5.0 (compatible; MJ12bot/v1.4.8; http://mj12bot.com/)"
54.37.252.46 - - [27/Feb/2026:13:41:44 -0500] "GET /shop/?add-to-cart=1971&product_orderby=date&product_order=asc&product_count=24 HTTP/1.1" 404 13527 "-" "Mozilla/5.0 (compatible; MJ12bot/v1.4.8; http://mj12bot.com/)"
54.37.252.46 - - [27/Feb/2026:13:41:48 -0500] "GET /shop/?add-to-cart=1971&product_orderby=date&product_view=grid&product_count=36 HTTP/1.1" 404 13514 "-" "Mozilla/5.0 (compatible; MJ12bot/v1.4.8; http://mj12bot.com/)"
85.208.96.209 - - [27/Feb/2026:13:41:49 -0500] "GET /events/tag/exhibition/list/?tribe-bar-date=2021-04-29 HTTP/1.1" 200 19703 "-" "Mozilla/5.0 (compatible; SemrushBot/7~bl; +http://www.semrush.com/bot.html)"
54.37.252.46 - - [27/Feb/2026:13:41:53 -0500] "GET /shop/?add-to-cart=1971&product_orderby=date&product_view=list&product_count=36 HTTP/1.1" 404 13523 "-" "Mozilla/5.0 (compatible; MJ12bot/v1.4.8; http://mj12bot.com/)"
198.71.60.118 - - [27/Feb/2026:13:41:57 -0500] "POST /xmlrpc.php HTTP/1.1" 200 225 "-" "Mozilla/4.0 (compatible; MSIE 7.0; Windows NT 6.1; WOW64; Trident/7.0; SLCC2; .NET CLR 2.0.50727; .NET CLR 3.5.30729; .NET CLR 3.0.30729; Media Center PC 6.0; .NET4.0C; .NET4.0E; .NET CLR 1.1.4322)"
54.37.252.46 - - [27/Feb/2026:13:41:58 -0500] "GET /shop/?add-to-cart=1971&product_orderby=default&product_order=desc&product_count=12 HTTP/1.1" 404 13525 "-" "Mozilla/5.0 (compatible; MJ12bot/v1.4.8; http://mj12bot.com/)"
54.37.252.46 - - [27/Feb/2026:13:42:03 -0500] "GET /shop/?add-to-cart=1971&product_orderby=default&product_view=list&product_count=24 HTTP/1.1" 404 13523 "-" "Mozilla/5.0 (compatible; MJ12bot/v1.4.8; http://mj12bot.com/)"
216.244.66.226 - - [27/Feb/2026:13:42:04 -0500] "GET /cgi-sys/suspendedpage.cgi?add-to-cart=1917&product_orderby=popularity&product_view=grid HTTP/1.1" 200 7616 "-" "Mozilla/5.0 (compatible; DotBot/1.2; +https://opensiteexplorer.org/dotbot; help@moz.com)"
54.37.252.46 - - [27/Feb/2026:13:42:08 -0500] "GET /shop/?add-to-cart=1971&product_orderby=name&product_view=grid&product_count=24&product_order=desc HTTP/1.1" 404 13530 "-" "Mozilla/5.0 (compatible; MJ12bot/v1.4.8; http://mj12bot.com/)"
216.244.66.226 - - [27/Feb/2026:13:42:10 -0500] "GET /product-tag/abel-adrian/?add-to-cart=1952&product_orderby=popularity HTTP/1.1" 301 - "-" "Mozilla/5.0 (compatible; DotBot/1.2; +https://opensiteexplorer.org/dotbot; help@moz.com)"
54.37.252.46 - - [27/Feb/2026:13:42:12 -0500] "GET /shop/?add-to-cart=1971&product_orderby=name&product_view=list&product_count=12 HTTP/1.1" 404 13530 "-" "Mozilla/5.0 (compatible; MJ12bot/v1.4.8; http://mj12bot.com/)"
54.37.252.46 - - [27/Feb/2026:13:42:17 -0500] "GET /shop/?add-to-cart=1971&product_orderby=popularity&product_view=list&product_count=24 HTTP/1.1" 404 13531 "-" "Mozilla/5.0 (compatible; MJ12bot/v1.4.8; http://mj12bot.com/)"
54.37.252.46 - - [27/Feb/2026:13:42:22 -0500] "GET /shop/?add-to-cart=1971&product_orderby=price&product_order=desc&product_count=12 HTTP/1.1" 404 13523 "-" "Mozilla/5.0 (compatible; MJ12bot/v1.4.8; http://mj12bot.com/)"
54.37.252.46 - - [27/Feb/2026:13:42:26 -0500] "GET /shop/?add-to-cart=1971&product_orderby=price&product_order=desc&product_count=24 HTTP/1.1" 404 13526 "-" "Mozilla/5.0 (compatible; MJ12bot/v1.4.8; http://mj12bot.com/)"
162.253.224.18 - - [27/Feb/2026:13:42:33 -0500] "POST /wp-cron.php?doing_wp_cron=1772217753.4582269191741943359375 HTTP/1.1" 200 - "-" "WordPress/6.9.1; https://clavo.space"
54.37.252.46 - - [27/Feb/2026:13:42:31 -0500] "GET /shop/?add-to-cart=1971&product_orderby=price&product_order=desc&product_count=36 HTTP/1.1" 404 13531 "-" "Mozilla/5.0 (compatible; MJ12bot/v1.4.8; http://mj12bot.com/)"
114.119.148.154 - - [27/Feb/2026:13:42:31 -0500] "GET /product-tag/garret-suhrie/?product_view=grid&product_orderby=price&product_count=24&product_order=desc HTTP/1.1" 301 - "https://clavo.space/product-tag/garret-suhrie/?product_view=grid&product_orderby=price&product_count=12&product_order=desc" "Mozilla/5.0 (Linux; Android 7.0;) AppleWebKit/537.36 (KHTML, like Gecko) Mobile Safari/537.36 (compatible; PetalBot;+https://webmaster.petalsearch.com/site/petalbot)"
