45.141.233.210 - - [27/Feb/2026:14:20:43 -0500] "POST /wp-login.php HTTP/1.1" 200 2252 "https://CLAVO.SPACE/wp-login.php" "Mozilla/5.0 (X11; Ubuntu; Linux x86_64) AppleWebKit/537.36 (KHTML, like Gecko) Chrome/120.0.0.0 Safari/537.36"
45.141.233.210 - - [27/Feb/2026:14:20:45 -0500] "GET /wp-admin/index.php HTTP/1.1" 302 - "https://CLAVO.SPACE/wp-login.php" "Mozilla/5.0 (Macintosh; Intel Mac OS X 13_6_1) AppleWebKit/537.36 (KHTML, like Gecko) Chrome/120.0.0.0 Safari/537.36"
45.141.233.210 - - [27/Feb/2026:14:20:47 -0500] "GET /wp-login.php?redirect_to=https%3A%2F%2Fclavo.space%2Fwp-admin%2Findex.php&reauth=1 HTTP/1.1" 200 2098 "https://CLAVO.SPACE/wp-login.php" "Mozilla/5.0 (Macintosh; Intel Mac OS X 13_6_1) AppleWebKit/537.36 (KHTML, like Gecko) Chrome/120.0.0.0 Safari/537.36"
45.141.233.210 - - [27/Feb/2026:14:20:48 -0500] "POST /wp-login.php HTTP/1.1" 200 2252 "https://CLAVO.SPACE/wp-login.php" "Mozilla/5.0 (Macintosh; Intel Mac OS X 10_15_7) AppleWebKit/537.36 (KHTML, like Gecko) Chrome/118.0.0.0 Safari/537.36"
66.249.79.69 - - [27/Feb/2026:14:20:48 -0500] "GET /page/2/?h=e62tbrqirbqcro7 HTTP/1.1" 200 30432 "-" "Mozilla/5.0 (Linux; Android 6.0.1; Nexus 5X Build/MMB29P) AppleWebKit/537.36 (KHTML, like Gecko) Chrome/144.0.7559.132 Mobile Safari/537.36 (compatible; GoogleOther)"
45.141.233.210 - - [27/Feb/2026:14:20:50 -0500] "GET /wp-admin/index.php HTTP/1.1" 302 - "https://CLAVO.SPACE/wp-login.php" "Mozilla/5.0 (Macintosh; Intel Mac OS X 13_6_1) AppleWebKit/537.36 (KHTML, like Gecko) Chrome/118.0.0.0 Safari/537.36"
185.191.171.2 - - [27/Feb/2026:14:20:50 -0500] "GET /events/2020-01-18/ HTTP/1.1" 200 14433 "-" "Mozilla/5.0 (compatible; SemrushBot/7~bl; +http://www.semrush.com/bot.html)"
213.163.198.92 - - [27/Feb/2026:14:20:53 -0500] "GET /wp-login.php HTTP/1.1" 200 2093 "-" "Mozilla/5.0 (Windows NT 6.1; Win64; x64) AppleWebKit/537.36 (KHTML, like Gecko) Chrome/66.0.3359.170 Safari/537.36 OPR/53.0.2907.99"
45.141.233.210 - - [27/Feb/2026:14:20:53 -0500] "GET /wp-login.php?redirect_to=https%3A%2F%2Fclavo.space%2Fwp-admin%2Findex.php&reauth=1 HTTP/1.1" 200 2098 "https://CLAVO.SPACE/wp-login.php" "Mozilla/5.0 (Macintosh; Intel Mac OS X 13_6_1) AppleWebKit/537.36 (KHTML, like Gecko) Chrome/118.0.0.0 Safari/537.36"
213.163.198.92 - - [27/Feb/2026:14:20:56 -0500] "POST /wp-login.php HTTP/1.1" 200 2224 "https://212productions.net/wp-login.php" "Mozilla/5.0 (Windows NT 6.1; Win64; x64) AppleWebKit/537.36 (KHTML, like Gecko) Chrome/66.0.3359.170 Safari/537.36 OPR/53.0.2907.99"
45.61.184.67 - - [27/Feb/2026:14:21:03 -0500] "GET /wp-login.php HTTP/1.1" 200 6864 "-" "Mozilla/5.0 (Windows NT 6.3; WOW64) AppleWebKit/537.36 (KHTML, like Gecko) Chrome/36.0.1985.125 Safari/537.36"
45.61.184.67 - - [27/Feb/2026:14:21:04 -0500] "POST /wp-login.php HTTP/1.1" 200 7343 "-" "Mozilla/5.0 (Windows NT 6.3; WOW64) AppleWebKit/537.36 (KHTML, like Gecko) Chrome/36.0.1985.125 Safari/537.36"
185.191.171.12 - - [27/Feb/2026:14:21:24 -0500] "GET /events/tag/opening/list/?eventDisplay=past&tribe-bar-date=2024-08-29 HTTP/1.1" 200 20695 "-" "Mozilla/5.0 (compatible; SemrushBot/7~bl; +http://www.semrush.com/bot.html)"
162.253.224.18 - - [27/Feb/2026:14:21:33 -0500] "POST /wp-cron.php?doing_wp_cron=1772220093.2507750988006591796875 HTTP/1.1" 200 - "-" "WordPress/6.9.1; https://clavo.space"
114.119.149.252 - - [27/Feb/2026:14:21:29 -0500] "GET /shop/page/2/?product_orderby=date&product_order=desc&product_count=24&product_view=list HTTP/1.1" 404 13543 "https://clavo.space/shop/page/2/?product_orderby=date&product_order=desc&product_count=24&product_view=list" "Mozilla/5.0 (Linux; Android 7.0;) AppleWebKit/537.36 (KHTML, like Gecko) Mobile Safari/537.36 (compatible; PetalBot;+https://webmaster.petalsearch.com/site/petalbot)"
57.130.20.252 - - [27/Feb/2026:14:21:31 -0500] "POST /xmlrpc.php HTTP/1.1" 200 206 "-" "Mozilla/4.0 (compatible; MSIE 7.0; Windows NT 6.1; Win64; x64; Trident/7.0; .NET CLR 2.0.50727; SLCC2; .NET CLR 3.5.30729; .NET CLR 3.0.30729; Media Center PC 6.0; .NET4.0C; .NET4.0E; InfoPath.3; Tablet PC 2.0)"
85.208.96.198 - - [27/Feb/2026:14:21:40 -0500] "GET /events/tag/opening/list/?eventDisplay=past&tribe-bar-date=2028-07-14 HTTP/1.1" 200 20697 "-" "Mozilla/5.0 (compatible; SemrushBot/7~bl; +http://www.semrush.com/bot.html)"
142.44.220.141 - - [27/Feb/2026:14:21:42 -0500] "GET /product-category/paintings/oil-painting/page/3/?product_view=list&product_order=desc&product_orderby=price&product_count=12 HTTP/1.1" 404 13558 "-" "Mozilla/5.0 (compatible; AhrefsBot/7.0; +http://ahrefs.com/robot/)"
17.241.227.238 - - [27/Feb/2026:14:21:47 -0500] "GET /wp/wp-content/uploads/2021/08/george-washington-portrait-us-one-dollar-bill-macro-united-states-money-closeup-obverse-63423582.jpg HTTP/1.1" 200 244698 "-" "Mozilla/5.0 (Macintosh; Intel Mac OS X 10_15_7) AppleWebKit/605.1.15 (KHTML, like Gecko) Version/17.4 Safari/605.1.15 (Applebot/0.1; +http://www.apple.com/go/applebot)"
185.191.171.6 - - [27/Feb/2026:14:22:05 -0500] "GET /events/tag/clavo-space/list/?eventDisplay=past&tribe-bar-date=2021-10-04 HTTP/1.1" 200 20695 "-" "Mozilla/5.0 (compatible; SemrushBot/7~bl; +http://www.semrush.com/bot.html)"
162.253.224.18 - - [27/Feb/2026:14:22:12 -0500] "POST /wp-cron.php?doing_wp_cron=1772220132.0410599708557128906250 HTTP/1.1" 200 - "-" "WordPress/6.9.1; https://clavo.space"
66.249.79.68 - - [27/Feb/2026:14:22:09 -0500] "GET /page/2/?h=ersxptgt5dgqmqx HTTP/1.1" 200 30435 "-" "Mozilla/5.0 (Linux; Android 6.0.1; Nexus 5X Build/MMB29P) AppleWebKit/537.36 (KHTML, like Gecko) Chrome/144.0.7559.132 Mobile Safari/537.36 (compatible; GoogleOther)"
216.244.66.226 - - [27/Feb/2026:14:22:24 -0500] "GET /robots.txt HTTP/1.1" 301 299 "-" "Mozilla/5.0 (compatible; DotBot/1.2; +https://opensiteexplorer.org/dotbot; help@moz.com)"
216.244.66.226 - - [27/Feb/2026:14:22:24 -0500] "GET /robots.txt HTTP/1.1" 304 - "-" "Mozilla/5.0 (compatible; DotBot/1.2; +https://opensiteexplorer.org/dotbot; help@moz.com)"
85.208.96.199 - - [27/Feb/2026:14:22:51 -0500] "GET /robots.txt HTTP/1.1" 200 111 "-" "Mozilla/5.0 (compatible; SemrushBot/7~bl; +http://www.semrush.com/bot.html)"
162.253.224.18 - - [27/Feb/2026:14:22:53 -0500] "POST /wp/wp-cron.php?doing_wp_cron=1772220173.8531069755554199218750 HTTP/1.1" 200 - "-" "WordPress/6.9.1; https://212productions.net/wp"
185.191.171.12 - - [27/Feb/2026:14:22:51 -0500] "GET /wp/category/noticia-rankin-indianilla/ HTTP/1.1" 200 13649 "-" "Mozilla/5.0 (compatible; SemrushBot/7~bl; +http://www.semrush.com/bot.html)"
162.253.224.18 - - [27/Feb/2026:14:22:57 -0500] "POST /wp-cron.php?doing_wp_cron=1772220177.5638210773468017578125 HTTP/1.1" 200 - "-" "WordPress/6.9.1; https://clavo.space"
114.119.148.154 - - [27/Feb/2026:14:22:54 -0500] "GET /product-tag/vijat-mohindra/?product_count=36&product_view=grid&product_order=desc&product_orderby=popularity HTTP/1.1" 404 13550 "https://clavo.space/product-tag/vijat-mohindra/?product_count=36&product_view=grid&product_order=desc" "Mozilla/5.0 (Linux; Android 7.0;) AppleWebKit/537.36 (KHTML, like Gecko) Mobile Safari/537.36 (compatible; PetalBot;+https://webmaster.petalsearch.com/site/petalbot)"
85.208.96.196 - - [27/Feb/2026:14:23:05 -0500] "GET /events/tag/exhibition/list/?eventDisplay=past&tribe-bar-date=2021-11-25 HTTP/1.1" 200 20691 "-" "Mozilla/5.0 (compatible; SemrushBot/7~bl; +http://www.semrush.com/bot.html)"
185.191.171.11 - - [27/Feb/2026:14:23:23 -0500] "GET /events/tag/art/list/?tribe-bar-date=2026-08-13 HTTP/1.1" 200 19713 "-" "Mozilla/5.0 (compatible; SemrushBot/7~bl; +http://www.semrush.com/bot.html)"
216.244.66.226 - - [27/Feb/2026:14:23:31 -0500] "GET /cgi-sys/suspendedpage.cgi?add-to-cart=1977 HTTP/1.1" 200 7616 "-" "Mozilla/5.0 (compatible; DotBot/1.2; +https://opensiteexplorer.org/dotbot; help@moz.com)"
43.135.185.59 - - [27/Feb/2026:14:23:41 -0500] "GET /wp/broken-film/ HTTP/1.1" 301 326 "http://m.brokendocumentary.film" "Mozilla/5.0 (iPhone; CPU iPhone OS 13_2_3 like Mac OS X) AppleWebKit/605.1.15 (KHTML, like Gecko) Version/13.0.3 Mobile/15E148 Safari/604.1"
43.135.185.59 - - [27/Feb/2026:14:23:41 -0500] "GET /wp/broken-film/ HTTP/1.1" 301 - "http://www.212productions.net/wp/broken-film/" "Mozilla/5.0 (iPhone; CPU iPhone OS 13_2_3 like Mac OS X) AppleWebKit/605.1.15 (KHTML, like Gecko) Version/13.0.3 Mobile/15E148 Safari/604.1"
162.253.224.18 - - [27/Feb/2026:14:23:46 -0500] "POST /wp-cron.php?doing_wp_cron=1772220226.0610520839691162109375 HTTP/1.1" 200 - "-" "WordPress/6.9.1; https://clavo.space"
209.141.55.158 - - [27/Feb/2026:14:23:44 -0500] "GET /wp-login.php HTTP/1.1" 200 6864 "-" "Mozilla/5.0 (iPad; CPU OS 7_1_2 like Mac OS X) AppleWebKit/537.51.2 (KHTML, like Gecko) Version/7.0 Mobile/11D257 Safari/9537.53"
185.191.171.10 - - [27/Feb/2026:14:23:47 -0500] "GET /robots.txt HTTP/1.1" 200 111 "-" "Mozilla/5.0 (compatible; SemrushBot/7~bl; +http://www.semrush.com/bot.html)"
209.141.55.158 - - [27/Feb/2026:14:23:46 -0500] "POST /wp-login.php HTTP/1.1" 200 7348 "-" "Mozilla/5.0 (iPad; CPU OS 7_1_2 like Mac OS X) AppleWebKit/537.51.2 (KHTML, like Gecko) Version/7.0 Mobile/11D257 Safari/9537.53"
43.135.185.59 - - [27/Feb/2026:14:23:49 -0500] "GET /wp/broken-film/ HTTP/1.1" 200 17252 "https://www.212productions.net/wp/broken-film/" "Mozilla/5.0 (iPhone; CPU iPhone OS 13_2_3 like Mac OS X) AppleWebKit/605.1.15 (KHTML, like Gecko) Version/13.0.3 Mobile/15E148 Safari/604.1"
185.191.171.9 - - [27/Feb/2026:14:23:47 -0500] "GET /events/list/?eventDisplay=past&tribe-bar-date=2027-05-01 HTTP/1.1" 200 20440 "-" "Mozilla/5.0 (compatible; SemrushBot/7~bl; +http://www.semrush.com/bot.html)"
14.230.110.175 - - [27/Feb/2026:14:24:11 -0500] "GET /wp/el-rostro-escondido-del-genio-leonardo/ HTTP/1.1" 200 20433 "-" "Mozilla/5.0 (Windows NT 5.1) AppleWebKit/537.36 (KHTML, like Gecko) Chrome/36.0.1985.67 Safari/537.36"
114.119.163.186 - - [27/Feb/2026:14:24:16 -0500] "GET /product-tag/tania-riera?product_orderby=default&product_count=12&product_order=asc&product_view=list HTTP/1.1" 301 - "https://clavo.space/product-tag/tania-riera/?product_orderby=date&product_count=12&product_order=asc&product_view=list" "Mozilla/5.0 (Linux; Android 7.0;) AppleWebKit/537.36 (KHTML, like Gecko) Mobile Safari/537.36 (compatible; PetalBot;+https://webmaster.petalsearch.com/site/petalbot)"
114.119.163.186 - - [27/Feb/2026:14:24:18 -0500] "GET /portfolio-item/tania-riera/?product_orderby=default&product_count=12&product_order=asc&product_view=list HTTP/1.1" 200 20437 "https://clavo.space/product-tag/tania-riera/?product_orderby=date&product_count=12&product_order=asc&product_view=list" "Mozilla/5.0 (Linux; Android 7.0;) AppleWebKit/537.36 (KHTML, like Gecko) Mobile Safari/537.36 (compatible; PetalBot;+https://webmaster.petalsearch.com/site/petalbot)"
162.253.224.18 - - [27/Feb/2026:14:24:56 -0500] "POST /wp-cron.php?doing_wp_cron=1772220296.1108798980712890625000 HTTP/1.1" 200 - "-" "WordPress/6.9.1; https://clavo.space"
216.244.66.226 - - [27/Feb/2026:14:24:54 -0500] "GET /product-tag/abel-adrian/?add-to-cart=6584&product_order=desc HTTP/1.1" 301 - "-" "Mozilla/5.0 (compatible; DotBot/1.2; +https://opensiteexplorer.org/dotbot; help@moz.com)"
85.208.96.204 - - [27/Feb/2026:14:24:57 -0500] "GET /events/tag/clavo-space/list/?eventDisplay=past&tribe-bar-date=2021-08-15 HTTP/1.1" 200 20697 "-" "Mozilla/5.0 (compatible; SemrushBot/7~bl; +http://www.semrush.com/bot.html)"
185.191.171.2 - - [27/Feb/2026:14:25:01 -0500] "GET /events/list/?tribe-bar-date=2021-10-05 HTTP/1.1" 200 19463 "-" "Mozilla/5.0 (compatible; SemrushBot/7~bl; +http://www.semrush.com/bot.html)"
185.191.171.12 - - [27/Feb/2026:14:25:08 -0500] "GET /events/tag/opening/day/2025-11-28/ HTTP/1.1" 200 14446 "-" "Mozilla/5.0 (compatible; SemrushBot/7~bl; +http://www.semrush.com/bot.html)"
66.116.207.52 - - [27/Feb/2026:14:25:18 -0500] "GET /wp-login.php HTTP/1.1" 200 2093 "-" "Mozilla/5.0 (Windows NT 6.1; WOW64; Trident/7.0; MATM; rv:11.0) like Gecko"
66.116.207.52 - - [27/Feb/2026:14:25:20 -0500] "POST /wp-login.php HTTP/1.1" 200 2224 "https://212productions.net/wp-login.php" "Mozilla/5.0 (Windows NT 6.1; WOW64; Trident/7.0; MATM; rv:11.0) like Gecko"
162.253.224.18 - - [27/Feb/2026:14:25:37 -0500] "POST /wp-cron.php?doing_wp_cron=1772220337.5273149013519287109375 HTTP/1.1" 200 - "-" "WordPress/6.9.1; https://clavo.space"
205.185.122.27 - - [27/Feb/2026:14:25:36 -0500] "GET /wp-login.php HTTP/1.1" 200 6864 "-" "Mozilla/5.0 (Macintosh; Intel Mac OS X 10_8_5) AppleWebKit/537.77.4 (KHTML, like Gecko) Version/6.1.5 Safari/537.77.4"
205.185.122.27 - - [27/Feb/2026:14:25:37 -0500] "POST /wp-login.php HTTP/1.1" 200 7348 "-" "Mozilla/5.0 (Macintosh; Intel Mac OS X 10_8_5) AppleWebKit/537.77.4 (KHTML, like Gecko) Version/6.1.5 Safari/537.77.4"
114.119.149.252 - - [27/Feb/2026:14:25:40 -0500] "GET /product-tag/iron/?product_order=asc&product_view=grid&product_count=24&product_orderby=popularity HTTP/1.1" 404 13543 "https://clavo.space/product-tag/iron/?product_order=asc&product_view=grid&product_count=24" "Mozilla/5.0 (Linux; Android 7.0;) AppleWebKit/537.36 (KHTML, like Gecko) Mobile Safari/537.36 (compatible; PetalBot;+https://webmaster.petalsearch.com/site/petalbot)"
185.191.171.13 - - [27/Feb/2026:14:26:04 -0500] "GET /events/category/exhibition/day/2027-02-25/ HTTP/1.1" 200 14475 "-" "Mozilla/5.0 (compatible; SemrushBot/7~bl; +http://www.semrush.com/bot.html)"
185.191.171.6 - - [27/Feb/2026:14:26:25 -0500] "GET /events/tag/clavo-space/list/?eventDisplay=past&tribe-bar-date=2020-10-19 HTTP/1.1" 200 20688 "-" "Mozilla/5.0 (compatible; SemrushBot/7~bl; +http://www.semrush.com/bot.html)"
162.253.224.18 - - [27/Feb/2026:14:26:36 -0500] "POST /wp-cron.php?doing_wp_cron=1772220396.5067210197448730468750 HTTP/1.1" 200 - "-" "WordPress/6.9.1; https://clavo.space"
148.113.128.156 - - [27/Feb/2026:14:26:35 -0500] "GET /product-category/paintings/oil-painting/page/1/?product_orderby=name&product_view=grid&product_count=24 HTTP/1.1" 404 13558 "-" "Mozilla/5.0 (compatible; AhrefsBot/7.0; +http://ahrefs.com/robot/)"
64.225.25.250 - - [27/Feb/2026:14:26:37 -0500] "POST /xmlrpc.php HTTP/1.1" 200 225 "-" "Mozilla/5.0 (Macintosh; Intel Mac OS X 10_11_6) AppleWebKit/603.2.5 (KHTML, like Gecko) Version/10.1.1 Safari/603.2.5"
64.225.25.250 - - [27/Feb/2026:14:26:42 -0500] "POST /xmlrpc.php HTTP/1.1" 200 225 "-" "Mozilla/5.0 (Macintosh; Intel Mac OS X 10_11_6) AppleWebKit/603.2.5 (KHTML, like Gecko) Version/10.1.1 Safari/603.2.5"
185.191.171.6 - - [27/Feb/2026:14:26:48 -0500] "GET /events/category/exhibition/list/?eventDisplay=past&tribe-bar-date=2022-01-13 HTTP/1.1" 200 20722 "-" "Mozilla/5.0 (compatible; SemrushBot/7~bl; +http://www.semrush.com/bot.html)"
47.128.39.245 - - [27/Feb/2026:14:27:00 -0500] "GET /cgi-sys/suspendedpage.cgi?eventDisplay=past&ical=1&tribe-bar-date=2024-12-24 HTTP/1.1" 200 7616 "-" "Mozilla/5.0 (Linux; Android 5.0) AppleWebKit/537.36 (KHTML, like Gecko) Mobile Safari/537.36 (compatible; Bytespider; spider-feedback@bytedance.com)"
114.119.132.131 - - [27/Feb/2026:14:27:03 -0500] "GET /product-tag/garret-suhrie/?product_count=24&product_orderby=popularity&product_order=asc HTTP/1.1" 301 - "https://clavo.space/product-tag/garret-suhrie/?product_count=24&product_orderby=popularity" "Mozilla/5.0 (Linux; Android 7.0;) AppleWebKit/537.36 (KHTML, like Gecko) Mobile Safari/537.36 (compatible; PetalBot;+https://webmaster.petalsearch.com/site/petalbot)"
185.191.171.6 - - [27/Feb/2026:14:27:04 -0500] "GET /events/category/exhibition/list/?eventDisplay=past&tribe-bar-date=2025-12-23 HTTP/1.1" 200 20725 "-" "Mozilla/5.0 (compatible; SemrushBot/7~bl; +http://www.semrush.com/bot.html)"
114.119.132.131 - - [27/Feb/2026:14:27:06 -0500] "GET /portfolio-item/garret-suhrie/?product_count=24&product_orderby=popularity&product_order=asc HTTP/1.1" 200 23630 "https://clavo.space/product-tag/garret-suhrie/?product_count=24&product_orderby=popularity" "Mozilla/5.0 (Linux; Android 7.0;) AppleWebKit/537.36 (KHTML, like Gecko) Mobile Safari/537.36 (compatible; PetalBot;+https://webmaster.petalsearch.com/site/petalbot)"
46.202.22.176 - - [27/Feb/2026:14:27:23 -0500] "GET /wp-content/uploads/2019/10/Corazon-en-llamas-1.jpg HTTP/1.1" 404 13548 "-" "Mozilla/5.0 (compatible; crawler)"
162.253.224.18 - - [27/Feb/2026:14:27:34 -0500] "POST /wp-cron.php?doing_wp_cron=1772220454.0735359191894531250000 HTTP/1.1" 200 - "-" "WordPress/6.9.1; https://clavo.space"
85.208.96.206 - - [27/Feb/2026:14:27:32 -0500] "GET /events/tag/opening/list/?tribe-bar-date=2025-03-08 HTTP/1.1" 200 19716 "-" "Mozilla/5.0 (compatible; SemrushBot/7~bl; +http://www.semrush.com/bot.html)"
185.191.171.6 - - [27/Feb/2026:14:28:27 -0500] "GET /events/tag/opening/list/?tribe-bar-date=2023-09-05 HTTP/1.1" 200 19719 "-" "Mozilla/5.0 (compatible; SemrushBot/7~bl; +http://www.semrush.com/bot.html)"
162.253.224.18 - - [27/Feb/2026:14:28:33 -0500] "POST /wp-cron.php?doing_wp_cron=1772220513.3264589309692382812500 HTTP/1.1" 200 - "-" "WordPress/6.9.1; https://clavo.space"
114.119.132.131 - - [27/Feb/2026:14:28:31 -0500] "GET /product-tag/archival-pigment-print/?product_view=grid&product_order=desc&product_count=12&product_orderby=date HTTP/1.1" 404 13542 "https://clavo.space/product-tag/archival-pigment-print/?product_view=grid&product_order=desc&product_count=12&product_orderby=price" "Mozilla/5.0 (Linux; Android 7.0;) AppleWebKit/537.36 (KHTML, like Gecko) Mobile Safari/537.36 (compatible; PetalBot;+https://webmaster.petalsearch.com/site/petalbot)"
45.61.186.19 - - [27/Feb/2026:14:28:52 -0500] "GET /wp-login.php HTTP/1.1" 200 6864 "-" "Mozilla/5.0 (X11; Ubuntu; Linux x86_64; rv:31.0) Gecko/20100101 Firefox/31.0"
45.61.186.19 - - [27/Feb/2026:14:28:54 -0500] "POST /wp-login.php HTTP/1.1" 200 7348 "-" "Mozilla/5.0 (X11; Ubuntu; Linux x86_64; rv:31.0) Gecko/20100101 Firefox/31.0"
66.249.79.72 - - [27/Feb/2026:14:29:03 -0500] "GET /?h=ek8fhxwfxhwieud HTTP/1.1" 301 - "-" "Mozilla/5.0 (compatible; Googlebot/2.1; +http://www.google.com/bot.html)"
66.249.79.69 - - [27/Feb/2026:14:29:05 -0500] "GET /?h=ek8fhxwfxhwieud HTTP/1.1" 200 30757 "-" "Mozilla/5.0 (compatible; Googlebot/2.1; +http://www.google.com/bot.html)"
66.249.79.67 - - [27/Feb/2026:14:29:08 -0500] "GET /page/2/?h=e3l26y9smi97evq HTTP/1.1" 200 30438 "-" "Mozilla/5.0 (Linux; Android 6.0.1; Nexus 5X Build/MMB29P) AppleWebKit/537.36 (KHTML, like Gecko) Chrome/144.0.7559.132 Mobile Safari/537.36 (compatible; GoogleOther)"
85.208.96.200 - - [27/Feb/2026:14:29:10 -0500] "GET /events/category/exhibition/list/?eventDisplay=past&tribe-bar-date=2026-01-25 HTTP/1.1" 200 20710 "-" "Mozilla/5.0 (compatible; SemrushBot/7~bl; +http://www.semrush.com/bot.html)"
162.253.224.18 - - [27/Feb/2026:14:29:33 -0500] "POST /wp-cron.php?doing_wp_cron=1772220573.1551198959350585937500 HTTP/1.1" 200 - "-" "WordPress/6.9.1; https://clavo.space"
121.200.216.13 - - [27/Feb/2026:14:29:31 -0500] "GET /wp-login.php HTTP/1.1" 200 2093 "-" "Mozilla/5.0 (Windows NT 10.0; WOW64; Trident/7.0; MAARJS; rv:11.0) like Gecko"
121.200.216.13 - - [27/Feb/2026:14:29:33 -0500] "POST /wp-login.php HTTP/1.1" 200 2224 "https://212productions.net/wp-login.php" "Mozilla/5.0 (Windows NT 10.0; WOW64; Trident/7.0; MAARJS; rv:11.0) like Gecko"
114.119.163.186 - - [27/Feb/2026:14:29:52 -0500] "GET /product-tag/abel-adrian/page/1/?product_view=list&product_order=desc&product_orderby=rating&product_count=12 HTTP/1.1" 301 - "https://clavo.space/product-tag/abel-adrian/page/3/?product_view=list&product_order=desc&product_orderby=rating&product_count=12" "Mozilla/5.0 (Linux; Android 7.0;) AppleWebKit/537.36 (KHTML, like Gecko) Mobile Safari/537.36 (compatible; PetalBot;+https://webmaster.petalsearch.com/site/petalbot)"
114.119.163.186 - - [27/Feb/2026:14:29:54 -0500] "GET /portfolio-item/abel-adrian/?product_view=list&product_order=desc&product_orderby=rating&product_count=12 HTTP/1.1" 200 21331 "https://clavo.space/product-tag/abel-adrian/page/3/?product_view=list&product_order=desc&product_orderby=rating&product_count=12" "Mozilla/5.0 (Linux; Android 7.0;) AppleWebKit/537.36 (KHTML, like Gecko) Mobile Safari/537.36 (compatible; PetalBot;+https://webmaster.petalsearch.com/site/petalbot)"
185.191.171.9 - - [27/Feb/2026:14:30:04 -0500] "GET /events/tag/art/list/?eventDisplay=past&tribe-bar-date=2026-08-20 HTTP/1.1" 200 20680 "-" "Mozilla/5.0 (compatible; SemrushBot/7~bl; +http://www.semrush.com/bot.html)"
162.253.224.18 - - [27/Feb/2026:14:30:35 -0500] "POST /wp-cron.php?doing_wp_cron=1772220635.5352780818939208984375 HTTP/1.1" 200 - "-" "WordPress/6.9.1; https://clavo.space"
185.191.171.15 - - [27/Feb/2026:14:30:33 -0500] "GET /events/category/exhibition/list/?eventDisplay=past&tribe-bar-date=2022-11-08 HTTP/1.1" 200 20730 "-" "Mozilla/5.0 (compatible; SemrushBot/7~bl; +http://www.semrush.com/bot.html)"
66.249.79.68 - - [27/Feb/2026:14:30:59 -0500] "GET /page/2/?h=er5jeuthuetfnra HTTP/1.1" 200 30436 "-" "Mozilla/5.0 (Linux; Android 6.0.1; Nexus 5X Build/MMB29P) AppleWebKit/537.36 (KHTML, like Gecko) Chrome/144.0.7559.132 Mobile Safari/537.36 (compatible; GoogleOther)"
185.191.171.12 - - [27/Feb/2026:14:31:06 -0500] "GET /events/tag/clavo-space/list/?tribe-bar-date=2027-09-11 HTTP/1.1" 200 19721 "-" "Mozilla/5.0 (compatible; SemrushBot/7~bl; +http://www.semrush.com/bot.html)"
85.208.96.207 - - [27/Feb/2026:14:31:12 -0500] "GET /events/tag/opening/list/?tribe-bar-date=2028-11-20 HTTP/1.1" 200 19724 "-" "Mozilla/5.0 (compatible; SemrushBot/7~bl; +http://www.semrush.com/bot.html)"
185.191.171.8 - - [27/Feb/2026:14:31:16 -0500] "GET /events/tag/clavo-space/list/?eventDisplay=past&tribe-bar-date=2027-12-23 HTTP/1.1" 200 20699 "-" "Mozilla/5.0 (compatible; SemrushBot/7~bl; +http://www.semrush.com/bot.html)"
114.119.148.154 - - [27/Feb/2026:14:31:17 -0500] "GET /product-tag/abel-adrian/page/1/?product_orderby=popularity&product_count=12&product_order=asc&product_view=list HTTP/1.1" 301 - "https://clavo.space/product-tag/abel-adrian/page/2/?product_orderby=popularity&product_count=12&product_order=asc&product_view=list" "Mozilla/5.0 (Linux; Android 7.0;) AppleWebKit/537.36 (KHTML, like Gecko) Mobile Safari/537.36 (compatible; PetalBot;+https://webmaster.petalsearch.com/site/petalbot)"
114.119.148.154 - - [27/Feb/2026:14:31:22 -0500] "GET /portfolio-item/abel-adrian/?product_orderby=popularity&product_count=12&product_order=asc&product_view=list HTTP/1.1" 200 21331 "https://clavo.space/product-tag/abel-adrian/page/2/?product_orderby=popularity&product_count=12&product_order=asc&product_view=list" "Mozilla/5.0 (Linux; Android 7.0;) AppleWebKit/537.36 (KHTML, like Gecko) Mobile Safari/537.36 (compatible; PetalBot;+https://webmaster.petalsearch.com/site/petalbot)"
162.253.224.18 - - [27/Feb/2026:14:31:45 -0500] "POST /wp-cron.php?doing_wp_cron=1772220705.4067709445953369140625 HTTP/1.1" 200 - "-" "WordPress/6.9.1; https://clavo.space"
216.244.66.226 - - [27/Feb/2026:14:31:43 -0500] "GET /shop/?add-to-cart=6605&product_orderby=popularity&product_order=desc&product_count=24 HTTP/1.1" 404 65893 "-" "Mozilla/5.0 (compatible; DotBot/1.2; +https://opensiteexplorer.org/dotbot; help@moz.com)"
85.208.96.204 - - [27/Feb/2026:14:32:13 -0500] "GET /events/tag/art/list/?eventDisplay=past&tribe-bar-date=2024-11-17 HTTP/1.1" 200 20704 "-" "Mozilla/5.0 (compatible; SemrushBot/7~bl; +http://www.semrush.com/bot.html)"
162.253.224.18 - - [27/Feb/2026:14:32:39 -0500] "POST /wp-cron.php?doing_wp_cron=1772220759.7222020626068115234375 HTTP/1.1" 200 - "-" "WordPress/6.9.1; https://clavo.space"
114.119.163.186 - - [27/Feb/2026:14:32:38 -0500] "GET /product-tag/abel-adrian/page/1/?product_order=desc&product_view=grid&product_orderby=name&product_count=12 HTTP/1.1" 301 - "https://clavo.space/product-tag/abel-adrian/page/3/?product_order=desc&product_view=grid&product_orderby=name&product_count=12" "Mozilla/5.0 (Linux; Android 7.0;) AppleWebKit/537.36 (KHTML, like Gecko) Mobile Safari/537.36 (compatible; PetalBot;+https://webmaster.petalsearch.com/site/petalbot)"
114.119.163.186 - - [27/Feb/2026:14:32:41 -0500] "GET /portfolio-item/abel-adrian/?product_order=desc&product_view=grid&product_orderby=name&product_count=12 HTTP/1.1" 200 21327 "https://clavo.space/product-tag/abel-adrian/page/3/?product_order=desc&product_view=grid&product_orderby=name&product_count=12" "Mozilla/5.0 (Linux; Android 7.0;) AppleWebKit/537.36 (KHTML, like Gecko) Mobile Safari/537.36 (compatible; PetalBot;+https://webmaster.petalsearch.com/site/petalbot)"
54.39.203.166 - - [27/Feb/2026:14:33:07 -0500] "GET /product-category/paintings/coffe-and-ashes/?product_orderby=default&product_view=list&product_order=desc&product_count=24 HTTP/1.1" 404 13558 "-" "Mozilla/5.0 (compatible; AhrefsBot/7.0; +http://ahrefs.com/robot/)"
45.61.184.67 - - [27/Feb/2026:14:33:15 -0500] "GET /wp-login.php HTTP/1.1" 200 6864 "-" "Mozilla/5.0 (Windows NT 6.1) AppleWebKit/537.36 (KHTML, like Gecko) Chrome/36.0.1985.125 Safari/537.36"
45.61.184.67 - - [27/Feb/2026:14:33:17 -0500] "POST /wp-login.php HTTP/1.1" 200 7343 "-" "Mozilla/5.0 (Windows NT 6.1) AppleWebKit/537.36 (KHTML, like Gecko) Chrome/36.0.1985.125 Safari/537.36"
162.253.224.18 - - [27/Feb/2026:14:33:47 -0500] "POST /wp-cron.php?doing_wp_cron=1772220827.4382650852203369140625 HTTP/1.1" 200 - "-" "WordPress/6.9.1; https://clavo.space"
85.208.96.202 - - [27/Feb/2026:14:33:46 -0500] "GET /events/tag/art/list/?eventDisplay=past&tribe-bar-date=2021-11-22 HTTP/1.1" 200 20700 "-" "Mozilla/5.0 (compatible; SemrushBot/7~bl; +http://www.semrush.com/bot.html)"
114.119.163.186 - - [27/Feb/2026:14:34:02 -0500] "GET /product-tag/abel-adrian/page/1/?product_count=24&product_view=grid&product_orderby=date HTTP/1.1" 301 - "https://clavo.space/product-tag/abel-adrian/page/2/?product_count=24&product_view=grid&product_orderby=date" "Mozilla/5.0 (Linux; Android 7.0;) AppleWebKit/537.36 (KHTML, like Gecko) Mobile Safari/537.36 (compatible; PetalBot;+https://webmaster.petalsearch.com/site/petalbot)"
185.191.171.16 - - [27/Feb/2026:14:34:05 -0500] "GET /events/tag/opening/day/2021-11-23/ HTTP/1.1" 200 14441 "-" "Mozilla/5.0 (compatible; SemrushBot/7~bl; +http://www.semrush.com/bot.html)"
114.119.163.186 - - [27/Feb/2026:14:34:06 -0500] "GET /portfolio-item/abel-adrian/?product_count=24&product_view=grid&product_orderby=date HTTP/1.1" 200 21331 "https://clavo.space/product-tag/abel-adrian/page/2/?product_count=24&product_view=grid&product_orderby=date" "Mozilla/5.0 (Linux; Android 7.0;) AppleWebKit/537.36 (KHTML, like Gecko) Mobile Safari/537.36 (compatible; PetalBot;+https://webmaster.petalsearch.com/site/petalbot)"
50.6.226.221 - - [27/Feb/2026:14:34:08 -0500] "GET /wp-login.php HTTP/1.1" 200 2093 "-" "Mozilla/5.0 (Macintosh; Intel Mac OS X 10_12_4) AppleWebKit/603.1.20 (KHTML, like Gecko) Version/10.1 Safari/603.1.20"
50.6.226.221 - - [27/Feb/2026:14:34:09 -0500] "POST /wp-login.php HTTP/1.1" 200 2224 "https://212productions.net/wp-login.php" "Mozilla/5.0 (Macintosh; Intel Mac OS X 10_12_4) AppleWebKit/603.1.20 (KHTML, like Gecko) Version/10.1 Safari/603.1.20"
192.176.172.166 - - [27/Feb/2026:14:34:21 -0500] "POST /xmlrpc.php HTTP/1.1" 200 225 "-" "Mozilla/5.0 (Windows NT 6.2; WOW64; Trident/7.0; rv:11.0) like Gecko"
52.167.144.202 - - [27/Feb/2026:14:34:22 -0500] "GET /index.php/sitemap.xml HTTP/1.1" 200 269 "-" "Mozilla/5.0 AppleWebKit/537.36 (KHTML, like Gecko; compatible; bingbot/2.0; +http://www.bing.com/bingbot.htm) Chrome/116.0.1938.76 Safari/537.36"
45.61.188.241 - - [27/Feb/2026:14:34:23 -0500] "GET /wp-login.php HTTP/1.1" 200 6864 "-" "Mozilla/5.0 (Macintosh; Intel Mac OS X 10_9_0) AppleWebKit/537.36 (KHTML, like Gecko) Chrome/36.0.1985.125 Safari/537.36"
168.119.15.160 - - [27/Feb/2026:14:34:42 -0500] "GET / HTTP/1.1" 301 289 "-" "Mozilla/5.0 (Windows NT 10.0; Win64; x64) AppleWebKit/537.36 (KHTML, like Gecko) Chrome/118.0.0.0 Safari/537.36"
162.253.224.18 - - [27/Feb/2026:14:34:46 -0500] "POST /wp-cron.php?doing_wp_cron=1772220886.0527999401092529296875 HTTP/1.1" 200 - "-" "WordPress/6.9.1; https://clavo.space"
168.119.15.160 - - [27/Feb/2026:14:34:42 -0500] "GET / HTTP/1.1" 200 30733 "-" "Mozilla/5.0 (Windows NT 10.0; Win64; x64) AppleWebKit/537.36 (KHTML, like Gecko) Chrome/118.0.0.0 Safari/537.36"
45.61.188.241 - - [27/Feb/2026:14:34:49 -0500] "POST /wp-login.php HTTP/1.1" 200 7343 "-" "Mozilla/5.0 (Macintosh; Intel Mac OS X 10_9_0) AppleWebKit/537.36 (KHTML, like Gecko) Chrome/36.0.1985.125 Safari/537.36"
185.191.171.16 - - [27/Feb/2026:14:35:01 -0500] "GET /events/tag/opening/list/?eventDisplay=past&tribe-bar-date=2026-06-09 HTTP/1.1" 200 20668 "-" "Mozilla/5.0 (compatible; SemrushBot/7~bl; +http://www.semrush.com/bot.html)"
185.191.171.16 - - [27/Feb/2026:14:35:16 -0500] "GET /events/tag/clavo-space/list/?eventDisplay=past&tribe-bar-date=2022-03-06 HTTP/1.1" 200 20694 "-" "Mozilla/5.0 (compatible; SemrushBot/7~bl; +http://www.semrush.com/bot.html)"
114.119.153.245 - - [27/Feb/2026:14:35:28 -0500] "GET /wp-content/uploads/2019/03/garret1.webp HTTP/1.1" 200 2017000 "https://clavo.space/product-tag/garret-suhrie/?product_count=36&product_orderby=popularity&product_view=grid" "Mozilla/5.0 (Linux; Android 7.0;) AppleWebKit/537.36 (KHTML, like Gecko) Mobile Safari/537.36 (compatible; PetalBot;+https://webmaster.petalsearch.com/site/petalbot)"
162.253.224.18 - - [27/Feb/2026:14:35:33 -0500] "POST /wp-cron.php?doing_wp_cron=1772220933.2397150993347167968750 HTTP/1.1" 200 - "-" "WordPress/6.9.1; https://clavo.space"
185.191.171.10 - - [27/Feb/2026:14:35:31 -0500] "GET /events/tag/art/list/?eventDisplay=past&tribe-bar-date=2027-08-02 HTTP/1.1" 200 20694 "-" "Mozilla/5.0 (compatible; SemrushBot/7~bl; +http://www.semrush.com/bot.html)"
85.208.96.204 - - [27/Feb/2026:14:35:49 -0500] "GET /events/tag/art/list/?tribe-bar-date=2024-02-28 HTTP/1.1" 200 19712 "-" "Mozilla/5.0 (compatible; SemrushBot/7~bl; +http://www.semrush.com/bot.html)"
209.141.45.17 - - [27/Feb/2026:14:36:06 -0500] "GET /wp-login.php HTTP/1.1" 200 6864 "-" "Mozilla/5.0 (Macintosh; Intel Mac OS X 10_9_2) AppleWebKit/537.36 (KHTML, like Gecko) Chrome/36.0.1985.125 Safari/537.36"
209.141.45.17 - - [27/Feb/2026:14:36:07 -0500] "POST /wp-login.php HTTP/1.1" 200 7343 "-" "Mozilla/5.0 (Macintosh; Intel Mac OS X 10_9_2) AppleWebKit/537.36 (KHTML, like Gecko) Chrome/36.0.1985.125 Safari/537.36"
162.253.224.18 - - [27/Feb/2026:14:36:51 -0500] "POST /wp-cron.php?doing_wp_cron=1772221011.0976960659027099609375 HTTP/1.1" 200 - "-" "WordPress/6.9.1; https://clavo.space"
114.119.132.131 - - [27/Feb/2026:14:36:49 -0500] "GET /shop?product_view=list&product_order=asc&product_orderby=rating&product_count=36 HTTP/1.1" 404 13536 "https://clavo.space/shop?product_view=list&product_order=asc&product_orderby=rating&product_count=36" "Mozilla/5.0 (Linux; Android 7.0;) AppleWebKit/537.36 (KHTML, like Gecko) Mobile Safari/537.36 (compatible; PetalBot;+https://webmaster.petalsearch.com/site/petalbot)"
66.249.79.67 - - [27/Feb/2026:14:37:28 -0500] "GET /page/2/?h=e5mpjnaqz7akxkr HTTP/1.1" 200 30448 "-" "Mozilla/5.0 (Linux; Android 6.0.1; Nexus 5X Build/MMB29P) AppleWebKit/537.36 (KHTML, like Gecko) Chrome/144.0.7559.132 Mobile Safari/537.36 (compatible; GoogleOther)"
162.253.224.18 - - [27/Feb/2026:14:38:05 -0500] "POST /wp-cron.php?doing_wp_cron=1772221085.7431919574737548828125 HTTP/1.1" 200 - "-" "WordPress/6.9.1; https://clavo.space"
85.208.96.212 - - [27/Feb/2026:14:38:04 -0500] "GET /events/tag/art/list/?eventDisplay=past&tribe-bar-date=2023-01-30 HTTP/1.1" 200 20668 "-" "Mozilla/5.0 (compatible; SemrushBot/7~bl; +http://www.semrush.com/bot.html)"
114.119.163.186 - - [27/Feb/2026:14:38:15 -0500] "GET /shop/page/5/?product_count=12&product_orderby=date&paged=1 HTTP/1.1" 404 13540 "https://clavo.space/shop/page/5/?product_count=12&product_orderby=date" "Mozilla/5.0 (Linux; Android 7.0;) AppleWebKit/537.36 (KHTML, like Gecko) Mobile Safari/537.36 (compatible; PetalBot;+https://webmaster.petalsearch.com/site/petalbot)"
162.253.224.18 - - [27/Feb/2026:14:38:36 -0500] "POST /wp-cron.php?doing_wp_cron=1772221116.0623600482940673828125 HTTP/1.1" 200 - "-" "WordPress/6.9.1; https://clavo.space"
85.208.96.212 - - [27/Feb/2026:14:38:34 -0500] "GET /events/tag/exhibition/day/2028-06-14/ HTTP/1.1" 200 14439 "-" "Mozilla/5.0 (compatible; SemrushBot/7~bl; +http://www.semrush.com/bot.html)"
51.79.82.101 - - [27/Feb/2026:14:38:40 -0500] "GET /wp-login.php HTTP/1.1" 200 2093 "-" "Mozilla/5.0 (Windows NT 10.0; WOW64) AppleWebKit/537.36 (KHTML, like Gecko) Chrome/65.0.3325.146 Safari/537.36"
66.249.79.69 - - [27/Feb/2026:14:38:40 -0500] "GET /product-category/paintings/page/2/?product_orderby=date&product_order=asc HTTP/1.1" 404 13550 "-" "Mozilla/5.0 (Linux; Android 6.0.1; Nexus 5X Build/MMB29P) AppleWebKit/537.36 (KHTML, like Gecko) Chrome/144.0.7559.132 Mobile Safari/537.36 (compatible; Googlebot/2.1; +http://www.google.com/bot.html)"
51.79.82.101 - - [27/Feb/2026:14:38:41 -0500] "POST /wp-login.php HTTP/1.1" 200 2224 "https://212productions.net/wp-login.php" "Mozilla/5.0 (Windows NT 10.0; WOW64) AppleWebKit/537.36 (KHTML, like Gecko) Chrome/65.0.3325.146 Safari/537.36"
162.253.224.18 - - [27/Feb/2026:14:38:59 -0500] "POST /wp-cron.php?doing_wp_cron=1772221139.7300119400024414062500 HTTP/1.1" 200 - "-" "WordPress/6.9.1; https://clavo.space"
103.154.176.224 - - [27/Feb/2026:14:38:58 -0500] "POST /xmlrpc.php HTTP/1.1" 200 225 "-" "Mozilla/5.0 (Windows NT 6.3; WOW64; Trident/7.0; MAMIJS; rv:11.0) like Gecko"
85.208.96.200 - - [27/Feb/2026:14:39:19 -0500] "GET /events/tag/exhibition/day/2022-07-29/ HTTP/1.1" 200 14441 "-" "Mozilla/5.0 (compatible; SemrushBot/7~bl; +http://www.semrush.com/bot.html)"
185.191.171.14 - - [27/Feb/2026:14:39:25 -0500] "GET /events/list/?eventDisplay=past&tribe-bar-date=2021-11-05 HTTP/1.1" 200 20440 "-" "Mozilla/5.0 (compatible; SemrushBot/7~bl; +http://www.semrush.com/bot.html)"
185.191.171.10 - - [27/Feb/2026:14:39:30 -0500] "GET /events/tag/art/list/?eventDisplay=past&tribe-bar-date=2021-09-17 HTTP/1.1" 200 20698 "-" "Mozilla/5.0 (compatible; SemrushBot/7~bl; +http://www.semrush.com/bot.html)"
162.253.224.18 - - [27/Feb/2026:14:39:39 -0500] "POST /wp-cron.php?doing_wp_cron=1772221179.7370638847351074218750 HTTP/1.1" 200 - "-" "WordPress/6.9.1; https://clavo.space"
114.119.151.197 - - [27/Feb/2026:14:39:38 -0500] "GET /shop/page/4?product_count=12&product_orderby=rating&product_view=list&product_order=desc HTTP/1.1" 404 13530 "https://clavo.space/shop/page/4?product_count=12&product_orderby=rating&product_view=list&product_order=desc" "Mozilla/5.0 (Linux; Android 7.0;) AppleWebKit/537.36 (KHTML, like Gecko) Mobile Safari/537.36 (compatible; PetalBot;+https://webmaster.petalsearch.com/site/petalbot)"
51.222.95.35 - - [27/Feb/2026:14:39:48 -0500] "GET /product-category/paintings/coffe-and-ashes/?product_orderby=date&product_view=grid&product_order=desc&product_count=24 HTTP/1.1" 404 13549 "-" "Mozilla/5.0 (compatible; AhrefsBot/7.0; +http://ahrefs.com/robot/)"
66.249.79.68 - - [27/Feb/2026:14:39:48 -0500] "GET /page/3/?h=ed9humxma6xvoje HTTP/1.1" 200 30612 "-" "Mozilla/5.0 (Linux; Android 6.0.1; Nexus 5X Build/MMB29P) AppleWebKit/537.36 (KHTML, like Gecko) Chrome/144.0.7559.132 Mobile Safari/537.36 (compatible; GoogleOther)"
185.191.171.11 - - [27/Feb/2026:14:40:07 -0500] "GET /events/tag/art/list/?tribe-bar-date=2022-08-26 HTTP/1.1" 200 19719 "-" "Mozilla/5.0 (compatible; SemrushBot/7~bl; +http://www.semrush.com/bot.html)"
114.119.129.97 - - [27/Feb/2026:14:40:20 -0500] "GET /wp/selected-press-212-productions/ HTTP/1.1" 200 22497 "https://212productions.net/wp/news" "Mozilla/5.0 (Linux; Android 7.0;) AppleWebKit/537.36 (KHTML, like Gecko) Mobile Safari/537.36 (compatible; PetalBot;+https://webmaster.petalsearch.com/site/petalbot)"
111.225.149.59 - - [27/Feb/2026:14:40:39 -0500] "GET /robots.txt HTTP/1.1" 301 321 "-" "Mozilla/5.0 (Linux; Android 5.0) AppleWebKit/537.36 (KHTML, like Gecko) Mobile Safari/537.36 (compatible; Bytespider; https://zhanzhang.toutiao.com/)"
111.225.149.172 - - [27/Feb/2026:14:40:41 -0500] "GET /robots.txt HTTP/1.1" 200 111 "-" "Mozilla/5.0 (Linux; Android 5.0) AppleWebKit/537.36 (KHTML, like Gecko) Mobile Safari/537.36 (compatible; Bytespider; https://zhanzhang.toutiao.com/)"
162.253.224.18 - - [27/Feb/2026:14:41:07 -0500] "POST /wp-cron.php?doing_wp_cron=1772221267.8804481029510498046875 HTTP/1.1" 200 - "-" "WordPress/6.9.1; https://clavo.space"
114.119.151.197 - - [27/Feb/2026:14:41:06 -0500] "GET /shop/page/1/?product_orderby=rating&product_view=list&product_order=asc&product_count=12 HTTP/1.1" 404 13538 "https://clavo.space/shop/page/4/?product_orderby=rating&product_view=list&product_order=asc&product_count=12" "Mozilla/5.0 (Linux; Android 7.0;) AppleWebKit/537.36 (KHTML, like Gecko) Mobile Safari/537.36 (compatible; PetalBot;+https://webmaster.petalsearch.com/site/petalbot)"
162.253.224.18 - - [27/Feb/2026:14:41:48 -0500] "POST /wp-cron.php?doing_wp_cron=1772221308.9597220420837402343750 HTTP/1.1" 200 - "-" "WordPress/6.9.1; https://clavo.space"
85.208.96.198 - - [27/Feb/2026:14:41:47 -0500] "GET /events/tag/art/list/?eventDisplay=past&tribe-bar-date=2025-04-04 HTTP/1.1" 200 20674 "-" "Mozilla/5.0 (compatible; SemrushBot/7~bl; +http://www.semrush.com/bot.html)"
114.119.163.186 - - [27/Feb/2026:14:42:23 -0500] "GET /product-tag/tania-riera/?product_orderby=popularity&product_count=24&product_view=grid&product_order=desc HTTP/1.1" 301 - "https://clavo.space/product-tag/tania-riera/?product_orderby=default&product_count=24&product_view=grid&product_order=desc" "Mozilla/5.0 (Linux; Android 7.0;) AppleWebKit/537.36 (KHTML, like Gecko) Mobile Safari/537.36 (compatible; PetalBot;+https://webmaster.petalsearch.com/site/petalbot)"
114.119.163.186 - - [27/Feb/2026:14:42:27 -0500] "GET /portfolio-item/tania-riera/?product_orderby=popularity&product_count=24&product_view=grid&product_order=desc HTTP/1.1" 200 20438 "https://clavo.space/product-tag/tania-riera/?product_orderby=default&product_count=24&product_view=grid&product_order=desc" "Mozilla/5.0 (Linux; Android 7.0;) AppleWebKit/537.36 (KHTML, like Gecko) Mobile Safari/537.36 (compatible; PetalBot;+https://webmaster.petalsearch.com/site/petalbot)"
162.253.224.18 - - [27/Feb/2026:14:42:38 -0500] "POST /wp-cron.php?doing_wp_cron=1772221358.7382340431213378906250 HTTP/1.1" 200 - "-" "WordPress/6.9.1; https://clavo.space"
185.191.171.7 - - [27/Feb/2026:14:42:37 -0500] "GET /events/tag/clavo-space/day/2022-05-20/ HTTP/1.1" 200 14436 "-" "Mozilla/5.0 (compatible; SemrushBot/7~bl; +http://www.semrush.com/bot.html)"
20.220.232.240 - - [27/Feb/2026:14:42:49 -0500] "GET /wp-content/plugins/hellopress/wp_filemanager.php HTTP/1.1" 301 347 "-" "-"
20.220.232.240 - - [27/Feb/2026:14:42:49 -0500] "GET /wp-content/plugins/hellopress/wp_filemanager.php HTTP/1.1" 404 13549 "-" "-"
20.220.232.240 - - [27/Feb/2026:14:42:50 -0500] "GET /file59.php HTTP/1.1" 301 309 "-" "-"
20.220.232.240 - - [27/Feb/2026:14:42:50 -0500] "GET /file59.php HTTP/1.1" 404 13539 "-" "-"
20.220.232.240 - - [27/Feb/2026:14:42:52 -0500] "GET /fff.php HTTP/1.1" 301 306 "-" "-"
20.220.232.240 - - [27/Feb/2026:14:42:52 -0500] "GET /fff.php HTTP/1.1" 404 13535 "-" "-"
20.220.232.240 - - [27/Feb/2026:14:42:53 -0500] "GET /nw.php HTTP/1.1" 301 305 "-" "-"
20.220.232.240 - - [27/Feb/2026:14:42:53 -0500] "GET /nw.php HTTP/1.1" 404 13526 "-" "-"
20.220.232.240 - - [27/Feb/2026:14:42:54 -0500] "GET /X57.php HTTP/1.1" 301 306 "-" "-"
20.220.232.240 - - [27/Feb/2026:14:42:54 -0500] "GET /X57.php HTTP/1.1" 404 13532 "-" "-"
20.220.232.240 - - [27/Feb/2026:14:42:55 -0500] "GET /wpver.php HTTP/1.1" 301 308 "-" "-"
20.220.232.240 - - [27/Feb/2026:14:42:55 -0500] "GET /wpver.php HTTP/1.1" 404 13532 "-" "-"
20.220.232.240 - - [27/Feb/2026:14:42:57 -0500] "GET /public/hi.php HTTP/1.1" 301 312 "-" "-"
20.220.232.240 - - [27/Feb/2026:14:42:57 -0500] "GET /public/hi.php HTTP/1.1" 404 13537 "-" "-"
20.220.232.240 - - [27/Feb/2026:14:42:58 -0500] "GET /z.php HTTP/1.1" 301 304 "-" "-"
20.220.232.240 - - [27/Feb/2026:14:42:58 -0500] "GET /z.php HTTP/1.1" 404 13538 "-" "-"
20.220.232.240 - - [27/Feb/2026:14:42:59 -0500] "GET /vx.php HTTP/1.1" 301 305 "-" "-"
20.220.232.240 - - [27/Feb/2026:14:42:59 -0500] "GET /vx.php HTTP/1.1" 404 13527 "-" "-"
20.220.232.240 - - [27/Feb/2026:14:43:00 -0500] "GET /wqqs.php HTTP/1.1" 301 307 "-" "-"
20.220.232.240 - - [27/Feb/2026:14:43:00 -0500] "GET /wqqs.php HTTP/1.1" 404 13535 "-" "-"
20.220.232.240 - - [27/Feb/2026:14:43:01 -0500] "GET /wp-content/sallu.php HTTP/1.1" 301 319 "-" "-"
20.220.232.240 - - [27/Feb/2026:14:43:02 -0500] "GET /wp-content/sallu.php HTTP/1.1" 404 13540 "-" "-"
20.220.232.240 - - [27/Feb/2026:14:43:03 -0500] "GET /zc-318.php HTTP/1.1" 301 309 "-" "-"
20.220.232.240 - - [27/Feb/2026:14:43:03 -0500] "GET /zc-318.php HTTP/1.1" 404 13525 "-" "-"
20.220.232.240 - - [27/Feb/2026:14:43:04 -0500] "GET /wp-admin/sallu.php HTTP/1.1" 301 317 "-" "-"
20.220.232.240 - - [27/Feb/2026:14:43:04 -0500] "GET /wp-admin/sallu.php HTTP/1.1" 404 65947 "-" "-"
20.220.232.240 - - [27/Feb/2026:14:43:05 -0500] "GET /dom.php HTTP/1.1" 301 306 "-" "-"
20.220.232.240 - - [27/Feb/2026:14:43:05 -0500] "GET /dom.php HTTP/1.1" 404 13526 "-" "-"
20.220.232.240 - - [27/Feb/2026:14:43:06 -0500] "GET /rxzx.php HTTP/1.1" 301 307 "-" "-"
20.220.232.240 - - [27/Feb/2026:14:43:06 -0500] "GET /rxzx.php HTTP/1.1" 404 13532 "-" "-"
20.220.232.240 - - [27/Feb/2026:14:43:08 -0500] "GET /Okxob.php HTTP/1.1" 301 308 "-" "-"
85.208.96.196 - - [27/Feb/2026:14:43:07 -0500] "GET /events/tag/art/list/?tribe-bar-date=2029-10-01 HTTP/1.1" 200 19713 "-" "Mozilla/5.0 (compatible; SemrushBot/7~bl; +http://www.semrush.com/bot.html)"
20.220.232.240 - - [27/Feb/2026:14:43:08 -0500] "GET /Okxob.php HTTP/1.1" 404 13534 "-" "-"
20.220.232.240 - - [27/Feb/2026:14:43:10 -0500] "GET /moon3.php HTTP/1.1" 301 308 "-" "-"
20.220.232.240 - - [27/Feb/2026:14:43:10 -0500] "GET /moon3.php HTTP/1.1" 404 13529 "-" "-"
20.220.232.240 - - [27/Feb/2026:14:43:11 -0500] "GET //thui.php HTTP/1.1" 301 307 "-" "-"
20.220.232.240 - - [27/Feb/2026:14:43:11 -0500] "GET /thui.php HTTP/1.1" 404 13528 "-" "-"
20.220.232.240 - - [27/Feb/2026:14:43:13 -0500] "GET /ebahvhhh.php HTTP/1.1" 301 311 "-" "-"
20.220.232.240 - - [27/Feb/2026:14:43:13 -0500] "GET /ebahvhhh.php HTTP/1.1" 404 13545 "-" "-"
20.220.232.240 - - [27/Feb/2026:14:43:14 -0500] "GET /snq.php HTTP/1.1" 301 306 "-" "-"
20.220.232.240 - - [27/Feb/2026:14:43:14 -0500] "GET /snq.php HTTP/1.1" 404 13526 "-" "-"
20.220.232.240 - - [27/Feb/2026:14:43:15 -0500] "GET /mcs.php HTTP/1.1" 301 306 "-" "-"
20.220.232.240 - - [27/Feb/2026:14:43:15 -0500] "GET /mcs.php HTTP/1.1" 404 13528 "-" "-"
20.220.232.240 - - [27/Feb/2026:14:43:16 -0500] "GET /ok.php HTTP/1.1" 301 305 "-" "-"
20.220.232.240 - - [27/Feb/2026:14:43:16 -0500] "GET /ok.php HTTP/1.1" 404 13532 "-" "-"
20.220.232.240 - - [27/Feb/2026:14:43:18 -0500] "GET /xleet HTTP/1.1" 301 304 "-" "-"
20.220.232.240 - - [27/Feb/2026:14:43:18 -0500] "GET /xleet HTTP/1.1" 404 13532 "-" "-"
20.220.232.240 - - [27/Feb/2026:14:43:19 -0500] "GET /66.php HTTP/1.1" 301 305 "-" "-"
20.220.232.240 - - [27/Feb/2026:14:43:19 -0500] "GET /66.php HTTP/1.1" 404 13532 "-" "-"
20.220.232.240 - - [27/Feb/2026:14:43:20 -0500] "GET /public/wp-blog.php HTTP/1.1" 301 317 "-" "-"
20.220.232.240 - - [27/Feb/2026:14:43:20 -0500] "GET /public/wp-blog.php HTTP/1.1" 404 13545 "-" "-"
20.220.232.240 - - [27/Feb/2026:14:43:21 -0500] "GET /xa.php HTTP/1.1" 301 305 "-" "-"
20.220.232.240 - - [27/Feb/2026:14:43:21 -0500] "GET /xa.php HTTP/1.1" 404 13533 "-" "-"
20.220.232.240 - - [27/Feb/2026:14:43:22 -0500] "GET /motu.php HTTP/1.1" 301 307 "-" "-"
20.220.232.240 - - [27/Feb/2026:14:43:22 -0500] "GET /motu.php HTTP/1.1" 404 13533 "-" "-"
20.220.232.240 - - [27/Feb/2026:14:43:24 -0500] "GET /tmpls.php HTTP/1.1" 301 308 "-" "-"
20.220.232.240 - - [27/Feb/2026:14:43:24 -0500] "GET /tmpls.php HTTP/1.1" 404 13534 "-" "-"
20.220.232.240 - - [27/Feb/2026:14:43:25 -0500] "GET /bsg-management/php.php HTTP/1.1" 301 321 "-" "-"
20.220.232.240 - - [27/Feb/2026:14:43:25 -0500] "GET /bsg-management/php.php HTTP/1.1" 404 13542 "-" "-"
20.220.232.240 - - [27/Feb/2026:14:43:27 -0500] "GET /pouhg.php HTTP/1.1" 301 308 "-" "-"
163.44.192.46 - - [27/Feb/2026:14:43:25 -0500] "GET /wp-login.php HTTP/1.1" 200 2093 "-" "Mozilla/5.0 (Windows NT 10.0; Win64; x64; WebView/3.0) AppleWebKit/537.36 (KHTML, like Gecko) Chrome/58.0.3029.110 Safari/537.36 Edge/16.16299"
20.220.232.240 - - [27/Feb/2026:14:43:27 -0500] "GET /pouhg.php HTTP/1.1" 404 13535 "-" "-"
20.220.232.240 - - [27/Feb/2026:14:43:29 -0500] "GET /ws61.php HTTP/1.1" 301 307 "-" "-"
163.44.192.46 - - [27/Feb/2026:14:43:28 -0500] "POST /wp-login.php HTTP/1.1" 200 2224 "https://212productions.net/wp-login.php" "Mozilla/5.0 (Windows NT 10.0; Win64; x64; WebView/3.0) AppleWebKit/537.36 (KHTML, like Gecko) Chrome/58.0.3029.110 Safari/537.36 Edge/16.16299"
20.220.232.240 - - [27/Feb/2026:14:43:29 -0500] "GET /ws61.php HTTP/1.1" 404 13535 "-" "-"
20.220.232.240 - - [27/Feb/2026:14:43:31 -0500] "GET /wp-admin/css/bolt.php HTTP/1.1" 301 320 "-" "-"
185.191.171.17 - - [27/Feb/2026:14:43:30 -0500] "GET /events/tag/exhibition/list/?eventDisplay=past&tribe-bar-date=2026-01-23 HTTP/1.1" 200 20680 "-" "Mozilla/5.0 (compatible; SemrushBot/7~bl; +http://www.semrush.com/bot.html)"
162.253.224.18 - - [27/Feb/2026:14:43:33 -0500] "POST /wp-cron.php?doing_wp_cron=1772221413.4607820510864257812500 HTTP/1.1" 200 - "-" "WordPress/6.9.1; https://clavo.space"
20.220.232.240 - - [27/Feb/2026:14:43:31 -0500] "GET /wp-admin/css/bolt.php HTTP/1.1" 404 65950 "-" "-"
20.220.232.240 - - [27/Feb/2026:14:43:33 -0500] "GET /app HTTP/1.1" 301 302 "-" "-"
20.220.232.240 - - [27/Feb/2026:14:43:33 -0500] "GET /app HTTP/1.1" 404 13530 "-" "-"
20.220.232.240 - - [27/Feb/2026:14:43:35 -0500] "GET /ws59.php HTTP/1.1" 301 307 "-" "-"
20.220.232.240 - - [27/Feb/2026:14:43:35 -0500] "GET /ws59.php HTTP/1.1" 404 13536 "-" "-"
20.220.232.240 - - [27/Feb/2026:14:43:36 -0500] "GET /wp-blog.php HTTP/1.1" 301 310 "-" "-"
20.220.232.240 - - [27/Feb/2026:14:43:36 -0500] "GET /wp-blog.php HTTP/1.1" 404 13532 "-" "-"
20.220.232.240 - - [27/Feb/2026:14:43:38 -0500] "GET /mamzi.php HTTP/1.1" 301 308 "-" "-"
20.220.232.240 - - [27/Feb/2026:14:43:38 -0500] "GET /mamzi.php HTTP/1.1" 404 13535 "-" "-"
20.220.232.240 - - [27/Feb/2026:14:43:39 -0500] "GET /222.php HTTP/1.1" 301 306 "-" "-"
20.220.232.240 - - [27/Feb/2026:14:43:39 -0500] "GET /222.php HTTP/1.1" 404 13536 "-" "-"
20.220.232.240 - - [27/Feb/2026:14:43:40 -0500] "GET /ae.php HTTP/1.1" 301 305 "-" "-"
20.220.232.240 - - [27/Feb/2026:14:43:40 -0500] "GET /ae.php HTTP/1.1" 404 13536 "-" "-"
20.220.232.240 - - [27/Feb/2026:14:43:41 -0500] "GET /06.php HTTP/1.1" 301 305 "-" "-"
20.220.232.240 - - [27/Feb/2026:14:43:41 -0500] "GET /06.php HTTP/1.1" 404 13525 "-" "-"
20.220.232.240 - - [27/Feb/2026:14:43:43 -0500] "GET /ws60.php HTTP/1.1" 301 307 "-" "-"
185.191.171.8 - - [27/Feb/2026:14:43:41 -0500] "GET /events/tag/opening/list/?eventDisplay=past&tribe-bar-date=2023-09-30 HTTP/1.1" 200 20684 "-" "Mozilla/5.0 (compatible; SemrushBot/7~bl; +http://www.semrush.com/bot.html)"
20.220.232.240 - - [27/Feb/2026:14:43:43 -0500] "GET /ws60.php HTTP/1.1" 404 13538 "-" "-"
20.220.232.240 - - [27/Feb/2026:14:43:45 -0500] "GET /wp-freya.php HTTP/1.1" 301 311 "-" "-"
20.220.232.240 - - [27/Feb/2026:14:43:45 -0500] "GET /wp-freya.php HTTP/1.1" 404 13537 "-" "-"
20.220.232.240 - - [27/Feb/2026:14:43:46 -0500] "GET /bb.php HTTP/1.1" 301 305 "-" "-"
20.220.232.240 - - [27/Feb/2026:14:43:46 -0500] "GET /bb.php HTTP/1.1" 404 13529 "-" "-"
20.220.232.240 - - [27/Feb/2026:14:43:49 -0500] "GET /dsd.php HTTP/1.1" 301 306 "-" "-"
185.191.171.5 - - [27/Feb/2026:14:43:47 -0500] "GET /events/tag/opening/list/?tribe-bar-date=2023-09-26 HTTP/1.1" 200 19726 "-" "Mozilla/5.0 (compatible; SemrushBot/7~bl; +http://www.semrush.com/bot.html)"
114.119.151.197 - - [27/Feb/2026:14:43:48 -0500] "GET /product-tag/sculpture/?product_order=desc&product_view=list&product_orderby=price&product_count=24 HTTP/1.1" 404 13536 "https://clavo.space/product-tag/sculpture/?product_order=desc&product_view=list&product_orderby=price&product_count=12" "Mozilla/5.0 (Linux; Android 7.0;) AppleWebKit/537.36 (KHTML, like Gecko) Mobile Safari/537.36 (compatible; PetalBot;+https://webmaster.petalsearch.com/site/petalbot)"
20.220.232.240 - - [27/Feb/2026:14:43:49 -0500] "GET /dsd.php HTTP/1.1" 404 13536 "-" "-"
20.220.232.240 - - [27/Feb/2026:14:43:53 -0500] "GET /guk.php HTTP/1.1" 301 306 "-" "-"
20.220.232.240 - - [27/Feb/2026:14:43:53 -0500] "GET /guk.php HTTP/1.1" 404 13534 "-" "-"
20.220.232.240 - - [27/Feb/2026:14:43:54 -0500] "GET /public/vx.php HTTP/1.1" 301 312 "-" "-"
20.220.232.240 - - [27/Feb/2026:14:43:54 -0500] "GET /public/vx.php HTTP/1.1" 404 13547 "-" "-"
20.220.232.240 - - [27/Feb/2026:14:43:55 -0500] "GET /ze.php HTTP/1.1" 301 305 "-" "-"
85.208.96.208 - - [27/Feb/2026:14:43:55 -0500] "GET /events/tag/art/list/?tribe-bar-date=2024-05-28 HTTP/1.1" 200 19706 "-" "Mozilla/5.0 (compatible; SemrushBot/7~bl; +http://www.semrush.com/bot.html)"
20.220.232.240 - - [27/Feb/2026:14:43:55 -0500] "GET /ze.php HTTP/1.1" 404 13535 "-" "-"
20.220.232.240 - - [27/Feb/2026:14:43:58 -0500] "GET /file52.php HTTP/1.1" 301 309 "-" "-"
20.220.232.240 - - [27/Feb/2026:14:43:58 -0500] "GET /file52.php HTTP/1.1" 404 13533 "-" "-"
20.220.232.240 - - [27/Feb/2026:14:43:59 -0500] "GET /tax.php HTTP/1.1" 301 306 "-" "-"
20.220.232.240 - - [27/Feb/2026:14:43:59 -0500] "GET /tax.php HTTP/1.1" 404 13531 "-" "-"
20.220.232.240 - - [27/Feb/2026:14:44:00 -0500] "GET /an7.php HTTP/1.1" 301 306 "-" "-"
45.61.184.67 - - [27/Feb/2026:14:44:00 -0500] "GET /wp-login.php HTTP/1.1" 200 6864 "-" "Mozilla/5.0 (iPhone; CPU iPhone OS 7_1_2 like Mac OS X) AppleWebKit/537.51.1 (KHTML, like Gecko) GSA/4.1.0.31802 Mobile/11D257 Safari/9537.53"
20.220.232.240 - - [27/Feb/2026:14:44:00 -0500] "GET /an7.php HTTP/1.1" 404 13538 "-" "-"
