54.37.252.118 - - [27/Feb/2026:10:20:02 -0500] "GET /shop/?add-to-cart=1923&product_orderby=price&product_count=24&product_order=desc HTTP/1.1" 404 13513 "-" "Mozilla/5.0 (compatible; MJ12bot/v1.4.8; http://mj12bot.com/)"
54.37.252.118 - - [27/Feb/2026:10:20:09 -0500] "GET /shop/?add-to-cart=1923&product_orderby=price&product_count=36&product_order=desc HTTP/1.1" 404 13530 "-" "Mozilla/5.0 (compatible; MJ12bot/v1.4.8; http://mj12bot.com/)"
54.37.252.118 - - [27/Feb/2026:10:20:16 -0500] "GET /shop/?add-to-cart=1923&product_orderby=price&product_count=36&product_view=grid HTTP/1.1" 404 13527 "-" "Mozilla/5.0 (compatible; MJ12bot/v1.4.8; http://mj12bot.com/)"
54.37.252.118 - - [27/Feb/2026:10:20:23 -0500] "GET /shop/?add-to-cart=1923&product_orderby=price&product_count=36&product_view=list HTTP/1.1" 404 13526 "-" "Mozilla/5.0 (compatible; MJ12bot/v1.4.8; http://mj12bot.com/)"
162.253.224.18 - - [27/Feb/2026:10:20:35 -0500] "POST /wp-cron.php?doing_wp_cron=1772205635.8430929183959960937500 HTTP/1.1" 200 - "-" "WordPress/6.9.1; https://clavo.space"
144.31.35.85 - - [27/Feb/2026:10:20:27 -0500] "GET /wp-content/uploads/2021/03/hope-200x260.jpg%20200w,%20https://clavo.space/wp-content/uploads/2021/03/hope-231x300.jpg%20231w,%20https://clavo.space/wp-content/uploads/2021/03/hope-400x520.jpg%20400w,%20https://clavo.space/wp-content/uploads/2021/03/hope-500x650.jpg%20500w,%20https://clavo.space/wp-content/uploads/2021/03/hope-600x780.jpg%20600w,%20https://clavo.space/wp-content/uploads/2021/03/hope-700x910.jpg%20700w,%20https://clavo.space/wp-content/uploads/2021/03/hope.jpg%20750w HTTP/1.1" 301 - "https://clavo.space/" "Mozilla/5.0 (Windows NT 10.0; Win64; x64) AppleWebKit/537.36 (KHTML, like Gecko) Chrome/124.0.0.0 Safari/537.36"
143.14.6.61 - - [27/Feb/2026:10:20:27 -0500] "GET /wp-content/uploads/2021/03/cima2-tienda-producto-h-66x66.jpg%2066w,%20https://clavo.space/wp-content/uploads/2021/03/cima2-tienda-producto-h-150x150.jpg%20150w HTTP/1.1" 301 - "https://clavo.space/" "Mozilla/5.0 (Windows NT 10.0; Win64; x64) AppleWebKit/537.36 (KHTML, like Gecko) Chrome/120.0.0.0 Safari/537.36"
143.14.6.191 - - [27/Feb/2026:10:20:27 -0500] "GET /product/antisocial/750 HTTP/1.1" 404 13534 "https://clavo.space/" "Mozilla/5.0 (Windows NT 10.0; Win64; x64) AppleWebKit/537.36 (KHTML, like Gecko) Chrome/120.0.0.0 Safari/537.36"
114.119.132.131 - - [27/Feb/2026:10:20:29 -0500] "GET /product-tag/tania-riera/?product_count=24&product_view=list&product_orderby=name HTTP/1.1" 301 - "https://clavo.space/product-tag/tania-riera/?product_count=24&product_view=list" "Mozilla/5.0 (Linux; Android 7.0;) AppleWebKit/537.36 (KHTML, like Gecko) Mobile Safari/537.36 (compatible; PetalBot;+https://webmaster.petalsearch.com/site/petalbot)"
54.37.252.118 - - [27/Feb/2026:10:20:30 -0500] "GET /shop/?add-to-cart=1923&product_orderby=rating&product_count=12&product_order=asc HTTP/1.1" 404 13532 "-" "Mozilla/5.0 (compatible; MJ12bot/v1.4.8; http://mj12bot.com/)"
85.208.96.211 - - [27/Feb/2026:10:20:30 -0500] "GET /events/tag/art/day/2025-09-08/ HTTP/1.1" 200 14441 "-" "Mozilla/5.0 (compatible; SemrushBot/7~bl; +http://www.semrush.com/bot.html)"
216.75.132.129 - - [27/Feb/2026:10:20:33 -0500] "GET /wp-content/uploads/2021/03/DEDOS-tienda-producto-200x260.jpg%20200w,%20https://clavo.space/wp-content/uploads/2021/03/DEDOS-tienda-producto-231x300.jpg%20231w,%20https://clavo.space/wp-content/uploads/2021/03/DEDOS-tienda-producto-400x520.jpg%20400w,%20https://clavo.space/wp-content/uploads/2021/03/DEDOS-tienda-producto-500x650.jpg%20500w,%20https://clavo.space/wp-content/uploads/2021/03/DEDOS-tienda-producto-600x780.jpg%20600w,%20https://clavo.space/wp-content/uploads/2021/03/DEDOS-tienda-producto-700x910.jpg%20700w,%20https://clavo.space/wp-content/uploads/2021/03/DEDOS-tienda-producto.jpg%20750w HTTP/1.1" 301 - "https://clavo.space/" "Mozilla/5.0 (Windows NT 10.0; Win64; x64) AppleWebKit/537.36 (KHTML, like Gecko) Chrome/124.0.0.0 Safari/537.36"
143.14.6.111 - - [27/Feb/2026:10:20:37 -0500] "GET /wp-content/uploads/2021/03/cima2-tienda-producto-h-66x66.jpg%2066w,%20https:/clavo.space/wp-content/uploads/2021/03/cima2-tienda-producto-h-150x150.jpg%20150w HTTP/1.1" 404 13573 "https://clavo.space/" "Mozilla/5.0 (Windows NT 10.0; Win64; x64) AppleWebKit/537.36 (KHTML, like Gecko) Chrome/120.0.0.0 Safari/537.36"
144.31.35.17 - - [27/Feb/2026:10:20:37 -0500] "GET /wp-content/uploads/2021/03/hope-200x260.jpg%20200w,%20https:/clavo.space/wp-content/uploads/2021/03/hope-231x300.jpg%20231w,%20https:/clavo.space/wp-content/uploads/2021/03/hope-400x520.jpg%20400w,%20https:/clavo.space/wp-content/uploads/2021/03/hope-500x650.jpg%20500w,%20https:/clavo.space/wp-content/uploads/2021/03/hope-600x780.jpg%20600w,%20https:/clavo.space/wp-content/uploads/2021/03/hope-700x910.jpg%20700w,%20https:/clavo.space/wp-content/uploads/2021/03/hope.jpg%20750w HTTP/1.1" 404 13623 "https://clavo.space/" "Mozilla/5.0 (Windows NT 10.0; Win64; x64) AppleWebKit/537.36 (KHTML, like Gecko) Chrome/124.0.0.0 Safari/537.36"
114.119.132.131 - - [27/Feb/2026:10:20:39 -0500] "GET /portfolio-item/tania-riera/?product_count=24&product_view=list&product_orderby=name HTTP/1.1" 200 20439 "https://clavo.space/product-tag/tania-riera/?product_count=24&product_view=list" "Mozilla/5.0 (Linux; Android 7.0;) AppleWebKit/537.36 (KHTML, like Gecko) Mobile Safari/537.36 (compatible; PetalBot;+https://webmaster.petalsearch.com/site/petalbot)"
57.141.6.43 - - [27/Feb/2026:10:20:49 -0500] "GET /wp-content/uploads/2019/03/garret4-1024x680.webp HTTP/1.1" 200 72523 "-" "meta-externalagent/1.1 (+https://developers.facebook.com/docs/sharing/webmasters/crawler)"
222.255.97.20 - - [27/Feb/2026:10:20:43 -0500] "GET /wp-content/uploads/2021/03/DEDOS-tienda-producto-200x260.jpg%20200w,%20https://clavo.space/wp-content/uploads/2021/03/DEDOS-tienda-producto-231x300.jpg%20231w,%20https://clavo.space/wp-content/uploads/2021/03/DEDOS-tienda-producto-400x520.jpg%20400w,%20https://clavo.space/wp-content/uploads/2021/03/DEDOS-tienda-producto-500x650.jpg%20500w,%20https://clavo.space/wp-content/uploads/2021/03/DEDOS-tienda-producto-600x780.jpg%20600w,%20https://clavo.space/wp-content/uploads/2021/03/DEDOS-tienda-producto-700x910.jpg%20700w,%20https://clavo.space/wp-content/uploads/2021/03/DEDOS-tienda-producto.jpg%20750w HTTP/1.1" 301 - "https://clavo.space/" "Mozilla/5.0 (Windows NT 10.0; Win64; x64) AppleWebKit/537.36 (KHTML, like Gecko) Chrome/124.0.0.0 Safari/537.36"
45.70.58.103 - - [27/Feb/2026:10:20:44 -0500] "GET /wp-content/uploads/2021/03/hope-200x260.jpg%20200w,%20https://clavo.space/wp-content/uploads/2021/03/hope-231x300.jpg%20231w,%20https://clavo.space/wp-content/uploads/2021/03/hope-400x520.jpg%20400w,%20https://clavo.space/wp-content/uploads/2021/03/hope-500x650.jpg%20500w,%20https://clavo.space/wp-content/uploads/2021/03/hope-600x780.jpg%20600w,%20https://clavo.space/wp-content/uploads/2021/03/hope-700x910.jpg%20700w,%20https://clavo.space/wp-content/uploads/2021/03/hope.jpg%20750w HTTP/1.1" 301 - "https://clavo.space/" "Mozilla/5.0 (Windows NT 10.0; Win64; x64) AppleWebKit/537.36 (KHTML, like Gecko) Chrome/124.0.0.0 Safari/537.36"
54.37.252.118 - - [27/Feb/2026:10:20:45 -0500] "GET /shop/?add-to-cart=1923&product_orderby=rating&product_count=12&product_view=grid HTTP/1.1" 404 13530 "-" "Mozilla/5.0 (compatible; MJ12bot/v1.4.8; http://mj12bot.com/)"
223.188.83.47 - - [27/Feb/2026:10:20:47 -0500] "GET /wp-content/uploads/2021/03/cima2-tienda-producto-h-66x66.jpg%2066w,%20https://clavo.space/wp-content/uploads/2021/03/cima2-tienda-producto-h-150x150.jpg%20150w HTTP/1.1" 301 - "https://clavo.space/" "Mozilla/5.0 (Windows NT 10.0; Win64; x64) AppleWebKit/537.36 (KHTML, like Gecko) Chrome/120.0.0.0 Safari/537.36"
177.84.16.6 - - [27/Feb/2026:10:20:56 -0500] "GET /wp-content/uploads/2021/03/DEDOS-tienda-producto-200x260.jpg%20200w,%20https:/clavo.space/wp-content/uploads/2021/03/DEDOS-tienda-producto-231x300.jpg%20231w,%20https:/clavo.space/wp-content/uploads/2021/03/DEDOS-tienda-producto-400x520.jpg%20400w,%20https:/clavo.space/wp-content/uploads/2021/03/DEDOS-tienda-producto-500x650.jpg%20500w,%20https:/clavo.space/wp-content/uploads/2021/03/DEDOS-tienda-producto-600x780.jpg%20600w,%20https:/clavo.space/wp-content/uploads/2021/03/DEDOS-tienda-producto-700x910.jpg%20700w,%20https:/clavo.space/wp-content/uploads/2021/03/DEDOS-tienda-producto.jpg%20750w HTTP/1.1" 404 13641 "https://clavo.space/" "Mozilla/5.0 (Windows NT 10.0; Win64; x64) AppleWebKit/537.36 (KHTML, like Gecko) Chrome/124.0.0.0 Safari/537.36"
54.37.252.118 - - [27/Feb/2026:10:20:57 -0500] "GET /shop/?add-to-cart=1923&product_orderby=rating&product_count=12&product_view=list HTTP/1.1" 404 13527 "-" "Mozilla/5.0 (compatible; MJ12bot/v1.4.8; http://mj12bot.com/)"
5.62.148.203 - - [27/Feb/2026:10:20:57 -0500] "GET /wp-content/uploads/2021/03/hope-200x260.jpg%20200w,%20https:/clavo.space/wp-content/uploads/2021/03/hope-231x300.jpg%20231w,%20https:/clavo.space/wp-content/uploads/2021/03/hope-400x520.jpg%20400w,%20https:/clavo.space/wp-content/uploads/2021/03/hope-500x650.jpg%20500w,%20https:/clavo.space/wp-content/uploads/2021/03/hope-600x780.jpg%20600w,%20https:/clavo.space/wp-content/uploads/2021/03/hope-700x910.jpg%20700w,%20https:/clavo.space/wp-content/uploads/2021/03/hope.jpg%20750w HTTP/1.1" 404 13626 "https://clavo.space/" "Mozilla/5.0 (Windows NT 10.0; Win64; x64) AppleWebKit/537.36 (KHTML, like Gecko) Chrome/124.0.0.0 Safari/537.36"
142.93.6.70 - - [27/Feb/2026:10:20:59 -0500] "GET /product/antisocial/600 HTTP/1.1" 404 13535 "https://clavo.space/" "Mozilla/5.0 (Windows NT 10.0; Win64; x64) AppleWebKit/537.36 (KHTML, like Gecko) Chrome/111.0.0.0 Safari/537.36"
85.208.96.198 - - [27/Feb/2026:10:21:03 -0500] "GET /events/list/?eventDisplay=past&tribe-bar-date=2023-12-01 HTTP/1.1" 200 20429 "-" "Mozilla/5.0 (compatible; SemrushBot/7~bl; +http://www.semrush.com/bot.html)"
54.37.252.118 - - [27/Feb/2026:10:21:07 -0500] "GET /shop/?add-to-cart=1923&product_orderby=rating&product_count=24&product_order=asc HTTP/1.1" 404 13535 "-" "Mozilla/5.0 (compatible; MJ12bot/v1.4.8; http://mj12bot.com/)"
85.208.96.205 - - [27/Feb/2026:10:21:11 -0500] "GET /events/tag/exhibition/list/?eventDisplay=past&tribe-bar-date=2027-01-09 HTTP/1.1" 200 20688 "-" "Mozilla/5.0 (compatible; SemrushBot/7~bl; +http://www.semrush.com/bot.html)"
146.190.69.139 - - [27/Feb/2026:10:21:13 -0500] "GET /wp-content/uploads/2021/03/anti-1-200x133.jpg%20200w,%20https://clavo.space/wp-content/uploads/2021/03/anti-1-300x200.jpg%20300w,%20https://clavo.space/wp-content/uploads/2021/03/anti-1-400x267.jpg%20400w,%20https://clavo.space/wp-content/uploads/2021/03/anti-1-500x333.jpg%20500w,%20https://clavo.space/wp-content/uploads/2021/03/anti-1-600x400.jpg%20600w,%20https://clavo.space/wp-content/uploads/2021/03/anti-1-700x467.jpg%20700w,%20https://clavo.space/wp-content/uploads/2021/03/anti-1-768x512.jpg%20768w,%20https://clavo.space/wp-content/uploads/2021/03/anti-1-800x533.jpg%20800w,%20https://clavo.space/wp-content/uploads/2021/03/anti-1.jpg%20900w HTTP/1.1" 301 - "https://clavo.space/" "Mozilla/5.0 (Windows NT 10.0; Win64; x64) AppleWebKit/537.36 (KHTML, like Gecko) Chrome/109.0.0.0 Safari/537.36"
54.37.252.118 - - [27/Feb/2026:10:21:14 -0500] "GET /shop/?add-to-cart=1923&product_orderby=rating&product_count=24&product_view=grid HTTP/1.1" 404 13532 "-" "Mozilla/5.0 (compatible; MJ12bot/v1.4.8; http://mj12bot.com/)"
146.190.69.139 - - [27/Feb/2026:10:21:18 -0500] "GET /wp-content/uploads/2021/03/anti-1-200x133.jpg%20200w,%20https:/clavo.space/wp-content/uploads/2021/03/anti-1-300x200.jpg%20300w,%20https:/clavo.space/wp-content/uploads/2021/03/anti-1-400x267.jpg%20400w,%20https:/clavo.space/wp-content/uploads/2021/03/anti-1-500x333.jpg%20500w,%20https:/clavo.space/wp-content/uploads/2021/03/anti-1-600x400.jpg%20600w,%20https:/clavo.space/wp-content/uploads/2021/03/anti-1-700x467.jpg%20700w,%20https:/clavo.space/wp-content/uploads/2021/03/anti-1-768x512.jpg%20768w,%20https:/clavo.space/wp-content/uploads/2021/03/anti-1-800x533.jpg%20800w,%20https:/clavo.space/wp-content/uploads/2021/03/anti-1.jpg%20900w HTTP/1.1" 404 13644 "https://clavo.space/" "Mozilla/5.0 (Windows NT 10.0; Win64; x64) AppleWebKit/537.36 (KHTML, like Gecko) Chrome/109.0.0.0 Safari/537.36"
185.191.171.10 - - [27/Feb/2026:10:21:19 -0500] "GET /events/tag/exhibition/day/2021-07-19/ HTTP/1.1" 200 14441 "-" "Mozilla/5.0 (compatible; SemrushBot/7~bl; +http://www.semrush.com/bot.html)"
51.75.151.149 - - [27/Feb/2026:10:21:23 -0500] "GET /wp-json/teknocore/v1/ HTTP/1.1" 404 117 "-" "Mozilla/5.0 (Windows NT 10.0; Win64; x64) AppleWebKit/537.36 (KHTML, like Gecko) Chrome/127.0.0.0 Safari/537.36"
54.37.252.118 - - [27/Feb/2026:10:21:23 -0500] "GET /shop/?add-to-cart=1923&product_orderby=rating&product_count=24&product_view=list HTTP/1.1" 404 13525 "-" "Mozilla/5.0 (compatible; MJ12bot/v1.4.8; http://mj12bot.com/)"
109.107.253.87 - - [27/Feb/2026:10:21:27 -0500] "GET /wp-content/uploads/2021/03/anti-1-200x133.jpg%20200w,%20https://clavo.space/wp-content/uploads/2021/03/anti-1-300x200.jpg%20300w,%20https://clavo.space/wp-content/uploads/2021/03/anti-1-400x267.jpg%20400w,%20https://clavo.space/wp-content/uploads/2021/03/anti-1-500x333.jpg%20500w,%20https://clavo.space/wp-content/uploads/2021/03/anti-1-600x400.jpg%20600w,%20https://clavo.space/wp-content/uploads/2021/03/anti-1-700x467.jpg%20700w,%20https://clavo.space/wp-content/uploads/2021/03/anti-1-768x512.jpg%20768w,%20https://clavo.space/wp-content/uploads/2021/03/anti-1-800x533.jpg%20800w,%20https://clavo.space/wp-content/uploads/2021/03/anti-1.jpg%20900w HTTP/1.1" 301 - "https://clavo.space/" "Mozilla/5.0 (Windows NT 10.0; Win64; x64) AppleWebKit/537.36 (KHTML, like Gecko) Chrome/109.0.0.0 Safari/537.36"
85.208.96.194 - - [27/Feb/2026:10:21:27 -0500] "GET /events/tag/clavo-space/list/?eventDisplay=past&tribe-bar-date=2028-04-22 HTTP/1.1" 200 20690 "-" "Mozilla/5.0 (compatible; SemrushBot/7~bl; +http://www.semrush.com/bot.html)"
162.253.224.18 - - [27/Feb/2026:10:21:34 -0500] "POST /wp-cron.php?doing_wp_cron=1772205694.6403660774230957031250 HTTP/1.1" 200 - "-" "WordPress/6.9.1; https://clavo.space"
54.37.252.118 - - [27/Feb/2026:10:21:32 -0500] "GET /shop/?add-to-cart=1923&product_orderby=rating&product_count=36&product_order=asc HTTP/1.1" 404 13527 "-" "Mozilla/5.0 (compatible; MJ12bot/v1.4.8; http://mj12bot.com/)"
103.137.7.232 - - [27/Feb/2026:10:21:36 -0500] "GET /wp-content/uploads/2021/03/anti-1-200x133.jpg%20200w,%20https:/clavo.space/wp-content/uploads/2021/03/anti-1-300x200.jpg%20300w,%20https:/clavo.space/wp-content/uploads/2021/03/anti-1-400x267.jpg%20400w,%20https:/clavo.space/wp-content/uploads/2021/03/anti-1-500x333.jpg%20500w,%20https:/clavo.space/wp-content/uploads/2021/03/anti-1-600x400.jpg%20600w,%20https:/clavo.space/wp-content/uploads/2021/03/anti-1-700x467.jpg%20700w,%20https:/clavo.space/wp-content/uploads/2021/03/anti-1-768x512.jpg%20768w,%20https:/clavo.space/wp-content/uploads/2021/03/anti-1-800x533.jpg%20800w,%20https:/clavo.space/wp-content/uploads/2021/03/anti-1.jpg%20900w HTTP/1.1" 404 13637 "https://clavo.space/" "Mozilla/5.0 (Windows NT 10.0; Win64; x64) AppleWebKit/537.36 (KHTML, like Gecko) Chrome/109.0.0.0 Safari/537.36"
54.37.252.118 - - [27/Feb/2026:10:21:38 -0500] "GET /shop/?add-to-cart=1923&product_orderby=rating&product_count=36&product_view=grid HTTP/1.1" 404 13530 "-" "Mozilla/5.0 (compatible; MJ12bot/v1.4.8; http://mj12bot.com/)"
66.249.79.69 - - [27/Feb/2026:10:21:40 -0500] "GET /page/3/?h=e4fv0s3jgc31lpk HTTP/1.1" 200 30629 "-" "Mozilla/5.0 (Linux; Android 6.0.1; Nexus 5X Build/MMB29P) AppleWebKit/537.36 (KHTML, like Gecko) Chrome/144.0.7559.132 Mobile Safari/537.36 (compatible; GoogleOther)"
66.249.79.72 - - [27/Feb/2026:10:21:44 -0500] "GET /?h=ecqxzfekfze0hcv HTTP/1.1" 301 - "-" "Mozilla/5.0 (Linux; Android 6.0.1; Nexus 5X Build/MMB29P) AppleWebKit/537.36 (KHTML, like Gecko) Chrome/144.0.7559.132 Mobile Safari/537.36 (compatible; Googlebot/2.1; +http://www.google.com/bot.html)"
54.37.252.118 - - [27/Feb/2026:10:21:46 -0500] "GET /shop/?add-to-cart=1923&product_orderby=rating&product_count=36&product_view=list HTTP/1.1" 404 13521 "-" "Mozilla/5.0 (compatible; MJ12bot/v1.4.8; http://mj12bot.com/)"
66.249.79.68 - - [27/Feb/2026:10:21:46 -0500] "GET /?h=ecqxzfekfze0hcv HTTP/1.1" 200 30761 "-" "Mozilla/5.0 (Linux; Android 6.0.1; Nexus 5X Build/MMB29P) AppleWebKit/537.36 (KHTML, like Gecko) Chrome/144.0.7559.132 Mobile Safari/537.36 (compatible; Googlebot/2.1; +http://www.google.com/bot.html)"
54.37.252.118 - - [27/Feb/2026:10:21:52 -0500] "GET /shop/?add-to-cart=1923&product_orderby=rating&product_order=desc&product_count=12 HTTP/1.1" 404 13509 "-" "Mozilla/5.0 (compatible; MJ12bot/v1.4.8; http://mj12bot.com/)"
114.119.148.154 - - [27/Feb/2026:10:21:55 -0500] "GET /product-tag/tania-riera/?product_count=24&product_view=grid&product_orderby=name HTTP/1.1" 301 - "https://clavo.space/product-tag/tania-riera/?product_count=24&product_view=grid" "Mozilla/5.0 (Linux; Android 7.0;) AppleWebKit/537.36 (KHTML, like Gecko) Mobile Safari/537.36 (compatible; PetalBot;+https://webmaster.petalsearch.com/site/petalbot)"
54.37.252.118 - - [27/Feb/2026:10:21:57 -0500] "GET /shop/?add-to-cart=1923&product_orderby=rating&product_order=desc&product_count=24 HTTP/1.1" 404 13531 "-" "Mozilla/5.0 (compatible; MJ12bot/v1.4.8; http://mj12bot.com/)"
114.119.148.154 - - [27/Feb/2026:10:21:57 -0500] "GET /portfolio-item/tania-riera/?product_count=24&product_view=grid&product_orderby=name HTTP/1.1" 200 20431 "https://clavo.space/product-tag/tania-riera/?product_count=24&product_view=grid" "Mozilla/5.0 (Linux; Android 7.0;) AppleWebKit/537.36 (KHTML, like Gecko) Mobile Safari/537.36 (compatible; PetalBot;+https://webmaster.petalsearch.com/site/petalbot)"
54.37.252.118 - - [27/Feb/2026:10:22:02 -0500] "GET /shop/?add-to-cart=1923&product_orderby=rating&product_order=desc&product_count=36 HTTP/1.1" 404 13530 "-" "Mozilla/5.0 (compatible; MJ12bot/v1.4.8; http://mj12bot.com/)"
54.37.252.118 - - [27/Feb/2026:10:22:06 -0500] "GET /shop/?add-to-cart=1923&product_view=list&product_count=24&product_orderby=rating HTTP/1.1" 404 13510 "-" "Mozilla/5.0 (compatible; MJ12bot/v1.4.8; http://mj12bot.com/)"
54.37.252.118 - - [27/Feb/2026:10:22:11 -0500] "GET /shop/?add-to-cart=1924&product_count=24&product_view=list HTTP/1.1" 404 13520 "-" "Mozilla/5.0 (compatible; MJ12bot/v1.4.8; http://mj12bot.com/)"
54.37.252.118 - - [27/Feb/2026:10:22:16 -0500] "GET /shop/?add-to-cart=1924&product_order=asc&product_count=12&product_orderby=date HTTP/1.1" 404 13528 "-" "Mozilla/5.0 (compatible; MJ12bot/v1.4.8; http://mj12bot.com/)"
54.37.252.118 - - [27/Feb/2026:10:22:21 -0500] "GET /shop/?add-to-cart=1924&product_order=asc&product_count=12&product_orderby=default HTTP/1.1" 404 13527 "-" "Mozilla/5.0 (compatible; MJ12bot/v1.4.8; http://mj12bot.com/)"
85.208.96.211 - - [27/Feb/2026:10:22:22 -0500] "GET /events/tag/art/list/?tribe-bar-date=2024-08-27 HTTP/1.1" 200 19716 "-" "Mozilla/5.0 (compatible; SemrushBot/7~bl; +http://www.semrush.com/bot.html)"
54.37.252.118 - - [27/Feb/2026:10:22:25 -0500] "GET /shop/?add-to-cart=1924&product_order=asc&product_count=12&product_orderby=name HTTP/1.1" 404 13527 "-" "Mozilla/5.0 (compatible; MJ12bot/v1.4.8; http://mj12bot.com/)"
185.191.171.11 - - [27/Feb/2026:10:22:28 -0500] "GET /events/tag/clavo-space/list/?tribe-bar-date=2023-03-08 HTTP/1.1" 200 19726 "-" "Mozilla/5.0 (compatible; SemrushBot/7~bl; +http://www.semrush.com/bot.html)"
54.37.252.118 - - [27/Feb/2026:10:22:30 -0500] "GET /shop/?add-to-cart=1924&product_order=asc&product_count=12&product_orderby=rating HTTP/1.1" 404 13525 "-" "Mozilla/5.0 (compatible; MJ12bot/v1.4.8; http://mj12bot.com/)"
162.253.224.18 - - [27/Feb/2026:10:22:36 -0500] "POST /wp-cron.php?doing_wp_cron=1772205755.9924449920654296875000 HTTP/1.1" 200 - "-" "WordPress/6.9.1; https://clavo.space"
85.208.96.210 - - [27/Feb/2026:10:22:34 -0500] "GET /events/tag/art/list/?eventDisplay=past&tribe-bar-date=2028-08-23 HTTP/1.1" 200 20699 "-" "Mozilla/5.0 (compatible; SemrushBot/7~bl; +http://www.semrush.com/bot.html)"
54.37.252.118 - - [27/Feb/2026:10:22:35 -0500] "GET /shop/?add-to-cart=1924&product_order=asc&product_count=24&product_orderby=date HTTP/1.1" 404 13528 "-" "Mozilla/5.0 (compatible; MJ12bot/v1.4.8; http://mj12bot.com/)"
54.37.252.118 - - [27/Feb/2026:10:22:41 -0500] "GET /shop/?add-to-cart=1924&product_order=asc&product_count=24&product_orderby=default HTTP/1.1" 404 13518 "-" "Mozilla/5.0 (compatible; MJ12bot/v1.4.8; http://mj12bot.com/)"
159.223.186.98 - - [27/Feb/2026:10:22:42 -0500] "GET /wp-content/uploads/2021/03/anti-2-200x300.jpg%20200w,%20https://clavo.space/wp-content/uploads/2021/03/anti-2-400x600.jpg%20400w,%20https://clavo.space/wp-content/uploads/2021/03/anti-2-500x750.jpg%20500w,%20https://clavo.space/wp-content/uploads/2021/03/anti-2.jpg%20600w HTTP/1.1" 301 - "https://clavo.space/" "Mozilla/5.0 (Windows NT 10.0; Win64; x64) AppleWebKit/537.36 (KHTML, like Gecko) Chrome/120.0.0.0 Safari/537.36"
174.138.31.206 - - [27/Feb/2026:10:22:42 -0500] "GET /wp-content/uploads/2021/03/BUSCANDO-UN-CORAZ-tienda-producto-200x154.jpg%20200w,%20https://clavo.space/wp-content/uploads/2021/03/BUSCANDO-UN-CORAZ-tienda-producto-300x231.jpg%20300w,%20https://clavo.space/wp-content/uploads/2021/03/BUSCANDO-UN-CORAZ-tienda-producto-400x308.jpg%20400w,%20https://clavo.space/wp-content/uploads/2021/03/BUSCANDO-UN-CORAZ-tienda-producto-500x385.jpg%20500w,%20https://clavo.space/wp-content/uploads/2021/03/BUSCANDO-UN-CORAZ-tienda-producto-600x462.jpg%20600w,%20https://clavo.space/wp-content/uploads/2021/03/BUSCANDO-UN-CORAZ-tienda-producto-700x538.jpg%20700w,%20https://clavo.space/wp-content/uploads/2021/03/BUSCANDO-UN-CORAZ-tienda-producto-768x591.jpg%20768w,%20https://clavo.space/wp-content/uploads/2021/03/BUSCANDO-UN-CORAZ-tienda-producto-800x615.jpg%20800w,%20https://clavo.space/wp-content/uploads/2021/03/BUSCANDO-UN-CORAZ-tienda-producto.jpg%20975w HTTP/1.1" 301 - "https://clavo.space/" "Mozilla/5.0 (Windows NT 10.0; Win64; x64) AppleWebKit/537.36 (KHTML, like Gecko) Chrome/124.0.0.0 Safari/537.36"
159.223.186.98 - - [27/Feb/2026:10:22:46 -0500] "GET /wp-content/uploads/2021/03/anti-2-200x300.jpg%20200w,%20https:/clavo.space/wp-content/uploads/2021/03/anti-2-400x600.jpg%20400w,%20https:/clavo.space/wp-content/uploads/2021/03/anti-2-500x750.jpg%20500w,%20https:/clavo.space/wp-content/uploads/2021/03/anti-2.jpg%20600w HTTP/1.1" 404 13583 "https://clavo.space/" "Mozilla/5.0 (Windows NT 10.0; Win64; x64) AppleWebKit/537.36 (KHTML, like Gecko) Chrome/120.0.0.0 Safari/537.36"
174.138.31.206 - - [27/Feb/2026:10:22:46 -0500] "GET /wp-content/uploads/2021/03/BUSCANDO-UN-CORAZ-tienda-producto-200x154.jpg%20200w,%20https:/clavo.space/wp-content/uploads/2021/03/BUSCANDO-UN-CORAZ-tienda-producto-300x231.jpg%20300w,%20https:/clavo.space/wp-content/uploads/2021/03/BUSCANDO-UN-CORAZ-tienda-producto-400x308.jpg%20400w,%20https:/clavo.space/wp-content/uploads/2021/03/BUSCANDO-UN-CORAZ-tienda-producto-500x385.jpg%20500w,%20https:/clavo.space/wp-content/uploads/2021/03/BUSCANDO-UN-CORAZ-tienda-producto-600x462.jpg%20600w,%20https:/clavo.space/wp-content/uploads/2021/03/BUSCANDO-UN-CORAZ-tienda-producto-700x538.jpg%20700w,%20https:/clavo.space/wp-content/uploads/2021/03/BUSCANDO-UN-CORAZ-tienda-producto-768x591.jpg%20768w,%20https:/clavo.space/wp-content/uploads/2021/03/BUSCANDO-UN-CORAZ-tienda-producto-800x615.jpg%20800w,%20https:/clavo.space/wp-content/uploads/2021/03/BUSCANDO-UN-CORAZ-tienda-producto.jpg%20975w HTTP/1.1" 404 13683 "https://clavo.space/" "Mozilla/5.0 (Windows NT 10.0; Win64; x64) AppleWebKit/537.36 (KHTML, like Gecko) Chrome/124.0.0.0 Safari/537.36"
103.145.51.107 - - [27/Feb/2026:10:22:47 -0500] "POST /xmlrpc.php HTTP/1.1" 200 225 "-" "Mozilla/5.0 (Windows NT 6.1; WOW64; Trident/7.0; rv:11.0; MSN 9.0;MSN 9.1;MSN 9.6;MSN 10.0;MSN 10.2;MSN 10.5; MSNbMSNI; MSNmen-us; MSNcIA)"
54.37.252.118 - - [27/Feb/2026:10:22:47 -0500] "GET /shop/?add-to-cart=1924&product_order=asc&product_count=24&product_orderby=name HTTP/1.1" 404 13527 "-" "Mozilla/5.0 (compatible; MJ12bot/v1.4.8; http://mj12bot.com/)"
85.208.96.205 - - [27/Feb/2026:10:22:49 -0500] "GET /events/list/?eventDisplay=past&tribe-bar-date=2022-09-07 HTTP/1.1" 200 20444 "-" "Mozilla/5.0 (compatible; SemrushBot/7~bl; +http://www.semrush.com/bot.html)"
177.230.130.45 - - [27/Feb/2026:10:22:51 -0500] "GET /wp-content/uploads/2021/03/anti-2-200x300.jpg%20200w,%20https://clavo.space/wp-content/uploads/2021/03/anti-2-400x600.jpg%20400w,%20https://clavo.space/wp-content/uploads/2021/03/anti-2-500x750.jpg%20500w,%20https://clavo.space/wp-content/uploads/2021/03/anti-2.jpg%20600w HTTP/1.1" 301 - "https://clavo.space/" "Mozilla/5.0 (Windows NT 10.0; Win64; x64) AppleWebKit/537.36 (KHTML, like Gecko) Chrome/120.0.0.0 Safari/537.36"
54.39.89.251 - - [27/Feb/2026:10:22:54 -0500] "GET /product-category/paintings/coffe-and-ashes/?product_orderby=rating&product_view=list&product_order=desc&product_count=24 HTTP/1.1" 404 13559 "-" "Mozilla/5.0 (compatible; AhrefsBot/7.0; +http://ahrefs.com/robot/)"
54.37.252.118 - - [27/Feb/2026:10:22:55 -0500] "GET /shop/?add-to-cart=1924&product_order=asc&product_count=24&product_orderby=popularity HTTP/1.1" 404 13525 "-" "Mozilla/5.0 (compatible; MJ12bot/v1.4.8; http://mj12bot.com/)"
54.37.252.118 - - [27/Feb/2026:10:23:00 -0500] "GET /shop/?add-to-cart=1924&product_order=asc&product_count=24&product_orderby=price HTTP/1.1" 404 13526 "-" "Mozilla/5.0 (compatible; MJ12bot/v1.4.8; http://mj12bot.com/)"
106.202.49.188 - - [27/Feb/2026:10:23:03 -0500] "GET /wp-content/uploads/2021/03/BUSCANDO-UN-CORAZ-tienda-producto-200x154.jpg%20200w,%20https://clavo.space/wp-content/uploads/2021/03/BUSCANDO-UN-CORAZ-tienda-producto-300x231.jpg%20300w,%20https://clavo.space/wp-content/uploads/2021/03/BUSCANDO-UN-CORAZ-tienda-producto-400x308.jpg%20400w,%20https://clavo.space/wp-content/uploads/2021/03/BUSCANDO-UN-CORAZ-tienda-producto-500x385.jpg%20500w,%20https://clavo.space/wp-content/uploads/2021/03/BUSCANDO-UN-CORAZ-tienda-producto-600x462.jpg%20600w,%20https://clavo.space/wp-content/uploads/2021/03/BUSCANDO-UN-CORAZ-tienda-producto-700x538.jpg%20700w,%20https://clavo.space/wp-content/uploads/2021/03/BUSCANDO-UN-CORAZ-tienda-producto-768x591.jpg%20768w,%20https://clavo.space/wp-content/uploads/2021/03/BUSCANDO-UN-CORAZ-tienda-producto-800x615.jpg%20800w,%20https://clavo.space/wp-content/uploads/2021/03/BUSCANDO-UN-CORAZ-tienda-producto.jpg%20975w HTTP/1.1" 301 - "https://clavo.space/" "Mozilla/5.0 (Windows NT 10.0; Win64; x64) AppleWebKit/537.36 (KHTML, like Gecko) Chrome/124.0.0.0 Safari/537.36"
54.37.252.118 - - [27/Feb/2026:10:23:05 -0500] "GET /shop/?add-to-cart=1924&product_order=asc&product_count=24&product_orderby=rating HTTP/1.1" 404 13530 "-" "Mozilla/5.0 (compatible; MJ12bot/v1.4.8; http://mj12bot.com/)"
185.191.171.6 - - [27/Feb/2026:10:23:07 -0500] "GET /events/tag/clavo-space/list/?tribe-bar-date=2022-05-10 HTTP/1.1" 200 19719 "-" "Mozilla/5.0 (compatible; SemrushBot/7~bl; +http://www.semrush.com/bot.html)"
54.37.252.118 - - [27/Feb/2026:10:23:10 -0500] "GET /shop/?add-to-cart=1924&product_order=asc&product_count=24&product_view=list HTTP/1.1" 404 13517 "-" "Mozilla/5.0 (compatible; MJ12bot/v1.4.8; http://mj12bot.com/)"
205.185.114.145 - - [27/Feb/2026:10:23:12 -0500] "GET /wp-login.php HTTP/1.1" 200 6864 "-" "Mozilla/5.0 (compatible; MSIE 10.0; Windows NT 6.1; WOW64; Trident/6.0)"
205.185.114.145 - - [27/Feb/2026:10:23:13 -0500] "POST /wp-login.php HTTP/1.1" 200 7350 "-" "Mozilla/5.0 (compatible; MSIE 10.0; Windows NT 6.1; WOW64; Trident/6.0)"
54.37.252.118 - - [27/Feb/2026:10:23:14 -0500] "GET /shop/?add-to-cart=1924&product_orderby=date&product_count=24&product_view=grid HTTP/1.1" 404 13528 "-" "Mozilla/5.0 (compatible; MJ12bot/v1.4.8; http://mj12bot.com/)"
114.119.136.13 - - [27/Feb/2026:10:23:16 -0500] "GET /product-tag/tania-riera/?product_count=12&product_orderby=price&product_view=grid&product_order=asc HTTP/1.1" 301 - "https://clavo.space/product-tag/tania-riera/?product_count=36&product_orderby=price&product_view=grid&product_order=asc" "Mozilla/5.0 (Linux; Android 7.0;) AppleWebKit/537.36 (KHTML, like Gecko) Mobile Safari/537.36 (compatible; PetalBot;+https://webmaster.petalsearch.com/site/petalbot)"
114.119.136.13 - - [27/Feb/2026:10:23:18 -0500] "GET /portfolio-item/tania-riera/?product_count=12&product_orderby=price&product_view=grid&product_order=asc HTTP/1.1" 200 20445 "https://clavo.space/product-tag/tania-riera/?product_count=36&product_orderby=price&product_view=grid&product_order=asc" "Mozilla/5.0 (Linux; Android 7.0;) AppleWebKit/537.36 (KHTML, like Gecko) Mobile Safari/537.36 (compatible; PetalBot;+https://webmaster.petalsearch.com/site/petalbot)"
54.37.252.118 - - [27/Feb/2026:10:23:19 -0500] "GET /shop/?add-to-cart=1924&product_orderby=date&product_count=24&product_view=list HTTP/1.1" 404 13525 "-" "Mozilla/5.0 (compatible; MJ12bot/v1.4.8; http://mj12bot.com/)"
54.37.252.118 - - [27/Feb/2026:10:23:24 -0500] "GET /shop/?add-to-cart=1924&product_orderby=date&product_count=36&product_view=grid HTTP/1.1" 404 13530 "-" "Mozilla/5.0 (compatible; MJ12bot/v1.4.8; http://mj12bot.com/)"
45.6.51.97 - - [27/Feb/2026:10:23:28 -0500] "GET /wp-login.php HTTP/1.1" 200 2093 "-" "Mozilla/5.0 (Windows NT 10.0; Win64; x64) AppleWebKit/537.36 (KHTML, like Gecko) Chrome/64.0.3282.168 Safari/537.36 OPR/51.0.2830.40"
54.37.252.118 - - [27/Feb/2026:10:23:29 -0500] "GET /shop/?add-to-cart=1924&product_orderby=default&product_count=24&product_order=desc HTTP/1.1" 404 13530 "-" "Mozilla/5.0 (compatible; MJ12bot/v1.4.8; http://mj12bot.com/)"
45.6.51.97 - - [27/Feb/2026:10:23:30 -0500] "POST /wp-login.php HTTP/1.1" 200 2224 "https://212productions.net/wp-login.php" "Mozilla/5.0 (Windows NT 10.0; Win64; x64) AppleWebKit/537.36 (KHTML, like Gecko) Chrome/64.0.3282.168 Safari/537.36 OPR/51.0.2830.40"
162.253.224.18 - - [27/Feb/2026:10:23:36 -0500] "POST /wp-cron.php?doing_wp_cron=1772205816.2349519729614257812500 HTTP/1.1" 200 - "-" "WordPress/6.9.1; https://clavo.space"
54.37.252.118 - - [27/Feb/2026:10:23:35 -0500] "GET /shop/?add-to-cart=1924&product_orderby=default&product_count=24&product_view=grid HTTP/1.1" 404 13529 "-" "Mozilla/5.0 (compatible; MJ12bot/v1.4.8; http://mj12bot.com/)"
54.37.252.118 - - [27/Feb/2026:10:23:39 -0500] "GET /shop/?add-to-cart=1924&product_orderby=default&product_count=24&product_view=list HTTP/1.1" 404 13527 "-" "Mozilla/5.0 (compatible; MJ12bot/v1.4.8; http://mj12bot.com/)"
54.37.252.118 - - [27/Feb/2026:10:23:44 -0500] "GET /shop/?add-to-cart=1924&product_orderby=default&product_count=36&product_order=desc HTTP/1.1" 404 13525 "-" "Mozilla/5.0 (compatible; MJ12bot/v1.4.8; http://mj12bot.com/)"
54.37.252.118 - - [27/Feb/2026:10:23:49 -0500] "GET /shop/?add-to-cart=1924&product_orderby=default&product_count=36&product_view=grid HTTP/1.1" 404 13528 "-" "Mozilla/5.0 (compatible; MJ12bot/v1.4.8; http://mj12bot.com/)"
54.37.252.118 - - [27/Feb/2026:10:23:54 -0500] "GET /shop/?add-to-cart=1924&product_orderby=name&product_count=24&product_order=desc HTTP/1.1" 404 13531 "-" "Mozilla/5.0 (compatible; MJ12bot/v1.4.8; http://mj12bot.com/)"
54.37.252.118 - - [27/Feb/2026:10:23:58 -0500] "GET /shop/?add-to-cart=1924&product_orderby=name&product_count=24&product_view=grid HTTP/1.1" 404 13529 "-" "Mozilla/5.0 (compatible; MJ12bot/v1.4.8; http://mj12bot.com/)"
54.37.252.118 - - [27/Feb/2026:10:24:03 -0500] "GET /shop/?add-to-cart=1924&product_orderby=name&product_count=24&product_view=list HTTP/1.1" 404 13529 "-" "Mozilla/5.0 (compatible; MJ12bot/v1.4.8; http://mj12bot.com/)"
54.37.252.118 - - [27/Feb/2026:10:24:08 -0500] "GET /shop/?add-to-cart=1924&product_orderby=name&product_count=36&product_order=desc HTTP/1.1" 404 13521 "-" "Mozilla/5.0 (compatible; MJ12bot/v1.4.8; http://mj12bot.com/)"
185.191.171.6 - - [27/Feb/2026:10:24:12 -0500] "GET /events/tag/clavo-space/list/?eventDisplay=past&tribe-bar-date=2026-11-02 HTTP/1.1" 200 20692 "-" "Mozilla/5.0 (compatible; SemrushBot/7~bl; +http://www.semrush.com/bot.html)"
54.37.252.118 - - [27/Feb/2026:10:24:13 -0500] "GET /shop/?add-to-cart=1924&product_orderby=name&product_count=36&product_view=grid HTTP/1.1" 404 13531 "-" "Mozilla/5.0 (compatible; MJ12bot/v1.4.8; http://mj12bot.com/)"
54.37.252.118 - - [27/Feb/2026:10:24:18 -0500] "GET /shop/?add-to-cart=1924&product_orderby=popularity&product_count=24&product_view=grid HTTP/1.1" 404 13529 "-" "Mozilla/5.0 (compatible; MJ12bot/v1.4.8; http://mj12bot.com/)"
54.37.252.118 - - [27/Feb/2026:10:24:23 -0500] "GET /shop/?add-to-cart=1925&product_count=12&product_order=desc HTTP/1.1" 404 13529 "-" "Mozilla/5.0 (compatible; MJ12bot/v1.4.8; http://mj12bot.com/)"
54.37.252.118 - - [27/Feb/2026:10:24:28 -0500] "GET /shop/?add-to-cart=1925&product_count=12&product_orderby=date HTTP/1.1" 404 13528 "-" "Mozilla/5.0 (compatible; MJ12bot/v1.4.8; http://mj12bot.com/)"
162.253.224.18 - - [27/Feb/2026:10:24:33 -0500] "POST /wp-cron.php?doing_wp_cron=1772205873.9245889186859130859375 HTTP/1.1" 200 - "-" "WordPress/6.9.1; https://clavo.space"
54.37.252.118 - - [27/Feb/2026:10:24:32 -0500] "GET /shop/?add-to-cart=1925&product_count=12&product_orderby=default HTTP/1.1" 404 13520 "-" "Mozilla/5.0 (compatible; MJ12bot/v1.4.8; http://mj12bot.com/)"
85.208.96.212 - - [27/Feb/2026:10:24:33 -0500] "GET /events/category/exhibition/list/?eventDisplay=past&tribe-bar-date=2023-10-29 HTTP/1.1" 200 20725 "-" "Mozilla/5.0 (compatible; SemrushBot/7~bl; +http://www.semrush.com/bot.html)"
54.37.252.118 - - [27/Feb/2026:10:24:37 -0500] "GET /shop/?add-to-cart=1925&product_count=12&product_orderby=name HTTP/1.1" 404 13529 "-" "Mozilla/5.0 (compatible; MJ12bot/v1.4.8; http://mj12bot.com/)"
114.119.148.154 - - [27/Feb/2026:10:24:40 -0500] "GET /product-tag/tania-riera HTTP/1.1" 301 - "https://clavo.space/product-tag/tania-riera?product_orderby=default&product_count=36&product_order=desc" "Mozilla/5.0 (Linux; Android 7.0;) AppleWebKit/537.36 (KHTML, like Gecko) Mobile Safari/537.36 (compatible; PetalBot;+https://webmaster.petalsearch.com/site/petalbot)"
114.119.148.154 - - [27/Feb/2026:10:24:42 -0500] "GET /portfolio-item/tania-riera/ HTTP/1.1" 200 20438 "https://clavo.space/product-tag/tania-riera?product_orderby=default&product_count=36&product_order=desc" "Mozilla/5.0 (Linux; Android 7.0;) AppleWebKit/537.36 (KHTML, like Gecko) Mobile Safari/537.36 (compatible; PetalBot;+https://webmaster.petalsearch.com/site/petalbot)"
54.37.252.118 - - [27/Feb/2026:10:24:42 -0500] "GET /shop/?add-to-cart=1925&product_count=12&product_orderby=popularity HTTP/1.1" 404 13522 "-" "Mozilla/5.0 (compatible; MJ12bot/v1.4.8; http://mj12bot.com/)"
54.37.252.118 - - [27/Feb/2026:10:24:48 -0500] "GET /shop/?add-to-cart=1925&product_count=12&product_view=grid HTTP/1.1" 404 13529 "-" "Mozilla/5.0 (compatible; MJ12bot/v1.4.8; http://mj12bot.com/)"
209.141.40.112 - - [27/Feb/2026:10:24:51 -0500] "GET /wp-login.php HTTP/1.1" 200 2093 "https://duckduckgo.com/" "Mozilla/5.0 (Windows NT 11.0; Win64; x64) AppleWebKit/537.36 (KHTML, like Gecko) Chrome/131.0.0.0 Safari/537.36"
66.249.79.73 - - [27/Feb/2026:10:24:51 -0500] "GET /?h=ecnlwcblcwbxr9s HTTP/1.1" 301 - "-" "Mozilla/5.0 (Linux; Android 6.0.1; Nexus 5X Build/MMB29P) AppleWebKit/537.36 (KHTML, like Gecko) Chrome/144.0.7559.132 Mobile Safari/537.36 (compatible; Googlebot/2.1; +http://www.google.com/bot.html)"
54.37.252.118 - - [27/Feb/2026:10:24:52 -0500] "GET /shop/?add-to-cart=1925&product_count=12&product_view=list HTTP/1.1" 404 13527 "-" "Mozilla/5.0 (compatible; MJ12bot/v1.4.8; http://mj12bot.com/)"
66.249.79.68 - - [27/Feb/2026:10:24:54 -0500] "GET /?h=ecnlwcblcwbxr9s HTTP/1.1" 200 30766 "-" "Mozilla/5.0 (Linux; Android 6.0.1; Nexus 5X Build/MMB29P) AppleWebKit/537.36 (KHTML, like Gecko) Chrome/144.0.7559.132 Mobile Safari/537.36 (compatible; Googlebot/2.1; +http://www.google.com/bot.html)"
209.141.40.112 - - [27/Feb/2026:10:24:56 -0500] "POST /wp-login.php HTTP/1.1" 200 2235 "https://duckduckgo.com/" "Mozilla/5.0 (Windows NT 11.0; Win64; x64) AppleWebKit/537.36 (KHTML, like Gecko) Chrome/131.0.0.0 Safari/537.36"
54.37.252.118 - - [27/Feb/2026:10:24:58 -0500] "GET /shop/?add-to-cart=1925&product_count=24&product_orderby=price HTTP/1.1" 404 13531 "-" "Mozilla/5.0 (compatible; MJ12bot/v1.4.8; http://mj12bot.com/)"
85.208.96.194 - - [27/Feb/2026:10:25:03 -0500] "GET /events/tag/exhibition/list/?eventDisplay=past&tribe-bar-date=2020-11-03 HTTP/1.1" 200 20688 "-" "Mozilla/5.0 (compatible; SemrushBot/7~bl; +http://www.semrush.com/bot.html)"
54.37.252.118 - - [27/Feb/2026:10:25:03 -0500] "GET /shop/?add-to-cart=1925&product_count=24&product_orderby=rating HTTP/1.1" 404 13528 "-" "Mozilla/5.0 (compatible; MJ12bot/v1.4.8; http://mj12bot.com/)"
54.37.252.118 - - [27/Feb/2026:10:25:08 -0500] "GET /shop/?add-to-cart=1925&product_count=36&product_view=grid HTTP/1.1" 404 13534 "-" "Mozilla/5.0 (compatible; MJ12bot/v1.4.8; http://mj12bot.com/)"
54.37.252.118 - - [27/Feb/2026:10:25:13 -0500] "GET /shop/?add-to-cart=1925&product_order=asc&product_count=12&product_orderby=date HTTP/1.1" 404 13532 "-" "Mozilla/5.0 (compatible; MJ12bot/v1.4.8; http://mj12bot.com/)"
54.37.252.118 - - [27/Feb/2026:10:25:18 -0500] "GET /shop/?add-to-cart=1925&product_order=asc&product_count=12&product_orderby=default HTTP/1.1" 404 13530 "-" "Mozilla/5.0 (compatible; MJ12bot/v1.4.8; http://mj12bot.com/)"
54.37.252.118 - - [27/Feb/2026:10:25:23 -0500] "GET /shop/?add-to-cart=1925&product_order=asc&product_count=12&product_orderby=name HTTP/1.1" 404 13535 "-" "Mozilla/5.0 (compatible; MJ12bot/v1.4.8; http://mj12bot.com/)"
185.191.171.18 - - [27/Feb/2026:10:25:23 -0500] "GET /events/tag/art/day/2021-03-09/ HTTP/1.1" 200 14434 "-" "Mozilla/5.0 (compatible; SemrushBot/7~bl; +http://www.semrush.com/bot.html)"
54.37.252.118 - - [27/Feb/2026:10:25:29 -0500] "GET /shop/?add-to-cart=1925&product_order=asc&product_count=12&product_orderby=popularity HTTP/1.1" 404 13528 "-" "Mozilla/5.0 (compatible; MJ12bot/v1.4.8; http://mj12bot.com/)"
162.253.224.18 - - [27/Feb/2026:10:25:34 -0500] "POST /wp-cron.php?doing_wp_cron=1772205934.8351809978485107421875 HTTP/1.1" 200 - "-" "WordPress/6.9.1; https://clavo.space"
54.37.252.118 - - [27/Feb/2026:10:25:33 -0500] "GET /shop/?add-to-cart=1925&product_order=asc&product_count=12&product_orderby=price HTTP/1.1" 404 13525 "-" "Mozilla/5.0 (compatible; MJ12bot/v1.4.8; http://mj12bot.com/)"
54.37.252.118 - - [27/Feb/2026:10:25:38 -0500] "GET /shop/?add-to-cart=1925&product_order=asc&product_count=12&product_orderby=rating HTTP/1.1" 404 13523 "-" "Mozilla/5.0 (compatible; MJ12bot/v1.4.8; http://mj12bot.com/)"
54.37.252.118 - - [27/Feb/2026:10:25:43 -0500] "GET /shop/?add-to-cart=1925&product_order=asc&product_count=24&product_orderby=default HTTP/1.1" 404 13526 "-" "Mozilla/5.0 (compatible; MJ12bot/v1.4.8; http://mj12bot.com/)"
43.154.209.45 - - [27/Feb/2026:10:25:45 -0500] "GET /product-tag/sculpture/?product_count=24&product_view=grid&product_orderby=popularity HTTP/1.1" 404 13536 "https://clavo.space/product-tag/sculpture/?product_count=24&product_view=grid&product_orderby=popularity" "Mozilla/5.0 (Windows NT 10.0; Win64; x64) AppleWebKit/537.36 (KHTML, like Gecko) Chrome/101.0.4951.64 Safari/537.36 Edg/101.0.1210.47"
54.37.252.118 - - [27/Feb/2026:10:25:47 -0500] "GET /shop/?add-to-cart=1925&product_order=asc&product_count=24&product_orderby=name HTTP/1.1" 404 13523 "-" "Mozilla/5.0 (compatible; MJ12bot/v1.4.8; http://mj12bot.com/)"
185.191.171.17 - - [27/Feb/2026:10:25:48 -0500] "GET /events/tag/opening/list/?eventDisplay=past&tribe-bar-date=2023-06-09 HTTP/1.1" 200 20688 "-" "Mozilla/5.0 (compatible; SemrushBot/7~bl; +http://www.semrush.com/bot.html)"
54.37.252.118 - - [27/Feb/2026:10:25:53 -0500] "GET /shop/?add-to-cart=1925&product_order=asc&product_count=24&product_orderby=popularity HTTP/1.1" 404 13528 "-" "Mozilla/5.0 (compatible; MJ12bot/v1.4.8; http://mj12bot.com/)"
54.37.252.118 - - [27/Feb/2026:10:25:57 -0500] "GET /shop/?add-to-cart=1925&product_order=asc&product_count=24&product_orderby=price HTTP/1.1" 404 13525 "-" "Mozilla/5.0 (compatible; MJ12bot/v1.4.8; http://mj12bot.com/)"
66.249.79.69 - - [27/Feb/2026:10:25:59 -0500] "GET /page/2/?h=es7i48vjksv5p5c HTTP/1.1" 200 30444 "-" "Mozilla/5.0 (Linux; Android 6.0.1; Nexus 5X Build/MMB29P) AppleWebKit/537.36 (KHTML, like Gecko) Chrome/144.0.7559.132 Mobile Safari/537.36 (compatible; GoogleOther)"
54.37.252.118 - - [27/Feb/2026:10:26:02 -0500] "GET /shop/?add-to-cart=1925&product_order=asc&product_count=24&product_orderby=rating HTTP/1.1" 404 13525 "-" "Mozilla/5.0 (compatible; MJ12bot/v1.4.8; http://mj12bot.com/)"
114.119.153.245 - - [27/Feb/2026:10:26:03 -0500] "GET /product-tag/sculpture/?product_orderby=popularity&product_view=grid&product_count=36&product_order=asc HTTP/1.1" 404 13544 "https://clavo.space/product-tag/sculpture/?product_orderby=default&product_view=grid&product_count=36&product_order=asc" "Mozilla/5.0 (Linux; Android 7.0;) AppleWebKit/537.36 (KHTML, like Gecko) Mobile Safari/537.36 (compatible; PetalBot;+https://webmaster.petalsearch.com/site/petalbot)"
54.37.252.118 - - [27/Feb/2026:10:26:07 -0500] "GET /shop/?add-to-cart=1925&product_order=asc&product_count=24&product_view=grid HTTP/1.1" 404 13527 "-" "Mozilla/5.0 (compatible; MJ12bot/v1.4.8; http://mj12bot.com/)"
54.37.252.118 - - [27/Feb/2026:10:26:12 -0500] "GET /shop/?add-to-cart=1925&product_order=asc&product_count=24&product_view=list HTTP/1.1" 404 13529 "-" "Mozilla/5.0 (compatible; MJ12bot/v1.4.8; http://mj12bot.com/)"
54.37.252.118 - - [27/Feb/2026:10:26:16 -0500] "GET /shop/?add-to-cart=1925&product_order=asc&product_count=36 HTTP/1.1" 404 13521 "-" "Mozilla/5.0 (compatible; MJ12bot/v1.4.8; http://mj12bot.com/)"
185.191.171.15 - - [27/Feb/2026:10:26:19 -0500] "GET /events/tag/exhibition/list/?tribe-bar-date=2023-09-26 HTTP/1.1" 200 19715 "-" "Mozilla/5.0 (compatible; SemrushBot/7~bl; +http://www.semrush.com/bot.html)"
54.37.252.118 - - [27/Feb/2026:10:26:21 -0500] "GET /shop/?add-to-cart=1925&product_order=asc&product_count=36&product_orderby=date HTTP/1.1" 404 13520 "-" "Mozilla/5.0 (compatible; MJ12bot/v1.4.8; http://mj12bot.com/)"
54.37.252.118 - - [27/Feb/2026:10:26:26 -0500] "GET /shop/?add-to-cart=1925&product_order=asc&product_count=36&product_orderby=default HTTP/1.1" 404 13531 "-" "Mozilla/5.0 (compatible; MJ12bot/v1.4.8; http://mj12bot.com/)"
54.37.252.118 - - [27/Feb/2026:10:26:31 -0500] "GET /shop/?add-to-cart=1925&product_order=asc&product_count=36&product_orderby=name HTTP/1.1" 404 13528 "-" "Mozilla/5.0 (compatible; MJ12bot/v1.4.8; http://mj12bot.com/)"
162.253.224.18 - - [27/Feb/2026:10:26:37 -0500] "POST /wp-cron.php?doing_wp_cron=1772205997.2652690410614013671875 HTTP/1.1" 200 - "-" "WordPress/6.9.1; https://clavo.space"
54.37.252.118 - - [27/Feb/2026:10:26:36 -0500] "GET /shop/?add-to-cart=1925&product_order=asc&product_count=36&product_orderby=popularity HTTP/1.1" 404 13521 "-" "Mozilla/5.0 (compatible; MJ12bot/v1.4.8; http://mj12bot.com/)"
54.37.252.118 - - [27/Feb/2026:10:26:40 -0500] "GET /shop/?add-to-cart=1925&product_order=asc&product_count=36&product_orderby=price HTTP/1.1" 404 13528 "-" "Mozilla/5.0 (compatible; MJ12bot/v1.4.8; http://mj12bot.com/)"
85.208.96.199 - - [27/Feb/2026:10:26:40 -0500] "GET /events/tag/exhibition/list/?tribe-bar-date=2026-01-22 HTTP/1.1" 200 19708 "-" "Mozilla/5.0 (compatible; SemrushBot/7~bl; +http://www.semrush.com/bot.html)"
54.37.252.118 - - [27/Feb/2026:10:26:46 -0500] "GET /shop/?add-to-cart=1925&product_order=asc&product_count=36&product_orderby=rating HTTP/1.1" 404 13526 "-" "Mozilla/5.0 (compatible; MJ12bot/v1.4.8; http://mj12bot.com/)"
54.37.252.118 - - [27/Feb/2026:10:26:51 -0500] "GET /shop/?add-to-cart=1925&product_order=asc&product_count=36&product_view=grid HTTP/1.1" 404 13525 "-" "Mozilla/5.0 (compatible; MJ12bot/v1.4.8; http://mj12bot.com/)"
54.37.252.118 - - [27/Feb/2026:10:26:55 -0500] "GET /shop/?add-to-cart=1925&product_order=asc&product_count=36&product_view=list HTTP/1.1" 404 13522 "-" "Mozilla/5.0 (compatible; MJ12bot/v1.4.8; http://mj12bot.com/)"
85.208.96.209 - - [27/Feb/2026:10:26:59 -0500] "GET /events/tag/exhibition/list/?eventDisplay=past&tribe-bar-date=2021-12-13 HTTP/1.1" 200 20684 "-" "Mozilla/5.0 (compatible; SemrushBot/7~bl; +http://www.semrush.com/bot.html)"
54.37.252.118 - - [27/Feb/2026:10:27:00 -0500] "GET /shop/?add-to-cart=1925&product_order=desc&product_count=12&product_orderby=date HTTP/1.1" 404 13528 "-" "Mozilla/5.0 (compatible; MJ12bot/v1.4.8; http://mj12bot.com/)"
85.208.96.209 - - [27/Feb/2026:10:27:04 -0500] "GET /events/tag/art/list/?eventDisplay=past&tribe-bar-date=2025-02-14 HTTP/1.1" 200 20691 "-" "Mozilla/5.0 (compatible; SemrushBot/7~bl; +http://www.semrush.com/bot.html)"
54.37.252.118 - - [27/Feb/2026:10:27:05 -0500] "GET /shop/?add-to-cart=1925&product_order=desc&product_count=12&product_orderby=default HTTP/1.1" 404 13533 "-" "Mozilla/5.0 (compatible; MJ12bot/v1.4.8; http://mj12bot.com/)"
54.37.252.118 - - [27/Feb/2026:10:27:11 -0500] "GET /shop/?add-to-cart=1925&product_order=desc&product_count=12&product_orderby=name HTTP/1.1" 404 13528 "-" "Mozilla/5.0 (compatible; MJ12bot/v1.4.8; http://mj12bot.com/)"
54.37.252.118 - - [27/Feb/2026:10:27:15 -0500] "GET /shop/?add-to-cart=1925&product_order=desc&product_count=12&product_orderby=popularity HTTP/1.1" 404 13529 "-" "Mozilla/5.0 (compatible; MJ12bot/v1.4.8; http://mj12bot.com/)"
54.37.252.118 - - [27/Feb/2026:10:27:20 -0500] "GET /shop/?add-to-cart=1925&product_order=desc&product_count=12&product_orderby=price HTTP/1.1" 404 13516 "-" "Mozilla/5.0 (compatible; MJ12bot/v1.4.8; http://mj12bot.com/)"
20.111.28.243 - - [27/Feb/2026:10:27:25 -0500] "GET /wp/wp-content/uploads/2021/07/solmexvinvi1-500x383.png HTTP/1.1" 200 216831 "-" "Mozilla/5.0 (compatible; BingIndexCrawler/1.0)"
54.37.252.118 - - [27/Feb/2026:10:27:25 -0500] "GET /shop/?add-to-cart=1925&product_order=desc&product_count=12&product_orderby=rating HTTP/1.1" 404 13530 "-" "Mozilla/5.0 (compatible; MJ12bot/v1.4.8; http://mj12bot.com/)"
85.208.96.212 - - [27/Feb/2026:10:27:26 -0500] "GET /events/tag/exhibition/list/?tribe-bar-date=2029-04-26 HTTP/1.1" 200 19714 "-" "Mozilla/5.0 (compatible; SemrushBot/7~bl; +http://www.semrush.com/bot.html)"
114.119.153.245 - - [27/Feb/2026:10:27:27 -0500] "GET /product-tag/sculpture/?product_order=desc&product_count=12&product_orderby=name HTTP/1.1" 404 13547 "https://clavo.space/product-tag/sculpture/?product_order=desc&product_count=12" "Mozilla/5.0 (Linux; Android 7.0;) AppleWebKit/537.36 (KHTML, like Gecko) Mobile Safari/537.36 (compatible; PetalBot;+https://webmaster.petalsearch.com/site/petalbot)"
162.253.224.18 - - [27/Feb/2026:10:27:36 -0500] "POST /wp-cron.php?doing_wp_cron=1772206056.1391959190368652343750 HTTP/1.1" 200 - "-" "WordPress/6.9.1; https://clavo.space"
54.37.252.118 - - [27/Feb/2026:10:27:33 -0500] "GET /shop/?add-to-cart=1925&product_order=desc&product_count=12&product_view=grid HTTP/1.1" 404 13521 "-" "Mozilla/5.0 (compatible; MJ12bot/v1.4.8; http://mj12bot.com/)"
135.125.108.44 - - [27/Feb/2026:10:27:39 -0500] "GET /wp-login.php HTTP/1.1" 200 2093 "-" "Mozilla/5.0 (Macintosh; Intel Mac OS X 10_11_6) AppleWebKit/537.36 (KHTML, like Gecko) Chrome/66.0.3359.117 Safari/537.36"
54.37.252.118 - - [27/Feb/2026:10:27:40 -0500] "GET /shop/?add-to-cart=1925&product_order=desc&product_count=12&product_view=list HTTP/1.1" 404 13526 "-" "Mozilla/5.0 (compatible; MJ12bot/v1.4.8; http://mj12bot.com/)"
135.125.108.44 - - [27/Feb/2026:10:27:42 -0500] "POST /wp-login.php HTTP/1.1" 200 2224 "https://212productions.net/wp-login.php" "Mozilla/5.0 (Macintosh; Intel Mac OS X 10_11_6) AppleWebKit/537.36 (KHTML, like Gecko) Chrome/66.0.3359.117 Safari/537.36"
54.37.252.118 - - [27/Feb/2026:10:27:47 -0500] "GET /shop/?add-to-cart=1925&product_order=desc&product_count=24&product_orderby=date HTTP/1.1" 404 13529 "-" "Mozilla/5.0 (compatible; MJ12bot/v1.4.8; http://mj12bot.com/)"
54.39.6.170 - - [27/Feb/2026:10:27:49 -0500] "GET /product-category/paintings/coffe-and-ashes/?product_orderby=default&product_view=list&product_order=desc&product_count=24 HTTP/1.1" 404 13556 "-" "Mozilla/5.0 (compatible; AhrefsBot/7.0; +http://ahrefs.com/robot/)"
54.37.252.118 - - [27/Feb/2026:10:27:54 -0500] "GET /shop/?add-to-cart=1925&product_order=desc&product_count=24&product_orderby=default HTTP/1.1" 404 13524 "-" "Mozilla/5.0 (compatible; MJ12bot/v1.4.8; http://mj12bot.com/)"
66.249.79.69 - - [27/Feb/2026:10:27:55 -0500] "GET /page/2/?h=ees0ptgk5dgqrqx HTTP/1.1" 200 30433 "-" "Mozilla/5.0 (Linux; Android 6.0.1; Nexus 5X Build/MMB29P) AppleWebKit/537.36 (KHTML, like Gecko) Chrome/144.0.7559.132 Mobile Safari/537.36 (compatible; GoogleOther)"
54.37.252.118 - - [27/Feb/2026:10:28:00 -0500] "GET /shop/?add-to-cart=1925&product_order=desc&product_count=24&product_orderby=name HTTP/1.1" 404 13524 "-" "Mozilla/5.0 (compatible; MJ12bot/v1.4.8; http://mj12bot.com/)"
54.37.252.118 - - [27/Feb/2026:10:28:06 -0500] "GET /shop/?add-to-cart=1925&product_order=desc&product_count=24&product_orderby=popularity HTTP/1.1" 404 13525 "-" "Mozilla/5.0 (compatible; MJ12bot/v1.4.8; http://mj12bot.com/)"
162.253.224.18 - - [27/Feb/2026:10:28:55 -0500] "POST /wp-cron.php?doing_wp_cron=1772206135.7214810848236083984375 HTTP/1.1" 200 - "-" "WordPress/6.9.1; https://clavo.space"
205.185.119.65 - - [27/Feb/2026:10:28:53 -0500] "GET /wp-login.php HTTP/1.1" 200 6864 "-" "Mozilla/5.0 (Macintosh; Intel Mac OS X 10_10) AppleWebKit/600.1.3 (KHTML, like Gecko) Version/8.0 Safari/600.1.3"
