114.119.148.154 - - [27/Feb/2026:13:42:35 -0500] "GET /portfolio-item/garret-suhrie/?product_view=grid&product_orderby=price&product_count=24&product_order=desc HTTP/1.1" 200 23627 "https://clavo.space/product-tag/garret-suhrie/?product_view=grid&product_orderby=price&product_count=12&product_order=desc" "Mozilla/5.0 (Linux; Android 7.0;) AppleWebKit/537.36 (KHTML, like Gecko) Mobile Safari/537.36 (compatible; PetalBot;+https://webmaster.petalsearch.com/site/petalbot)"
54.37.252.46 - - [27/Feb/2026:13:42:37 -0500] "GET /shop/?add-to-cart=1971&product_orderby=price&product_view=grid&product_count=12 HTTP/1.1" 404 13520 "-" "Mozilla/5.0 (compatible; MJ12bot/v1.4.8; http://mj12bot.com/)"
54.37.252.46 - - [27/Feb/2026:13:42:41 -0500] "GET /shop/?add-to-cart=1971&product_orderby=price&product_view=grid&product_count=24 HTTP/1.1" 404 13530 "-" "Mozilla/5.0 (compatible; MJ12bot/v1.4.8; http://mj12bot.com/)"
85.208.96.196 - - [27/Feb/2026:13:42:43 -0500] "GET /events/category/exhibition/list/?eventDisplay=past&tribe-bar-date=2025-12-20 HTTP/1.1" 200 20713 "-" "Mozilla/5.0 (compatible; SemrushBot/7~bl; +http://www.semrush.com/bot.html)"
54.37.252.46 - - [27/Feb/2026:13:42:46 -0500] "GET /shop/?add-to-cart=1971&product_orderby=price&product_view=grid&product_count=36 HTTP/1.1" 404 13530 "-" "Mozilla/5.0 (compatible; MJ12bot/v1.4.8; http://mj12bot.com/)"
185.191.171.12 - - [27/Feb/2026:13:42:49 -0500] "GET /events/category/exhibition/list/?tribe-bar-date=2021-11-20 HTTP/1.1" 200 19742 "-" "Mozilla/5.0 (compatible; SemrushBot/7~bl; +http://www.semrush.com/bot.html)"
54.37.252.46 - - [27/Feb/2026:13:42:51 -0500] "GET /shop/?add-to-cart=1971&product_orderby=price&product_view=list&product_count=12 HTTP/1.1" 404 13530 "-" "Mozilla/5.0 (compatible; MJ12bot/v1.4.8; http://mj12bot.com/)"
54.37.252.46 - - [27/Feb/2026:13:42:55 -0500] "GET /shop/?add-to-cart=1971&product_orderby=price&product_view=list&product_count=24 HTTP/1.1" 404 13522 "-" "Mozilla/5.0 (compatible; MJ12bot/v1.4.8; http://mj12bot.com/)"
54.37.252.46 - - [27/Feb/2026:13:43:00 -0500] "GET /shop/?add-to-cart=1971&product_orderby=price&product_view=list&product_count=36 HTTP/1.1" 404 13533 "-" "Mozilla/5.0 (compatible; MJ12bot/v1.4.8; http://mj12bot.com/)"
209.126.12.65 - - [27/Feb/2026:13:43:04 -0500] "GET /wp-login.php HTTP/1.1" 200 2093 "-" "Mozilla/5.0 (compatible; MSIE 9.0; Windows NT 6.2; WOW64; Trident/7.0)"
54.37.252.46 - - [27/Feb/2026:13:43:04 -0500] "GET /shop/?add-to-cart=1971&product_orderby=rating&product_view=grid&product_count=12 HTTP/1.1" 404 13526 "-" "Mozilla/5.0 (compatible; MJ12bot/v1.4.8; http://mj12bot.com/)"
209.126.12.65 - - [27/Feb/2026:13:43:08 -0500] "POST /wp-login.php HTTP/1.1" 200 2224 "https://212productions.net/wp-login.php" "Mozilla/5.0 (compatible; MSIE 9.0; Windows NT 6.2; WOW64; Trident/7.0)"
85.208.96.198 - - [27/Feb/2026:13:43:09 -0500] "GET /events/tag/opening/day/2027-07-29/ HTTP/1.1" 200 14442 "-" "Mozilla/5.0 (compatible; SemrushBot/7~bl; +http://www.semrush.com/bot.html)"
54.37.252.46 - - [27/Feb/2026:13:43:10 -0500] "GET /shop/?add-to-cart=1971&product_orderby=rating&product_view=grid&product_count=24 HTTP/1.1" 404 13528 "-" "Mozilla/5.0 (compatible; MJ12bot/v1.4.8; http://mj12bot.com/)"
54.37.252.46 - - [27/Feb/2026:13:43:15 -0500] "GET /shop/?add-to-cart=1972&product_count=12 HTTP/1.1" 404 13519 "-" "Mozilla/5.0 (compatible; MJ12bot/v1.4.8; http://mj12bot.com/)"
185.191.171.2 - - [27/Feb/2026:13:43:16 -0500] "GET /events/tag/art/day/2025-02-22/ HTTP/1.1" 200 14447 "-" "Mozilla/5.0 (compatible; SemrushBot/7~bl; +http://www.semrush.com/bot.html)"
54.37.252.46 - - [27/Feb/2026:13:43:20 -0500] "GET /shop/?add-to-cart=1972&product_count=24 HTTP/1.1" 404 13522 "-" "Mozilla/5.0 (compatible; MJ12bot/v1.4.8; http://mj12bot.com/)"
185.191.171.19 - - [27/Feb/2026:13:43:22 -0500] "GET /events/category/exhibition/day/2022-07-19/ HTTP/1.1" 200 14467 "-" "Mozilla/5.0 (compatible; SemrushBot/7~bl; +http://www.semrush.com/bot.html)"
54.37.252.46 - - [27/Feb/2026:13:43:24 -0500] "GET /shop/?add-to-cart=1972&product_count=36 HTTP/1.1" 404 13528 "-" "Mozilla/5.0 (compatible; MJ12bot/v1.4.8; http://mj12bot.com/)"
54.37.252.46 - - [27/Feb/2026:13:43:29 -0500] "GET /shop/?add-to-cart=1972&product_order=asc&product_count=24 HTTP/1.1" 404 13526 "-" "Mozilla/5.0 (compatible; MJ12bot/v1.4.8; http://mj12bot.com/)"
162.253.224.18 - - [27/Feb/2026:13:43:35 -0500] "POST /wp-cron.php?doing_wp_cron=1772217815.6381359100341796875000 HTTP/1.1" 200 - "-" "WordPress/6.9.1; https://clavo.space"
54.37.252.46 - - [27/Feb/2026:13:43:34 -0500] "GET /shop/?add-to-cart=1972&product_order=asc&product_count=24&product_view=list HTTP/1.1" 404 13526 "-" "Mozilla/5.0 (compatible; MJ12bot/v1.4.8; http://mj12bot.com/)"
54.37.252.46 - - [27/Feb/2026:13:43:39 -0500] "GET /shop/?add-to-cart=1972&product_order=asc&product_count=24&product_view=list&product_orderby=rating HTTP/1.1" 404 13534 "-" "Mozilla/5.0 (compatible; MJ12bot/v1.4.8; http://mj12bot.com/)"
54.37.252.46 - - [27/Feb/2026:13:43:43 -0500] "GET /shop/?add-to-cart=1972&product_order=asc&product_count=36 HTTP/1.1" 404 13536 "-" "Mozilla/5.0 (compatible; MJ12bot/v1.4.8; http://mj12bot.com/)"
85.208.96.207 - - [27/Feb/2026:13:43:44 -0500] "GET /events/list/?tribe-bar-date=2028-06-23 HTTP/1.1" 200 19465 "-" "Mozilla/5.0 (compatible; SemrushBot/7~bl; +http://www.semrush.com/bot.html)"
54.37.252.46 - - [27/Feb/2026:13:43:49 -0500] "GET /shop/?add-to-cart=1972&product_order=desc&product_count=12 HTTP/1.1" 404 13524 "-" "Mozilla/5.0 (compatible; MJ12bot/v1.4.8; http://mj12bot.com/)"
85.208.96.203 - - [27/Feb/2026:13:43:49 -0500] "GET /events/tag/opening/day/2021-06-05/ HTTP/1.1" 200 14442 "-" "Mozilla/5.0 (compatible; SemrushBot/7~bl; +http://www.semrush.com/bot.html)"
54.37.252.46 - - [27/Feb/2026:13:43:54 -0500] "GET /shop/?add-to-cart=1972&product_view=list&product_orderby=price&product_count=12 HTTP/1.1" 404 13523 "-" "Mozilla/5.0 (compatible; MJ12bot/v1.4.8; http://mj12bot.com/)"
114.119.151.197 - - [27/Feb/2026:13:43:55 -0500] "GET /product-tag/garret-suhrie/?product_order=asc&product_count=24&product_orderby=price HTTP/1.1" 301 - "https://clavo.space/product-tag/garret-suhrie/?product_order=asc&product_count=24" "Mozilla/5.0 (Linux; Android 7.0;) AppleWebKit/537.36 (KHTML, like Gecko) Mobile Safari/537.36 (compatible; PetalBot;+https://webmaster.petalsearch.com/site/petalbot)"
114.119.151.197 - - [27/Feb/2026:13:43:58 -0500] "GET /portfolio-item/garret-suhrie/?product_order=asc&product_count=24&product_orderby=price HTTP/1.1" 200 23621 "https://clavo.space/product-tag/garret-suhrie/?product_order=asc&product_count=24" "Mozilla/5.0 (Linux; Android 7.0;) AppleWebKit/537.36 (KHTML, like Gecko) Mobile Safari/537.36 (compatible; PetalBot;+https://webmaster.petalsearch.com/site/petalbot)"
85.208.96.201 - - [27/Feb/2026:13:43:58 -0500] "GET /events/list/?eventDisplay=past&tribe-bar-date=2023-07-23 HTTP/1.1" 200 20438 "-" "Mozilla/5.0 (compatible; SemrushBot/7~bl; +http://www.semrush.com/bot.html)"
54.37.252.46 - - [27/Feb/2026:13:44:00 -0500] "GET /shop/?add-to-cart=1972&product_view=list&product_orderby=price&product_count=24 HTTP/1.1" 404 13533 "-" "Mozilla/5.0 (compatible; MJ12bot/v1.4.8; http://mj12bot.com/)"
54.37.252.46 - - [27/Feb/2026:13:44:04 -0500] "GET /shop/?add-to-cart=1972&product_view=list&product_orderby=price&product_count=36 HTTP/1.1" 404 13528 "-" "Mozilla/5.0 (compatible; MJ12bot/v1.4.8; http://mj12bot.com/)"
45.141.233.210 - - [27/Feb/2026:13:44:09 -0500] "GET /wp-login.php HTTP/1.1" 200 2093 "-" "Mozilla/5.0 (Macintosh; Intel Mac OS X 10_15_7; rv:118.0) Gecko/20100101 Firefox/118.0"
54.37.252.46 - - [27/Feb/2026:13:44:09 -0500] "GET /shop/?add-to-cart=1972&product_view=list&product_orderby=rating&product_count=12 HTTP/1.1" 404 13525 "-" "Mozilla/5.0 (compatible; MJ12bot/v1.4.8; http://mj12bot.com/)"
45.141.233.210 - - [27/Feb/2026:13:44:11 -0500] "GET /?author=1 HTTP/1.1" 301 - "https://t.co/" "Mozilla/5.0 (Macintosh; Intel Mac OS X 10_15_7; rv:121.0) Gecko/20100101 Firefox/121.0"
45.141.233.210 - - [27/Feb/2026:13:44:12 -0500] "GET /author/clavo/ HTTP/1.1" 200 16260 "https://t.co/" "Mozilla/5.0 (Macintosh; Intel Mac OS X 10_15_7; rv:121.0) Gecko/20100101 Firefox/121.0"
185.191.171.9 - - [27/Feb/2026:13:44:12 -0500] "GET /events/category/exhibition/day/2023-03-11/ HTTP/1.1" 200 14464 "-" "Mozilla/5.0 (compatible; SemrushBot/7~bl; +http://www.semrush.com/bot.html)"
45.141.233.210 - - [27/Feb/2026:13:44:15 -0500] "GET /?author=2 HTTP/1.1" 200 13319 "-" "Mozilla/5.0 (Macintosh; Intel Mac OS X 13_6_1) AppleWebKit/605.1.15 (KHTML, like Gecko) Version/17.2 Safari/605.1.15"
54.37.252.46 - - [27/Feb/2026:13:44:15 -0500] "GET /shop/?add-to-cart=1972&product_view=list&product_orderby=rating&product_count=24 HTTP/1.1" 404 13528 "-" "Mozilla/5.0 (compatible; MJ12bot/v1.4.8; http://mj12bot.com/)"
45.141.233.210 - - [27/Feb/2026:13:44:17 -0500] "GET /?author=3 HTTP/1.1" 200 13315 "-" "Mozilla/5.0 (Windows NT 11.0; Win64; x64; rv:121.0) Gecko/20100101 Firefox/121.0"
45.141.233.210 - - [27/Feb/2026:13:44:18 -0500] "GET /?author=4 HTTP/1.1" 200 13312 "-" "Mozilla/5.0 (Macintosh; Intel Mac OS X 10_15_7) AppleWebKit/537.36 (KHTML, like Gecko) Chrome/120.0.0.0 Safari/537.36"
45.141.233.210 - - [27/Feb/2026:13:44:19 -0500] "GET /?author=5 HTTP/1.1" 200 13327 "-" "Mozilla/5.0 (Macintosh; Intel Mac OS X 10_15_7) AppleWebKit/605.1.15 (KHTML, like Gecko) Version/16.6 Safari/605.1.15"
54.37.252.46 - - [27/Feb/2026:13:44:20 -0500] "GET /shop/?add-to-cart=1972&product_view=list&product_orderby=rating&product_count=36 HTTP/1.1" 404 13532 "-" "Mozilla/5.0 (compatible; MJ12bot/v1.4.8; http://mj12bot.com/)"
45.141.233.210 - - [27/Feb/2026:13:44:21 -0500] "GET /wp-json/wp/v2/users HTTP/1.1" 200 406 "https://www.bing.com/" "Mozilla/5.0 (Macintosh; Intel Mac OS X 10_15_7) AppleWebKit/537.36 (KHTML, like Gecko) Chrome/120.0.0.0 Safari/537.36"
45.141.233.210 - - [27/Feb/2026:13:44:23 -0500] "POST /wp-login.php HTTP/1.1" 200 2245 "https://clavo.space/wp-login.php" "Mozilla/5.0 (Windows NT 11.0; Win64; x64) AppleWebKit/537.36 (KHTML, like Gecko) Chrome/119.0.0.0 Safari/537.36"
45.141.233.210 - - [27/Feb/2026:13:44:24 -0500] "GET /wp-admin/index.php HTTP/1.1" 302 - "https://clavo.space/wp-login.php" "Mozilla/5.0 (Macintosh; Intel Mac OS X 13_6_1) AppleWebKit/605.1.15 (KHTML, like Gecko) Version/17.0 Safari/605.1.15"
45.141.233.210 - - [27/Feb/2026:13:44:25 -0500] "GET /wp-login.php?redirect_to=https%3A%2F%2Fclavo.space%2Fwp-admin%2Findex.php&reauth=1 HTTP/1.1" 200 2098 "https://clavo.space/wp-login.php" "Mozilla/5.0 (Macintosh; Intel Mac OS X 13_6_1) AppleWebKit/605.1.15 (KHTML, like Gecko) Version/17.0 Safari/605.1.15"
54.37.252.46 - - [27/Feb/2026:13:44:26 -0500] "GET /shop/?add-to-cart=1973&product_count=12 HTTP/1.1" 404 13528 "-" "Mozilla/5.0 (compatible; MJ12bot/v1.4.8; http://mj12bot.com/)"
45.141.233.210 - - [27/Feb/2026:13:44:27 -0500] "POST /wp-login.php HTTP/1.1" 200 2249 "https://clavo.space/wp-login.php" "Mozilla/5.0 (Windows NT 11.0; Win64; x64) AppleWebKit/537.36 (KHTML, like Gecko) Chrome/121.0.0.0 Safari/537.36"
45.141.233.210 - - [27/Feb/2026:13:44:28 -0500] "GET /wp-admin/index.php HTTP/1.1" 302 - "https://clavo.space/wp-login.php" "Mozilla/5.0 (Macintosh; Intel Mac OS X 10_15_7) AppleWebKit/537.36 (KHTML, like Gecko) Chrome/120.0.0.0 Safari/537.36"
45.141.233.210 - - [27/Feb/2026:13:44:30 -0500] "GET /wp-login.php?redirect_to=https%3A%2F%2Fclavo.space%2Fwp-admin%2Findex.php&reauth=1 HTTP/1.1" 200 2098 "https://clavo.space/wp-login.php" "Mozilla/5.0 (Macintosh; Intel Mac OS X 10_15_7) AppleWebKit/537.36 (KHTML, like Gecko) Chrome/120.0.0.0 Safari/537.36"
45.141.233.210 - - [27/Feb/2026:13:44:31 -0500] "POST /wp-login.php HTTP/1.1" 200 2245 "https://clavo.space/wp-login.php" "Mozilla/5.0 (Macintosh; Intel Mac OS X 10_15_7) AppleWebKit/605.1.15 (KHTML, like Gecko) Version/17.1 Safari/605.1.15"
162.253.224.18 - - [27/Feb/2026:13:44:34 -0500] "POST /wp-cron.php?doing_wp_cron=1772217874.0574269294738769531250 HTTP/1.1" 200 - "-" "WordPress/6.9.1; https://clavo.space"
54.37.252.46 - - [27/Feb/2026:13:44:31 -0500] "GET /shop/?add-to-cart=1973&product_count=12&product_order=desc HTTP/1.1" 404 13520 "-" "Mozilla/5.0 (compatible; MJ12bot/v1.4.8; http://mj12bot.com/)"
45.141.233.210 - - [27/Feb/2026:13:44:32 -0500] "GET /wp-admin/index.php HTTP/1.1" 302 - "https://clavo.space/wp-login.php" "Mozilla/5.0 (Macintosh; Intel Mac OS X 10_15_7; rv:118.0) Gecko/20100101 Firefox/118.0"
45.141.233.210 - - [27/Feb/2026:13:44:34 -0500] "GET /wp-login.php?redirect_to=https%3A%2F%2Fclavo.space%2Fwp-admin%2Findex.php&reauth=1 HTTP/1.1" 200 2098 "https://clavo.space/wp-login.php" "Mozilla/5.0 (Macintosh; Intel Mac OS X 10_15_7; rv:118.0) Gecko/20100101 Firefox/118.0"
45.141.233.210 - - [27/Feb/2026:13:44:36 -0500] "POST /wp-login.php HTTP/1.1" 200 2216 "https://clavo.space/wp-login.php" "Mozilla/5.0 (Macintosh; Intel Mac OS X 10_15_7; rv:121.0) Gecko/20100101 Firefox/121.0"
54.37.252.46 - - [27/Feb/2026:13:44:37 -0500] "GET /shop/?add-to-cart=1973&product_count=12&product_orderby=date HTTP/1.1" 404 13532 "-" "Mozilla/5.0 (compatible; MJ12bot/v1.4.8; http://mj12bot.com/)"
45.141.233.210 - - [27/Feb/2026:13:44:38 -0500] "GET /wp-admin/index.php HTTP/1.1" 302 - "https://clavo.space/wp-login.php" "Mozilla/5.0 (Macintosh; Intel Mac OS X 13_6_1) AppleWebKit/605.1.15 (KHTML, like Gecko) Version/17.0 Safari/605.1.15"
45.141.233.210 - - [27/Feb/2026:13:44:40 -0500] "GET /wp-login.php?redirect_to=https%3A%2F%2Fclavo.space%2Fwp-admin%2Findex.php&reauth=1 HTTP/1.1" 200 2098 "https://clavo.space/wp-login.php" "Mozilla/5.0 (Macintosh; Intel Mac OS X 13_6_1) AppleWebKit/605.1.15 (KHTML, like Gecko) Version/17.0 Safari/605.1.15"
45.141.233.210 - - [27/Feb/2026:13:44:41 -0500] "POST /wp-login.php HTTP/1.1" 200 2248 "https://clavo.space/wp-login.php" "Mozilla/5.0 (Windows NT 10.0; Win64; x64; rv:118.0) Gecko/20100101 Firefox/118.0"
45.141.233.210 - - [27/Feb/2026:13:44:42 -0500] "GET /wp-admin/index.php HTTP/1.1" 302 - "https://clavo.space/wp-login.php" "Mozilla/5.0 (Macintosh; Intel Mac OS X 13_6_1) AppleWebKit/537.36 (KHTML, like Gecko) Chrome/119.0.0.0 Safari/537.36"
54.37.252.46 - - [27/Feb/2026:13:44:43 -0500] "GET /shop/?add-to-cart=1973&product_count=12&product_orderby=default HTTP/1.1" 404 13517 "-" "Mozilla/5.0 (compatible; MJ12bot/v1.4.8; http://mj12bot.com/)"
45.141.233.210 - - [27/Feb/2026:13:44:43 -0500] "GET /wp-login.php?redirect_to=https%3A%2F%2Fclavo.space%2Fwp-admin%2Findex.php&reauth=1 HTTP/1.1" 200 2098 "https://clavo.space/wp-login.php" "Mozilla/5.0 (Macintosh; Intel Mac OS X 13_6_1) AppleWebKit/537.36 (KHTML, like Gecko) Chrome/119.0.0.0 Safari/537.36"
45.141.233.210 - - [27/Feb/2026:13:44:45 -0500] "POST /wp-login.php HTTP/1.1" 200 2249 "https://clavo.space/wp-login.php" "Mozilla/5.0 (Macintosh; Intel Mac OS X 10_15_7) AppleWebKit/537.36 (KHTML, like Gecko) Chrome/120.0.0.0 Safari/537.36"
45.141.233.210 - - [27/Feb/2026:13:44:47 -0500] "GET /wp-admin/index.php HTTP/1.1" 302 - "https://clavo.space/wp-login.php" "Mozilla/5.0 (Macintosh; Intel Mac OS X 13_6_1; rv:120.0) Gecko/20100101 Firefox/120.0"
45.141.233.210 - - [27/Feb/2026:13:44:48 -0500] "GET /wp-login.php?redirect_to=https%3A%2F%2Fclavo.space%2Fwp-admin%2Findex.php&reauth=1 HTTP/1.1" 200 2098 "https://clavo.space/wp-login.php" "Mozilla/5.0 (Macintosh; Intel Mac OS X 13_6_1; rv:120.0) Gecko/20100101 Firefox/120.0"
54.37.252.46 - - [27/Feb/2026:13:44:49 -0500] "GET /shop/?add-to-cart=1973&product_count=12&product_orderby=name HTTP/1.1" 404 13524 "-" "Mozilla/5.0 (compatible; MJ12bot/v1.4.8; http://mj12bot.com/)"
45.141.233.210 - - [27/Feb/2026:13:44:49 -0500] "POST /wp-login.php HTTP/1.1" 200 2245 "https://clavo.space/wp-login.php" "Mozilla/5.0 (Macintosh; Intel Mac OS X 10_15_7) AppleWebKit/537.36 (KHTML, like Gecko) Chrome/121.0.0.0 Safari/537.36"
45.141.233.210 - - [27/Feb/2026:13:44:51 -0500] "GET /wp-admin/index.php HTTP/1.1" 302 - "https://clavo.space/wp-login.php" "Mozilla/5.0 (Windows NT 11.0; Win64; x64; rv:119.0) Gecko/20100101 Firefox/119.0"
45.141.233.210 - - [27/Feb/2026:13:44:52 -0500] "GET /wp-login.php?redirect_to=https%3A%2F%2Fclavo.space%2Fwp-admin%2Findex.php&reauth=1 HTTP/1.1" 200 2098 "https://clavo.space/wp-login.php" "Mozilla/5.0 (Windows NT 11.0; Win64; x64; rv:119.0) Gecko/20100101 Firefox/119.0"
40.88.21.235 - - [27/Feb/2026:13:44:54 -0500] "GET / HTTP/1.1" 301 303 "-" "DuckDuckBot/1.1; (+http://duckduckgo.com/duckduckbot.html)"
45.141.233.210 - - [27/Feb/2026:13:44:53 -0500] "POST /wp-login.php HTTP/1.1" 200 2250 "https://clavo.space/wp-login.php" "Mozilla/5.0 (Windows NT 10.0; Win64; x64) AppleWebKit/537.36 (KHTML, like Gecko) Chrome/121.0.0.0 Safari/537.36"
40.88.21.235 - - [27/Feb/2026:13:44:54 -0500] "GET / HTTP/1.1" 301 - "http://212productions.net" "DuckDuckBot/1.1; (+http://duckduckgo.com/duckduckbot.html)"
54.37.252.46 - - [27/Feb/2026:13:44:54 -0500] "GET /shop/?add-to-cart=1973&product_count=12&product_orderby=popularity HTTP/1.1" 404 13528 "-" "Mozilla/5.0 (compatible; MJ12bot/v1.4.8; http://mj12bot.com/)"
45.141.233.210 - - [27/Feb/2026:13:44:55 -0500] "GET /wp-admin/index.php HTTP/1.1" 302 - "https://clavo.space/wp-login.php" "Mozilla/5.0 (Macintosh; Intel Mac OS X 10_15_7) AppleWebKit/537.36 (KHTML, like Gecko) Chrome/120.0.0.0 Safari/537.36"
40.88.21.235 - - [27/Feb/2026:13:44:57 -0500] "GET / HTTP/1.1" 200 30729 "https://212productions.net/" "DuckDuckBot/1.1; (+http://duckduckgo.com/duckduckbot.html)"
40.88.21.235 - - [27/Feb/2026:13:45:01 -0500] "GET /wp-content/uploads/2021/03/apple-touch-icon-60x60-1.png HTTP/1.1" 304 - "-" "DuckDuckBot/1.1; (+http://duckduckgo.com/duckduckbot.html)"
45.141.233.210 - - [27/Feb/2026:13:44:58 -0500] "GET /wp-login.php?redirect_to=https%3A%2F%2Fclavo.space%2Fwp-admin%2Findex.php&reauth=1 HTTP/1.1" 200 2098 "https://clavo.space/wp-login.php" "Mozilla/5.0 (Macintosh; Intel Mac OS X 10_15_7) AppleWebKit/537.36 (KHTML, like Gecko) Chrome/120.0.0.0 Safari/537.36"
66.249.79.68 - - [27/Feb/2026:13:44:58 -0500] "GET /page/3/?h=efuof7ikvrigr4z_gkind14524014 HTTP/1.1" 200 30635 "-" "Mozilla/5.0 (Linux; Android 6.0.1; Nexus 5X Build/MMB29P) AppleWebKit/537.36 (KHTML, like Gecko) Chrome/144.0.7559.132 Mobile Safari/537.36 (compatible; GoogleOther)"
54.37.252.46 - - [27/Feb/2026:13:45:01 -0500] "GET /shop/?add-to-cart=1973&product_count=12&product_orderby=price HTTP/1.1" 404 13523 "-" "Mozilla/5.0 (compatible; MJ12bot/v1.4.8; http://mj12bot.com/)"
45.141.233.210 - - [27/Feb/2026:13:45:01 -0500] "POST /wp-login.php HTTP/1.1" 200 2244 "https://clavo.space/wp-login.php" "Mozilla/5.0 (Macintosh; Intel Mac OS X 10_15_7) AppleWebKit/537.36 (KHTML, like Gecko) Chrome/118.0.0.0 Safari/537.36"
45.141.233.210 - - [27/Feb/2026:13:45:04 -0500] "GET /wp-admin/index.php HTTP/1.1" 302 - "https://clavo.space/wp-login.php" "Mozilla/5.0 (Windows NT 11.0; Win64; x64; rv:119.0) Gecko/20100101 Firefox/119.0"
45.141.233.210 - - [27/Feb/2026:13:45:05 -0500] "GET /wp-login.php?redirect_to=https%3A%2F%2Fclavo.space%2Fwp-admin%2Findex.php&reauth=1 HTTP/1.1" 200 2098 "https://clavo.space/wp-login.php" "Mozilla/5.0 (Windows NT 11.0; Win64; x64; rv:119.0) Gecko/20100101 Firefox/119.0"
45.141.233.210 - - [27/Feb/2026:13:45:06 -0500] "POST /wp-login.php HTTP/1.1" 200 2251 "https://clavo.space/wp-login.php" "Mozilla/5.0 (Windows NT 11.0; Win64; x64) AppleWebKit/537.36 (KHTML, like Gecko) Chrome/119.0.0.0 Safari/537.36"
54.37.252.46 - - [27/Feb/2026:13:45:07 -0500] "GET /shop/?add-to-cart=1973&product_count=12&product_orderby=price&product_view=grid HTTP/1.1" 404 13525 "-" "Mozilla/5.0 (compatible; MJ12bot/v1.4.8; http://mj12bot.com/)"
45.141.233.210 - - [27/Feb/2026:13:45:07 -0500] "GET /wp-admin/index.php HTTP/1.1" 302 - "https://clavo.space/wp-login.php" "Mozilla/5.0 (Macintosh; Intel Mac OS X 10_15_7; rv:119.0) Gecko/20100101 Firefox/119.0"
45.141.233.210 - - [27/Feb/2026:13:45:10 -0500] "GET /wp-login.php?redirect_to=https%3A%2F%2Fclavo.space%2Fwp-admin%2Findex.php&reauth=1 HTTP/1.1" 200 2098 "https://clavo.space/wp-login.php" "Mozilla/5.0 (Macintosh; Intel Mac OS X 10_15_7; rv:119.0) Gecko/20100101 Firefox/119.0"
66.249.79.68 - - [27/Feb/2026:13:45:09 -0500] "GET /page/2/?h=ek4s15smhps2529_gkind14524006 HTTP/1.1" 200 30453 "-" "Mozilla/5.0 (Linux; Android 6.0.1; Nexus 5X Build/MMB29P) AppleWebKit/537.36 (KHTML, like Gecko) Chrome/144.0.7559.132 Mobile Safari/537.36 (compatible; GoogleOther)"
45.141.233.210 - - [27/Feb/2026:13:45:12 -0500] "POST /wp-login.php HTTP/1.1" 200 2252 "https://clavo.space/wp-login.php" "Mozilla/5.0 (X11; Linux x86_64) AppleWebKit/537.36 (KHTML, like Gecko) Chrome/121.0.0.0 Safari/537.36"
45.141.233.210 - - [27/Feb/2026:13:45:13 -0500] "GET /wp-admin/index.php HTTP/1.1" 302 - "https://clavo.space/wp-login.php" "Mozilla/5.0 (Windows NT 10.0; Win64; x64; rv:119.0) Gecko/20100101 Firefox/119.0"
54.37.252.46 - - [27/Feb/2026:13:45:13 -0500] "GET /shop/?add-to-cart=1973&product_count=12&product_orderby=rating HTTP/1.1" 404 13528 "-" "Mozilla/5.0 (compatible; MJ12bot/v1.4.8; http://mj12bot.com/)"
45.141.233.210 - - [27/Feb/2026:13:45:15 -0500] "GET /wp-login.php?redirect_to=https%3A%2F%2Fclavo.space%2Fwp-admin%2Findex.php&reauth=1 HTTP/1.1" 200 2098 "https://clavo.space/wp-login.php" "Mozilla/5.0 (Windows NT 10.0; Win64; x64; rv:119.0) Gecko/20100101 Firefox/119.0"
45.141.233.210 - - [27/Feb/2026:13:45:16 -0500] "POST /wp-login.php HTTP/1.1" 200 2254 "https://clavo.space/wp-login.php" "Mozilla/5.0 (Windows NT 11.0; Win64; x64; rv:120.0) Gecko/20100101 Firefox/120.0"
45.141.233.210 - - [27/Feb/2026:13:45:17 -0500] "GET /wp-admin/index.php HTTP/1.1" 302 - "https://clavo.space/wp-login.php" "Mozilla/5.0 (Windows NT 10.0; Win64; x64; rv:119.0) Gecko/20100101 Firefox/119.0"
45.141.233.210 - - [27/Feb/2026:13:45:19 -0500] "GET /wp-login.php?redirect_to=https%3A%2F%2Fclavo.space%2Fwp-admin%2Findex.php&reauth=1 HTTP/1.1" 200 2098 "https://clavo.space/wp-login.php" "Mozilla/5.0 (Windows NT 10.0; Win64; x64; rv:119.0) Gecko/20100101 Firefox/119.0"
114.119.151.197 - - [27/Feb/2026:13:45:19 -0500] "GET /product-tag/abel-adrian/page/3/?product_view=grid&product_orderby=rating&product_count=24&paged=1 HTTP/1.1" 301 - "https://clavo.space/product-tag/abel-adrian/page/3/?product_view=grid&product_orderby=rating" "Mozilla/5.0 (Linux; Android 7.0;) AppleWebKit/537.36 (KHTML, like Gecko) Mobile Safari/537.36 (compatible; PetalBot;+https://webmaster.petalsearch.com/site/petalbot)"
54.37.252.46 - - [27/Feb/2026:13:45:19 -0500] "GET /shop/?add-to-cart=1973&product_count=12&product_view=grid HTTP/1.1" 404 13517 "-" "Mozilla/5.0 (compatible; MJ12bot/v1.4.8; http://mj12bot.com/)"
45.141.233.210 - - [27/Feb/2026:13:45:21 -0500] "POST /wp-login.php HTTP/1.1" 200 2248 "https://clavo.space/wp-login.php" "Mozilla/5.0 (X11; Ubuntu; Linux x86_64) AppleWebKit/537.36 (KHTML, like Gecko) Chrome/120.0.0.0 Safari/537.36"
114.119.151.197 - - [27/Feb/2026:13:45:23 -0500] "GET /portfolio-item/abel-adrian/?product_view=grid&product_orderby=rating&product_count=24&paged=1 HTTP/1.1" 301 - "https://clavo.space/product-tag/abel-adrian/page/3/?product_view=grid&product_orderby=rating" "Mozilla/5.0 (Linux; Android 7.0;) AppleWebKit/537.36 (KHTML, like Gecko) Mobile Safari/537.36 (compatible; PetalBot;+https://webmaster.petalsearch.com/site/petalbot)"
45.141.233.210 - - [27/Feb/2026:13:45:23 -0500] "GET /wp-admin/index.php HTTP/1.1" 302 - "https://clavo.space/wp-login.php" "Mozilla/5.0 (Macintosh; Intel Mac OS X 10_15_7; rv:119.0) Gecko/20100101 Firefox/119.0"
54.37.252.46 - - [27/Feb/2026:13:45:26 -0500] "GET /shop/?add-to-cart=1973&product_count=12&product_view=list HTTP/1.1" 404 13531 "-" "Mozilla/5.0 (compatible; MJ12bot/v1.4.8; http://mj12bot.com/)"
45.141.233.210 - - [27/Feb/2026:13:45:26 -0500] "GET /wp-login.php?redirect_to=https%3A%2F%2Fclavo.space%2Fwp-admin%2Findex.php&reauth=1 HTTP/1.1" 200 2098 "https://clavo.space/wp-login.php" "Mozilla/5.0 (Macintosh; Intel Mac OS X 10_15_7; rv:119.0) Gecko/20100101 Firefox/119.0"
114.119.151.197 - - [27/Feb/2026:13:45:27 -0500] "GET /portfolio-item/abel-adrian/?product_view=grid&product_orderby=rating&product_count=24 HTTP/1.1" 200 21328 "https://clavo.space/product-tag/abel-adrian/page/3/?product_view=grid&product_orderby=rating" "Mozilla/5.0 (Linux; Android 7.0;) AppleWebKit/537.36 (KHTML, like Gecko) Mobile Safari/537.36 (compatible; PetalBot;+https://webmaster.petalsearch.com/site/petalbot)"
104.244.72.189 - - [27/Feb/2026:13:45:29 -0500] "GET /wp-login.php HTTP/1.1" 200 6864 "-" "Mozilla/5.0 (Macintosh; Intel Mac OS X 10.8; rv:30.0) Gecko/20100101 Firefox/30.0"
45.141.233.210 - - [27/Feb/2026:13:45:30 -0500] "POST /wp-login.php HTTP/1.1" 200 2246 "https://clavo.space/wp-login.php" "Mozilla/5.0 (Macintosh; Intel Mac OS X 13_6_1; rv:121.0) Gecko/20100101 Firefox/121.0"
162.253.224.18 - - [27/Feb/2026:13:45:34 -0500] "POST /wp-cron.php?doing_wp_cron=1772217934.9503989219665527343750 HTTP/1.1" 200 - "-" "WordPress/6.9.1; https://clavo.space"
104.244.72.189 - - [27/Feb/2026:13:45:32 -0500] "POST /wp-login.php HTTP/1.1" 200 7343 "-" "Mozilla/5.0 (Macintosh; Intel Mac OS X 10.8; rv:30.0) Gecko/20100101 Firefox/30.0"
45.141.233.210 - - [27/Feb/2026:13:45:33 -0500] "GET /wp-admin/index.php HTTP/1.1" 302 - "https://clavo.space/wp-login.php" "Mozilla/5.0 (Windows NT 10.0; Win64; x64) AppleWebKit/537.36 (KHTML, like Gecko) Chrome/121.0.0.0 Safari/537.36"
54.37.252.46 - - [27/Feb/2026:13:45:33 -0500] "GET /shop/?add-to-cart=1973&product_count=12&product_view=list&product_order=desc HTTP/1.1" 404 13526 "-" "Mozilla/5.0 (compatible; MJ12bot/v1.4.8; http://mj12bot.com/)"
45.141.233.210 - - [27/Feb/2026:13:45:36 -0500] "GET /wp-login.php?redirect_to=https%3A%2F%2Fclavo.space%2Fwp-admin%2Findex.php&reauth=1 HTTP/1.1" 200 2098 "https://clavo.space/wp-login.php" "Mozilla/5.0 (Windows NT 10.0; Win64; x64) AppleWebKit/537.36 (KHTML, like Gecko) Chrome/121.0.0.0 Safari/537.36"
45.141.233.210 - - [27/Feb/2026:13:45:38 -0500] "POST /wp-login.php HTTP/1.1" 200 2250 "https://clavo.space/wp-login.php" "Mozilla/5.0 (X11; Ubuntu; Linux x86_64) AppleWebKit/537.36 (KHTML, like Gecko) Chrome/120.0.0.0 Safari/537.36"
45.141.233.210 - - [27/Feb/2026:13:45:39 -0500] "GET /wp-admin/index.php HTTP/1.1" 302 - "https://clavo.space/wp-login.php" "Mozilla/5.0 (Windows NT 10.0; Win64; x64; rv:121.0) Gecko/20100101 Firefox/121.0"
45.141.233.210 - - [27/Feb/2026:13:45:40 -0500] "GET /wp-login.php?redirect_to=https%3A%2F%2Fclavo.space%2Fwp-admin%2Findex.php&reauth=1 HTTP/1.1" 200 2098 "https://clavo.space/wp-login.php" "Mozilla/5.0 (Windows NT 10.0; Win64; x64; rv:121.0) Gecko/20100101 Firefox/121.0"
54.37.252.46 - - [27/Feb/2026:13:45:40 -0500] "GET /shop/?add-to-cart=1973&product_count=12&product_view=list&product_orderby=date HTTP/1.1" 404 13532 "-" "Mozilla/5.0 (compatible; MJ12bot/v1.4.8; http://mj12bot.com/)"
45.141.233.210 - - [27/Feb/2026:13:45:42 -0500] "POST /wp-login.php HTTP/1.1" 200 2249 "https://clavo.space/wp-login.php" "Mozilla/5.0 (Windows NT 10.0; Win64; x64; rv:121.0) Gecko/20100101 Firefox/121.0"
45.141.233.210 - - [27/Feb/2026:13:45:44 -0500] "GET /wp-admin/index.php HTTP/1.1" 302 - "https://clavo.space/wp-login.php" "Mozilla/5.0 (Macintosh; Intel Mac OS X 10_15_7) AppleWebKit/605.1.15 (KHTML, like Gecko) Version/17.2 Safari/605.1.15"
45.141.233.210 - - [27/Feb/2026:13:45:45 -0500] "GET /wp-login.php?redirect_to=https%3A%2F%2Fclavo.space%2Fwp-admin%2Findex.php&reauth=1 HTTP/1.1" 200 2098 "https://clavo.space/wp-login.php" "Mozilla/5.0 (Macintosh; Intel Mac OS X 10_15_7) AppleWebKit/605.1.15 (KHTML, like Gecko) Version/17.2 Safari/605.1.15"
72.14.199.138 - - [27/Feb/2026:13:45:46 -0500] "GET /?h=edxmialvyuljx72 HTTP/1.1" 301 - "-" "Mozilla/5.0 (X11; Linux x86_64) AppleWebKit/537.36 (KHTML, like Gecko) Chrome/144.0.7559.132 Safari/537.36"
54.37.252.46 - - [27/Feb/2026:13:45:46 -0500] "GET /shop/?add-to-cart=1973&product_count=12&product_view=list&product_orderby=default HTTP/1.1" 404 13530 "-" "Mozilla/5.0 (compatible; MJ12bot/v1.4.8; http://mj12bot.com/)"
45.141.233.210 - - [27/Feb/2026:13:45:46 -0500] "POST /wp-login.php HTTP/1.1" 200 2245 "https://clavo.space/wp-login.php" "Mozilla/5.0 (Windows NT 11.0; Win64; x64) AppleWebKit/537.36 (KHTML, like Gecko) Chrome/120.0.0.0 Safari/537.36"
45.141.233.210 - - [27/Feb/2026:13:45:50 -0500] "GET /wp-admin/index.php HTTP/1.1" 302 - "https://clavo.space/wp-login.php" "Mozilla/5.0 (Macintosh; Intel Mac OS X 13_6_1) AppleWebKit/537.36 (KHTML, like Gecko) Chrome/121.0.0.0 Safari/537.36"
72.14.199.131 - - [27/Feb/2026:13:45:49 -0500] "GET /?h=edxmialvyuljx72 HTTP/1.1" 200 30753 "-" "Mozilla/5.0 (X11; Linux x86_64) AppleWebKit/537.36 (KHTML, like Gecko) Chrome/144.0.7559.132 Safari/537.36"
72.14.199.131 - - [27/Feb/2026:13:45:52 -0500] "GET /wp-includes/js/jquery/jquery.min.js HTTP/1.1" 304 - "https://clavo.space/?h=edxmialvyuljx72" "Mozilla/5.0 (X11; Linux x86_64) AppleWebKit/537.36 (KHTML, like Gecko) Chrome/144.0.7559.132 Safari/537.36"
72.14.199.131 - - [27/Feb/2026:13:45:52 -0500] "GET /wp-content/plugins/LayerSlider/assets/static/layerslider/css/layerslider.css HTTP/1.1" 304 - "https://clavo.space/?h=edxmialvyuljx72" "Mozilla/5.0 (X11; Linux x86_64) AppleWebKit/537.36 (KHTML, like Gecko) Chrome/144.0.7559.132 Safari/537.36"
72.14.199.131 - - [27/Feb/2026:13:45:52 -0500] "GET /wp-includes/js/jquery/jquery-migrate.min.js HTTP/1.1" 304 - "https://clavo.space/?h=edxmialvyuljx72" "Mozilla/5.0 (X11; Linux x86_64) AppleWebKit/537.36 (KHTML, like Gecko) Chrome/144.0.7559.132 Safari/537.36"
72.14.199.131 - - [27/Feb/2026:13:45:53 -0500] "GET /wp-includes/css/dist/block-library/style.min.css HTTP/1.1" 304 - "https://clavo.space/?h=edxmialvyuljx72" "Mozilla/5.0 (X11; Linux x86_64) AppleWebKit/537.36 (KHTML, like Gecko) Chrome/144.0.7559.132 Safari/537.36"
45.141.233.210 - - [27/Feb/2026:13:45:52 -0500] "GET /wp-login.php?redirect_to=https%3A%2F%2Fclavo.space%2Fwp-admin%2Findex.php&reauth=1 HTTP/1.1" 200 2098 "https://clavo.space/wp-login.php" "Mozilla/5.0 (Macintosh; Intel Mac OS X 13_6_1) AppleWebKit/537.36 (KHTML, like Gecko) Chrome/121.0.0.0 Safari/537.36"
72.14.199.131 - - [27/Feb/2026:13:45:53 -0500] "GET /wp-content/uploads/2021/03/network.png HTTP/1.1" 304 - "https://clavo.space/?h=edxmialvyuljx72" "Mozilla/5.0 (X11; Linux x86_64) AppleWebKit/537.36 (KHTML, like Gecko) Chrome/144.0.7559.132 Safari/537.36"
72.14.199.131 - - [27/Feb/2026:13:45:53 -0500] "GET /wp-content/uploads/2021/03/conference.png HTTP/1.1" 304 - "https://clavo.space/?h=edxmialvyuljx72" "Mozilla/5.0 (X11; Linux x86_64) AppleWebKit/537.36 (KHTML, like Gecko) Chrome/144.0.7559.132 Safari/537.36"
72.14.199.131 - - [27/Feb/2026:13:45:53 -0500] "GET /wp-content/plugins/LayerSlider/assets/static/layerslider/js/layerslider.kreaturamedia.jquery.js HTTP/1.1" 304 - "https://clavo.space/?h=edxmialvyuljx72" "Mozilla/5.0 (X11; Linux x86_64) AppleWebKit/537.36 (KHTML, like Gecko) Chrome/144.0.7559.132 Safari/537.36"
72.14.199.131 - - [27/Feb/2026:13:45:54 -0500] "GET /wp-content/uploads/fusion-styles/029a45d2228098d0ce036738a70632ee.min.css HTTP/1.1" 304 - "https://clavo.space/?h=edxmialvyuljx72" "Mozilla/5.0 (X11; Linux x86_64) AppleWebKit/537.36 (KHTML, like Gecko) Chrome/144.0.7559.132 Safari/537.36"
72.14.199.131 - - [27/Feb/2026:13:45:54 -0500] "GET /wp-content/plugins/LayerSlider/assets/static/layerslider/js/layerslider.transitions.js HTTP/1.1" 304 - "https://clavo.space/?h=edxmialvyuljx72" "Mozilla/5.0 (X11; Linux x86_64) AppleWebKit/537.36 (KHTML, like Gecko) Chrome/144.0.7559.132 Safari/537.36"
72.14.199.131 - - [27/Feb/2026:13:45:54 -0500] "GET /wp-content/plugins/LayerSlider/assets/static/layerslider/js/layerslider.utils.js HTTP/1.1" 304 - "https://clavo.space/?h=edxmialvyuljx72" "Mozilla/5.0 (X11; Linux x86_64) AppleWebKit/537.36 (KHTML, like Gecko) Chrome/144.0.7559.132 Safari/537.36"
72.14.199.131 - - [27/Feb/2026:13:45:54 -0500] "GET /wp-content/uploads/2021/03/space.jpg HTTP/1.1" 304 - "https://clavo.space/?h=edxmialvyuljx72" "Mozilla/5.0 (X11; Linux x86_64) AppleWebKit/537.36 (KHTML, like Gecko) Chrome/144.0.7559.132 Safari/537.36"
45.141.233.210 - - [27/Feb/2026:13:45:53 -0500] "POST /wp-login.php HTTP/1.1" 200 2247 "https://clavo.space/wp-login.php" "Mozilla/5.0 (Macintosh; Intel Mac OS X 13_6_1; rv:119.0) Gecko/20100101 Firefox/119.0"
72.14.199.131 - - [27/Feb/2026:13:45:55 -0500] "GET /wp-content/uploads/2021/03/about-place1-1-1200x1268.jpg HTTP/1.1" 304 - "https://clavo.space/?h=edxmialvyuljx72" "Mozilla/5.0 (X11; Linux x86_64) AppleWebKit/537.36 (KHTML, like Gecko) Chrome/144.0.7559.132 Safari/537.36"
72.14.199.131 - - [27/Feb/2026:13:45:55 -0500] "GET /wp-content/uploads/2021/03/mars2.jpg HTTP/1.1" 304 - "https://clavo.space/?h=edxmialvyuljx72" "Mozilla/5.0 (X11; Linux x86_64) AppleWebKit/537.36 (KHTML, like Gecko) Chrome/144.0.7559.132 Safari/537.36"
72.14.199.131 - - [27/Feb/2026:13:45:55 -0500] "GET /wp-content/plugins/the-events-calendar/common/build/js/user-agent.js HTTP/1.1" 304 - "https://clavo.space/?h=edxmialvyuljx72" "Mozilla/5.0 (X11; Linux x86_64) AppleWebKit/537.36 (KHTML, like Gecko) Chrome/144.0.7559.132 Safari/537.36"
54.37.252.46 - - [27/Feb/2026:13:45:53 -0500] "GET /shop/?add-to-cart=1973&product_count=12&product_view=list&product_orderby=name HTTP/1.1" 404 13532 "-" "Mozilla/5.0 (compatible; MJ12bot/v1.4.8; http://mj12bot.com/)"
72.14.199.131 - - [27/Feb/2026:13:45:56 -0500] "GET /wp-content/plugins/fusion-core/js/min/fusion-vertical-menu-widget.js HTTP/1.1" 304 - "https://clavo.space/?h=edxmialvyuljx72" "Mozilla/5.0 (X11; Linux x86_64) AppleWebKit/537.36 (KHTML, like Gecko) Chrome/144.0.7559.132 Safari/537.36"
72.14.199.131 - - [27/Feb/2026:13:45:56 -0500] "GET /wp-content/themes/Avada/includes/lib/assets/min/js/library/cssua.js HTTP/1.1" 304 - "https://clavo.space/?h=edxmialvyuljx72" "Mozilla/5.0 (X11; Linux x86_64) AppleWebKit/537.36 (KHTML, like Gecko) Chrome/144.0.7559.132 Safari/537.36"
72.14.199.131 - - [27/Feb/2026:13:45:56 -0500] "GET /wp-content/themes/Avada/includes/lib/assets/min/js/library/modernizr.js HTTP/1.1" 304 - "https://clavo.space/?h=edxmialvyuljx72" "Mozilla/5.0 (X11; Linux x86_64) AppleWebKit/537.36 (KHTML, like Gecko) Chrome/144.0.7559.132 Safari/537.36"
72.14.199.131 - - [27/Feb/2026:13:45:56 -0500] "GET /wp-content/themes/Avada/includes/lib/assets/min/js/general/fusion.js HTTP/1.1" 304 - "https://clavo.space/?h=edxmialvyuljx72" "Mozilla/5.0 (X11; Linux x86_64) AppleWebKit/537.36 (KHTML, like Gecko) Chrome/144.0.7559.132 Safari/537.36"
72.14.199.131 - - [27/Feb/2026:13:45:57 -0500] "GET /wp-content/themes/Avada/includes/lib/assets/min/js/library/isotope.js HTTP/1.1" 304 - "https://clavo.space/?h=edxmialvyuljx72" "Mozilla/5.0 (X11; Linux x86_64) AppleWebKit/537.36 (KHTML, like Gecko) Chrome/144.0.7559.132 Safari/537.36"
72.14.199.131 - - [27/Feb/2026:13:45:57 -0500] "GET /wp-content/themes/Avada/includes/lib/assets/min/js/library/bootstrap.transition.js HTTP/1.1" 304 - "https://clavo.space/?h=edxmialvyuljx72" "Mozilla/5.0 (X11; Linux x86_64) AppleWebKit/537.36 (KHTML, like Gecko) Chrome/144.0.7559.132 Safari/537.36"
72.14.199.136 - - [27/Feb/2026:13:45:55 -0500] "GET /?h=etm5jnarz7akmkr HTTP/1.1" 301 - "-" "Mozilla/5.0 (X11; Linux x86_64) AppleWebKit/537.36 (KHTML, like Gecko) Chrome/144.0.7559.132 Safari/537.36"
45.141.233.210 - - [27/Feb/2026:13:45:55 -0500] "GET /wp-admin/index.php HTTP/1.1" 302 - "https://clavo.space/wp-login.php" "Mozilla/5.0 (Macintosh; Intel Mac OS X 13_6_1; rv:118.0) Gecko/20100101 Firefox/118.0"
72.14.199.132 - - [27/Feb/2026:13:45:57 -0500] "GET /wp-content/themes/Avada/includes/lib/assets/min/js/library/packery.js HTTP/1.1" 304 - "https://clavo.space/?h=edxmialvyuljx72" "Mozilla/5.0 (X11; Linux x86_64) AppleWebKit/537.36 (KHTML, like Gecko) Chrome/144.0.7559.132 Safari/537.36"
72.14.199.131 - - [27/Feb/2026:13:45:57 -0500] "GET /wp-content/themes/Avada/includes/lib/assets/min/js/library/bootstrap.tooltip.js HTTP/1.1" 304 - "https://clavo.space/?h=edxmialvyuljx72" "Mozilla/5.0 (X11; Linux x86_64) AppleWebKit/537.36 (KHTML, like Gecko) Chrome/144.0.7559.132 Safari/537.36"
72.14.199.131 - - [27/Feb/2026:13:45:58 -0500] "GET /wp-content/themes/Avada/includes/lib/assets/min/js/library/bootstrap.collapse.js HTTP/1.1" 304 - "https://clavo.space/?h=edxmialvyuljx72" "Mozilla/5.0 (X11; Linux x86_64) AppleWebKit/537.36 (KHTML, like Gecko) Chrome/144.0.7559.132 Safari/537.36"
72.14.199.132 - - [27/Feb/2026:13:45:58 -0500] "GET /wp-content/themes/Avada/includes/lib/assets/min/js/library/jquery.requestAnimationFrame.js HTTP/1.1" 304 - "https://clavo.space/?h=edxmialvyuljx72" "Mozilla/5.0 (X11; Linux x86_64) AppleWebKit/537.36 (KHTML, like Gecko) Chrome/144.0.7559.132 Safari/537.36"
72.14.199.132 - - [27/Feb/2026:13:45:58 -0500] "GET /wp-content/themes/Avada/includes/lib/assets/min/js/library/jquery.easing.js HTTP/1.1" 304 - "https://clavo.space/?h=edxmialvyuljx72" "Mozilla/5.0 (X11; Linux x86_64) AppleWebKit/537.36 (KHTML, like Gecko) Chrome/144.0.7559.132 Safari/537.36"
72.14.199.131 - - [27/Feb/2026:13:45:59 -0500] "GET /wp-content/themes/Avada/includes/lib/assets/min/js/library/jquery.fitvids.js HTTP/1.1" 304 - "https://clavo.space/?h=edxmialvyuljx72" "Mozilla/5.0 (X11; Linux x86_64) AppleWebKit/537.36 (KHTML, like Gecko) Chrome/144.0.7559.132 Safari/537.36"
45.141.233.210 - - [27/Feb/2026:13:45:57 -0500] "GET /wp-login.php?redirect_to=https%3A%2F%2Fclavo.space%2Fwp-admin%2Findex.php&reauth=1 HTTP/1.1" 200 2098 "https://clavo.space/wp-login.php" "Mozilla/5.0 (Macintosh; Intel Mac OS X 13_6_1; rv:118.0) Gecko/20100101 Firefox/118.0"
72.14.199.131 - - [27/Feb/2026:13:45:59 -0500] "GET /wp-content/themes/Avada/includes/lib/assets/min/js/library/jquery.flexslider.js HTTP/1.1" 304 - "https://clavo.space/?h=edxmialvyuljx72" "Mozilla/5.0 (X11; Linux x86_64) AppleWebKit/537.36 (KHTML, like Gecko) Chrome/144.0.7559.132 Safari/537.36"
72.14.199.132 - - [27/Feb/2026:13:45:59 -0500] "GET /wp-content/themes/Avada/includes/lib/assets/min/js/library/jquery.ilightbox.js HTTP/1.1" 304 - "https://clavo.space/?h=edxmialvyuljx72" "Mozilla/5.0 (X11; Linux x86_64) AppleWebKit/537.36 (KHTML, like Gecko) Chrome/144.0.7559.132 Safari/537.36"
72.14.199.132 - - [27/Feb/2026:13:46:00 -0500] "GET /wp-content/themes/Avada/includes/lib/assets/min/js/library/jquery.infinitescroll.js HTTP/1.1" 304 - "https://clavo.space/?h=edxmialvyuljx72" "Mozilla/5.0 (X11; Linux x86_64) AppleWebKit/537.36 (KHTML, like Gecko) Chrome/144.0.7559.132 Safari/537.36"
72.14.199.132 - - [27/Feb/2026:13:46:00 -0500] "GET /wp-content/themes/Avada/includes/lib/assets/min/js/library/jquery.mousewheel.js HTTP/1.1" 304 - "https://clavo.space/?h=edxmialvyuljx72" "Mozilla/5.0 (X11; Linux x86_64) AppleWebKit/537.36 (KHTML, like Gecko) Chrome/144.0.7559.132 Safari/537.36"
72.14.199.132 - - [27/Feb/2026:13:46:00 -0500] "GET /wp-content/plugins/the-events-calendar/vendor/jquery-placeholder/jquery.placeholder.min.js HTTP/1.1" 304 - "https://clavo.space/?h=edxmialvyuljx72" "Mozilla/5.0 (X11; Linux x86_64) AppleWebKit/537.36 (KHTML, like Gecko) Chrome/144.0.7559.132 Safari/537.36"
72.14.199.131 - - [27/Feb/2026:13:46:01 -0500] "GET /wp-content/themes/Avada/includes/lib/assets/min/js/library/jquery.fade.js HTTP/1.1" 304 - "https://clavo.space/?h=edxmialvyuljx72" "Mozilla/5.0 (X11; Linux x86_64) AppleWebKit/537.36 (KHTML, like Gecko) Chrome/144.0.7559.132 Safari/537.36"
72.14.199.132 - - [27/Feb/2026:13:46:01 -0500] "GET /wp-content/themes/Avada/includes/lib/assets/min/js/library/imagesLoaded.js HTTP/1.1" 304 - "https://clavo.space/?h=edxmialvyuljx72" "Mozilla/5.0 (X11; Linux x86_64) AppleWebKit/537.36 (KHTML, like Gecko) Chrome/144.0.7559.132 Safari/537.36"
72.14.199.131 - - [27/Feb/2026:13:46:01 -0500] "GET /wp-content/themes/Avada/includes/lib/assets/min/js/general/fusion-equal-heights.js HTTP/1.1" 304 - "https://clavo.space/?h=edxmialvyuljx72" "Mozilla/5.0 (X11; Linux x86_64) AppleWebKit/537.36 (KHTML, like Gecko) Chrome/144.0.7559.132 Safari/537.36"
72.14.199.132 - - [27/Feb/2026:13:46:01 -0500] "GET /wp-content/themes/Avada/includes/lib/assets/min/js/library/fusion-parallax.js HTTP/1.1" 304 - "https://clavo.space/?h=edxmialvyuljx72" "Mozilla/5.0 (X11; Linux x86_64) AppleWebKit/537.36 (KHTML, like Gecko) Chrome/144.0.7559.132 Safari/537.36"
72.14.199.131 - - [27/Feb/2026:13:46:01 -0500] "GET /wp-content/themes/Avada/includes/lib/assets/min/js/library/fusion-video-general.js HTTP/1.1" 304 - "https://clavo.space/?h=edxmialvyuljx72" "Mozilla/5.0 (X11; Linux x86_64) AppleWebKit/537.36 (KHTML, like Gecko) Chrome/144.0.7559.132 Safari/537.36"
72.14.199.131 - - [27/Feb/2026:13:45:58 -0500] "GET /?h=etm5jnarz7akmkr HTTP/1.1" 200 30752 "-" "Mozilla/5.0 (X11; Linux x86_64) AppleWebKit/537.36 (KHTML, like Gecko) Chrome/144.0.7559.132 Safari/537.36"
72.14.199.131 - - [27/Feb/2026:13:46:02 -0500] "GET /wp-content/themes/Avada/includes/lib/assets/min/js/library/fusion-video-bg.js HTTP/1.1" 304 - "https://clavo.space/?h=edxmialvyuljx72" "Mozilla/5.0 (X11; Linux x86_64) AppleWebKit/537.36 (KHTML, like Gecko) Chrome/144.0.7559.132 Safari/537.36"
72.14.199.131 - - [27/Feb/2026:13:46:02 -0500] "GET /wp-content/themes/Avada/includes/lib/assets/min/js/general/fusion-lightbox.js HTTP/1.1" 304 - "https://clavo.space/?h=edxmialvyuljx72" "Mozilla/5.0 (X11; Linux x86_64) AppleWebKit/537.36 (KHTML, like Gecko) Chrome/144.0.7559.132 Safari/537.36"
72.14.199.131 - - [27/Feb/2026:13:46:02 -0500] "GET /wp-content/themes/Avada/includes/lib/assets/min/js/general/fusion-tooltip.js HTTP/1.1" 304 - "https://clavo.space/?h=edxmialvyuljx72" "Mozilla/5.0 (X11; Linux x86_64) AppleWebKit/537.36 (KHTML, like Gecko) Chrome/144.0.7559.132 Safari/537.36"
54.37.252.46 - - [27/Feb/2026:13:45:59 -0500] "GET /shop/?add-to-cart=1973&product_count=12&product_view=list&product_orderby=popularity HTTP/1.1" 404 13531 "-" "Mozilla/5.0 (compatible; MJ12bot/v1.4.8; http://mj12bot.com/)"
45.141.233.210 - - [27/Feb/2026:13:45:59 -0500] "POST /wp-login.php HTTP/1.1" 200 2246 "https://clavo.space/wp-login.php" "Mozilla/5.0 (Macintosh; Intel Mac OS X 13_6_1) AppleWebKit/537.36 (KHTML, like Gecko) Chrome/120.0.0.0 Safari/537.36"
72.14.199.131 - - [27/Feb/2026:13:46:02 -0500] "GET /wp-content/plugins/fusion-builder/assets/js/min/general/fusion-container.js HTTP/1.1" 304 - "https://clavo.space/?h=etm5jnarz7akmkr" "Mozilla/5.0 (X11; Linux x86_64) AppleWebKit/537.36 (KHTML, like Gecko) Chrome/144.0.7559.132 Safari/537.36"
72.14.199.131 - - [27/Feb/2026:13:46:03 -0500] "GET /wp-content/themes/Avada/includes/lib/assets/min/js/library/jquery.sticky-kit.js HTTP/1.1" 304 - "https://clavo.space/?h=etm5jnarz7akmkr" "Mozilla/5.0 (X11; Linux x86_64) AppleWebKit/537.36 (KHTML, like Gecko) Chrome/144.0.7559.132 Safari/537.36"
72.14.199.131 - - [27/Feb/2026:13:46:03 -0500] "GET /wp-content/plugins/fusion-builder/assets/js/min/general/fusion-flip-boxes.js HTTP/1.1" 304 - "https://clavo.space/?h=etm5jnarz7akmkr" "Mozilla/5.0 (X11; Linux x86_64) AppleWebKit/537.36 (KHTML, like Gecko) Chrome/144.0.7559.132 Safari/537.36"
72.14.199.131 - - [27/Feb/2026:13:46:03 -0500] "GET /wp-content/themes/Avada/assets/min/js/general/avada-select.js HTTP/1.1" 304 - "https://clavo.space/?h=etm5jnarz7akmkr" "Mozilla/5.0 (X11; Linux x86_64) AppleWebKit/537.36 (KHTML, like Gecko) Chrome/144.0.7559.132 Safari/537.36"
72.14.199.131 - - [27/Feb/2026:13:46:04 -0500] "GET /wp-content/uploads/2021/03/BE-CLAVO3.jpg HTTP/1.1" 304 - "https://clavo.space/?h=etm5jnarz7akmkr" "Mozilla/5.0 (X11; Linux x86_64) AppleWebKit/537.36 (KHTML, like Gecko) Chrome/144.0.7559.132 Safari/537.36"
72.14.199.131 - - [27/Feb/2026:13:46:04 -0500] "GET /wp-content/uploads/2023/07/1-700x441.png HTTP/1.1" 304 - "https://clavo.space/?h=etm5jnarz7akmkr" "Mozilla/5.0 (X11; Linux x86_64) AppleWebKit/537.36 (KHTML, like Gecko) Chrome/144.0.7559.132 Safari/537.36"
50.6.226.221 - - [27/Feb/2026:13:46:02 -0500] "POST /xmlrpc.php HTTP/1.1" 200 225 "-" "Mozilla/4.0 (compatible; MSIE 7.0; Windows NT 6.1; Trident/7.0; SLCC2; .NET CLR 2.0.50727; .NET CLR 3.5.30729; .NET CLR 3.0.30729; Media Center PC 6.0; InfoPath.3; .NET4.0C; .NET4.0E)"
72.14.199.131 - - [27/Feb/2026:13:46:04 -0500] "GET /wp-content/uploads/2021/03/Forrest-700x441.jpeg HTTP/1.1" 304 - "https://clavo.space/?h=etm5jnarz7akmkr" "Mozilla/5.0 (X11; Linux x86_64) AppleWebKit/537.36 (KHTML, like Gecko) Chrome/144.0.7559.132 Safari/537.36"
45.141.233.210 - - [27/Feb/2026:13:46:02 -0500] "GET /wp-admin/index.php HTTP/1.1" 302 - "https://clavo.space/wp-login.php" "Mozilla/5.0 (Macintosh; Intel Mac OS X 13_6_1) AppleWebKit/537.36 (KHTML, like Gecko) Chrome/118.0.0.0 Safari/537.36"
72.14.199.131 - - [27/Feb/2026:13:46:04 -0500] "GET /wp-content/plugins/fusion-builder/assets/js/min/general/awb-off-canvas.js HTTP/1.1" 304 - "https://clavo.space/?h=etm5jnarz7akmkr" "Mozilla/5.0 (X11; Linux x86_64) AppleWebKit/537.36 (KHTML, like Gecko) Chrome/144.0.7559.132 Safari/537.36"
72.14.199.131 - - [27/Feb/2026:13:46:05 -0500] "GET /wp-content/uploads/2025/11/ian-post-700x441.webp HTTP/1.1" 200 15481 "https://clavo.space/?h=etm5jnarz7akmkr" "Mozilla/5.0 (X11; Linux x86_64) AppleWebKit/537.36 (KHTML, like Gecko) Chrome/144.0.7559.132 Safari/537.36"
72.14.199.131 - - [27/Feb/2026:13:46:05 -0500] "GET /wp-content/themes/Avada/assets/min/js/general/avada-to-top.js HTTP/1.1" 304 - "https://clavo.space/?h=etm5jnarz7akmkr" "Mozilla/5.0 (X11; Linux x86_64) AppleWebKit/537.36 (KHTML, like Gecko) Chrome/144.0.7559.132 Safari/537.36"
72.14.199.131 - - [27/Feb/2026:13:46:05 -0500] "GET /wp-content/themes/Avada/includes/lib/assets/min/js/general/fusion-lightbox.js HTTP/1.1" 200 2092 "https://clavo.space/?h=etm5jnarz7akmkr" "Mozilla/5.0 (X11; Linux x86_64) AppleWebKit/537.36 (KHTML, like Gecko) Chrome/144.0.7559.132 Safari/537.36"
72.14.199.131 - - [27/Feb/2026:13:46:05 -0500] "GET /wp-content/themes/Avada/assets/min/js/general/avada-events.js HTTP/1.1" 304 - "https://clavo.space/?h=etm5jnarz7akmkr" "Mozilla/5.0 (X11; Linux x86_64) AppleWebKit/537.36 (KHTML, like Gecko) Chrome/144.0.7559.132 Safari/537.36"
45.141.233.210 - - [27/Feb/2026:13:46:04 -0500] "GET /wp-login.php?redirect_to=https%3A%2F%2Fclavo.space%2Fwp-admin%2Findex.php&reauth=1 HTTP/1.1" 200 2098 "https://clavo.space/wp-login.php" "Mozilla/5.0 (Macintosh; Intel Mac OS X 13_6_1) AppleWebKit/537.36 (KHTML, like Gecko) Chrome/118.0.0.0 Safari/537.36"
72.14.199.131 - - [27/Feb/2026:13:46:06 -0500] "GET /wp-content/plugins/fusion-builder/assets/js/min/general/fusion-recent-posts.js HTTP/1.1" 304 - "https://clavo.space/?h=etm5jnarz7akmkr" "Mozilla/5.0 (X11; Linux x86_64) AppleWebKit/537.36 (KHTML, like Gecko) Chrome/144.0.7559.132 Safari/537.36"
72.14.199.131 - - [27/Feb/2026:13:46:06 -0500] "GET /wp-content/uploads/2023/11/cafe1-700x441.webp HTTP/1.1" 200 84789 "https://clavo.space/?h=etm5jnarz7akmkr" "Mozilla/5.0 (X11; Linux x86_64) AppleWebKit/537.36 (KHTML, like Gecko) Chrome/144.0.7559.132 Safari/537.36"
72.14.199.131 - - [27/Feb/2026:13:46:06 -0500] "GET /wp-content/plugins/fusion-builder/assets/js/min/library/jquery.textillate.js HTTP/1.1" 304 - "https://clavo.space/?h=etm5jnarz7akmkr" "Mozilla/5.0 (X11; Linux x86_64) AppleWebKit/537.36 (KHTML, like Gecko) Chrome/144.0.7559.132 Safari/537.36"
72.14.199.131 - - [27/Feb/2026:13:46:06 -0500] "GET /wp-content/uploads/2021/03/footer_logotype_2x.png HTTP/1.1" 304 - "https://clavo.space/?h=etm5jnarz7akmkr" "Mozilla/5.0 (X11; Linux x86_64) AppleWebKit/537.36 (KHTML, like Gecko) Chrome/144.0.7559.132 Safari/537.36"
72.14.199.131 - - [27/Feb/2026:13:46:07 -0500] "GET /wp-content/themes/Avada/assets/min/js/general/avada-live-search.js HTTP/1.1" 304 - "https://clavo.space/?h=etm5jnarz7akmkr" "Mozilla/5.0 (X11; Linux x86_64) AppleWebKit/537.36 (KHTML, like Gecko) Chrome/144.0.7559.132 Safari/537.36"
72.14.199.131 - - [27/Feb/2026:13:46:07 -0500] "GET /wp-content/themes/Avada/includes/lib/assets/min/js/general/fusion-general-global.js HTTP/1.1" 304 - "https://clavo.space/?h=etm5jnarz7akmkr" "Mozilla/5.0 (X11; Linux x86_64) AppleWebKit/537.36 (KHTML, like Gecko) Chrome/144.0.7559.132 Safari/537.36"
72.14.199.131 - - [27/Feb/2026:13:46:07 -0500] "GET /wp-content/uploads/2025/12/invita.jpeg HTTP/1.1" 304 - "https://clavo.space/?h=etm5jnarz7akmkr" "Mozilla/5.0 (X11; Linux x86_64) AppleWebKit/537.36 (KHTML, like Gecko) Chrome/144.0.7559.132 Safari/537.36"
45.141.233.210 - - [27/Feb/2026:13:46:06 -0500] "POST /wp-login.php HTTP/1.1" 200 2245 "https://clavo.space/wp-login.php" "Mozilla/5.0 (Windows NT 10.0; Win64; x64) AppleWebKit/537.36 (KHTML, like Gecko) Chrome/121.0.0.0 Safari/537.36"
72.14.199.131 - - [27/Feb/2026:13:46:08 -0500] "GET /wp-content/themes/Avada/includes/lib/assets/min/js/general/fusion-alert.js HTTP/1.1" 304 - "https://clavo.space/?h=etm5jnarz7akmkr" "Mozilla/5.0 (X11; Linux x86_64) AppleWebKit/537.36 (KHTML, like Gecko) Chrome/144.0.7559.132 Safari/537.36"
72.14.199.131 - - [27/Feb/2026:13:46:08 -0500] "GET /wp-content/plugins/fusion-builder/assets/js/min/general/fusion-column.js HTTP/1.1" 304 - "https://clavo.space/?h=etm5jnarz7akmkr" "Mozilla/5.0 (X11; Linux x86_64) AppleWebKit/537.36 (KHTML, like Gecko) Chrome/144.0.7559.132 Safari/537.36"
72.14.199.131 - - [27/Feb/2026:13:46:08 -0500] "GET /wp-content/uploads/2021/03/apple-touch-icon-60x60-1.png HTTP/1.1" 200 1177 "https://clavo.space/?h=etm5jnarz7akmkr" "Mozilla/5.0 (X11; Linux x86_64) AppleWebKit/537.36 (KHTML, like Gecko) Chrome/144.0.7559.132 Safari/537.36"
54.37.252.46 - - [27/Feb/2026:13:46:06 -0500] "GET /shop/?add-to-cart=1973&product_count=12&product_view=list&product_orderby=price HTTP/1.1" 404 13531 "-" "Mozilla/5.0 (compatible; MJ12bot/v1.4.8; http://mj12bot.com/)"
72.14.199.131 - - [27/Feb/2026:13:46:08 -0500] "GET /wp-content/uploads/2025/10/5-700x441.jpg HTTP/1.1" 304 - "https://clavo.space/?h=etm5jnarz7akmkr" "Mozilla/5.0 (X11; Linux x86_64) AppleWebKit/537.36 (KHTML, like Gecko) Chrome/144.0.7559.132 Safari/537.36"
