51.75.128.81 - - [27/Feb/2026:12:24:20 -0500] "GET /shop/?add-to-cart=1940&product_view=list&product_orderby=price&product_count=24 HTTP/1.1" 404 13526 "-" "Mozilla/5.0 (compatible; MJ12bot/v1.4.8; http://mj12bot.com/)"
51.75.128.81 - - [27/Feb/2026:12:24:25 -0500] "GET /shop/?add-to-cart=1940&product_view=list&product_orderby=price&product_count=36 HTTP/1.1" 404 13532 "-" "Mozilla/5.0 (compatible; MJ12bot/v1.4.8; http://mj12bot.com/)"
114.119.163.186 - - [27/Feb/2026:12:24:29 -0500] "GET /product-tag/heart/?product_order=desc&product_count=24 HTTP/1.1" 404 13537 "https://clavo.space/product-tag/heart/?product_order=desc" "Mozilla/5.0 (Linux; Android 7.0;) AppleWebKit/537.36 (KHTML, like Gecko) Mobile Safari/537.36 (compatible; PetalBot;+https://webmaster.petalsearch.com/site/petalbot)"
51.75.128.81 - - [27/Feb/2026:12:24:30 -0500] "GET /shop/?add-to-cart=1941&product_order=asc&product_orderby=date&product_count=12 HTTP/1.1" 404 13524 "-" "Mozilla/5.0 (compatible; MJ12bot/v1.4.8; http://mj12bot.com/)"
162.253.224.18 - - [27/Feb/2026:12:24:36 -0500] "POST /wp-cron.php?doing_wp_cron=1772213076.7531421184539794921875 HTTP/1.1" 200 - "-" "WordPress/6.9.1; https://clavo.space"
51.75.128.81 - - [27/Feb/2026:12:24:35 -0500] "GET /shop/?add-to-cart=1941&product_order=asc&product_orderby=date&product_count=24 HTTP/1.1" 404 13530 "-" "Mozilla/5.0 (compatible; MJ12bot/v1.4.8; http://mj12bot.com/)"
51.75.128.81 - - [27/Feb/2026:12:24:40 -0500] "GET /shop/?add-to-cart=1941&product_order=asc&product_orderby=date&product_count=36 HTTP/1.1" 404 13528 "-" "Mozilla/5.0 (compatible; MJ12bot/v1.4.8; http://mj12bot.com/)"
185.191.171.5 - - [27/Feb/2026:12:24:40 -0500] "GET /events/tag/opening/list/?tribe-bar-date=2026-10-16 HTTP/1.1" 200 19715 "-" "Mozilla/5.0 (compatible; SemrushBot/7~bl; +http://www.semrush.com/bot.html)"
51.75.128.81 - - [27/Feb/2026:12:24:45 -0500] "GET /shop/?add-to-cart=1941&product_order=asc&product_orderby=name&product_count=12 HTTP/1.1" 404 13519 "-" "Mozilla/5.0 (compatible; MJ12bot/v1.4.8; http://mj12bot.com/)"
85.208.96.193 - - [27/Feb/2026:12:24:46 -0500] "GET /events/list/?eventDisplay=past&tribe-bar-date=2025-08-21 HTTP/1.1" 200 20443 "-" "Mozilla/5.0 (compatible; SemrushBot/7~bl; +http://www.semrush.com/bot.html)"
51.75.128.81 - - [27/Feb/2026:12:24:50 -0500] "GET /shop/?add-to-cart=1941&product_order=asc&product_orderby=name&product_count=24 HTTP/1.1" 404 13525 "-" "Mozilla/5.0 (compatible; MJ12bot/v1.4.8; http://mj12bot.com/)"
51.75.128.81 - - [27/Feb/2026:12:24:54 -0500] "GET /shop/?add-to-cart=1941&product_order=asc&product_orderby=name&product_count=36 HTTP/1.1" 404 13523 "-" "Mozilla/5.0 (compatible; MJ12bot/v1.4.8; http://mj12bot.com/)"
51.75.128.81 - - [27/Feb/2026:12:24:59 -0500] "GET /shop/?add-to-cart=1941&product_order=asc&product_orderby=popularity&product_count=12 HTTP/1.1" 404 13533 "-" "Mozilla/5.0 (compatible; MJ12bot/v1.4.8; http://mj12bot.com/)"
51.75.128.81 - - [27/Feb/2026:12:25:04 -0500] "GET /shop/?add-to-cart=1941&product_order=asc&product_orderby=popularity&product_count=24 HTTP/1.1" 404 13519 "-" "Mozilla/5.0 (compatible; MJ12bot/v1.4.8; http://mj12bot.com/)"
51.75.128.81 - - [27/Feb/2026:12:25:08 -0500] "GET /shop/?add-to-cart=1941&product_order=asc&product_orderby=popularity&product_count=36 HTTP/1.1" 404 13530 "-" "Mozilla/5.0 (compatible; MJ12bot/v1.4.8; http://mj12bot.com/)"
51.75.128.81 - - [27/Feb/2026:12:25:13 -0500] "GET /shop/?add-to-cart=1942&product_order=desc&product_orderby=date&product_count=12 HTTP/1.1" 404 13529 "-" "Mozilla/5.0 (compatible; MJ12bot/v1.4.8; http://mj12bot.com/)"
51.75.128.81 - - [27/Feb/2026:12:25:18 -0500] "GET /shop/?add-to-cart=1942&product_orderby=date&product_count=12 HTTP/1.1" 404 13522 "-" "Mozilla/5.0 (compatible; MJ12bot/v1.4.8; http://mj12bot.com/)"
66.249.79.69 - - [27/Feb/2026:12:25:19 -0500] "GET /page/2/?h=epwt5lkml5k6bi1 HTTP/1.1" 200 30444 "-" "Mozilla/5.0 (Linux; Android 6.0.1; Nexus 5X Build/MMB29P) AppleWebKit/537.36 (KHTML, like Gecko) Chrome/144.0.7559.132 Mobile Safari/537.36 (compatible; GoogleOther)"
51.75.128.81 - - [27/Feb/2026:12:25:23 -0500] "GET /shop/?add-to-cart=1942&product_orderby=date&product_count=24 HTTP/1.1" 404 13528 "-" "Mozilla/5.0 (compatible; MJ12bot/v1.4.8; http://mj12bot.com/)"
51.75.128.81 - - [27/Feb/2026:12:25:28 -0500] "GET /shop/?add-to-cart=1942&product_view=list&product_orderby=default&product_count=24 HTTP/1.1" 404 13528 "-" "Mozilla/5.0 (compatible; MJ12bot/v1.4.8; http://mj12bot.com/)"
185.191.171.7 - - [27/Feb/2026:12:25:30 -0500] "GET /events/tag/exhibition/list/?eventDisplay=past&tribe-bar-date=2023-09-16 HTTP/1.1" 200 20681 "-" "Mozilla/5.0 (compatible; SemrushBot/7~bl; +http://www.semrush.com/bot.html)"
162.253.224.18 - - [27/Feb/2026:12:25:35 -0500] "POST /wp-cron.php?doing_wp_cron=1772213135.1641519069671630859375 HTTP/1.1" 200 - "-" "WordPress/6.9.1; https://clavo.space"
51.75.128.81 - - [27/Feb/2026:12:25:34 -0500] "GET /shop/?add-to-cart=1942&product_view=list&product_orderby=default&product_count=36 HTTP/1.1" 404 13538 "-" "Mozilla/5.0 (compatible; MJ12bot/v1.4.8; http://mj12bot.com/)"
51.75.128.81 - - [27/Feb/2026:12:25:38 -0500] "GET /shop/?add-to-cart=1942&product_view=list&product_orderby=popularity&product_count=24 HTTP/1.1" 404 13530 "-" "Mozilla/5.0 (compatible; MJ12bot/v1.4.8; http://mj12bot.com/)"
51.75.128.81 - - [27/Feb/2026:12:25:43 -0500] "GET /shop/?add-to-cart=1943&product_order=desc&product_orderby=name&product_count=12 HTTP/1.1" 404 13529 "-" "Mozilla/5.0 (compatible; MJ12bot/v1.4.8; http://mj12bot.com/)"
51.75.128.81 - - [27/Feb/2026:12:25:48 -0500] "GET /shop/?add-to-cart=1943&product_order=desc&product_orderby=name&product_count=24 HTTP/1.1" 404 13531 "-" "Mozilla/5.0 (compatible; MJ12bot/v1.4.8; http://mj12bot.com/)"
114.119.149.252 - - [27/Feb/2026:12:25:52 -0500] "GET /product-tag/garret-suhrie/?product_count=36&product_order=asc&product_orderby=popularity&product_view=list HTTP/1.1" 301 - "https://clavo.space/product-tag/garret-suhrie/?product_count=36&product_order=asc&product_orderby=date&product_view=list" "Mozilla/5.0 (Linux; Android 7.0;) AppleWebKit/537.36 (KHTML, like Gecko) Mobile Safari/537.36 (compatible; PetalBot;+https://webmaster.petalsearch.com/site/petalbot)"
51.75.128.81 - - [27/Feb/2026:12:25:52 -0500] "GET /shop/?add-to-cart=1943&product_order=desc&product_orderby=popularity&product_count=12 HTTP/1.1" 404 13526 "-" "Mozilla/5.0 (compatible; MJ12bot/v1.4.8; http://mj12bot.com/)"
114.119.149.252 - - [27/Feb/2026:12:25:55 -0500] "GET /portfolio-item/garret-suhrie/?product_count=36&product_order=asc&product_orderby=popularity&product_view=list HTTP/1.1" 200 23625 "https://clavo.space/product-tag/garret-suhrie/?product_count=36&product_order=asc&product_orderby=date&product_view=list" "Mozilla/5.0 (Linux; Android 7.0;) AppleWebKit/537.36 (KHTML, like Gecko) Mobile Safari/537.36 (compatible; PetalBot;+https://webmaster.petalsearch.com/site/petalbot)"
51.75.128.81 - - [27/Feb/2026:12:25:58 -0500] "GET /shop/?add-to-cart=1943&product_order=desc&product_orderby=popularity&product_count=24 HTTP/1.1" 404 13525 "-" "Mozilla/5.0 (compatible; MJ12bot/v1.4.8; http://mj12bot.com/)"
51.75.128.81 - - [27/Feb/2026:12:26:02 -0500] "GET /shop/?add-to-cart=1943&product_order=desc&product_orderby=popularity&product_count=36 HTTP/1.1" 404 13527 "-" "Mozilla/5.0 (compatible; MJ12bot/v1.4.8; http://mj12bot.com/)"
51.75.128.81 - - [27/Feb/2026:12:26:07 -0500] "GET /shop/?add-to-cart=1943&product_order=desc&product_orderby=price&product_count=24 HTTP/1.1" 404 13525 "-" "Mozilla/5.0 (compatible; MJ12bot/v1.4.8; http://mj12bot.com/)"
51.75.128.81 - - [27/Feb/2026:12:26:12 -0500] "GET /shop/?add-to-cart=1943&product_order=desc&product_orderby=price&product_count=36 HTTP/1.1" 404 13528 "-" "Mozilla/5.0 (compatible; MJ12bot/v1.4.8; http://mj12bot.com/)"
51.75.128.81 - - [27/Feb/2026:12:26:17 -0500] "GET /shop/?add-to-cart=1943&product_order=desc&product_orderby=rating&product_count=12 HTTP/1.1" 404 13532 "-" "Mozilla/5.0 (compatible; MJ12bot/v1.4.8; http://mj12bot.com/)"
85.208.96.196 - - [27/Feb/2026:12:26:17 -0500] "GET /events/tag/opening/list/?tribe-bar-date=2021-07-15 HTTP/1.1" 200 19718 "-" "Mozilla/5.0 (compatible; SemrushBot/7~bl; +http://www.semrush.com/bot.html)"
51.75.128.81 - - [27/Feb/2026:12:26:22 -0500] "GET /shop/?add-to-cart=1943&product_order=desc&product_orderby=rating&product_count=24 HTTP/1.1" 404 13529 "-" "Mozilla/5.0 (compatible; MJ12bot/v1.4.8; http://mj12bot.com/)"
51.75.128.81 - - [27/Feb/2026:12:26:27 -0500] "GET /shop/?add-to-cart=1943&product_order=desc&product_view=grid&product_count=24 HTTP/1.1" 404 13526 "-" "Mozilla/5.0 (compatible; MJ12bot/v1.4.8; http://mj12bot.com/)"
162.253.224.18 - - [27/Feb/2026:12:26:33 -0500] "POST /wp-cron.php?doing_wp_cron=1772213193.1292080879211425781250 HTTP/1.1" 200 - "-" "WordPress/6.9.1; https://clavo.space"
51.75.128.81 - - [27/Feb/2026:12:26:31 -0500] "GET /shop/?add-to-cart=1943&product_orderby=name&product_order=desc&product_count=12 HTTP/1.1" 404 13512 "-" "Mozilla/5.0 (compatible; MJ12bot/v1.4.8; http://mj12bot.com/)"
51.75.128.81 - - [27/Feb/2026:12:26:36 -0500] "GET /shop/?add-to-cart=1945&product_view=grid&product_count=36&product_orderby=name HTTP/1.1" 404 13528 "-" "Mozilla/5.0 (compatible; MJ12bot/v1.4.8; http://mj12bot.com/)"
51.75.128.81 - - [27/Feb/2026:12:26:41 -0500] "GET /shop/?add-to-cart=1952&product_count=12&product_view=list HTTP/1.1" 404 13530 "-" "Mozilla/5.0 (compatible; MJ12bot/v1.4.8; http://mj12bot.com/)"
51.75.128.81 - - [27/Feb/2026:12:26:46 -0500] "GET /shop/?add-to-cart=1955&product_count=24&product_orderby=rating HTTP/1.1" 404 13528 "-" "Mozilla/5.0 (compatible; MJ12bot/v1.4.8; http://mj12bot.com/)"
51.75.128.81 - - [27/Feb/2026:12:26:50 -0500] "GET /shop/?add-to-cart=1955&product_order=asc&product_count=12 HTTP/1.1" 404 13520 "-" "Mozilla/5.0 (compatible; MJ12bot/v1.4.8; http://mj12bot.com/)"
51.75.128.81 - - [27/Feb/2026:12:26:55 -0500] "GET /shop/?add-to-cart=1955&product_order=asc&product_count=24 HTTP/1.1" 404 13528 "-" "Mozilla/5.0 (compatible; MJ12bot/v1.4.8; http://mj12bot.com/)"
111.225.149.68 - - [27/Feb/2026:12:26:59 -0500] "GET /robots.txt HTTP/1.1" 200 111 "-" "Mozilla/5.0 (Linux; Android 5.0) AppleWebKit/537.36 (KHTML, like Gecko) Mobile Safari/537.36 (compatible; Bytespider; https://zhanzhang.toutiao.com/)"
51.75.128.81 - - [27/Feb/2026:12:27:00 -0500] "GET /shop/?add-to-cart=1955&product_order=asc&product_count=36 HTTP/1.1" 404 13527 "-" "Mozilla/5.0 (compatible; MJ12bot/v1.4.8; http://mj12bot.com/)"
51.75.128.81 - - [27/Feb/2026:12:27:04 -0500] "GET /shop/?add-to-cart=1955&product_order=desc&product_count=12 HTTP/1.1" 404 13525 "-" "Mozilla/5.0 (compatible; MJ12bot/v1.4.8; http://mj12bot.com/)"
51.75.128.81 - - [27/Feb/2026:12:27:09 -0500] "GET /shop/?add-to-cart=1955&product_order=desc&product_count=12&product_orderby=default HTTP/1.1" 404 13523 "-" "Mozilla/5.0 (compatible; MJ12bot/v1.4.8; http://mj12bot.com/)"
51.75.128.81 - - [27/Feb/2026:12:27:14 -0500] "GET /shop/?add-to-cart=1955&product_order=desc&product_count=24 HTTP/1.1" 404 13519 "-" "Mozilla/5.0 (compatible; MJ12bot/v1.4.8; http://mj12bot.com/)"
114.119.136.13 - - [27/Feb/2026:12:27:15 -0500] "GET /product-tag/abel-adrian/page/2/?product_count=24&product_order=asc&product_orderby=date&product_view=list HTTP/1.1" 404 13550 "https://clavo.space/product-tag/abel-adrian/page/1/?product_count=24&product_order=asc&product_orderby=date&product_view=list" "Mozilla/5.0 (Linux; Android 7.0;) AppleWebKit/537.36 (KHTML, like Gecko) Mobile Safari/537.36 (compatible; PetalBot;+https://webmaster.petalsearch.com/site/petalbot)"
51.75.128.81 - - [27/Feb/2026:12:27:19 -0500] "GET /shop/?add-to-cart=1955&product_order=desc&product_count=36 HTTP/1.1" 404 13522 "-" "Mozilla/5.0 (compatible; MJ12bot/v1.4.8; http://mj12bot.com/)"
185.191.171.13 - - [27/Feb/2026:12:27:19 -0500] "GET /events/tag/clavo-space/list/?eventDisplay=past&tribe-bar-date=2023-07-22 HTTP/1.1" 200 20690 "-" "Mozilla/5.0 (compatible; SemrushBot/7~bl; +http://www.semrush.com/bot.html)"
51.75.128.81 - - [27/Feb/2026:12:27:24 -0500] "GET /shop/?add-to-cart=1955&product_order=desc&product_count=36&product_orderby=rating HTTP/1.1" 404 13530 "-" "Mozilla/5.0 (compatible; MJ12bot/v1.4.8; http://mj12bot.com/)"
185.191.171.10 - - [27/Feb/2026:12:27:25 -0500] "GET /events/category/exhibition/list/?eventDisplay=past&tribe-bar-date=2020-10-28 HTTP/1.1" 200 20719 "-" "Mozilla/5.0 (compatible; SemrushBot/7~bl; +http://www.semrush.com/bot.html)"
176.44.117.9 - - [27/Feb/2026:12:27:26 -0500] "POST /xmlrpc.php HTTP/1.1" 200 225 "-" "Mozilla/5.0 (Windows NT 6.2; Win64; x64) AppleWebKit/537.36 (KHTML, like Gecko) Chrome/65.0.3325.181 Safari/537.36"
51.75.128.81 - - [27/Feb/2026:12:27:29 -0500] "GET /shop/?add-to-cart=1955&product_view=list&product_order=asc&product_count=12 HTTP/1.1" 404 13530 "-" "Mozilla/5.0 (compatible; MJ12bot/v1.4.8; http://mj12bot.com/)"
162.253.224.18 - - [27/Feb/2026:12:27:33 -0500] "POST /wp-cron.php?doing_wp_cron=1772213253.1646521091461181640625 HTTP/1.1" 200 - "-" "WordPress/6.9.1; https://clavo.space"
85.208.96.210 - - [27/Feb/2026:12:27:31 -0500] "GET /events/list/?tribe-bar-date=2021-07-01 HTTP/1.1" 200 19459 "-" "Mozilla/5.0 (compatible; SemrushBot/7~bl; +http://www.semrush.com/bot.html)"
51.75.128.81 - - [27/Feb/2026:12:27:34 -0500] "GET /shop/?add-to-cart=1955&product_view=list&product_order=asc&product_count=24 HTTP/1.1" 404 13526 "-" "Mozilla/5.0 (compatible; MJ12bot/v1.4.8; http://mj12bot.com/)"
85.208.96.197 - - [27/Feb/2026:12:27:37 -0500] "GET /events/tag/art/list/?eventDisplay=past&tribe-bar-date=2023-08-04 HTTP/1.1" 200 20695 "-" "Mozilla/5.0 (compatible; SemrushBot/7~bl; +http://www.semrush.com/bot.html)"
51.75.128.81 - - [27/Feb/2026:12:27:38 -0500] "GET /shop/?add-to-cart=1955&product_view=list&product_order=desc&product_count=12 HTTP/1.1" 404 13534 "-" "Mozilla/5.0 (compatible; MJ12bot/v1.4.8; http://mj12bot.com/)"
66.249.79.69 - - [27/Feb/2026:12:27:39 -0500] "GET /page/2/?h=e2dkae1mqy1b2bi_gkind14524010 HTTP/1.1" 200 30453 "-" "Mozilla/5.0 (Linux; Android 6.0.1; Nexus 5X Build/MMB29P) AppleWebKit/537.36 (KHTML, like Gecko) Chrome/144.0.7559.132 Mobile Safari/537.36 (compatible; GoogleOther)"
51.75.128.81 - - [27/Feb/2026:12:27:43 -0500] "GET /shop/?add-to-cart=1955&product_view=list&product_order=desc&product_count=24 HTTP/1.1" 404 13509 "-" "Mozilla/5.0 (compatible; MJ12bot/v1.4.8; http://mj12bot.com/)"
51.75.128.81 - - [27/Feb/2026:12:27:48 -0500] "GET /shop/?add-to-cart=1955&product_view=list&product_order=desc&product_count=36 HTTP/1.1" 404 13524 "-" "Mozilla/5.0 (compatible; MJ12bot/v1.4.8; http://mj12bot.com/)"
51.75.128.81 - - [27/Feb/2026:12:27:52 -0500] "GET /shop/?add-to-cart=1955&product_view=list&product_orderby=date&product_count=12 HTTP/1.1" 404 13532 "-" "Mozilla/5.0 (compatible; MJ12bot/v1.4.8; http://mj12bot.com/)"
51.75.128.81 - - [27/Feb/2026:12:27:57 -0500] "GET /shop/?add-to-cart=1955&product_view=list&product_orderby=date&product_count=24 HTTP/1.1" 404 13527 "-" "Mozilla/5.0 (compatible; MJ12bot/v1.4.8; http://mj12bot.com/)"
51.75.128.81 - - [27/Feb/2026:12:28:02 -0500] "GET /shop/?add-to-cart=1955&product_view=list&product_orderby=date&product_count=36 HTTP/1.1" 404 13527 "-" "Mozilla/5.0 (compatible; MJ12bot/v1.4.8; http://mj12bot.com/)"
51.75.128.81 - - [27/Feb/2026:12:28:06 -0500] "GET /shop/?add-to-cart=1955&product_view=list&product_orderby=name&product_count=12 HTTP/1.1" 404 13531 "-" "Mozilla/5.0 (compatible; MJ12bot/v1.4.8; http://mj12bot.com/)"
51.75.128.81 - - [27/Feb/2026:12:28:11 -0500] "GET /shop/?add-to-cart=1955&product_view=list&product_orderby=name&product_count=24 HTTP/1.1" 404 13522 "-" "Mozilla/5.0 (compatible; MJ12bot/v1.4.8; http://mj12bot.com/)"
51.75.128.81 - - [27/Feb/2026:12:28:16 -0500] "GET /shop/?add-to-cart=1955&product_view=list&product_orderby=name&product_count=36 HTTP/1.1" 404 13523 "-" "Mozilla/5.0 (compatible; MJ12bot/v1.4.8; http://mj12bot.com/)"
51.75.128.81 - - [27/Feb/2026:12:28:20 -0500] "GET /shop/?add-to-cart=1955&product_view=list&product_orderby=popularity&product_count=12 HTTP/1.1" 404 13533 "-" "Mozilla/5.0 (compatible; MJ12bot/v1.4.8; http://mj12bot.com/)"
43.173.181.237 - - [27/Feb/2026:12:28:35 -0500] "GET /wp/?p=17 HTTP/1.1" 301 - "-" "Mozilla/5.0 (Windows NT 10.0; Win64; x64) AppleWebKit/537.36 (KHTML, like Gecko) Chrome/124.0.0.0 Safari/537.36"
162.253.224.18 - - [27/Feb/2026:12:28:37 -0500] "POST /wp-cron.php?doing_wp_cron=1772213317.7364170551300048828125 HTTP/1.1" 200 - "-" "WordPress/6.9.1; https://clavo.space"
66.249.79.67 - - [27/Feb/2026:12:28:34 -0500] "GET /page/2/?h=edq4zfekfze0fcv HTTP/1.1" 200 30438 "-" "Mozilla/5.0 (Linux; Android 6.0.1; Nexus 5X Build/MMB29P) AppleWebKit/537.36 (KHTML, like Gecko) Chrome/144.0.7559.132 Mobile Safari/537.36 (compatible; GoogleOther)"
57.141.6.18 - - [27/Feb/2026:12:28:38 -0500] "GET /wp-content/uploads/2025/11/all-1024x683.webp HTTP/1.1" 200 43244 "-" "meta-externalagent/1.1 (+https://developers.facebook.com/docs/sharing/webmasters/crawler)"
85.208.96.200 - - [27/Feb/2026:12:28:36 -0500] "GET /events/list/?eventDisplay=past&tribe-bar-date=2028-01-14 HTTP/1.1" 200 20449 "-" "Mozilla/5.0 (compatible; SemrushBot/7~bl; +http://www.semrush.com/bot.html)"
43.173.182.117 - - [27/Feb/2026:12:28:38 -0500] "GET /wp/services/ HTTP/1.1" 200 18656 "-" "Mozilla/5.0 (Windows NT 10.0; Win64; x64) AppleWebKit/537.36 (KHTML, like Gecko) Chrome/124.0.0.0 Safari/537.36"
114.119.136.13 - - [27/Feb/2026:12:28:38 -0500] "GET /product-tag/abel-adrian/page/2/?product_count=12&product_orderby=rating&product_order=desc&paged=1 HTTP/1.1" 301 - "https://clavo.space/product-tag/abel-adrian/page/2/?product_count=12&product_orderby=rating&product_order=desc" "Mozilla/5.0 (Linux; Android 7.0;) AppleWebKit/537.36 (KHTML, like Gecko) Mobile Safari/537.36 (compatible; PetalBot;+https://webmaster.petalsearch.com/site/petalbot)"
43.173.173.71 - - [27/Feb/2026:12:28:42 -0500] "GET /wp/wp-content/uploads/fusion-styles/4f62fad939ede3ce63eb3a981f2cb2fe.min.css HTTP/1.1" 200 181898 "https://212productions.net/wp/services/" "Mozilla/5.0 (Windows NT 10.0; Win64; x64) AppleWebKit/537.36 (KHTML, like Gecko) Chrome/124.0.0.0 Safari/537.36"
114.119.136.13 - - [27/Feb/2026:12:28:42 -0500] "GET /portfolio-item/abel-adrian/?product_count=12&product_orderby=rating&product_order=desc&paged=1 HTTP/1.1" 301 - "https://clavo.space/product-tag/abel-adrian/page/2/?product_count=12&product_orderby=rating&product_order=desc" "Mozilla/5.0 (Linux; Android 7.0;) AppleWebKit/537.36 (KHTML, like Gecko) Mobile Safari/537.36 (compatible; PetalBot;+https://webmaster.petalsearch.com/site/petalbot)"
114.119.136.13 - - [27/Feb/2026:12:28:44 -0500] "GET /portfolio-item/abel-adrian/?product_count=12&product_orderby=rating&product_order=desc HTTP/1.1" 200 21332 "https://clavo.space/product-tag/abel-adrian/page/2/?product_count=12&product_orderby=rating&product_order=desc" "Mozilla/5.0 (Linux; Android 7.0;) AppleWebKit/537.36 (KHTML, like Gecko) Mobile Safari/537.36 (compatible; PetalBot;+https://webmaster.petalsearch.com/site/petalbot)"
43.173.180.125 - - [27/Feb/2026:12:28:46 -0500] "GET /wp/wp-content/themes/Avada/includes/lib/assets/fonts/fontawesome/webfonts/fa-solid-900.woff2 HTTP/1.1" 200 78083 "https://212productions.net/wp/wp-content/uploads/fusion-styles/4f62fad939ede3ce63eb3a981f2cb2fe.min.css?ver=3.13.3" "Mozilla/5.0 (Windows NT 10.0; Win64; x64) AppleWebKit/537.36 (KHTML, like Gecko) Chrome/124.0.0.0 Safari/537.36"
66.249.79.69 - - [27/Feb/2026:12:29:11 -0500] "GET /page/2/?h=e9plmqdm2adn0nu HTTP/1.1" 200 30438 "-" "Mozilla/5.0 (Linux; Android 6.0.1; Nexus 5X Build/MMB29P) AppleWebKit/537.36 (KHTML, like Gecko) Chrome/144.0.7559.132 Mobile Safari/537.36 (compatible; GoogleOther)"
142.44.220.57 - - [27/Feb/2026:12:29:30 -0500] "GET /product-category/paintings/coffe-and-ashes/?product_orderby=default&product_view=list&product_order=desc&product_count=24 HTTP/1.1" 404 13547 "-" "Mozilla/5.0 (compatible; AhrefsBot/7.0; +http://ahrefs.com/robot/)"
162.253.224.18 - - [27/Feb/2026:12:30:04 -0500] "POST /wp-cron.php?doing_wp_cron=1772213404.8200809955596923828125 HTTP/1.1" 200 - "-" "WordPress/6.9.1; https://clavo.space"
114.119.148.154 - - [27/Feb/2026:12:30:03 -0500] "GET /product-tag/abel-adrian/page/2/?product_count=12&product_orderby=popularity&product_view=list&paged=1 HTTP/1.1" 301 - "https://clavo.space/product-tag/abel-adrian/page/2/?product_count=24&product_orderby=popularity&product_view=list" "Mozilla/5.0 (Linux; Android 7.0;) AppleWebKit/537.36 (KHTML, like Gecko) Mobile Safari/537.36 (compatible; PetalBot;+https://webmaster.petalsearch.com/site/petalbot)"
114.119.148.154 - - [27/Feb/2026:12:30:05 -0500] "GET /portfolio-item/abel-adrian/?product_count=12&product_orderby=popularity&product_view=list&paged=1 HTTP/1.1" 301 - "https://clavo.space/product-tag/abel-adrian/page/2/?product_count=24&product_orderby=popularity&product_view=list" "Mozilla/5.0 (Linux; Android 7.0;) AppleWebKit/537.36 (KHTML, like Gecko) Mobile Safari/537.36 (compatible; PetalBot;+https://webmaster.petalsearch.com/site/petalbot)"
114.119.148.154 - - [27/Feb/2026:12:30:08 -0500] "GET /portfolio-item/abel-adrian/?product_count=12&product_orderby=popularity&product_view=list HTTP/1.1" 200 21327 "https://clavo.space/product-tag/abel-adrian/page/2/?product_count=24&product_orderby=popularity&product_view=list" "Mozilla/5.0 (Linux; Android 7.0;) AppleWebKit/537.36 (KHTML, like Gecko) Mobile Safari/537.36 (compatible; PetalBot;+https://webmaster.petalsearch.com/site/petalbot)"
185.191.171.12 - - [27/Feb/2026:12:30:13 -0500] "GET /events/tag/opening/list/?tribe-bar-date=2025-04-02 HTTP/1.1" 200 19715 "-" "Mozilla/5.0 (compatible; SemrushBot/7~bl; +http://www.semrush.com/bot.html)"
66.249.79.73 - - [27/Feb/2026:12:30:14 -0500] "GET /?h=ex29brqdrbqc4o7_gkind14523994 HTTP/1.1" 301 - "-" "Mozilla/5.0 (Linux; Android 6.0.1; Nexus 5X Build/MMB29P) AppleWebKit/537.36 (KHTML, like Gecko) Chrome/144.0.7559.132 Mobile Safari/537.36 (compatible; Googlebot/2.1; +http://www.google.com/bot.html)"
66.249.79.69 - - [27/Feb/2026:12:30:16 -0500] "GET /?h=ex29brqdrbqc4o7_gkind14523994 HTTP/1.1" 200 30769 "-" "Mozilla/5.0 (Linux; Android 6.0.1; Nexus 5X Build/MMB29P) AppleWebKit/537.36 (KHTML, like Gecko) Chrome/144.0.7559.132 Mobile Safari/537.36 (compatible; Googlebot/2.1; +http://www.google.com/bot.html)"
185.198.240.226 - - [27/Feb/2026:12:30:47 -0500] "POST /wp-login.php HTTP/1.1" 200 7325 "-" "Mozilla/5.0"
185.198.240.199 - - [27/Feb/2026:12:30:47 -0500] "POST /wp-login.php HTTP/1.1" 200 7325 "-" "Mozilla/5.0"
162.253.224.18 - - [27/Feb/2026:12:30:55 -0500] "POST /wp-cron.php?doing_wp_cron=1772213455.8402988910675048828125 HTTP/1.1" 200 - "-" "WordPress/6.9.1; https://clavo.space"
185.198.240.215 - - [27/Feb/2026:12:30:47 -0500] "POST /wp-login.php HTTP/1.1" 200 7319 "-" "Mozilla/5.0"
185.198.240.191 - - [27/Feb/2026:12:30:47 -0500] "POST /wp-login.php HTTP/1.1" 200 7325 "-" "Mozilla/5.0"
185.198.240.206 - - [27/Feb/2026:12:30:47 -0500] "POST /wp-login.php HTTP/1.1" 200 7325 "-" "Mozilla/5.0"
185.198.240.229 - - [27/Feb/2026:12:30:47 -0500] "POST /wp-login.php HTTP/1.1" 200 7319 "-" "Mozilla/5.0"
185.198.240.198 - - [27/Feb/2026:12:30:47 -0500] "POST /wp-login.php HTTP/1.1" 200 7325 "-" "Mozilla/5.0"
66.249.79.69 - - [27/Feb/2026:12:31:04 -0500] "GET /page/2/?h=eeox91ciplcalyt HTTP/1.1" 200 30445 "-" "Mozilla/5.0 (Linux; Android 6.0.1; Nexus 5X Build/MMB29P) AppleWebKit/537.36 (KHTML, like Gecko) Chrome/144.0.7559.132 Mobile Safari/537.36 (compatible; GoogleOther)"
52.167.144.225 - - [27/Feb/2026:12:31:15 -0500] "GET /?ID=92743.html HTTP/1.1" 200 30741 "-" "Mozilla/5.0 AppleWebKit/537.36 (KHTML, like Gecko; compatible; bingbot/2.0; +http://www.bing.com/bingbot.htm) Chrome/116.0.1938.76 Safari/537.36"
114.119.163.186 - - [27/Feb/2026:12:31:26 -0500] "GET /product-tag/abel-adrian/page/2/?product_count=12&product_orderby=name&product_order=desc&paged=1 HTTP/1.1" 301 - "https://clavo.space/product-tag/abel-adrian/page/2/?product_count=12&product_orderby=name&product_order=desc" "Mozilla/5.0 (Linux; Android 7.0;) AppleWebKit/537.36 (KHTML, like Gecko) Mobile Safari/537.36 (compatible; PetalBot;+https://webmaster.petalsearch.com/site/petalbot)"
114.119.163.186 - - [27/Feb/2026:12:31:28 -0500] "GET /portfolio-item/abel-adrian/?product_count=12&product_orderby=name&product_order=desc&paged=1 HTTP/1.1" 301 - "https://clavo.space/product-tag/abel-adrian/page/2/?product_count=12&product_orderby=name&product_order=desc" "Mozilla/5.0 (Linux; Android 7.0;) AppleWebKit/537.36 (KHTML, like Gecko) Mobile Safari/537.36 (compatible; PetalBot;+https://webmaster.petalsearch.com/site/petalbot)"
114.119.163.186 - - [27/Feb/2026:12:31:30 -0500] "GET /portfolio-item/abel-adrian/?product_count=12&product_orderby=name&product_order=desc HTTP/1.1" 200 21321 "https://clavo.space/product-tag/abel-adrian/page/2/?product_count=12&product_orderby=name&product_order=desc" "Mozilla/5.0 (Linux; Android 7.0;) AppleWebKit/537.36 (KHTML, like Gecko) Mobile Safari/537.36 (compatible; PetalBot;+https://webmaster.petalsearch.com/site/petalbot)"
43.155.125.172 - - [27/Feb/2026:12:31:41 -0500] "GET /wp-content/uploads/2023/11/cafe1-scaled.webp HTTP/1.1" 200 1043614 "-" "Mozilla/5.0 (Windows NT 10.0; Win64; x64) AppleWebKit/537.36"
162.253.224.18 - - [27/Feb/2026:12:31:52 -0500] "POST /wp-cron.php?doing_wp_cron=1772213512.2630629539489746093750 HTTP/1.1" 200 - "-" "WordPress/6.9.1; https://clavo.space"
66.249.79.67 - - [27/Feb/2026:12:31:50 -0500] "GET /page/2/?h=d2xniallyulja72 HTTP/1.1" 200 30440 "-" "Mozilla/5.0 (Linux; Android 6.0.1; Nexus 5X Build/MMB29P) AppleWebKit/537.36 (KHTML, like Gecko) Chrome/144.0.7559.132 Mobile Safari/537.36 (compatible; GoogleOther)"
185.191.171.4 - - [27/Feb/2026:12:32:06 -0500] "GET /events/category/exhibition/day/2022-08-22/ HTTP/1.1" 200 14460 "-" "Mozilla/5.0 (compatible; SemrushBot/7~bl; +http://www.semrush.com/bot.html)"
43.135.107.111 - - [27/Feb/2026:12:32:43 -0500] "GET /wp-content/uploads/2022/07/STUVI.png HTTP/1.1" 200 1038785 "-" "Mozilla/5.0 (Windows NT 10.0; Win64; x64) AppleWebKit/537.36"
162.253.224.18 - - [27/Feb/2026:12:32:45 -0500] "POST /wp-cron.php?doing_wp_cron=1772213565.2387950420379638671875 HTTP/1.1" 200 - "-" "WordPress/6.9.1; https://clavo.space"
185.191.171.6 - - [27/Feb/2026:12:32:44 -0500] "GET /events/tag/clavo-space/list/?tribe-bar-date=2026-11-29 HTTP/1.1" 200 19729 "-" "Mozilla/5.0 (compatible; SemrushBot/7~bl; +http://www.semrush.com/bot.html)"
85.208.96.198 - - [27/Feb/2026:12:32:51 -0500] "GET /events/category/exhibition/day/2024-11-24/ HTTP/1.1" 200 14474 "-" "Mozilla/5.0 (compatible; SemrushBot/7~bl; +http://www.semrush.com/bot.html)"
114.119.136.13 - - [27/Feb/2026:12:32:54 -0500] "GET /product-tag/abel-adrian/page/2/?product_count=12&product_orderby=date&product_view=list&paged=1 HTTP/1.1" 301 - "https://clavo.space/product-tag/abel-adrian/page/2/?product_count=12&product_orderby=date&product_view=list" "Mozilla/5.0 (Linux; Android 7.0;) AppleWebKit/537.36 (KHTML, like Gecko) Mobile Safari/537.36 (compatible; PetalBot;+https://webmaster.petalsearch.com/site/petalbot)"
114.119.136.13 - - [27/Feb/2026:12:32:58 -0500] "GET /portfolio-item/abel-adrian/?product_count=12&product_orderby=date&product_view=list&paged=1 HTTP/1.1" 301 - "https://clavo.space/product-tag/abel-adrian/page/2/?product_count=12&product_orderby=date&product_view=list" "Mozilla/5.0 (Linux; Android 7.0;) AppleWebKit/537.36 (KHTML, like Gecko) Mobile Safari/537.36 (compatible; PetalBot;+https://webmaster.petalsearch.com/site/petalbot)"
114.119.136.13 - - [27/Feb/2026:12:33:00 -0500] "GET /portfolio-item/abel-adrian/?product_count=12&product_orderby=date&product_view=list HTTP/1.1" 200 21331 "https://clavo.space/product-tag/abel-adrian/page/2/?product_count=12&product_orderby=date&product_view=list" "Mozilla/5.0 (Linux; Android 7.0;) AppleWebKit/537.36 (KHTML, like Gecko) Mobile Safari/537.36 (compatible; PetalBot;+https://webmaster.petalsearch.com/site/petalbot)"
185.112.84.48 - - [27/Feb/2026:12:33:03 -0500] "POST /xmlrpc.php HTTP/1.1" 200 225 "-" "Mozilla/5.0 (Windows NT 10.0) AppleWebKit/537.36 (KHTML, like Gecko) Chrome/65.0.3325.181 Safari/537.36"
45.61.186.130 - - [27/Feb/2026:12:33:23 -0500] "GET /wp-login.php HTTP/1.1" 200 6864 "-" "Mozilla/5.0 (Macintosh; Intel Mac OS X 10_9_2) AppleWebKit/537.74.9 (KHTML, like Gecko) Version/7.0.2 Safari/537.74.9"
45.61.186.130 - - [27/Feb/2026:12:33:25 -0500] "POST /wp-login.php HTTP/1.1" 200 7330 "-" "Mozilla/5.0 (Macintosh; Intel Mac OS X 10_9_2) AppleWebKit/537.74.9 (KHTML, like Gecko) Version/7.0.2 Safari/537.74.9"
162.253.224.18 - - [27/Feb/2026:12:33:44 -0500] "POST /wp-cron.php?doing_wp_cron=1772213624.9313030242919921875000 HTTP/1.1" 200 - "-" "WordPress/6.9.1; https://clavo.space"
205.185.122.27 - - [27/Feb/2026:12:33:43 -0500] "GET /wp-login.php HTTP/1.1" 200 6864 "-" "Mozilla/5.0 (iPhone; CPU iPhone OS 16_0 like Mac OS X)"
205.185.122.27 - - [27/Feb/2026:12:33:45 -0500] "POST /wp-login.php HTTP/1.1" 200 7343 "-" "Mozilla/5.0 (iPhone; CPU iPhone OS 16_0 like Mac OS X)"
185.191.171.7 - - [27/Feb/2026:12:33:46 -0500] "GET /events/tag/art/list/?eventDisplay=past&tribe-bar-date=2021-12-04 HTTP/1.1" 200 20683 "-" "Mozilla/5.0 (compatible; SemrushBot/7~bl; +http://www.semrush.com/bot.html)"
209.141.32.218 - - [27/Feb/2026:12:33:49 -0500] "GET /wp-login.php HTTP/1.1" 200 6864 "-" "Mozilla/5.0 (Macintosh; Intel Mac OS X 10_9_3) AppleWebKit/537.36 (KHTML, like Gecko) Chrome/35.0.1916.153 Safari/537.36"
85.208.96.212 - - [27/Feb/2026:12:33:55 -0500] "GET /events/tag/clavo-space/list/?eventDisplay=past&tribe-bar-date=2021-09-10 HTTP/1.1" 200 20694 "-" "Mozilla/5.0 (compatible; SemrushBot/7~bl; +http://www.semrush.com/bot.html)"
209.141.49.67 - - [27/Feb/2026:12:33:58 -0500] "GET /wp-login.php HTTP/1.1" 200 6864 "-" "Mozilla/5.0 (Windows NT 6.3; WOW64; rv:30.0) Gecko/20100101 Firefox/30.0"
209.141.49.67 - - [27/Feb/2026:12:33:59 -0500] "POST /wp-login.php HTTP/1.1" 200 7344 "-" "Mozilla/5.0 (Windows NT 6.3; WOW64; rv:30.0) Gecko/20100101 Firefox/30.0"
114.119.149.252 - - [27/Feb/2026:12:34:13 -0500] "GET /product-tag/abel-adrian/page/1/?product_view=list&product_orderby=date&product_count=24 HTTP/1.1" 301 - "https://clavo.space/product-tag/abel-adrian/page/2/?product_view=list&product_orderby=date&product_count=24" "Mozilla/5.0 (Linux; Android 7.0;) AppleWebKit/537.36 (KHTML, like Gecko) Mobile Safari/537.36 (compatible; PetalBot;+https://webmaster.petalsearch.com/site/petalbot)"
185.191.171.15 - - [27/Feb/2026:12:34:14 -0500] "GET /events/tag/opening/list/?tribe-bar-date=2024-01-22 HTTP/1.1" 200 19719 "-" "Mozilla/5.0 (compatible; SemrushBot/7~bl; +http://www.semrush.com/bot.html)"
114.119.149.252 - - [27/Feb/2026:12:34:15 -0500] "GET /portfolio-item/abel-adrian/?product_view=list&product_orderby=date&product_count=24 HTTP/1.1" 200 21331 "https://clavo.space/product-tag/abel-adrian/page/2/?product_view=list&product_orderby=date&product_count=24" "Mozilla/5.0 (Linux; Android 7.0;) AppleWebKit/537.36 (KHTML, like Gecko) Mobile Safari/537.36 (compatible; PetalBot;+https://webmaster.petalsearch.com/site/petalbot)"
85.208.96.200 - - [27/Feb/2026:12:34:19 -0500] "GET /events/tag/clavo-space/list/?tribe-bar-date=2028-05-30 HTTP/1.1" 200 19727 "-" "Mozilla/5.0 (compatible; SemrushBot/7~bl; +http://www.semrush.com/bot.html)"
209.141.32.218 - - [27/Feb/2026:12:34:27 -0500] "POST /wp-login.php HTTP/1.1" 200 7344 "-" "Mozilla/5.0 (Macintosh; Intel Mac OS X 10_9_3) AppleWebKit/537.36 (KHTML, like Gecko) Chrome/35.0.1916.153 Safari/537.36"
66.249.79.67 - - [27/Feb/2026:12:34:28 -0500] "GET /page/3/?h=emrhc4fdsofdf1w_gkind14524010 HTTP/1.1" 200 30632 "-" "Mozilla/5.0 (Linux; Android 6.0.1; Nexus 5X Build/MMB29P) AppleWebKit/537.36 (KHTML, like Gecko) Chrome/144.0.7559.132 Mobile Safari/537.36 (compatible; GoogleOther)"
162.253.224.18 - - [27/Feb/2026:12:34:37 -0500] "POST /wp-cron.php?doing_wp_cron=1772213677.0645759105682373046875 HTTP/1.1" 200 - "-" "WordPress/6.9.1; https://clavo.space"
185.191.171.4 - - [27/Feb/2026:12:34:35 -0500] "GET /events/tag/clavo-space/list/?tribe-bar-date=2021-06-20 HTTP/1.1" 200 19726 "-" "Mozilla/5.0 (compatible; SemrushBot/7~bl; +http://www.semrush.com/bot.html)"
72.14.199.136 - - [27/Feb/2026:12:35:00 -0500] "GET /?h=exz58onbo8n9nl4 HTTP/1.1" 301 - "-" "Mozilla/5.0 (X11; Linux x86_64) AppleWebKit/537.36 (KHTML, like Gecko) Chrome/144.0.7559.132 Safari/537.36"
72.14.199.133 - - [27/Feb/2026:12:35:01 -0500] "GET /?h=exz58onbo8n9nl4 HTTP/1.1" 200 30749 "-" "Mozilla/5.0 (X11; Linux x86_64) AppleWebKit/537.36 (KHTML, like Gecko) Chrome/144.0.7559.132 Safari/537.36"
72.14.199.133 - - [27/Feb/2026:12:35:03 -0500] "GET /wp-includes/css/dist/block-library/style.min.css HTTP/1.1" 200 15916 "https://clavo.space/?h=exz58onbo8n9nl4" "Mozilla/5.0 (X11; Linux x86_64) AppleWebKit/537.36 (KHTML, like Gecko) Chrome/144.0.7559.132 Safari/537.36"
72.14.199.133 - - [27/Feb/2026:12:35:03 -0500] "GET /wp-content/plugins/LayerSlider/assets/static/layerslider/css/layerslider.css HTTP/1.1" 200 5587 "https://clavo.space/?h=exz58onbo8n9nl4" "Mozilla/5.0 (X11; Linux x86_64) AppleWebKit/537.36 (KHTML, like Gecko) Chrome/144.0.7559.132 Safari/537.36"
72.14.199.132 - - [27/Feb/2026:12:35:04 -0500] "GET /wp-includes/js/jquery/jquery.min.js HTTP/1.1" 200 30368 "https://clavo.space/?h=exz58onbo8n9nl4" "Mozilla/5.0 (X11; Linux x86_64) AppleWebKit/537.36 (KHTML, like Gecko) Chrome/144.0.7559.132 Safari/537.36"
72.14.199.132 - - [27/Feb/2026:12:35:04 -0500] "GET /wp-content/plugins/LayerSlider/assets/static/layerslider/js/layerslider.transitions.js HTTP/1.1" 200 4907 "https://clavo.space/?h=exz58onbo8n9nl4" "Mozilla/5.0 (X11; Linux x86_64) AppleWebKit/537.36 (KHTML, like Gecko) Chrome/144.0.7559.132 Safari/537.36"
72.14.199.133 - - [27/Feb/2026:12:35:04 -0500] "GET /wp-content/plugins/LayerSlider/assets/static/layerslider/js/layerslider.utils.js HTTP/1.1" 200 41565 "https://clavo.space/?h=exz58onbo8n9nl4" "Mozilla/5.0 (X11; Linux x86_64) AppleWebKit/537.36 (KHTML, like Gecko) Chrome/144.0.7559.132 Safari/537.36"
72.14.199.132 - - [27/Feb/2026:12:35:05 -0500] "GET /wp-content/plugins/LayerSlider/assets/static/layerslider/js/layerslider.kreaturamedia.jquery.js HTTP/1.1" 200 65290 "https://clavo.space/?h=exz58onbo8n9nl4" "Mozilla/5.0 (X11; Linux x86_64) AppleWebKit/537.36 (KHTML, like Gecko) Chrome/144.0.7559.132 Safari/537.36"
72.14.199.133 - - [27/Feb/2026:12:35:05 -0500] "GET /wp-content/uploads/2021/03/conference.png HTTP/1.1" 200 49075 "https://clavo.space/?h=exz58onbo8n9nl4" "Mozilla/5.0 (X11; Linux x86_64) AppleWebKit/537.36 (KHTML, like Gecko) Chrome/144.0.7559.132 Safari/537.36"
72.14.199.132 - - [27/Feb/2026:12:35:05 -0500] "GET /wp-content/uploads/fusion-styles/029a45d2228098d0ce036738a70632ee.min.css HTTP/1.1" 200 164264 "https://clavo.space/?h=exz58onbo8n9nl4" "Mozilla/5.0 (X11; Linux x86_64) AppleWebKit/537.36 (KHTML, like Gecko) Chrome/144.0.7559.132 Safari/537.36"
72.14.199.132 - - [27/Feb/2026:12:35:05 -0500] "GET /wp-content/uploads/2021/03/space.jpg HTTP/1.1" 200 54287 "https://clavo.space/?h=exz58onbo8n9nl4" "Mozilla/5.0 (X11; Linux x86_64) AppleWebKit/537.36 (KHTML, like Gecko) Chrome/144.0.7559.132 Safari/537.36"
72.14.199.131 - - [27/Feb/2026:12:35:06 -0500] "GET /wp-content/uploads/2021/03/network.png HTTP/1.1" 200 49808 "https://clavo.space/?h=exz58onbo8n9nl4" "Mozilla/5.0 (X11; Linux x86_64) AppleWebKit/537.36 (KHTML, like Gecko) Chrome/144.0.7559.132 Safari/537.36"
72.14.199.131 - - [27/Feb/2026:12:35:06 -0500] "GET /wp-includes/js/jquery/jquery-migrate.min.js HTTP/1.1" 200 4872 "https://clavo.space/?h=exz58onbo8n9nl4" "Mozilla/5.0 (X11; Linux x86_64) AppleWebKit/537.36 (KHTML, like Gecko) Chrome/144.0.7559.132 Safari/537.36"
72.14.199.131 - - [27/Feb/2026:12:35:06 -0500] "GET /wp-content/uploads/2021/03/about-place1-1-1200x1268.jpg HTTP/1.1" 200 84796 "https://clavo.space/?h=exz58onbo8n9nl4" "Mozilla/5.0 (X11; Linux x86_64) AppleWebKit/537.36 (KHTML, like Gecko) Chrome/144.0.7559.132 Safari/537.36"
72.14.199.132 - - [27/Feb/2026:12:35:06 -0500] "GET /wp-content/uploads/2021/03/mars2.jpg HTTP/1.1" 200 201286 "https://clavo.space/?h=exz58onbo8n9nl4" "Mozilla/5.0 (X11; Linux x86_64) AppleWebKit/537.36 (KHTML, like Gecko) Chrome/144.0.7559.132 Safari/537.36"
72.14.199.132 - - [27/Feb/2026:12:35:07 -0500] "GET /wp-content/plugins/fusion-core/js/min/fusion-vertical-menu-widget.js HTTP/1.1" 200 472 "https://clavo.space/?h=exz58onbo8n9nl4" "Mozilla/5.0 (X11; Linux x86_64) AppleWebKit/537.36 (KHTML, like Gecko) Chrome/144.0.7559.132 Safari/537.36"
72.14.199.132 - - [27/Feb/2026:12:35:07 -0500] "GET /wp-content/themes/Avada/includes/lib/assets/min/js/library/bootstrap.tooltip.js HTTP/1.1" 200 3831 "https://clavo.space/?h=exz58onbo8n9nl4" "Mozilla/5.0 (X11; Linux x86_64) AppleWebKit/537.36 (KHTML, like Gecko) Chrome/144.0.7559.132 Safari/537.36"
72.14.199.131 - - [27/Feb/2026:12:35:07 -0500] "GET /wp-content/themes/Avada/includes/lib/assets/min/js/library/isotope.js HTTP/1.1" 200 9619 "https://clavo.space/?h=exz58onbo8n9nl4" "Mozilla/5.0 (X11; Linux x86_64) AppleWebKit/537.36 (KHTML, like Gecko) Chrome/144.0.7559.132 Safari/537.36"
72.14.199.131 - - [27/Feb/2026:12:35:08 -0500] "GET /wp-content/themes/Avada/includes/lib/assets/min/js/general/fusion-flexslider.js HTTP/1.1" 200 1448 "https://clavo.space/?h=exz58onbo8n9nl4" "Mozilla/5.0 (X11; Linux x86_64) AppleWebKit/537.36 (KHTML, like Gecko) Chrome/144.0.7559.132 Safari/537.36"
72.14.199.132 - - [27/Feb/2026:12:35:08 -0500] "GET /wp-content/plugins/the-events-calendar/vendor/jquery-placeholder/jquery.placeholder.min.js HTTP/1.1" 200 1298 "https://clavo.space/?h=exz58onbo8n9nl4" "Mozilla/5.0 (X11; Linux x86_64) AppleWebKit/537.36 (KHTML, like Gecko) Chrome/144.0.7559.132 Safari/537.36"
72.14.199.132 - - [27/Feb/2026:12:35:08 -0500] "GET /wp-content/themes/Avada/assets/min/js/general/avada-general-footer.js HTTP/1.1" 200 218 "https://clavo.space/?h=exz58onbo8n9nl4" "Mozilla/5.0 (X11; Linux x86_64) AppleWebKit/537.36 (KHTML, like Gecko) Chrome/144.0.7559.132 Safari/537.36"
72.14.199.131 - - [27/Feb/2026:12:35:08 -0500] "GET /wp-content/themes/Avada/assets/min/js/general/avada-crossfade-images.js HTTP/1.1" 200 190 "https://clavo.space/?h=exz58onbo8n9nl4" "Mozilla/5.0 (X11; Linux x86_64) AppleWebKit/537.36 (KHTML, like Gecko) Chrome/144.0.7559.132 Safari/537.36"
72.14.199.131 - - [27/Feb/2026:12:35:09 -0500] "GET /wp-content/themes/Avada/includes/lib/assets/min/js/general/fusion-button.js HTTP/1.1" 200 174 "https://clavo.space/?h=exz58onbo8n9nl4" "Mozilla/5.0 (X11; Linux x86_64) AppleWebKit/537.36 (KHTML, like Gecko) Chrome/144.0.7559.132 Safari/537.36"
72.14.199.131 - - [27/Feb/2026:12:35:09 -0500] "GET /wp-content/themes/Avada/assets/min/js/general/avada-live-search.js HTTP/1.1" 200 1030 "https://clavo.space/?h=exz58onbo8n9nl4" "Mozilla/5.0 (X11; Linux x86_64) AppleWebKit/537.36 (KHTML, like Gecko) Chrome/144.0.7559.132 Safari/537.36"
72.14.199.132 - - [27/Feb/2026:12:35:09 -0500] "GET /wp-content/plugins/fusion-builder/assets/js/min/library/jquery.textillate.js HTTP/1.1" 200 2164 "https://clavo.space/?h=exz58onbo8n9nl4" "Mozilla/5.0 (X11; Linux x86_64) AppleWebKit/537.36 (KHTML, like Gecko) Chrome/144.0.7559.132 Safari/537.36"
72.14.199.131 - - [27/Feb/2026:12:35:10 -0500] "GET /wp-content/plugins/fusion-builder/assets/js/min/general/fusion-recent-posts.js HTTP/1.1" 200 874 "https://clavo.space/?h=exz58onbo8n9nl4" "Mozilla/5.0 (X11; Linux x86_64) AppleWebKit/537.36 (KHTML, like Gecko) Chrome/144.0.7559.132 Safari/537.36"
72.14.199.132 - - [27/Feb/2026:12:35:10 -0500] "GET /wp-content/themes/Avada/assets/min/js/general/avada-scrollspy.js HTTP/1.1" 200 344 "https://clavo.space/?h=exz58onbo8n9nl4" "Mozilla/5.0 (X11; Linux x86_64) AppleWebKit/537.36 (KHTML, like Gecko) Chrome/144.0.7559.132 Safari/537.36"
72.14.199.132 - - [27/Feb/2026:12:35:10 -0500] "GET /wp-content/themes/Avada/includes/lib/assets/min/js/general/fusion-alert.js HTTP/1.1" 200 195 "https://clavo.space/?h=exz58onbo8n9nl4" "Mozilla/5.0 (X11; Linux x86_64) AppleWebKit/537.36 (KHTML, like Gecko) Chrome/144.0.7559.132 Safari/537.36"
66.249.79.67 - - [27/Feb/2026:12:35:09 -0500] "GET /page/2/?h=eluff7iqvrigl4z HTTP/1.1" 200 30443 "-" "Mozilla/5.0 (Linux; Android 6.0.1; Nexus 5X Build/MMB29P) AppleWebKit/537.36 (KHTML, like Gecko) Chrome/144.0.7559.132 Mobile Safari/537.36 (compatible; GoogleOther)"
72.14.199.131 - - [27/Feb/2026:12:35:11 -0500] "GET /wp-content/themes/Avada/includes/lib/assets/min/js/general/fusion-general-global.js HTTP/1.1" 200 256 "https://clavo.space/?h=exz58onbo8n9nl4" "Mozilla/5.0 (X11; Linux x86_64) AppleWebKit/537.36 (KHTML, like Gecko) Chrome/144.0.7559.132 Safari/537.36"
72.14.199.131 - - [27/Feb/2026:12:35:11 -0500] "GET /wp-content/uploads/2025/11/ian-post-700x441.webp HTTP/1.1" 200 15481 "https://clavo.space/?h=exz58onbo8n9nl4" "Mozilla/5.0 (X11; Linux x86_64) AppleWebKit/537.36 (KHTML, like Gecko) Chrome/144.0.7559.132 Safari/537.36"
72.14.199.131 - - [27/Feb/2026:12:35:11 -0500] "GET /wp-content/uploads/2021/03/apple-touch-icon-60x60-1.png HTTP/1.1" 200 1177 "https://clavo.space/?h=exz58onbo8n9nl4" "Mozilla/5.0 (X11; Linux x86_64) AppleWebKit/537.36 (KHTML, like Gecko) Chrome/144.0.7559.132 Safari/537.36"
72.14.199.131 - - [27/Feb/2026:12:35:11 -0500] "GET /wp-content/uploads/2025/10/5-200x133.jpg HTTP/1.1" 200 6190 "https://clavo.space/?h=exz58onbo8n9nl4" "Mozilla/5.0 (X11; Linux x86_64) AppleWebKit/537.36 (KHTML, like Gecko) Chrome/144.0.7559.132 Safari/537.36"
72.14.199.131 - - [27/Feb/2026:12:35:12 -0500] "GET /wp-content/themes/Avada/includes/lib/assets/min/js/general/fusion-lightbox.js HTTP/1.1" 200 2092 "https://clavo.space/?h=exz58onbo8n9nl4" "Mozilla/5.0 (X11; Linux x86_64) AppleWebKit/537.36 (KHTML, like Gecko) Chrome/144.0.7559.132 Safari/537.36"
72.14.199.132 - - [27/Feb/2026:12:35:12 -0500] "GET /wp-content/themes/Avada/assets/min/js/general/avada-header.js HTTP/1.1" 200 4012 "https://clavo.space/?h=exz58onbo8n9nl4" "Mozilla/5.0 (X11; Linux x86_64) AppleWebKit/537.36 (KHTML, like Gecko) Chrome/144.0.7559.132 Safari/537.36"
72.14.199.132 - - [27/Feb/2026:12:35:12 -0500] "GET /wp-content/plugins/gtranslate/js/base.js HTTP/1.1" 200 4481 "https://clavo.space/?h=exz58onbo8n9nl4" "Mozilla/5.0 (X11; Linux x86_64) AppleWebKit/537.36 (KHTML, like Gecko) Chrome/144.0.7559.132 Safari/537.36"
72.14.199.132 - - [27/Feb/2026:12:35:12 -0500] "GET /wp-content/themes/Avada/includes/lib/assets/min/js/general/fusion-sharing-box.js HTTP/1.1" 200 363 "https://clavo.space/?h=exz58onbo8n9nl4" "Mozilla/5.0 (X11; Linux x86_64) AppleWebKit/537.36 (KHTML, like Gecko) Chrome/144.0.7559.132 Safari/537.36"
72.14.199.132 - - [27/Feb/2026:12:35:13 -0500] "GET /wp-content/plugins/fusion-builder/assets/js/min/general/fusion-form.js HTTP/1.1" 200 3767 "https://clavo.space/?h=exz58onbo8n9nl4" "Mozilla/5.0 (X11; Linux x86_64) AppleWebKit/537.36 (KHTML, like Gecko) Chrome/144.0.7559.132 Safari/537.36"
72.14.199.131 - - [27/Feb/2026:12:35:13 -0500] "GET /wp-content/uploads/2021/03/BE-CLAVO3.jpg HTTP/1.1" 200 120913 "https://clavo.space/?h=exz58onbo8n9nl4" "Mozilla/5.0 (X11; Linux x86_64) AppleWebKit/537.36 (KHTML, like Gecko) Chrome/144.0.7559.132 Safari/537.36"
72.14.199.131 - - [27/Feb/2026:12:35:13 -0500] "GET /wp-content/uploads/2023/07/1-700x441.png HTTP/1.1" 200 226383 "https://clavo.space/?h=exz58onbo8n9nl4" "Mozilla/5.0 (X11; Linux x86_64) AppleWebKit/537.36 (KHTML, like Gecko) Chrome/144.0.7559.132 Safari/537.36"
72.14.199.132 - - [27/Feb/2026:12:35:13 -0500] "GET /wp-content/uploads/2025/12/invita-700x441.jpeg HTTP/1.1" 200 69151 "https://clavo.space/?h=exz58onbo8n9nl4" "Mozilla/5.0 (X11; Linux x86_64) AppleWebKit/537.36 (KHTML, like Gecko) Chrome/144.0.7559.132 Safari/537.36"
72.14.199.132 - - [27/Feb/2026:12:35:14 -0500] "GET /wp-content/plugins/the-events-calendar/common/build/js/user-agent.js HTTP/1.1" 200 206 "https://clavo.space/?h=exz58onbo8n9nl4" "Mozilla/5.0 (X11; Linux x86_64) AppleWebKit/537.36 (KHTML, like Gecko) Chrome/144.0.7559.132 Safari/537.36"
72.14.199.132 - - [27/Feb/2026:12:35:14 -0500] "GET /wp-content/themes/Avada/includes/lib/assets/min/js/library/bootstrap.collapse.js HTTP/1.1" 200 1173 "https://clavo.space/?h=exz58onbo8n9nl4" "Mozilla/5.0 (X11; Linux x86_64) AppleWebKit/537.36 (KHTML, like Gecko) Chrome/144.0.7559.132 Safari/537.36"
72.14.199.132 - - [27/Feb/2026:12:35:14 -0500] "GET /wp-content/themes/Avada/includes/lib/assets/min/js/library/jquery.requestAnimationFrame.js HTTP/1.1" 200 337 "https://clavo.space/?h=exz58onbo8n9nl4" "Mozilla/5.0 (X11; Linux x86_64) AppleWebKit/537.36 (KHTML, like Gecko) Chrome/144.0.7559.132 Safari/537.36"
72.14.199.131 - - [27/Feb/2026:12:35:15 -0500] "GET /wp-content/themes/Avada/includes/lib/assets/min/js/library/jquery.easing.js HTTP/1.1" 200 750 "https://clavo.space/?h=exz58onbo8n9nl4" "Mozilla/5.0 (X11; Linux x86_64) AppleWebKit/537.36 (KHTML, like Gecko) Chrome/144.0.7559.132 Safari/537.36"
72.14.199.131 - - [27/Feb/2026:12:35:15 -0500] "GET /wp-content/themes/Avada/includes/lib/assets/min/js/library/packery.js HTTP/1.1" 200 4124 "https://clavo.space/?h=exz58onbo8n9nl4" "Mozilla/5.0 (X11; Linux x86_64) AppleWebKit/537.36 (KHTML, like Gecko) Chrome/144.0.7559.132 Safari/537.36"
72.14.199.131 - - [27/Feb/2026:12:35:15 -0500] "GET /wp-content/themes/Avada/includes/lib/assets/min/js/library/jquery.ilightbox.js HTTP/1.1" 200 25291 "https://clavo.space/?h=exz58onbo8n9nl4" "Mozilla/5.0 (X11; Linux x86_64) AppleWebKit/537.36 (KHTML, like Gecko) Chrome/144.0.7559.132 Safari/537.36"
72.14.199.131 - - [27/Feb/2026:12:35:15 -0500] "GET /wp-content/themes/Avada/includes/lib/assets/min/js/general/fusion-blog.js HTTP/1.1" 200 2152 "https://clavo.space/?h=exz58onbo8n9nl4" "Mozilla/5.0 (X11; Linux x86_64) AppleWebKit/537.36 (KHTML, like Gecko) Chrome/144.0.7559.132 Safari/537.36"
72.14.199.132 - - [27/Feb/2026:12:35:16 -0500] "GET /wp-content/themes/Avada/includes/lib/assets/min/js/general/fusion-tooltip.js HTTP/1.1" 200 323 "https://clavo.space/?h=exz58onbo8n9nl4" "Mozilla/5.0 (X11; Linux x86_64) AppleWebKit/537.36 (KHTML, like Gecko) Chrome/144.0.7559.132 Safari/537.36"
72.14.199.131 - - [27/Feb/2026:12:35:16 -0500] "GET /wp-content/themes/Avada/includes/lib/assets/min/js/library/bootstrap.transition.js HTTP/1.1" 200 373 "https://clavo.space/?h=exz58onbo8n9nl4" "Mozilla/5.0 (X11; Linux x86_64) AppleWebKit/537.36 (KHTML, like Gecko) Chrome/144.0.7559.132 Safari/537.36"
72.14.199.131 - - [27/Feb/2026:12:35:16 -0500] "GET /wp-content/themes/Avada/includes/lib/assets/min/js/library/jquery.fade.js HTTP/1.1" 200 437 "https://clavo.space/?h=exz58onbo8n9nl4" "Mozilla/5.0 (X11; Linux x86_64) AppleWebKit/537.36 (KHTML, like Gecko) Chrome/144.0.7559.132 Safari/537.36"
72.14.199.132 - - [27/Feb/2026:12:35:16 -0500] "GET /wp-content/themes/Avada/includes/lib/assets/min/js/library/imagesLoaded.js HTTP/1.1" 200 2221 "https://clavo.space/?h=exz58onbo8n9nl4" "Mozilla/5.0 (X11; Linux x86_64) AppleWebKit/537.36 (KHTML, like Gecko) Chrome/144.0.7559.132 Safari/537.36"
72.14.199.132 - - [27/Feb/2026:12:35:17 -0500] "GET /wp-content/themes/Avada/includes/lib/assets/min/js/library/fusion-youtube.js HTTP/1.1" 200 1726 "https://clavo.space/?h=exz58onbo8n9nl4" "Mozilla/5.0 (X11; Linux x86_64) AppleWebKit/537.36 (KHTML, like Gecko) Chrome/144.0.7559.132 Safari/537.36"
72.14.199.131 - - [27/Feb/2026:12:35:17 -0500] "GET /wp-content/themes/Avada/includes/lib/assets/min/js/library/fusion-video-general.js HTTP/1.1" 200 890 "https://clavo.space/?h=exz58onbo8n9nl4" "Mozilla/5.0 (X11; Linux x86_64) AppleWebKit/537.36 (KHTML, like Gecko) Chrome/144.0.7559.132 Safari/537.36"
72.14.199.132 - - [27/Feb/2026:12:35:17 -0500] "GET /wp-content/themes/Avada/includes/lib/assets/min/js/library/jquery.mousewheel.js HTTP/1.1" 200 1145 "https://clavo.space/?h=exz58onbo8n9nl4" "Mozilla/5.0 (X11; Linux x86_64) AppleWebKit/537.36 (KHTML, like Gecko) Chrome/144.0.7559.132 Safari/537.36"
72.14.199.131 - - [27/Feb/2026:12:35:18 -0500] "GET /wp-content/plugins/fusion-builder/assets/js/min/general/fusion-toggles.js HTTP/1.1" 200 824 "https://clavo.space/?h=exz58onbo8n9nl4" "Mozilla/5.0 (X11; Linux x86_64) AppleWebKit/537.36 (KHTML, like Gecko) Chrome/144.0.7559.132 Safari/537.36"
72.14.199.131 - - [27/Feb/2026:12:35:18 -0500] "GET /wp-content/plugins/fusion-builder/assets/js/min/general/fusion-form-logics.js HTTP/1.1" 200 1283 "https://clavo.space/?h=exz58onbo8n9nl4" "Mozilla/5.0 (X11; Linux x86_64) AppleWebKit/537.36 (KHTML, like Gecko) Chrome/144.0.7559.132 Safari/537.36"
72.14.199.132 - - [27/Feb/2026:12:35:18 -0500] "GET /wp-content/uploads/2021/03/apple-touch-icon-72x72-1.png HTTP/1.1" 200 1320 "https://clavo.space/?h=exz58onbo8n9nl4" "Mozilla/5.0 (X11; Linux x86_64) AppleWebKit/537.36 (KHTML, like Gecko) Chrome/144.0.7559.132 Safari/537.36"
72.14.199.131 - - [27/Feb/2026:12:35:18 -0500] "GET /wp-content/themes/Avada/includes/lib/assets/min/js/general/fusion-scroll-to-anchor.js HTTP/1.1" 200 1925 "https://clavo.space/?h=exz58onbo8n9nl4" "Mozilla/5.0 (X11; Linux x86_64) AppleWebKit/537.36 (KHTML, like Gecko) Chrome/144.0.7559.132 Safari/537.36"
72.14.199.131 - - [27/Feb/2026:12:35:19 -0500] "GET /wp-content/themes/Avada/assets/min/js/general/avada-menu.js HTTP/1.1" 200 6839 "https://clavo.space/?h=exz58onbo8n9nl4" "Mozilla/5.0 (X11; Linux x86_64) AppleWebKit/537.36 (KHTML, like Gecko) Chrome/144.0.7559.132 Safari/537.36"
72.14.199.131 - - [27/Feb/2026:12:35:19 -0500] "GET /wp-content/uploads/2025/10/5-700x441.jpg HTTP/1.1" 200 43920 "https://clavo.space/?h=exz58onbo8n9nl4" "Mozilla/5.0 (X11; Linux x86_64) AppleWebKit/537.36 (KHTML, like Gecko) Chrome/144.0.7559.132 Safari/537.36"
