51.75.128.81 - - [27/Feb/2026:12:14:16 -0500] "GET /product-category/paintings/?add-to-cart=7015&product_count=12&product_orderby=date HTTP/1.1" 404 13536 "-" "Mozilla/5.0 (compatible; MJ12bot/v1.4.8; http://mj12bot.com/)"
51.75.128.81 - - [27/Feb/2026:12:14:21 -0500] "GET /shop/?add-to-cart=1888&product_orderby=default&product_count=12 HTTP/1.1" 404 13527 "-" "Mozilla/5.0 (compatible; MJ12bot/v1.4.8; http://mj12bot.com/)"
207.46.13.229 - - [27/Feb/2026:12:14:22 -0500] "GET /robots.txt HTTP/1.1" 304 - "-" "Mozilla/5.0 AppleWebKit/537.36 (KHTML, like Gecko; compatible; bingbot/2.0; +http://www.bing.com/bingbot.htm) Chrome/116.0.1938.76 Safari/537.36"
85.208.96.202 - - [27/Feb/2026:12:14:24 -0500] "GET /events/list/?eventDisplay=past&tribe-bar-date=2020-07-24 HTTP/1.1" 200 20436 "-" "Mozilla/5.0 (compatible; SemrushBot/7~bl; +http://www.semrush.com/bot.html)"
51.75.128.81 - - [27/Feb/2026:12:14:26 -0500] "GET /shop/?add-to-cart=1888&product_orderby=popularity&product_count=36 HTTP/1.1" 404 13528 "-" "Mozilla/5.0 (compatible; MJ12bot/v1.4.8; http://mj12bot.com/)"
54.39.0.187 - - [27/Feb/2026:12:14:28 -0500] "GET /product-tag/abel-adrian/page/3/?product_orderby=name&product_view=grid&product_order=asc&product_count=24&paged=1 HTTP/1.1" 301 - "-" "Mozilla/5.0 (compatible; AhrefsBot/7.0; +http://ahrefs.com/robot/)"
85.208.96.199 - - [27/Feb/2026:12:14:29 -0500] "GET /events/tag/exhibition/list/?tribe-bar-date=2026-09-18 HTTP/1.1" 200 19713 "-" "Mozilla/5.0 (compatible; SemrushBot/7~bl; +http://www.semrush.com/bot.html)"
51.75.128.81 - - [27/Feb/2026:12:14:30 -0500] "GET /shop/?add-to-cart=1925&product_order=desc&product_count=24&product_view=grid HTTP/1.1" 404 13533 "-" "Mozilla/5.0 (compatible; MJ12bot/v1.4.8; http://mj12bot.com/)"
162.253.224.18 - - [27/Feb/2026:12:14:38 -0500] "POST /wp-cron.php?doing_wp_cron=1772212478.1740779876708984375000 HTTP/1.1" 200 - "-" "WordPress/6.9.1; https://clavo.space"
51.75.128.81 - - [27/Feb/2026:12:14:36 -0500] "GET /shop/?add-to-cart=1925&product_order=desc&product_count=24&product_view=list HTTP/1.1" 404 13520 "-" "Mozilla/5.0 (compatible; MJ12bot/v1.4.8; http://mj12bot.com/)"
205.185.122.27 - - [27/Feb/2026:12:14:36 -0500] "GET /wp-login.php HTTP/1.1" 200 6864 "-" "Mozilla/5.0 (Macintosh; Intel Mac OS X 10_6_8) AppleWebKit/537.36 (KHTML, like Gecko) Chrome/36.0.1985.125 Safari/537.36"
205.185.122.27 - - [27/Feb/2026:12:14:38 -0500] "POST /wp-login.php HTTP/1.1" 200 7304 "-" "Mozilla/5.0 (Macintosh; Intel Mac OS X 10_6_8) AppleWebKit/537.36 (KHTML, like Gecko) Chrome/36.0.1985.125 Safari/537.36"
185.191.171.16 - - [27/Feb/2026:12:14:39 -0500] "GET /events/tag/clavo-space/list/?eventDisplay=past&tribe-bar-date=2025-05-08 HTTP/1.1" 200 20695 "-" "Mozilla/5.0 (compatible; SemrushBot/7~bl; +http://www.semrush.com/bot.html)"
51.75.128.81 - - [27/Feb/2026:12:14:41 -0500] "GET /shop/?add-to-cart=1925&product_order=desc&product_count=24&product_view=list&product_orderby=date HTTP/1.1" 404 13525 "-" "Mozilla/5.0 (compatible; MJ12bot/v1.4.8; http://mj12bot.com/)"
114.119.149.252 - - [27/Feb/2026:12:14:43 -0500] "GET /product-tag/abel-adrian/page/2/?product_orderby=default&product_view=grid&product_count=24&paged=1 HTTP/1.1" 301 - "https://clavo.space/product-tag/abel-adrian/page/2/?product_orderby=default&product_view=grid" "Mozilla/5.0 (Linux; Android 7.0;) AppleWebKit/537.36 (KHTML, like Gecko) Mobile Safari/537.36 (compatible; PetalBot;+https://webmaster.petalsearch.com/site/petalbot)"
114.119.149.252 - - [27/Feb/2026:12:14:46 -0500] "GET /portfolio-item/abel-adrian/?product_orderby=default&product_view=grid&product_count=24&paged=1 HTTP/1.1" 301 - "https://clavo.space/product-tag/abel-adrian/page/2/?product_orderby=default&product_view=grid" "Mozilla/5.0 (Linux; Android 7.0;) AppleWebKit/537.36 (KHTML, like Gecko) Mobile Safari/537.36 (compatible; PetalBot;+https://webmaster.petalsearch.com/site/petalbot)"
51.75.128.81 - - [27/Feb/2026:12:14:48 -0500] "GET /shop/?add-to-cart=1925&product_order=desc&product_count=24&product_view=list&product_orderby=default HTTP/1.1" 404 13531 "-" "Mozilla/5.0 (compatible; MJ12bot/v1.4.8; http://mj12bot.com/)"
114.119.149.252 - - [27/Feb/2026:12:14:49 -0500] "GET /portfolio-item/abel-adrian/?product_orderby=default&product_view=grid&product_count=24 HTTP/1.1" 200 21332 "https://clavo.space/product-tag/abel-adrian/page/2/?product_orderby=default&product_view=grid" "Mozilla/5.0 (Linux; Android 7.0;) AppleWebKit/537.36 (KHTML, like Gecko) Mobile Safari/537.36 (compatible; PetalBot;+https://webmaster.petalsearch.com/site/petalbot)"
51.75.128.81 - - [27/Feb/2026:12:14:53 -0500] "GET /shop/?add-to-cart=1925&product_order=desc&product_count=36&product_orderby=date HTTP/1.1" 404 13527 "-" "Mozilla/5.0 (compatible; MJ12bot/v1.4.8; http://mj12bot.com/)"
216.244.66.226 - - [27/Feb/2026:12:14:53 -0500] "GET /shop/?add-to-cart=6686&product_count=12&product_orderby=popularity&product_order=asc HTTP/1.1" 404 65918 "-" "Mozilla/5.0 (compatible; DotBot/1.2; +https://opensiteexplorer.org/dotbot; help@moz.com)"
51.75.128.81 - - [27/Feb/2026:12:14:59 -0500] "GET /shop/?add-to-cart=1925&product_order=desc&product_count=36&product_orderby=default HTTP/1.1" 404 13518 "-" "Mozilla/5.0 (compatible; MJ12bot/v1.4.8; http://mj12bot.com/)"
85.208.96.197 - - [27/Feb/2026:12:15:00 -0500] "GET /events/tag/opening/list/?eventDisplay=past&tribe-bar-date=2021-12-29 HTTP/1.1" 200 20691 "-" "Mozilla/5.0 (compatible; SemrushBot/7~bl; +http://www.semrush.com/bot.html)"
51.75.128.81 - - [27/Feb/2026:12:15:03 -0500] "GET /shop/?add-to-cart=1925&product_order=desc&product_count=36&product_orderby=name HTTP/1.1" 404 13528 "-" "Mozilla/5.0 (compatible; MJ12bot/v1.4.8; http://mj12bot.com/)"
185.191.171.5 - - [27/Feb/2026:12:15:04 -0500] "GET /events/tag/art/list/?eventDisplay=past&tribe-bar-date=2021-12-15 HTTP/1.1" 200 20703 "-" "Mozilla/5.0 (compatible; SemrushBot/7~bl; +http://www.semrush.com/bot.html)"
51.75.128.81 - - [27/Feb/2026:12:15:09 -0500] "GET /shop/?add-to-cart=1925&product_order=desc&product_count=36&product_orderby=rating HTTP/1.1" 404 13529 "-" "Mozilla/5.0 (compatible; MJ12bot/v1.4.8; http://mj12bot.com/)"
157.55.39.55 - - [27/Feb/2026:12:15:13 -0500] "GET /shop/ HTTP/1.1" 301 294 "-" "Mozilla/5.0 AppleWebKit/537.36 (KHTML, like Gecko; compatible; bingbot/2.0; +http://www.bing.com/bingbot.htm) Chrome/116.0.1938.76 Safari/537.36"
51.75.128.81 - - [27/Feb/2026:12:15:13 -0500] "GET /shop/?add-to-cart=1925&product_order=desc&product_count=36&product_view=grid HTTP/1.1" 404 13518 "-" "Mozilla/5.0 (compatible; MJ12bot/v1.4.8; http://mj12bot.com/)"
51.75.128.81 - - [27/Feb/2026:12:15:18 -0500] "GET /shop/?add-to-cart=1925&product_order=desc&product_count=36&product_view=list HTTP/1.1" 404 13529 "-" "Mozilla/5.0 (compatible; MJ12bot/v1.4.8; http://mj12bot.com/)"
51.75.128.81 - - [27/Feb/2026:12:15:23 -0500] "GET /shop/?add-to-cart=1925&product_order=desc&product_count=36&product_view=list&product_orderby=popularity HTTP/1.1" 404 13529 "-" "Mozilla/5.0 (compatible; MJ12bot/v1.4.8; http://mj12bot.com/)"
51.75.128.81 - - [27/Feb/2026:12:15:27 -0500] "GET /shop/?add-to-cart=1925&product_orderby=default&product_count=12&product_order=desc HTTP/1.1" 404 13526 "-" "Mozilla/5.0 (compatible; MJ12bot/v1.4.8; http://mj12bot.com/)"
162.253.224.18 - - [27/Feb/2026:12:15:34 -0500] "POST /wp-cron.php?doing_wp_cron=1772212534.7411739826202392578125 HTTP/1.1" 200 - "-" "WordPress/6.9.1; https://clavo.space"
51.75.128.81 - - [27/Feb/2026:12:15:32 -0500] "GET /shop/?add-to-cart=1925&product_orderby=default&product_count=12&product_view=grid HTTP/1.1" 404 13531 "-" "Mozilla/5.0 (compatible; MJ12bot/v1.4.8; http://mj12bot.com/)"
66.249.79.67 - - [27/Feb/2026:12:15:32 -0500] "GET /page/2/?h=evk7t98t9t8ui6p_gkind14524006 HTTP/1.1" 200 30445 "-" "Mozilla/5.0 (Linux; Android 6.0.1; Nexus 5X Build/MMB29P) AppleWebKit/537.36 (KHTML, like Gecko) Chrome/144.0.7559.132 Mobile Safari/537.36 (compatible; GoogleOther)"
216.244.66.226 - - [27/Feb/2026:12:15:34 -0500] "GET /product-tag/tania-riera/?add-to-cart=6612&product_orderby=default HTTP/1.1" 301 - "-" "Mozilla/5.0 (compatible; DotBot/1.2; +https://opensiteexplorer.org/dotbot; help@moz.com)"
185.191.171.6 - - [27/Feb/2026:12:15:37 -0500] "GET /events/tag/art/list/?eventDisplay=past&tribe-bar-date=2021-12-13 HTTP/1.1" 200 20695 "-" "Mozilla/5.0 (compatible; SemrushBot/7~bl; +http://www.semrush.com/bot.html)"
51.75.128.81 - - [27/Feb/2026:12:15:38 -0500] "GET /shop/?add-to-cart=1925&product_orderby=default&product_count=12&product_view=list HTTP/1.1" 404 13524 "-" "Mozilla/5.0 (compatible; MJ12bot/v1.4.8; http://mj12bot.com/)"
51.75.128.81 - - [27/Feb/2026:12:15:43 -0500] "GET /shop/?add-to-cart=1925&product_orderby=default&product_count=24&product_order=desc HTTP/1.1" 404 13524 "-" "Mozilla/5.0 (compatible; MJ12bot/v1.4.8; http://mj12bot.com/)"
51.75.128.81 - - [27/Feb/2026:12:15:48 -0500] "GET /shop/?add-to-cart=1925&product_orderby=default&product_count=24&product_view=grid HTTP/1.1" 404 13520 "-" "Mozilla/5.0 (compatible; MJ12bot/v1.4.8; http://mj12bot.com/)"
51.75.128.81 - - [27/Feb/2026:12:15:52 -0500] "GET /shop/?add-to-cart=1925&product_orderby=default&product_count=24&product_view=list HTTP/1.1" 404 13529 "-" "Mozilla/5.0 (compatible; MJ12bot/v1.4.8; http://mj12bot.com/)"
51.75.128.81 - - [27/Feb/2026:12:15:57 -0500] "GET /shop/?add-to-cart=1925&product_orderby=default&product_count=36&product_order=desc HTTP/1.1" 404 13528 "-" "Mozilla/5.0 (compatible; MJ12bot/v1.4.8; http://mj12bot.com/)"
51.75.128.81 - - [27/Feb/2026:12:16:02 -0500] "GET /shop/?add-to-cart=1925&product_orderby=default&product_count=36&product_view=grid HTTP/1.1" 404 13528 "-" "Mozilla/5.0 (compatible; MJ12bot/v1.4.8; http://mj12bot.com/)"
51.75.128.81 - - [27/Feb/2026:12:16:06 -0500] "GET /shop/?add-to-cart=1925&product_orderby=default&product_count=36&product_view=list HTTP/1.1" 404 13528 "-" "Mozilla/5.0 (compatible; MJ12bot/v1.4.8; http://mj12bot.com/)"
114.119.151.197 - - [27/Feb/2026:12:16:09 -0500] "GET /product-tag/abel-adrian/page/2/?product_order=asc&product_orderby=popularity&product_count=12&paged=1 HTTP/1.1" 301 - "https://clavo.space/product-tag/abel-adrian/page/2/?product_order=asc&product_orderby=popularity&product_count=12" "Mozilla/5.0 (Linux; Android 7.0;) AppleWebKit/537.36 (KHTML, like Gecko) Mobile Safari/537.36 (compatible; PetalBot;+https://webmaster.petalsearch.com/site/petalbot)"
51.75.128.81 - - [27/Feb/2026:12:16:11 -0500] "GET /shop/?add-to-cart=1925&product_orderby=name&product_count=12&product_order=desc HTTP/1.1" 404 13529 "-" "Mozilla/5.0 (compatible; MJ12bot/v1.4.8; http://mj12bot.com/)"
114.119.151.197 - - [27/Feb/2026:12:16:12 -0500] "GET /portfolio-item/abel-adrian/?product_order=asc&product_orderby=popularity&product_count=12&paged=1 HTTP/1.1" 301 - "https://clavo.space/product-tag/abel-adrian/page/2/?product_order=asc&product_orderby=popularity&product_count=12" "Mozilla/5.0 (Linux; Android 7.0;) AppleWebKit/537.36 (KHTML, like Gecko) Mobile Safari/537.36 (compatible; PetalBot;+https://webmaster.petalsearch.com/site/petalbot)"
114.119.151.197 - - [27/Feb/2026:12:16:16 -0500] "GET /portfolio-item/abel-adrian/?product_order=asc&product_orderby=popularity&product_count=12 HTTP/1.1" 200 21335 "https://clavo.space/product-tag/abel-adrian/page/2/?product_order=asc&product_orderby=popularity&product_count=12" "Mozilla/5.0 (Linux; Android 7.0;) AppleWebKit/537.36 (KHTML, like Gecko) Mobile Safari/537.36 (compatible; PetalBot;+https://webmaster.petalsearch.com/site/petalbot)"
51.75.128.81 - - [27/Feb/2026:12:16:16 -0500] "GET /shop/?add-to-cart=1925&product_orderby=name&product_count=12&product_view=grid HTTP/1.1" 404 13523 "-" "Mozilla/5.0 (compatible; MJ12bot/v1.4.8; http://mj12bot.com/)"
185.191.171.14 - - [27/Feb/2026:12:16:18 -0500] "GET /events/tag/exhibition/list/?eventDisplay=past&tribe-bar-date=2026-02-21 HTTP/1.1" 200 20683 "-" "Mozilla/5.0 (compatible; SemrushBot/7~bl; +http://www.semrush.com/bot.html)"
88.99.141.188 - - [27/Feb/2026:12:16:22 -0500] "POST /xmlrpc.php HTTP/1.1" 200 225 "-" "Mozilla/5.0 (Windows NT 10.0; WOW64; Trident/7.0; TAJB; rv:11.0) like Gecko"
51.75.128.81 - - [27/Feb/2026:12:16:23 -0500] "GET /shop/?add-to-cart=1925&product_orderby=name&product_count=24&product_order=asc HTTP/1.1" 404 13530 "-" "Mozilla/5.0 (compatible; MJ12bot/v1.4.8; http://mj12bot.com/)"
51.75.128.81 - - [27/Feb/2026:12:16:27 -0500] "GET /shop/?add-to-cart=1925&product_orderby=name&product_count=24&product_order=desc HTTP/1.1" 404 13527 "-" "Mozilla/5.0 (compatible; MJ12bot/v1.4.8; http://mj12bot.com/)"
162.253.224.18 - - [27/Feb/2026:12:16:33 -0500] "POST /wp-cron.php?doing_wp_cron=1772212593.5663020610809326171875 HTTP/1.1" 200 - "-" "WordPress/6.9.1; https://clavo.space"
51.75.128.81 - - [27/Feb/2026:12:16:32 -0500] "GET /shop/?add-to-cart=1925&product_orderby=name&product_count=24&product_order=desc&product_view=grid HTTP/1.1" 404 13529 "-" "Mozilla/5.0 (compatible; MJ12bot/v1.4.8; http://mj12bot.com/)"
51.75.128.81 - - [27/Feb/2026:12:16:37 -0500] "GET /shop/?add-to-cart=1925&product_orderby=name&product_count=24&product_view=grid HTTP/1.1" 404 13527 "-" "Mozilla/5.0 (compatible; MJ12bot/v1.4.8; http://mj12bot.com/)"
88.99.141.188 - - [27/Feb/2026:12:16:37 -0500] "POST /xmlrpc.php HTTP/1.1" 200 225 "-" "Mozilla/5.0 (Windows NT 10.0; WOW64; Trident/7.0; TAJB; rv:11.0) like Gecko"
85.208.96.208 - - [27/Feb/2026:12:16:41 -0500] "GET /events/category/exhibition/list/?eventDisplay=past&tribe-bar-date=2024-01-30 HTTP/1.1" 200 20704 "-" "Mozilla/5.0 (compatible; SemrushBot/7~bl; +http://www.semrush.com/bot.html)"
51.75.128.81 - - [27/Feb/2026:12:16:42 -0500] "GET /shop/?add-to-cart=1925&product_orderby=name&product_count=24&product_view=grid&product_order=desc HTTP/1.1" 404 13516 "-" "Mozilla/5.0 (compatible; MJ12bot/v1.4.8; http://mj12bot.com/)"
51.75.128.81 - - [27/Feb/2026:12:16:49 -0500] "GET /shop/?add-to-cart=1925&product_orderby=name&product_count=24&product_view=list HTTP/1.1" 404 13515 "-" "Mozilla/5.0 (compatible; MJ12bot/v1.4.8; http://mj12bot.com/)"
51.75.128.81 - - [27/Feb/2026:12:16:55 -0500] "GET /shop/?add-to-cart=1925&product_orderby=name&product_count=36&product_order=asc HTTP/1.1" 404 13526 "-" "Mozilla/5.0 (compatible; MJ12bot/v1.4.8; http://mj12bot.com/)"
88.99.141.188 - - [27/Feb/2026:12:16:56 -0500] "POST /xmlrpc.php HTTP/1.1" 200 225 "-" "Mozilla/5.0 (Windows NT 10.0; WOW64; Trident/7.0; TAJB; rv:11.0) like Gecko"
85.208.96.202 - - [27/Feb/2026:12:16:59 -0500] "GET /events/tag/exhibition/day/2025-01-05/ HTTP/1.1" 200 14440 "-" "Mozilla/5.0 (compatible; SemrushBot/7~bl; +http://www.semrush.com/bot.html)"
51.75.128.81 - - [27/Feb/2026:12:17:01 -0500] "GET /shop/?add-to-cart=1925&product_orderby=name&product_count=36&product_order=desc HTTP/1.1" 404 13521 "-" "Mozilla/5.0 (compatible; MJ12bot/v1.4.8; http://mj12bot.com/)"
185.191.171.8 - - [27/Feb/2026:12:17:06 -0500] "GET /events/tag/art/day/2028-12-13/ HTTP/1.1" 200 14433 "-" "Mozilla/5.0 (compatible; SemrushBot/7~bl; +http://www.semrush.com/bot.html)"
51.75.128.81 - - [27/Feb/2026:12:17:08 -0500] "GET /shop/?add-to-cart=1925&product_orderby=name&product_count=36&product_order=desc&product_view=grid HTTP/1.1" 404 13525 "-" "Mozilla/5.0 (compatible; MJ12bot/v1.4.8; http://mj12bot.com/)"
51.75.128.81 - - [27/Feb/2026:12:17:14 -0500] "GET /shop/?add-to-cart=1925&product_orderby=name&product_count=36&product_order=desc&product_view=list HTTP/1.1" 404 13526 "-" "Mozilla/5.0 (compatible; MJ12bot/v1.4.8; http://mj12bot.com/)"
65.55.210.53 - - [27/Feb/2026:12:17:17 -0500] "GET /wp/wp-content/uploads/fusion-gfonts/Ycm2sZJORluHnXbIfmlR_Q.woff2 HTTP/1.1" 200 12843 "https://212productions.net/wp/wp-content/uploads/fusion-styles/420b9946296a3ae6d9d980f1a4c75cb9.min.css?ver=3.13.3" "Mozilla/5.0 AppleWebKit/537.36 (KHTML, like Gecko; compatible; bingbot/2.0; +http://www.bing.com/bingbot.htm) Chrome/136.0.0.0 Safari/537.36"
65.55.210.53 - - [27/Feb/2026:12:17:17 -0500] "GET /wp/wp-content/uploads/fusion-gfonts/memWYa2wxmKQyPMrZX79wwYZQMhsyuShhKMjjbU9uXuA71rCks8xlg.woff2 HTTP/1.1" 200 13927 "https://212productions.net/wp/wp-content/uploads/fusion-styles/420b9946296a3ae6d9d980f1a4c75cb9.min.css?ver=3.13.3" "Mozilla/5.0 AppleWebKit/537.36 (KHTML, like Gecko; compatible; bingbot/2.0; +http://www.bing.com/bingbot.htm) Chrome/136.0.0.0 Safari/537.36"
65.55.210.53 - - [27/Feb/2026:12:17:17 -0500] "GET /wp/wp-content/uploads/fusion-gfonts/3y9I6aknfjLm_3lMKjiMgmUUYBs04aUXNxt9gW2LIfto9tWZd2GK.woff2 HTTP/1.1" 200 15259 "https://212productions.net/wp/wp-content/uploads/fusion-styles/420b9946296a3ae6d9d980f1a4c75cb9.min.css?ver=3.13.3" "Mozilla/5.0 AppleWebKit/537.36 (KHTML, like Gecko; compatible; bingbot/2.0; +http://www.bing.com/bingbot.htm) Chrome/136.0.0.0 Safari/537.36"
65.55.210.53 - - [27/Feb/2026:12:17:17 -0500] "GET /wp/wp-content/uploads/fusion-gfonts/KFO7CnqEu92Fr1ME7kSn66aGLdTylUAMa3OUBGEe.woff2 HTTP/1.1" 200 13027 "https://212productions.net/wp/wp-content/uploads/fusion-styles/420b9946296a3ae6d9d980f1a4c75cb9.min.css?ver=3.13.3" "Mozilla/5.0 AppleWebKit/537.36 (KHTML, like Gecko; compatible; bingbot/2.0; +http://www.bing.com/bingbot.htm) Chrome/136.0.0.0 Safari/537.36"
65.55.210.53 - - [27/Feb/2026:12:17:17 -0500] "GET /wp/wp-content/uploads/fusion-gfonts/KFO5CnqEu92Fr1Mu53ZEC9_Vu3r1gIhOszmkBnka.woff2 HTTP/1.1" 200 44220 "https://212productions.net/wp/wp-content/uploads/fusion-styles/420b9946296a3ae6d9d980f1a4c75cb9.min.css?ver=3.13.3" "Mozilla/5.0 AppleWebKit/537.36 (KHTML, like Gecko; compatible; bingbot/2.0; +http://www.bing.com/bingbot.htm) Chrome/136.0.0.0 Safari/537.36"
65.55.210.53 - - [27/Feb/2026:12:17:17 -0500] "GET /wp/wp-content/plugins/fusion-builder/assets/js/min/general/fusion-recent-posts.js HTTP/1.1" 200 884 "https://212productions.net/wp/enrique-balino-founder-xn-partners/" "Mozilla/5.0 AppleWebKit/537.36 (KHTML, like Gecko; compatible; bingbot/2.0; +http://www.bing.com/bingbot.htm) Chrome/136.0.0.0 Safari/537.36"
65.55.210.53 - - [27/Feb/2026:12:17:17 -0500] "GET /wp/wp-content/plugins/fusion-builder/assets/js/min/general/fusion-toggles.js HTTP/1.1" 200 805 "https://212productions.net/wp/enrique-balino-founder-xn-partners/" "Mozilla/5.0 AppleWebKit/537.36 (KHTML, like Gecko; compatible; bingbot/2.0; +http://www.bing.com/bingbot.htm) Chrome/136.0.0.0 Safari/537.36"
65.55.210.53 - - [27/Feb/2026:12:17:17 -0500] "GET /wp/wp-content/uploads/fusion-gfonts/KFO7CnqEu92Fr1ME7kSn66aGLdTylUAMawCUBGEe.woff2 HTTP/1.1" 200 40600 "https://212productions.net/wp/wp-content/uploads/fusion-styles/420b9946296a3ae6d9d980f1a4c75cb9.min.css?ver=3.13.3" "Mozilla/5.0 AppleWebKit/537.36 (KHTML, like Gecko; compatible; bingbot/2.0; +http://www.bing.com/bingbot.htm) Chrome/136.0.0.0 Safari/537.36"
100.55.39.168 - - [27/Feb/2026:12:17:22 -0500] "GET /wp/broken-film/ HTTP/1.1" 301 326 "http://brokendocumentary.info" "Mozilla/5.0 (Linux; Android 12; motorola edge 20 pro) AppleWebKit/537.36 (KHTML, like Gecko) Chrome/101.0.4951.41 Mobile Safari/537.36"
65.55.210.53 - - [27/Feb/2026:12:17:23 -0500] "GET /wp/wp-content/themes/Avada/assets/images/patterns/pattern22.png HTTP/1.1" 200 102184 "https://212productions.net/wp/wp-content/uploads/fusion-styles/420b9946296a3ae6d9d980f1a4c75cb9.min.css?ver=3.13.3" "Mozilla/5.0 (Windows NT 10.0; Win64; x64) AppleWebKit/537.36 (KHTML, like Gecko) HeadlessChrome/136.0.7103.49 Safari/537.36"
65.55.210.53 - - [27/Feb/2026:12:17:23 -0500] "GET /wp/wp-content/uploads/2021/08/eball-323x1024.png HTTP/1.1" 200 167607 "https://212productions.net/wp/wp-content/uploads/fusion-styles/420b9946296a3ae6d9d980f1a4c75cb9.min.css?ver=3.13.3" "Mozilla/5.0 (Windows NT 10.0; Win64; x64) AppleWebKit/537.36 (KHTML, like Gecko) HeadlessChrome/136.0.7103.49 Safari/537.36"
51.75.128.81 - - [27/Feb/2026:12:17:20 -0500] "GET /shop/?add-to-cart=1925&product_orderby=name&product_count=36&product_view=list HTTP/1.1" 404 13524 "-" "Mozilla/5.0 (compatible; MJ12bot/v1.4.8; http://mj12bot.com/)"
100.55.39.168 - - [27/Feb/2026:12:17:22 -0500] "GET /wp/broken-film/ HTTP/1.1" 301 - "http://www.212productions.net/wp/broken-film/" "Mozilla/5.0 (Linux; Android 12; motorola edge 20 pro) AppleWebKit/537.36 (KHTML, like Gecko) Chrome/101.0.4951.41 Mobile Safari/537.36"
100.55.39.168 - - [27/Feb/2026:12:17:24 -0500] "GET /wp/broken-film/ HTTP/1.1" 200 17250 "https://www.212productions.net/wp/broken-film/" "Mozilla/5.0 (Linux; Android 12; motorola edge 20 pro) AppleWebKit/537.36 (KHTML, like Gecko) Chrome/101.0.4951.41 Mobile Safari/537.36"
66.249.79.67 - - [27/Feb/2026:12:17:26 -0500] "GET /page/2/?h=clstptgx5dgqj72 HTTP/1.1" 200 30443 "-" "Mozilla/5.0 (Linux; Android 6.0.1; Nexus 5X Build/MMB29P) AppleWebKit/537.36 (KHTML, like Gecko) Chrome/144.0.7559.132 Mobile Safari/537.36 (compatible; GoogleOther)"
51.75.128.81 - - [27/Feb/2026:12:17:27 -0500] "GET /shop/?add-to-cart=1925&product_orderby=name&product_count=36&product_view=list&product_order=desc HTTP/1.1" 404 13532 "-" "Mozilla/5.0 (compatible; MJ12bot/v1.4.8; http://mj12bot.com/)"
182.43.70.143 - - [27/Feb/2026:12:17:31 -0500] "GET / HTTP/1.1" 301 289 "-" "Mozilla/5.0 (iPhone; CPU iPhone OS 13_2_3 like Mac OS X) AppleWebKit/605.1.15 (KHTML, like Gecko) Version/13.0.3 Mobile/15E148 Safari/604.1"
114.119.158.196 - - [27/Feb/2026:12:17:30 -0500] "GET /product-tag/abel-adrian/page/2/?product_count=24&product_view=grid&product_orderby=date&paged=1 HTTP/1.1" 301 - "https://clavo.space/product-tag/abel-adrian/page/2/?product_count=12&product_view=grid&product_orderby=date" "Mozilla/5.0 (Linux; Android 7.0;) AppleWebKit/537.36 (KHTML, like Gecko) Mobile Safari/537.36 (compatible; PetalBot;+https://webmaster.petalsearch.com/site/petalbot)"
162.253.224.18 - - [27/Feb/2026:12:17:36 -0500] "POST /wp-cron.php?doing_wp_cron=1772212656.7394061088562011718750 HTTP/1.1" 200 - "-" "WordPress/6.9.1; https://clavo.space"
114.119.158.196 - - [27/Feb/2026:12:17:33 -0500] "GET /portfolio-item/abel-adrian/?product_count=24&product_view=grid&product_orderby=date&paged=1 HTTP/1.1" 301 - "https://clavo.space/product-tag/abel-adrian/page/2/?product_count=12&product_view=grid&product_orderby=date" "Mozilla/5.0 (Linux; Android 7.0;) AppleWebKit/537.36 (KHTML, like Gecko) Mobile Safari/537.36 (compatible; PetalBot;+https://webmaster.petalsearch.com/site/petalbot)"
51.75.128.81 - - [27/Feb/2026:12:17:33 -0500] "GET /shop/?add-to-cart=1925&product_orderby=popularity&product_count=12&product_order=asc HTTP/1.1" 404 13524 "-" "Mozilla/5.0 (compatible; MJ12bot/v1.4.8; http://mj12bot.com/)"
162.253.224.18 - - [27/Feb/2026:12:17:41 -0500] "POST /wp-cron.php?doing_wp_cron=1772212661.2425990104675292968750 HTTP/1.1" 200 - "-" "WordPress/6.9.1; https://clavo.space"
182.43.70.143 - - [27/Feb/2026:12:17:36 -0500] "GET / HTTP/1.1" 200 30738 "http://clavo.space" "Mozilla/5.0 (iPhone; CPU iPhone OS 13_2_3 like Mac OS X) AppleWebKit/605.1.15 (KHTML, like Gecko) Version/13.0.3 Mobile/15E148 Safari/604.1"
114.119.158.196 - - [27/Feb/2026:12:17:38 -0500] "GET /portfolio-item/abel-adrian/?product_count=24&product_view=grid&product_orderby=date HTTP/1.1" 200 21323 "https://clavo.space/product-tag/abel-adrian/page/2/?product_count=12&product_view=grid&product_orderby=date" "Mozilla/5.0 (Linux; Android 7.0;) AppleWebKit/537.36 (KHTML, like Gecko) Mobile Safari/537.36 (compatible; PetalBot;+https://webmaster.petalsearch.com/site/petalbot)"
51.75.128.81 - - [27/Feb/2026:12:17:41 -0500] "GET /shop/?add-to-cart=1925&product_orderby=popularity&product_count=12&product_order=asc&product_view=grid HTTP/1.1" 404 13524 "-" "Mozilla/5.0 (compatible; MJ12bot/v1.4.8; http://mj12bot.com/)"
51.75.128.81 - - [27/Feb/2026:12:17:48 -0500] "GET /shop/?add-to-cart=1925&product_orderby=popularity&product_count=12&product_order=asc&product_view=list HTTP/1.1" 404 13531 "-" "Mozilla/5.0 (compatible; MJ12bot/v1.4.8; http://mj12bot.com/)"
51.75.128.81 - - [27/Feb/2026:12:17:54 -0500] "GET /shop/?add-to-cart=1925&product_orderby=popularity&product_count=12&product_order=desc HTTP/1.1" 404 13527 "-" "Mozilla/5.0 (compatible; MJ12bot/v1.4.8; http://mj12bot.com/)"
51.75.128.81 - - [27/Feb/2026:12:18:00 -0500] "GET /shop/?add-to-cart=1925&product_orderby=popularity&product_count=12&product_view=grid HTTP/1.1" 404 13525 "-" "Mozilla/5.0 (compatible; MJ12bot/v1.4.8; http://mj12bot.com/)"
51.75.128.81 - - [27/Feb/2026:12:18:06 -0500] "GET /shop/?add-to-cart=1925&product_orderby=popularity&product_count=12&product_view=grid&product_order=asc HTTP/1.1" 404 13520 "-" "Mozilla/5.0 (compatible; MJ12bot/v1.4.8; http://mj12bot.com/)"
51.75.128.81 - - [27/Feb/2026:12:18:12 -0500] "GET /shop/?add-to-cart=1925&product_orderby=popularity&product_count=12&product_view=list HTTP/1.1" 404 13526 "-" "Mozilla/5.0 (compatible; MJ12bot/v1.4.8; http://mj12bot.com/)"
51.75.128.81 - - [27/Feb/2026:12:18:18 -0500] "GET /shop/?add-to-cart=1925&product_orderby=popularity&product_count=12&product_view=list&product_order=asc HTTP/1.1" 404 13527 "-" "Mozilla/5.0 (compatible; MJ12bot/v1.4.8; http://mj12bot.com/)"
51.75.128.81 - - [27/Feb/2026:12:18:24 -0500] "GET /shop/?add-to-cart=1925&product_orderby=popularity&product_count=24&product_order=asc HTTP/1.1" 404 13523 "-" "Mozilla/5.0 (compatible; MJ12bot/v1.4.8; http://mj12bot.com/)"
85.208.96.193 - - [27/Feb/2026:12:18:29 -0500] "GET /events/category/exhibition/list/?tribe-bar-date=2024-04-06 HTTP/1.1" 200 19752 "-" "Mozilla/5.0 (compatible; SemrushBot/7~bl; +http://www.semrush.com/bot.html)"
51.75.128.81 - - [27/Feb/2026:12:18:30 -0500] "GET /shop/?add-to-cart=1925&product_orderby=popularity&product_count=24&product_order=desc HTTP/1.1" 404 13531 "-" "Mozilla/5.0 (compatible; MJ12bot/v1.4.8; http://mj12bot.com/)"
205.185.113.41 - - [27/Feb/2026:12:18:35 -0500] "GET /wp-login.php HTTP/1.1" 200 6864 "-" "Mozilla/5.0 (X11; Linux x86_64) AppleWebKit/537.36 (KHTML, like Gecko) Ubuntu Chromium/34.0.1847.116 Chrome/34.0.1847.116 Safari/537.36"
51.75.128.81 - - [27/Feb/2026:12:18:36 -0500] "GET /shop/?add-to-cart=1925&product_orderby=popularity&product_count=24&product_view=grid HTTP/1.1" 404 13525 "-" "Mozilla/5.0 (compatible; MJ12bot/v1.4.8; http://mj12bot.com/)"
205.185.113.41 - - [27/Feb/2026:12:18:38 -0500] "POST /wp-login.php HTTP/1.1" 200 7325 "-" "Mozilla/5.0 (X11; Linux x86_64) AppleWebKit/537.36 (KHTML, like Gecko) Ubuntu Chromium/34.0.1847.116 Chrome/34.0.1847.116 Safari/537.36"
162.253.224.18 - - [27/Feb/2026:12:18:47 -0500] "POST /wp-cron.php?doing_wp_cron=1772212727.0682320594787597656250 HTTP/1.1" 200 - "-" "WordPress/6.9.1; https://clavo.space"
51.75.128.81 - - [27/Feb/2026:12:18:43 -0500] "GET /shop/?add-to-cart=1925&product_orderby=popularity&product_count=24&product_view=grid&product_order=asc HTTP/1.1" 404 13531 "-" "Mozilla/5.0 (compatible; MJ12bot/v1.4.8; http://mj12bot.com/)"
162.253.224.18 - - [27/Feb/2026:12:18:47 -0500] "POST /wp-cron.php?doing_wp_cron=1772212727.1579089164733886718750 HTTP/1.1" 200 - "-" "WordPress/6.9.1; https://clavo.space"
142.44.233.142 - - [27/Feb/2026:12:18:43 -0500] "GET /product-tag/abel-adrian/page/2/?product_orderby=rating&product_order=asc&product_view=list&product_count=36&paged=1 HTTP/1.1" 301 - "-" "Mozilla/5.0 (compatible; AhrefsBot/7.0; +http://ahrefs.com/robot/)"
66.249.79.67 - - [27/Feb/2026:12:18:47 -0500] "GET /page/2/?h=eipgmqdb2adn7nu HTTP/1.1" 200 30436 "-" "Mozilla/5.0 (Linux; Android 6.0.1; Nexus 5X Build/MMB29P) AppleWebKit/537.36 (KHTML, like Gecko) Chrome/144.0.7559.132 Mobile Safari/537.36 (compatible; GoogleOther)"
162.253.224.18 - - [27/Feb/2026:12:18:54 -0500] "GET /wp HTTP/1.1" 301 307 "-" "Mozilla/5.0 (Windows NT 10.0; Win64; x64; rv:122.0) Gecko/20100101 Firefox/122.0"
51.75.128.81 - - [27/Feb/2026:12:18:50 -0500] "GET /shop/?add-to-cart=1925&product_orderby=popularity&product_count=24&product_view=list HTTP/1.1" 404 13526 "-" "Mozilla/5.0 (compatible; MJ12bot/v1.4.8; http://mj12bot.com/)"
162.253.224.18 - - [27/Feb/2026:12:18:54 -0500] "GET /wp/ HTTP/1.1" 200 26433 "-" "Mozilla/5.0 (Windows NT 10.0; Win64; x64; rv:122.0) Gecko/20100101 Firefox/122.0"
114.119.136.13 - - [27/Feb/2026:12:18:54 -0500] "GET /product-tag/abel-adrian/page/2/?product_count=24&product_orderby=rating&product_view=grid&product_order=desc HTTP/1.1" 404 13547 "https://clavo.space/product-tag/abel-adrian/page/2/?product_count=24&product_orderby=price&product_view=grid&product_order=desc" "Mozilla/5.0 (Linux; Android 7.0;) AppleWebKit/537.36 (KHTML, like Gecko) Mobile Safari/537.36 (compatible; PetalBot;+https://webmaster.petalsearch.com/site/petalbot)"
113.184.206.187 - - [27/Feb/2026:12:18:58 -0500] "GET /wp/2021/06/30/david-lachapelle-vuelve-a-encontrarse-con-mexico/ HTTP/1.1" 404 12295 "-" "Mozilla/5.0 (Macintosh; Intel Mac OS X 10_15_4) AppleWebKit/537.36 (KHTML, like Gecko) Brave Chrome/84.0.4147.89 Safari/537.36"
51.75.128.81 - - [27/Feb/2026:12:18:58 -0500] "GET /shop/?add-to-cart=1925&product_orderby=popularity&product_count=36&product_order=asc HTTP/1.1" 404 13528 "-" "Mozilla/5.0 (compatible; MJ12bot/v1.4.8; http://mj12bot.com/)"
185.191.171.13 - - [27/Feb/2026:12:19:01 -0500] "GET /events/tag/exhibition/list/?eventDisplay=past&tribe-bar-date=2020-11-22 HTTP/1.1" 200 20682 "-" "Mozilla/5.0 (compatible; SemrushBot/7~bl; +http://www.semrush.com/bot.html)"
51.75.128.81 - - [27/Feb/2026:12:19:05 -0500] "GET /shop/?add-to-cart=1925&product_orderby=popularity&product_count=36&product_order=asc&product_view=grid HTTP/1.1" 404 13521 "-" "Mozilla/5.0 (compatible; MJ12bot/v1.4.8; http://mj12bot.com/)"
85.208.96.199 - - [27/Feb/2026:12:19:07 -0500] "GET /events/tag/exhibition/list/?eventDisplay=past&tribe-bar-date=2027-03-21 HTTP/1.1" 200 20687 "-" "Mozilla/5.0 (compatible; SemrushBot/7~bl; +http://www.semrush.com/bot.html)"
51.75.128.81 - - [27/Feb/2026:12:19:11 -0500] "GET /shop/?add-to-cart=1925&product_orderby=popularity&product_count=36&product_order=asc&product_view=list HTTP/1.1" 404 13532 "-" "Mozilla/5.0 (compatible; MJ12bot/v1.4.8; http://mj12bot.com/)"
51.75.128.81 - - [27/Feb/2026:12:19:17 -0500] "GET /shop/?add-to-cart=1925&product_orderby=popularity&product_count=36&product_view=grid HTTP/1.1" 404 13526 "-" "Mozilla/5.0 (compatible; MJ12bot/v1.4.8; http://mj12bot.com/)"
51.75.128.81 - - [27/Feb/2026:12:19:23 -0500] "GET /shop/?add-to-cart=1925&product_orderby=price&product_count=12&product_order=asc HTTP/1.1" 404 13522 "-" "Mozilla/5.0 (compatible; MJ12bot/v1.4.8; http://mj12bot.com/)"
51.75.128.81 - - [27/Feb/2026:12:19:29 -0500] "GET /shop/?add-to-cart=1925&product_orderby=price&product_count=12&product_order=desc HTTP/1.1" 404 13522 "-" "Mozilla/5.0 (compatible; MJ12bot/v1.4.8; http://mj12bot.com/)"
162.253.224.18 - - [27/Feb/2026:12:19:37 -0500] "POST /wp-cron.php?doing_wp_cron=1772212777.9671039581298828125000 HTTP/1.1" 200 - "-" "WordPress/6.9.1; https://clavo.space"
51.75.128.81 - - [27/Feb/2026:12:19:35 -0500] "GET /shop/?add-to-cart=1925&product_orderby=price&product_count=36&product_order=asc HTTP/1.1" 404 13530 "-" "Mozilla/5.0 (compatible; MJ12bot/v1.4.8; http://mj12bot.com/)"
51.75.128.81 - - [27/Feb/2026:12:19:41 -0500] "GET /shop/?add-to-cart=1925&product_orderby=rating&product_count=12&product_order=asc HTTP/1.1" 404 13522 "-" "Mozilla/5.0 (compatible; MJ12bot/v1.4.8; http://mj12bot.com/)"
142.93.120.13 - - [27/Feb/2026:12:19:44 -0500] "GET /wp-login.php HTTP/1.1" 200 2093 "-" "Mozilla/5.0 (Windows NT 6.3; WOW64; Trident/7.0; Touch; MAARJS; rv:11.0) like Gecko"
142.93.120.13 - - [27/Feb/2026:12:19:46 -0500] "POST /wp-login.php HTTP/1.1" 200 2224 "https://212productions.net/wp-login.php" "Mozilla/5.0 (Windows NT 6.3; WOW64; Trident/7.0; Touch; MAARJS; rv:11.0) like Gecko"
51.75.128.81 - - [27/Feb/2026:12:19:47 -0500] "GET /shop/?add-to-cart=1926&product_view=grid&product_orderby=date&product_count=36 HTTP/1.1" 404 13531 "-" "Mozilla/5.0 (compatible; MJ12bot/v1.4.8; http://mj12bot.com/)"
185.191.171.4 - - [27/Feb/2026:12:19:47 -0500] "GET /events/list/?tribe-bar-date=2020-10-08 HTTP/1.1" 200 19473 "-" "Mozilla/5.0 (compatible; SemrushBot/7~bl; +http://www.semrush.com/bot.html)"
51.75.128.81 - - [27/Feb/2026:12:19:55 -0500] "GET /shop/?add-to-cart=1926&product_view=grid&product_orderby=default&product_count=12 HTTP/1.1" 404 13527 "-" "Mozilla/5.0 (compatible; MJ12bot/v1.4.8; http://mj12bot.com/)"
51.75.128.81 - - [27/Feb/2026:12:20:01 -0500] "GET /shop/?add-to-cart=1926&product_view=grid&product_orderby=default&product_count=24 HTTP/1.1" 404 13526 "-" "Mozilla/5.0 (compatible; MJ12bot/v1.4.8; http://mj12bot.com/)"
51.75.128.81 - - [27/Feb/2026:12:20:06 -0500] "GET /shop/?add-to-cart=1926&product_view=grid&product_orderby=default&product_count=36 HTTP/1.1" 404 13524 "-" "Mozilla/5.0 (compatible; MJ12bot/v1.4.8; http://mj12bot.com/)"
51.75.128.81 - - [27/Feb/2026:12:20:12 -0500] "GET /shop/?add-to-cart=1926&product_view=grid&product_orderby=name&product_count=12 HTTP/1.1" 404 13522 "-" "Mozilla/5.0 (compatible; MJ12bot/v1.4.8; http://mj12bot.com/)"
51.75.128.81 - - [27/Feb/2026:12:20:20 -0500] "GET /shop/?add-to-cart=1926&product_view=grid&product_orderby=name&product_count=24 HTTP/1.1" 404 13531 "-" "Mozilla/5.0 (compatible; MJ12bot/v1.4.8; http://mj12bot.com/)"
114.119.151.197 - - [27/Feb/2026:12:20:23 -0500] "GET /product-tag/abel-adrian/page/2/?product_count=24&product_orderby=popularity&product_order=asc&paged=1 HTTP/1.1" 301 - "https://clavo.space/product-tag/abel-adrian/page/2/?product_count=12&product_orderby=popularity&product_order=asc" "Mozilla/5.0 (Linux; Android 7.0;) AppleWebKit/537.36 (KHTML, like Gecko) Mobile Safari/537.36 (compatible; PetalBot;+https://webmaster.petalsearch.com/site/petalbot)"
51.75.128.81 - - [27/Feb/2026:12:20:25 -0500] "GET /shop/?add-to-cart=1926&product_view=grid&product_orderby=name&product_count=36 HTTP/1.1" 404 13518 "-" "Mozilla/5.0 (compatible; MJ12bot/v1.4.8; http://mj12bot.com/)"
114.119.151.197 - - [27/Feb/2026:12:20:26 -0500] "GET /portfolio-item/abel-adrian/?product_count=24&product_orderby=popularity&product_order=asc&paged=1 HTTP/1.1" 301 - "https://clavo.space/product-tag/abel-adrian/page/2/?product_count=12&product_orderby=popularity&product_order=asc" "Mozilla/5.0 (Linux; Android 7.0;) AppleWebKit/537.36 (KHTML, like Gecko) Mobile Safari/537.36 (compatible; PetalBot;+https://webmaster.petalsearch.com/site/petalbot)"
85.208.96.197 - - [27/Feb/2026:12:20:26 -0500] "GET /events/list/?tribe-bar-date=2020-06-29 HTTP/1.1" 200 19466 "-" "Mozilla/5.0 (compatible; SemrushBot/7~bl; +http://www.semrush.com/bot.html)"
162.253.224.18 - - [27/Feb/2026:12:20:34 -0500] "POST /wp-cron.php?doing_wp_cron=1772212834.3548650741577148437500 HTTP/1.1" 200 - "-" "WordPress/6.9.1; https://clavo.space"
114.119.151.197 - - [27/Feb/2026:12:20:31 -0500] "GET /portfolio-item/abel-adrian/?product_count=24&product_orderby=popularity&product_order=asc HTTP/1.1" 200 21329 "https://clavo.space/product-tag/abel-adrian/page/2/?product_count=12&product_orderby=popularity&product_order=asc" "Mozilla/5.0 (Linux; Android 7.0;) AppleWebKit/537.36 (KHTML, like Gecko) Mobile Safari/537.36 (compatible; PetalBot;+https://webmaster.petalsearch.com/site/petalbot)"
51.75.128.81 - - [27/Feb/2026:12:20:33 -0500] "GET /shop/?add-to-cart=1926&product_view=list&product_orderby=name&product_count=12 HTTP/1.1" 404 13524 "-" "Mozilla/5.0 (compatible; MJ12bot/v1.4.8; http://mj12bot.com/)"
185.191.171.12 - - [27/Feb/2026:12:20:36 -0500] "GET /events/tag/art/list/?eventDisplay=past&tribe-bar-date=2021-10-18 HTTP/1.1" 200 20695 "-" "Mozilla/5.0 (compatible; SemrushBot/7~bl; +http://www.semrush.com/bot.html)"
51.75.128.81 - - [27/Feb/2026:12:20:40 -0500] "GET /shop/?add-to-cart=1926&product_view=list&product_orderby=name&product_count=24 HTTP/1.1" 404 13520 "-" "Mozilla/5.0 (compatible; MJ12bot/v1.4.8; http://mj12bot.com/)"
51.75.128.81 - - [27/Feb/2026:12:20:46 -0500] "GET /shop/?add-to-cart=1926&product_view=list&product_orderby=name&product_count=36 HTTP/1.1" 404 13526 "-" "Mozilla/5.0 (compatible; MJ12bot/v1.4.8; http://mj12bot.com/)"
185.191.171.3 - - [27/Feb/2026:12:20:48 -0500] "GET /events/tag/exhibition/list/?eventDisplay=past&tribe-bar-date=2029-03-28 HTTP/1.1" 200 20689 "-" "Mozilla/5.0 (compatible; SemrushBot/7~bl; +http://www.semrush.com/bot.html)"
66.249.79.69 - - [27/Feb/2026:12:20:50 -0500] "GET /page/2/?h=ez28brqurbqc5o7 HTTP/1.1" 200 30448 "-" "Mozilla/5.0 (Linux; Android 6.0.1; Nexus 5X Build/MMB29P) AppleWebKit/537.36 (KHTML, like Gecko) Chrome/144.0.7559.132 Mobile Safari/537.36 (compatible; GoogleOther)"
51.75.128.81 - - [27/Feb/2026:12:20:52 -0500] "GET /shop/?add-to-cart=1927&product_orderby=default&product_view=grid&product_count=12 HTTP/1.1" 404 13529 "-" "Mozilla/5.0 (compatible; MJ12bot/v1.4.8; http://mj12bot.com/)"
185.191.171.5 - - [27/Feb/2026:12:20:55 -0500] "GET /events/list/?eventDisplay=past&tribe-bar-date=2028-03-01 HTTP/1.1" 200 20432 "-" "Mozilla/5.0 (compatible; SemrushBot/7~bl; +http://www.semrush.com/bot.html)"
51.75.128.81 - - [27/Feb/2026:12:20:58 -0500] "GET /shop/?add-to-cart=1927&product_orderby=default&product_view=grid&product_count=24 HTTP/1.1" 404 13524 "-" "Mozilla/5.0 (compatible; MJ12bot/v1.4.8; http://mj12bot.com/)"
51.75.128.81 - - [27/Feb/2026:12:21:05 -0500] "GET /shop/?add-to-cart=1927&product_orderby=default&product_view=grid&product_count=36 HTTP/1.1" 404 13523 "-" "Mozilla/5.0 (compatible; MJ12bot/v1.4.8; http://mj12bot.com/)"
51.75.128.81 - - [27/Feb/2026:12:21:11 -0500] "GET /shop/?add-to-cart=1927&product_orderby=name&product_view=grid&product_count=12 HTTP/1.1" 404 13526 "-" "Mozilla/5.0 (compatible; MJ12bot/v1.4.8; http://mj12bot.com/)"
51.75.128.81 - - [27/Feb/2026:12:21:17 -0500] "GET /shop/?add-to-cart=1927&product_orderby=name&product_view=grid&product_count=24 HTTP/1.1" 404 13531 "-" "Mozilla/5.0 (compatible; MJ12bot/v1.4.8; http://mj12bot.com/)"
51.75.128.81 - - [27/Feb/2026:12:21:23 -0500] "GET /shop/?add-to-cart=1927&product_orderby=name&product_view=grid&product_count=36 HTTP/1.1" 404 13535 "-" "Mozilla/5.0 (compatible; MJ12bot/v1.4.8; http://mj12bot.com/)"
51.75.128.81 - - [27/Feb/2026:12:21:28 -0500] "GET /shop/?add-to-cart=1927&product_orderby=price&product_view=grid&product_count=12 HTTP/1.1" 404 13523 "-" "Mozilla/5.0 (compatible; MJ12bot/v1.4.8; http://mj12bot.com/)"
162.253.224.18 - - [27/Feb/2026:12:21:35 -0500] "POST /wp/wp-cron.php?doing_wp_cron=1772212895.2753529548645019531250 HTTP/1.1" 200 - "-" "WordPress/6.9.1; https://212productions.net/wp"
114.119.143.174 - - [27/Feb/2026:12:21:33 -0500] "GET /wp/celebracion-del-musa-con-la-delirante-optica-de-lachapelle/ HTTP/1.1" 200 20350 "https://212productions.net/wp/pone-a-delirar-al-museo-de-las-artes/" "Mozilla/5.0 (Linux; Android 7.0;) AppleWebKit/537.36 (KHTML, like Gecko) Mobile Safari/537.36 (compatible; PetalBot;+https://webmaster.petalsearch.com/site/petalbot)"
162.253.224.18 - - [27/Feb/2026:12:21:38 -0500] "POST /wp-cron.php?doing_wp_cron=1772212898.5595049858093261718750 HTTP/1.1" 200 - "-" "WordPress/6.9.1; https://clavo.space"
51.75.128.81 - - [27/Feb/2026:12:21:35 -0500] "GET /shop/?add-to-cart=1927&product_orderby=price&product_view=grid&product_count=24 HTTP/1.1" 404 13519 "-" "Mozilla/5.0 (compatible; MJ12bot/v1.4.8; http://mj12bot.com/)"
51.75.128.81 - - [27/Feb/2026:12:21:42 -0500] "GET /shop/?add-to-cart=1927&product_orderby=price&product_view=grid&product_count=36 HTTP/1.1" 404 13530 "-" "Mozilla/5.0 (compatible; MJ12bot/v1.4.8; http://mj12bot.com/)"
114.119.132.131 - - [27/Feb/2026:12:21:44 -0500] "GET /shop/page/4?product_order=asc&product_view=list&product_orderby=name&product_count=12 HTTP/1.1" 404 13540 "https://clavo.space/shop/page/4?product_order=asc&product_view=list&product_orderby=name&product_count=12" "Mozilla/5.0 (Linux; Android 7.0;) AppleWebKit/537.36 (KHTML, like Gecko) Mobile Safari/537.36 (compatible; PetalBot;+https://webmaster.petalsearch.com/site/petalbot)"
51.75.128.81 - - [27/Feb/2026:12:21:48 -0500] "GET /shop/?add-to-cart=1927&product_orderby=rating&product_count=12 HTTP/1.1" 404 13525 "-" "Mozilla/5.0 (compatible; MJ12bot/v1.4.8; http://mj12bot.com/)"
51.75.128.81 - - [27/Feb/2026:12:21:54 -0500] "GET /shop/?add-to-cart=1927&product_view=list&product_orderby=date&product_count=12 HTTP/1.1" 404 13522 "-" "Mozilla/5.0 (compatible; MJ12bot/v1.4.8; http://mj12bot.com/)"
72.167.37.48 - - [27/Feb/2026:12:21:54 -0500] "POST /xmlrpc.php HTTP/1.1" 200 225 "-" "Mozilla/5.0 (Windows NT 6.1; rv:61.0) Gecko/20100101 Firefox/61.0"
51.75.128.81 - - [27/Feb/2026:12:22:00 -0500] "GET /shop/?add-to-cart=1927&product_view=list&product_orderby=date&product_count=24 HTTP/1.1" 404 13529 "-" "Mozilla/5.0 (compatible; MJ12bot/v1.4.8; http://mj12bot.com/)"
66.249.79.68 - - [27/Feb/2026:12:22:03 -0500] "GET /page/2/?h=evo191clplca2yt HTTP/1.1" 200 30444 "-" "Mozilla/5.0 (Linux; Android 6.0.1; Nexus 5X Build/MMB29P) AppleWebKit/537.36 (KHTML, like Gecko) Chrome/144.0.7559.132 Mobile Safari/537.36 (compatible; GoogleOther)"
51.75.128.81 - - [27/Feb/2026:12:22:06 -0500] "GET /shop/?add-to-cart=1927&product_view=list&product_orderby=date&product_count=36 HTTP/1.1" 404 13528 "-" "Mozilla/5.0 (compatible; MJ12bot/v1.4.8; http://mj12bot.com/)"
51.75.128.81 - - [27/Feb/2026:12:22:12 -0500] "GET /shop/?add-to-cart=1927&product_view=list&product_orderby=default&product_count=12 HTTP/1.1" 404 13531 "-" "Mozilla/5.0 (compatible; MJ12bot/v1.4.8; http://mj12bot.com/)"
51.75.128.81 - - [27/Feb/2026:12:22:17 -0500] "GET /shop/?add-to-cart=1927&product_view=list&product_orderby=default&product_count=24 HTTP/1.1" 404 13521 "-" "Mozilla/5.0 (compatible; MJ12bot/v1.4.8; http://mj12bot.com/)"
51.75.128.81 - - [27/Feb/2026:12:22:21 -0500] "GET /shop/?add-to-cart=1927&product_view=list&product_orderby=default&product_count=36 HTTP/1.1" 404 13529 "-" "Mozilla/5.0 (compatible; MJ12bot/v1.4.8; http://mj12bot.com/)"
51.75.128.81 - - [27/Feb/2026:12:22:26 -0500] "GET /shop/?add-to-cart=1927&product_view=list&product_orderby=popularity&product_count=12 HTTP/1.1" 404 13532 "-" "Mozilla/5.0 (compatible; MJ12bot/v1.4.8; http://mj12bot.com/)"
51.75.128.81 - - [27/Feb/2026:12:22:31 -0500] "GET /shop/?add-to-cart=1927&product_view=list&product_orderby=popularity&product_count=24 HTTP/1.1" 404 13530 "-" "Mozilla/5.0 (compatible; MJ12bot/v1.4.8; http://mj12bot.com/)"
162.253.224.18 - - [27/Feb/2026:12:22:37 -0500] "POST /wp-cron.php?doing_wp_cron=1772212957.7375609874725341796875 HTTP/1.1" 200 - "-" "WordPress/6.9.1; https://clavo.space"
85.208.96.199 - - [27/Feb/2026:12:22:35 -0500] "GET /events/tag/clavo-space/list/?tribe-bar-date=2021-09-30 HTTP/1.1" 200 19729 "-" "Mozilla/5.0 (compatible; SemrushBot/7~bl; +http://www.semrush.com/bot.html)"
51.75.128.81 - - [27/Feb/2026:12:22:36 -0500] "GET /shop/?add-to-cart=1927&product_view=list&product_orderby=popularity&product_count=36 HTTP/1.1" 404 13531 "-" "Mozilla/5.0 (compatible; MJ12bot/v1.4.8; http://mj12bot.com/)"
51.75.128.81 - - [27/Feb/2026:12:22:42 -0500] "GET /shop/?add-to-cart=1927&product_view=list&product_orderby=price&product_count=12 HTTP/1.1" 404 13528 "-" "Mozilla/5.0 (compatible; MJ12bot/v1.4.8; http://mj12bot.com/)"
85.208.96.208 - - [27/Feb/2026:12:22:42 -0500] "GET /events/tag/clavo-space/list/?eventDisplay=past&tribe-bar-date=2022-10-28 HTTP/1.1" 200 20701 "-" "Mozilla/5.0 (compatible; SemrushBot/7~bl; +http://www.semrush.com/bot.html)"
51.75.128.81 - - [27/Feb/2026:12:22:47 -0500] "GET /shop/?add-to-cart=1927&product_view=list&product_orderby=price&product_count=24 HTTP/1.1" 404 13526 "-" "Mozilla/5.0 (compatible; MJ12bot/v1.4.8; http://mj12bot.com/)"
51.75.128.81 - - [27/Feb/2026:12:22:52 -0500] "GET /shop/?add-to-cart=1927&product_view=list&product_orderby=price&product_count=36 HTTP/1.1" 404 13520 "-" "Mozilla/5.0 (compatible; MJ12bot/v1.4.8; http://mj12bot.com/)"
51.75.128.81 - - [27/Feb/2026:12:22:57 -0500] "GET /shop/?add-to-cart=1927&product_view=list&product_orderby=rating&product_count=12 HTTP/1.1" 404 13522 "-" "Mozilla/5.0 (compatible; MJ12bot/v1.4.8; http://mj12bot.com/)"
185.191.171.15 - - [27/Feb/2026:12:22:58 -0500] "GET /events/tag/exhibition/list/?tribe-bar-date=2028-02-11 HTTP/1.1" 200 19713 "-" "Mozilla/5.0 (compatible; SemrushBot/7~bl; +http://www.semrush.com/bot.html)"
51.75.128.81 - - [27/Feb/2026:12:23:01 -0500] "GET /shop/?add-to-cart=1927&product_view=list&product_orderby=rating&product_count=24 HTTP/1.1" 404 13529 "-" "Mozilla/5.0 (compatible; MJ12bot/v1.4.8; http://mj12bot.com/)"
51.75.128.81 - - [27/Feb/2026:12:23:06 -0500] "GET /shop/?add-to-cart=1927&product_view=list&product_orderby=rating&product_count=36 HTTP/1.1" 404 13528 "-" "Mozilla/5.0 (compatible; MJ12bot/v1.4.8; http://mj12bot.com/)"
114.119.151.197 - - [27/Feb/2026:12:23:07 -0500] "GET /shop/page/1?product_count=12&product_orderby=date&product_order=asc&product_view=grid HTTP/1.1" 404 13542 "-" "Mozilla/5.0 (Linux; Android 7.0;) AppleWebKit/537.36 (KHTML, like Gecko) Mobile Safari/537.36 (compatible; PetalBot;+https://webmaster.petalsearch.com/site/petalbot)"
51.222.95.58 - - [27/Feb/2026:12:23:10 -0500] "GET /product-category/paintings/coffe-and-ashes/?product_orderby=date&product_view=grid&product_order=desc&product_count=24 HTTP/1.1" 404 13557 "-" "Mozilla/5.0 (compatible; AhrefsBot/7.0; +http://ahrefs.com/robot/)"
51.75.128.81 - - [27/Feb/2026:12:23:11 -0500] "GET /shop/?add-to-cart=1939&product_order=asc&product_orderby=popularity&product_count=12 HTTP/1.1" 404 13529 "-" "Mozilla/5.0 (compatible; MJ12bot/v1.4.8; http://mj12bot.com/)"
35.153.36.16 - - [27/Feb/2026:12:23:15 -0500] "GET / HTTP/1.1" 200 30725 "-" "Mozilla/5.0 (Windows NT 10.0; Win64; x64) AppleWebKit/537.36 (KHTML, like Gecko) HeadlessChrome/131.0.0.0 Safari/537.36"
51.75.128.81 - - [27/Feb/2026:12:23:16 -0500] "GET /shop/?add-to-cart=1939&product_order=asc&product_orderby=popularity&product_count=24 HTTP/1.1" 404 13527 "-" "Mozilla/5.0 (compatible; MJ12bot/v1.4.8; http://mj12bot.com/)"
185.191.171.12 - - [27/Feb/2026:12:23:18 -0500] "GET /events/2029-05-18/ HTTP/1.1" 200 14428 "-" "Mozilla/5.0 (compatible; SemrushBot/7~bl; +http://www.semrush.com/bot.html)"
51.75.128.81 - - [27/Feb/2026:12:23:21 -0500] "GET /shop/?add-to-cart=1939&product_order=asc&product_orderby=popularity&product_count=36 HTTP/1.1" 404 13524 "-" "Mozilla/5.0 (compatible; MJ12bot/v1.4.8; http://mj12bot.com/)"
185.191.171.15 - - [27/Feb/2026:12:23:23 -0500] "GET /events/list/?eventDisplay=past&tribe-bar-date=2026-10-24 HTTP/1.1" 200 20444 "-" "Mozilla/5.0 (compatible; SemrushBot/7~bl; +http://www.semrush.com/bot.html)"
51.75.128.81 - - [27/Feb/2026:12:23:26 -0500] "GET /shop/?add-to-cart=1939&product_order=asc&product_view=grid&product_count=36 HTTP/1.1" 404 13528 "-" "Mozilla/5.0 (compatible; MJ12bot/v1.4.8; http://mj12bot.com/)"
85.208.96.195 - - [27/Feb/2026:12:23:27 -0500] "GET /events/category/exhibition/list/?eventDisplay=past&tribe-bar-date=2022-08-15 HTTP/1.1" 200 20722 "-" "Mozilla/5.0 (compatible; SemrushBot/7~bl; +http://www.semrush.com/bot.html)"
51.75.128.81 - - [27/Feb/2026:12:23:30 -0500] "GET /shop/?add-to-cart=1940&product_order=desc&product_orderby=price&product_count=12 HTTP/1.1" 404 13532 "-" "Mozilla/5.0 (compatible; MJ12bot/v1.4.8; http://mj12bot.com/)"
162.253.224.18 - - [27/Feb/2026:12:23:38 -0500] "POST /wp-cron.php?doing_wp_cron=1772213018.5330970287322998046875 HTTP/1.1" 200 - "-" "WordPress/6.9.1; https://clavo.space"
51.75.128.81 - - [27/Feb/2026:12:23:36 -0500] "GET /shop/?add-to-cart=1940&product_order=desc&product_orderby=price&product_count=24 HTTP/1.1" 404 13524 "-" "Mozilla/5.0 (compatible; MJ12bot/v1.4.8; http://mj12bot.com/)"
51.75.128.81 - - [27/Feb/2026:12:23:42 -0500] "GET /shop/?add-to-cart=1940&product_order=desc&product_orderby=price&product_count=36 HTTP/1.1" 404 13525 "-" "Mozilla/5.0 (compatible; MJ12bot/v1.4.8; http://mj12bot.com/)"
51.75.128.81 - - [27/Feb/2026:12:23:46 -0500] "GET /shop/?add-to-cart=1940&product_view=list&product_orderby=name&product_count=12 HTTP/1.1" 404 13519 "-" "Mozilla/5.0 (compatible; MJ12bot/v1.4.8; http://mj12bot.com/)"
216.244.66.226 - - [27/Feb/2026:12:23:49 -0500] "GET /shop/?add-to-cart=7144&product_orderby=price&product_count=24&product_order=desc HTTP/1.1" 404 65895 "-" "Mozilla/5.0 (compatible; DotBot/1.2; +https://opensiteexplorer.org/dotbot; help@moz.com)"
51.75.128.81 - - [27/Feb/2026:12:23:51 -0500] "GET /shop/?add-to-cart=1940&product_view=list&product_orderby=name&product_count=24 HTTP/1.1" 404 13522 "-" "Mozilla/5.0 (compatible; MJ12bot/v1.4.8; http://mj12bot.com/)"
51.75.128.81 - - [27/Feb/2026:12:23:56 -0500] "GET /shop/?add-to-cart=1940&product_view=list&product_orderby=name&product_count=36 HTTP/1.1" 404 13530 "-" "Mozilla/5.0 (compatible; MJ12bot/v1.4.8; http://mj12bot.com/)"
51.75.128.81 - - [27/Feb/2026:12:24:00 -0500] "GET /shop/?add-to-cart=1940&product_view=list&product_orderby=popularity&product_count=12 HTTP/1.1" 404 13520 "-" "Mozilla/5.0 (compatible; MJ12bot/v1.4.8; http://mj12bot.com/)"
51.75.128.81 - - [27/Feb/2026:12:24:05 -0500] "GET /shop/?add-to-cart=1940&product_view=list&product_orderby=popularity&product_count=24 HTTP/1.1" 404 13526 "-" "Mozilla/5.0 (compatible; MJ12bot/v1.4.8; http://mj12bot.com/)"
51.75.128.81 - - [27/Feb/2026:12:24:10 -0500] "GET /shop/?add-to-cart=1940&product_view=list&product_orderby=popularity&product_count=36 HTTP/1.1" 404 13532 "-" "Mozilla/5.0 (compatible; MJ12bot/v1.4.8; http://mj12bot.com/)"
51.75.128.81 - - [27/Feb/2026:12:24:14 -0500] "GET /shop/?add-to-cart=1940&product_view=list&product_orderby=price&product_count=12 HTTP/1.1" 404 13527 "-" "Mozilla/5.0 (compatible; MJ12bot/v1.4.8; http://mj12bot.com/)"
66.249.79.68 - - [27/Feb/2026:12:24:15 -0500] "GET /page/2/?h=etnfwcbkcwbx49s HTTP/1.1" 200 30441 "-" "Mozilla/5.0 (Linux; Android 6.0.1; Nexus 5X Build/MMB29P) AppleWebKit/537.36 (KHTML, like Gecko) Chrome/144.0.7559.132 Mobile Safari/537.36 (compatible; GoogleOther)"
