147.135.213.175 - - [27/Feb/2026:08:58:05 -0500] "GET /shop/?add-to-cart=1921&product_view=grid&product_order=desc&product_count=12 HTTP/1.1" 404 13523 "-" "Mozilla/5.0 (compatible; MJ12bot/v1.4.8; http://mj12bot.com/)"
147.135.213.175 - - [27/Feb/2026:08:58:10 -0500] "GET /shop/?add-to-cart=1921&product_view=grid&product_order=desc&product_count=24 HTTP/1.1" 404 13521 "-" "Mozilla/5.0 (compatible; MJ12bot/v1.4.8; http://mj12bot.com/)"
147.135.213.175 - - [27/Feb/2026:08:58:14 -0500] "GET /shop/?add-to-cart=1921&product_view=grid&product_order=desc&product_count=36 HTTP/1.1" 404 13525 "-" "Mozilla/5.0 (compatible; MJ12bot/v1.4.8; http://mj12bot.com/)"
4.204.192.31 - - [27/Feb/2026:08:58:18 -0500] "GET /wp-content/plugins/hellopress/wp_filemanager.php HTTP/1.1" 301 347 "-" "-"
114.119.148.154 - - [27/Feb/2026:08:58:17 -0500] "GET /shop/page/2/?product_orderby=rating&product_view=list&product_count=24 HTTP/1.1" 404 13538 "https://clavo.space/shop/page/2/?product_orderby=rating&product_view=list&product_count=24&paged=1" "Mozilla/5.0 (Linux; Android 7.0;) AppleWebKit/537.36 (KHTML, like Gecko) Mobile Safari/537.36 (compatible; PetalBot;+https://webmaster.petalsearch.com/site/petalbot)"
4.204.192.31 - - [27/Feb/2026:08:58:18 -0500] "GET /wp-content/plugins/hellopress/wp_filemanager.php HTTP/1.1" 404 13543 "-" "-"
4.204.192.31 - - [27/Feb/2026:08:58:20 -0500] "GET /asc.php HTTP/1.1" 301 306 "-" "-"
147.135.213.175 - - [27/Feb/2026:08:58:19 -0500] "GET /shop/?add-to-cart=1921&product_view=grid&product_orderby=date&product_count=12 HTTP/1.1" 404 13524 "-" "Mozilla/5.0 (compatible; MJ12bot/v1.4.8; http://mj12bot.com/)"
4.204.192.31 - - [27/Feb/2026:08:58:20 -0500] "GET /asc.php HTTP/1.1" 404 13524 "-" "-"
85.208.96.198 - - [27/Feb/2026:08:58:21 -0500] "GET /events/list/?tribe-bar-date=2023-03-07 HTTP/1.1" 200 19454 "-" "Mozilla/5.0 (compatible; SemrushBot/7~bl; +http://www.semrush.com/bot.html)"
147.135.213.175 - - [27/Feb/2026:08:58:25 -0500] "GET /shop/?add-to-cart=1921&product_view=grid&product_orderby=date&product_count=12&product_order=asc HTTP/1.1" 404 13526 "-" "Mozilla/5.0 (compatible; MJ12bot/v1.4.8; http://mj12bot.com/)"
147.135.213.175 - - [27/Feb/2026:08:58:30 -0500] "GET /shop/?add-to-cart=1921&product_view=grid&product_orderby=date&product_count=24 HTTP/1.1" 404 13514 "-" "Mozilla/5.0 (compatible; MJ12bot/v1.4.8; http://mj12bot.com/)"
162.253.224.18 - - [27/Feb/2026:08:58:36 -0500] "POST /wp-cron.php?doing_wp_cron=1772200716.8688399791717529296875 HTTP/1.1" 200 - "-" "WordPress/6.9.1; https://clavo.space"
147.135.213.175 - - [27/Feb/2026:08:58:35 -0500] "GET /shop/?add-to-cart=1921&product_view=grid&product_orderby=date&product_count=24&product_order=asc HTTP/1.1" 404 13530 "-" "Mozilla/5.0 (compatible; MJ12bot/v1.4.8; http://mj12bot.com/)"
147.135.213.175 - - [27/Feb/2026:08:58:40 -0500] "GET /shop/?add-to-cart=1921&product_view=grid&product_orderby=date&product_count=36 HTTP/1.1" 404 13526 "-" "Mozilla/5.0 (compatible; MJ12bot/v1.4.8; http://mj12bot.com/)"
147.135.213.175 - - [27/Feb/2026:08:58:45 -0500] "GET /shop/?add-to-cart=1921&product_view=grid&product_orderby=date&product_count=36&product_order=asc HTTP/1.1" 404 13531 "-" "Mozilla/5.0 (compatible; MJ12bot/v1.4.8; http://mj12bot.com/)"
147.135.213.175 - - [27/Feb/2026:08:58:50 -0500] "GET /shop/?add-to-cart=1921&product_view=grid&product_orderby=default&product_count=12 HTTP/1.1" 404 13527 "-" "Mozilla/5.0 (compatible; MJ12bot/v1.4.8; http://mj12bot.com/)"
147.135.213.175 - - [27/Feb/2026:08:58:54 -0500] "GET /shop/?add-to-cart=1921&product_view=grid&product_orderby=default&product_count=12&product_order=desc HTTP/1.1" 404 13531 "-" "Mozilla/5.0 (compatible; MJ12bot/v1.4.8; http://mj12bot.com/)"
147.135.213.175 - - [27/Feb/2026:08:58:59 -0500] "GET /shop/?add-to-cart=1921&product_view=grid&product_orderby=default&product_count=24 HTTP/1.1" 404 13525 "-" "Mozilla/5.0 (compatible; MJ12bot/v1.4.8; http://mj12bot.com/)"
147.135.213.175 - - [27/Feb/2026:08:59:04 -0500] "GET /shop/?add-to-cart=1921&product_view=grid&product_orderby=default&product_count=24&product_order=desc HTTP/1.1" 404 13532 "-" "Mozilla/5.0 (compatible; MJ12bot/v1.4.8; http://mj12bot.com/)"
147.135.213.175 - - [27/Feb/2026:08:59:09 -0500] "GET /shop/?add-to-cart=1921&product_view=grid&product_orderby=default&product_count=36 HTTP/1.1" 404 13516 "-" "Mozilla/5.0 (compatible; MJ12bot/v1.4.8; http://mj12bot.com/)"
147.135.213.175 - - [27/Feb/2026:08:59:13 -0500] "GET /shop/?add-to-cart=1921&product_view=grid&product_orderby=default&product_count=36&product_order=desc HTTP/1.1" 404 13527 "-" "Mozilla/5.0 (compatible; MJ12bot/v1.4.8; http://mj12bot.com/)"
147.135.213.175 - - [27/Feb/2026:08:59:18 -0500] "GET /shop/?add-to-cart=1921&product_view=grid&product_orderby=name&product_count=12 HTTP/1.1" 404 13529 "-" "Mozilla/5.0 (compatible; MJ12bot/v1.4.8; http://mj12bot.com/)"
147.135.213.175 - - [27/Feb/2026:08:59:23 -0500] "GET /shop/?add-to-cart=1921&product_view=grid&product_orderby=name&product_count=12&product_order=desc HTTP/1.1" 404 13528 "-" "Mozilla/5.0 (compatible; MJ12bot/v1.4.8; http://mj12bot.com/)"
159.138.102.1 - - [27/Feb/2026:08:59:25 -0500] "GET /product-category/paintings/?add-to-cart=1945&product_view=grid&product_orderby=popularity&product_count=24 HTTP/1.1" 404 13540 "https://clavo.space/product-category/paintings/?add-to-cart=1945&product_view=grid&product_orderby=popularity&product_count=24" "Mozilla/5.0 (Windows NT 10.0; Win64; x64) AppleWebKit/537.36 (KHTML, like Gecko) Chrome/101.0.4951.64 Safari/537.36 Edg/101.0.1210.47"
147.135.213.175 - - [27/Feb/2026:08:59:28 -0500] "GET /shop/?add-to-cart=1921&product_view=grid&product_orderby=name&product_count=24 HTTP/1.1" 404 13521 "-" "Mozilla/5.0 (compatible; MJ12bot/v1.4.8; http://mj12bot.com/)"
162.253.224.18 - - [27/Feb/2026:08:59:34 -0500] "POST /wp-cron.php?doing_wp_cron=1772200774.1862609386444091796875 HTTP/1.1" 200 - "-" "WordPress/6.9.1; https://clavo.space"
147.135.213.175 - - [27/Feb/2026:08:59:32 -0500] "GET /shop/?add-to-cart=1921&product_view=grid&product_orderby=name&product_count=24&product_order=desc HTTP/1.1" 404 13530 "-" "Mozilla/5.0 (compatible; MJ12bot/v1.4.8; http://mj12bot.com/)"
147.135.213.175 - - [27/Feb/2026:08:59:37 -0500] "GET /shop/?add-to-cart=1921&product_view=grid&product_orderby=name&product_count=36 HTTP/1.1" 404 13529 "-" "Mozilla/5.0 (compatible; MJ12bot/v1.4.8; http://mj12bot.com/)"
147.135.213.175 - - [27/Feb/2026:08:59:42 -0500] "GET /shop/?add-to-cart=1921&product_view=grid&product_orderby=name&product_count=36&product_order=desc HTTP/1.1" 404 13522 "-" "Mozilla/5.0 (compatible; MJ12bot/v1.4.8; http://mj12bot.com/)"
147.135.213.175 - - [27/Feb/2026:08:59:47 -0500] "GET /shop/?add-to-cart=1921&product_view=grid&product_orderby=popularity&product_count=12 HTTP/1.1" 404 13534 "-" "Mozilla/5.0 (compatible; MJ12bot/v1.4.8; http://mj12bot.com/)"
114.119.149.252 - - [27/Feb/2026:08:59:47 -0500] "GET /shop/page/2/?product_orderby=popularity&product_count=36&product_order=asc&product_view=grid HTTP/1.1" 404 13535 "https://clavo.space/shop/page/2/?product_orderby=rating&product_count=36&product_order=asc&product_view=grid" "Mozilla/5.0 (Linux; Android 7.0;) AppleWebKit/537.36 (KHTML, like Gecko) Mobile Safari/537.36 (compatible; PetalBot;+https://webmaster.petalsearch.com/site/petalbot)"
85.208.96.200 - - [27/Feb/2026:08:59:48 -0500] "GET /events/list/?eventDisplay=past&tribe-bar-date=2021-12-26 HTTP/1.1" 200 20426 "-" "Mozilla/5.0 (compatible; SemrushBot/7~bl; +http://www.semrush.com/bot.html)"
147.135.213.175 - - [27/Feb/2026:08:59:53 -0500] "GET /shop/?add-to-cart=1921&product_view=grid&product_orderby=popularity&product_count=12&product_order=asc HTTP/1.1" 404 13523 "-" "Mozilla/5.0 (compatible; MJ12bot/v1.4.8; http://mj12bot.com/)"
85.208.96.206 - - [27/Feb/2026:08:59:55 -0500] "GET /events/tag/clavo-space/list/?eventDisplay=past&tribe-bar-date=2024-06-15 HTTP/1.1" 200 20688 "-" "Mozilla/5.0 (compatible; SemrushBot/7~bl; +http://www.semrush.com/bot.html)"
147.135.213.175 - - [27/Feb/2026:08:59:58 -0500] "GET /shop/?add-to-cart=1921&product_view=grid&product_orderby=popularity&product_count=24 HTTP/1.1" 404 13524 "-" "Mozilla/5.0 (compatible; MJ12bot/v1.4.8; http://mj12bot.com/)"
147.135.213.175 - - [27/Feb/2026:09:00:02 -0500] "GET /shop/?add-to-cart=1921&product_view=grid&product_orderby=popularity&product_count=24&product_order=asc HTTP/1.1" 404 13523 "-" "Mozilla/5.0 (compatible; MJ12bot/v1.4.8; http://mj12bot.com/)"
185.115.33.212 - - [27/Feb/2026:09:00:03 -0500] "GET /wp-login.php HTTP/1.1" 200 2093 "-" "Mozilla/5.0 (Windows NT 6.1) AppleWebKit/537.36 (KHTML, like Gecko) Chrome/66.0.3359.181 Safari/537.36"
185.115.33.212 - - [27/Feb/2026:09:00:05 -0500] "POST /wp-login.php HTTP/1.1" 200 2224 "https://212productions.net/wp-login.php" "Mozilla/5.0 (Windows NT 6.1) AppleWebKit/537.36 (KHTML, like Gecko) Chrome/66.0.3359.181 Safari/537.36"
147.135.213.175 - - [27/Feb/2026:09:00:08 -0500] "GET /shop/?add-to-cart=1921&product_view=grid&product_orderby=popularity&product_count=24&product_order=desc HTTP/1.1" 404 13530 "-" "Mozilla/5.0 (compatible; MJ12bot/v1.4.8; http://mj12bot.com/)"
147.135.213.175 - - [27/Feb/2026:09:00:13 -0500] "GET /shop/?add-to-cart=1921&product_view=grid&product_orderby=popularity&product_count=36 HTTP/1.1" 404 13525 "-" "Mozilla/5.0 (compatible; MJ12bot/v1.4.8; http://mj12bot.com/)"
147.135.213.175 - - [27/Feb/2026:09:00:17 -0500] "GET /shop/?add-to-cart=1921&product_view=grid&product_orderby=popularity&product_count=36&product_order=asc HTTP/1.1" 404 13530 "-" "Mozilla/5.0 (compatible; MJ12bot/v1.4.8; http://mj12bot.com/)"
147.135.213.175 - - [27/Feb/2026:09:00:22 -0500] "GET /shop/?add-to-cart=1921&product_view=grid&product_orderby=price&product_count=12 HTTP/1.1" 404 13533 "-" "Mozilla/5.0 (compatible; MJ12bot/v1.4.8; http://mj12bot.com/)"
147.135.213.175 - - [27/Feb/2026:09:00:27 -0500] "GET /shop/?add-to-cart=1921&product_view=grid&product_orderby=price&product_count=12&product_order=desc HTTP/1.1" 404 13519 "-" "Mozilla/5.0 (compatible; MJ12bot/v1.4.8; http://mj12bot.com/)"
162.253.224.18 - - [27/Feb/2026:09:00:33 -0500] "POST /wp-cron.php?doing_wp_cron=1772200833.3525459766387939453125 HTTP/1.1" 200 - "-" "WordPress/6.9.1; https://clavo.space"
147.135.213.175 - - [27/Feb/2026:09:00:32 -0500] "GET /shop/?add-to-cart=1921&product_view=grid&product_orderby=price&product_count=24 HTTP/1.1" 404 13529 "-" "Mozilla/5.0 (compatible; MJ12bot/v1.4.8; http://mj12bot.com/)"
147.135.213.175 - - [27/Feb/2026:09:00:36 -0500] "GET /shop/?add-to-cart=1921&product_view=grid&product_orderby=price&product_count=24&product_order=desc HTTP/1.1" 404 13525 "-" "Mozilla/5.0 (compatible; MJ12bot/v1.4.8; http://mj12bot.com/)"
147.135.213.175 - - [27/Feb/2026:09:00:41 -0500] "GET /shop/?add-to-cart=1921&product_view=grid&product_orderby=price&product_count=36 HTTP/1.1" 404 13520 "-" "Mozilla/5.0 (compatible; MJ12bot/v1.4.8; http://mj12bot.com/)"
147.135.213.175 - - [27/Feb/2026:09:00:46 -0500] "GET /shop/?add-to-cart=1921&product_view=grid&product_orderby=price&product_count=36&product_order=desc HTTP/1.1" 404 13529 "-" "Mozilla/5.0 (compatible; MJ12bot/v1.4.8; http://mj12bot.com/)"
147.135.213.175 - - [27/Feb/2026:09:00:51 -0500] "GET /shop/?add-to-cart=1921&product_view=grid&product_orderby=rating&product_count=12 HTTP/1.1" 404 13528 "-" "Mozilla/5.0 (compatible; MJ12bot/v1.4.8; http://mj12bot.com/)"
147.135.213.175 - - [27/Feb/2026:09:00:55 -0500] "GET /shop/?add-to-cart=1921&product_view=grid&product_orderby=rating&product_count=12&product_order=asc HTTP/1.1" 404 13530 "-" "Mozilla/5.0 (compatible; MJ12bot/v1.4.8; http://mj12bot.com/)"
66.249.79.68 - - [27/Feb/2026:09:00:58 -0500] "GET /page/2/?h=ehugf7icvrig34z_gkind14523994 HTTP/1.1" 200 30450 "-" "Mozilla/5.0 (Linux; Android 6.0.1; Nexus 5X Build/MMB29P) AppleWebKit/537.36 (KHTML, like Gecko) Chrome/144.0.7559.132 Mobile Safari/537.36 (compatible; GoogleOther)"
147.135.213.175 - - [27/Feb/2026:09:01:00 -0500] "GET /shop/?add-to-cart=1921&product_view=grid&product_orderby=rating&product_count=24 HTTP/1.1" 404 13527 "-" "Mozilla/5.0 (compatible; MJ12bot/v1.4.8; http://mj12bot.com/)"
147.135.213.175 - - [27/Feb/2026:09:01:05 -0500] "GET /shop/?add-to-cart=1921&product_view=grid&product_orderby=rating&product_count=24&product_order=asc HTTP/1.1" 404 13523 "-" "Mozilla/5.0 (compatible; MJ12bot/v1.4.8; http://mj12bot.com/)"
114.119.158.196 - - [27/Feb/2026:09:01:09 -0500] "GET /shop/page/4/?product_order=asc&product_count=12&product_view=list&paged=1 HTTP/1.1" 404 13532 "https://clavo.space/shop/page/4/?product_order=asc&product_count=24&product_view=list" "Mozilla/5.0 (Linux; Android 7.0;) AppleWebKit/537.36 (KHTML, like Gecko) Mobile Safari/537.36 (compatible; PetalBot;+https://webmaster.petalsearch.com/site/petalbot)"
147.135.213.175 - - [27/Feb/2026:09:01:11 -0500] "GET /shop/?add-to-cart=1921&product_view=grid&product_orderby=rating&product_count=36 HTTP/1.1" 404 13528 "-" "Mozilla/5.0 (compatible; MJ12bot/v1.4.8; http://mj12bot.com/)"
5.39.1.255 - - [27/Feb/2026:09:01:13 -0500] "GET /product-category/paintings/oil-painting/?product_count=36&product_orderby=date&product_order=desc&product_view=grid HTTP/1.1" 404 13547 "-" "Mozilla/5.0 (compatible; AhrefsBot/7.0; +http://ahrefs.com/robot/)"
147.135.213.175 - - [27/Feb/2026:09:01:15 -0500] "GET /shop/?add-to-cart=1921&product_view=grid&product_orderby=rating&product_count=36&product_order=asc HTTP/1.1" 404 13524 "-" "Mozilla/5.0 (compatible; MJ12bot/v1.4.8; http://mj12bot.com/)"
147.135.213.175 - - [27/Feb/2026:09:01:20 -0500] "GET /shop/?add-to-cart=1921&product_view=list&product_order=asc&product_count=12 HTTP/1.1" 404 13526 "-" "Mozilla/5.0 (compatible; MJ12bot/v1.4.8; http://mj12bot.com/)"
147.135.213.175 - - [27/Feb/2026:09:01:25 -0500] "GET /shop/?add-to-cart=1921&product_view=list&product_order=asc&product_count=24 HTTP/1.1" 404 13523 "-" "Mozilla/5.0 (compatible; MJ12bot/v1.4.8; http://mj12bot.com/)"
147.135.213.175 - - [27/Feb/2026:09:01:29 -0500] "GET /shop/?add-to-cart=1921&product_view=list&product_order=asc&product_count=36 HTTP/1.1" 404 13528 "-" "Mozilla/5.0 (compatible; MJ12bot/v1.4.8; http://mj12bot.com/)"
85.208.96.208 - - [27/Feb/2026:09:01:30 -0500] "GET /events/category/exhibition/day/2021-05-13/ HTTP/1.1" 200 14467 "-" "Mozilla/5.0 (compatible; SemrushBot/7~bl; +http://www.semrush.com/bot.html)"
162.253.224.18 - - [27/Feb/2026:09:01:35 -0500] "POST /wp-cron.php?doing_wp_cron=1772200895.8280849456787109375000 HTTP/1.1" 200 - "-" "WordPress/6.9.1; https://clavo.space"
147.135.213.175 - - [27/Feb/2026:09:01:34 -0500] "GET /shop/?add-to-cart=1921&product_view=list&product_order=desc&product_count=12 HTTP/1.1" 404 13527 "-" "Mozilla/5.0 (compatible; MJ12bot/v1.4.8; http://mj12bot.com/)"
185.191.171.13 - - [27/Feb/2026:09:01:35 -0500] "GET /events/tag/clavo-space/list/?eventDisplay=past&tribe-bar-date=2021-06-22 HTTP/1.1" 200 20694 "-" "Mozilla/5.0 (compatible; SemrushBot/7~bl; +http://www.semrush.com/bot.html)"
170.106.147.63 - - [27/Feb/2026:09:01:38 -0500] "GET /wp/wp-content/uploads/2025/11/5-monuna-1-300x263.webp HTTP/1.1" 200 19809 "-" "Mozilla/5.0 (iPhone; CPU iPhone OS 13_2_3 like Mac OS X) AppleWebKit/605.1.15 (KHTML, like Gecko) Version/13.0.3 Mobile/15E148 Safari/604.1"
147.135.213.175 - - [27/Feb/2026:09:01:39 -0500] "GET /shop/?add-to-cart=1921&product_view=list&product_order=desc&product_count=12&product_orderby=date HTTP/1.1" 404 13526 "-" "Mozilla/5.0 (compatible; MJ12bot/v1.4.8; http://mj12bot.com/)"
147.135.213.175 - - [27/Feb/2026:09:01:44 -0500] "GET /shop/?add-to-cart=1921&product_view=list&product_order=desc&product_count=12&product_orderby=default HTTP/1.1" 404 13531 "-" "Mozilla/5.0 (compatible; MJ12bot/v1.4.8; http://mj12bot.com/)"
147.135.213.175 - - [27/Feb/2026:09:01:49 -0500] "GET /shop/?add-to-cart=1921&product_view=list&product_order=desc&product_count=12&product_orderby=name HTTP/1.1" 404 13525 "-" "Mozilla/5.0 (compatible; MJ12bot/v1.4.8; http://mj12bot.com/)"
147.135.213.175 - - [27/Feb/2026:09:01:54 -0500] "GET /shop/?add-to-cart=1921&product_view=list&product_order=desc&product_count=12&product_orderby=popularity HTTP/1.1" 404 13525 "-" "Mozilla/5.0 (compatible; MJ12bot/v1.4.8; http://mj12bot.com/)"
147.135.213.175 - - [27/Feb/2026:09:01:58 -0500] "GET /shop/?add-to-cart=1921&product_view=list&product_order=desc&product_count=12&product_orderby=price HTTP/1.1" 404 13527 "-" "Mozilla/5.0 (compatible; MJ12bot/v1.4.8; http://mj12bot.com/)"
85.208.96.199 - - [27/Feb/2026:09:02:00 -0500] "GET /events/2026-02-26/ HTTP/1.1" 200 14430 "-" "Mozilla/5.0 (compatible; SemrushBot/7~bl; +http://www.semrush.com/bot.html)"
147.135.213.175 - - [27/Feb/2026:09:02:03 -0500] "GET /shop/?add-to-cart=1921&product_view=list&product_order=desc&product_count=12&product_orderby=rating HTTP/1.1" 404 13533 "-" "Mozilla/5.0 (compatible; MJ12bot/v1.4.8; http://mj12bot.com/)"
85.208.96.210 - - [27/Feb/2026:09:02:07 -0500] "GET /events/tag/exhibition/day/2029-07-24/ HTTP/1.1" 200 14445 "-" "Mozilla/5.0 (compatible; SemrushBot/7~bl; +http://www.semrush.com/bot.html)"
147.135.213.175 - - [27/Feb/2026:09:02:08 -0500] "GET /shop/?add-to-cart=1921&product_view=list&product_order=desc&product_count=24 HTTP/1.1" 404 13509 "-" "Mozilla/5.0 (compatible; MJ12bot/v1.4.8; http://mj12bot.com/)"
147.135.213.175 - - [27/Feb/2026:09:02:13 -0500] "GET /shop/?add-to-cart=1921&product_view=list&product_order=desc&product_count=24&product_orderby=date HTTP/1.1" 404 13530 "-" "Mozilla/5.0 (compatible; MJ12bot/v1.4.8; http://mj12bot.com/)"
147.135.213.175 - - [27/Feb/2026:09:02:18 -0500] "GET /shop/?add-to-cart=1921&product_view=list&product_order=desc&product_count=24&product_orderby=default HTTP/1.1" 404 13532 "-" "Mozilla/5.0 (compatible; MJ12bot/v1.4.8; http://mj12bot.com/)"
47.128.61.213 - - [27/Feb/2026:09:02:22 -0500] "GET /robots.txt HTTP/1.1" 200 111 "-" "Mozilla/5.0 (Linux; Android 5.0) AppleWebKit/537.36 (KHTML, like Gecko) Mobile Safari/537.36 (compatible; Bytespider; spider-feedback@bytedance.com)"
147.135.213.175 - - [27/Feb/2026:09:02:23 -0500] "GET /shop/?add-to-cart=1921&product_view=list&product_order=desc&product_count=24&product_orderby=name HTTP/1.1" 404 13525 "-" "Mozilla/5.0 (compatible; MJ12bot/v1.4.8; http://mj12bot.com/)"
114.119.153.245 - - [27/Feb/2026:09:02:27 -0500] "GET /shop/page/2/?product_orderby=date&product_view=grid&product_count=12 HTTP/1.1" 404 13542 "https://clavo.space/shop/page/2/?product_orderby=date&product_view=list&product_count=12" "Mozilla/5.0 (Linux; Android 7.0;) AppleWebKit/537.36 (KHTML, like Gecko) Mobile Safari/537.36 (compatible; PetalBot;+https://webmaster.petalsearch.com/site/petalbot)"
147.135.213.175 - - [27/Feb/2026:09:02:28 -0500] "GET /shop/?add-to-cart=1921&product_view=list&product_order=desc&product_count=24&product_orderby=popularity HTTP/1.1" 404 13526 "-" "Mozilla/5.0 (compatible; MJ12bot/v1.4.8; http://mj12bot.com/)"
162.253.224.18 - - [27/Feb/2026:09:02:34 -0500] "POST /wp-cron.php?doing_wp_cron=1772200954.3038508892059326171875 HTTP/1.1" 200 - "-" "WordPress/6.9.1; https://clavo.space"
147.135.213.175 - - [27/Feb/2026:09:02:33 -0500] "GET /shop/?add-to-cart=1921&product_view=list&product_order=desc&product_count=24&product_orderby=price HTTP/1.1" 404 13528 "-" "Mozilla/5.0 (compatible; MJ12bot/v1.4.8; http://mj12bot.com/)"
147.135.213.175 - - [27/Feb/2026:09:02:37 -0500] "GET /shop/?add-to-cart=1921&product_view=list&product_order=desc&product_count=24&product_orderby=rating HTTP/1.1" 404 13531 "-" "Mozilla/5.0 (compatible; MJ12bot/v1.4.8; http://mj12bot.com/)"
147.135.213.175 - - [27/Feb/2026:09:02:42 -0500] "GET /shop/?add-to-cart=1921&product_view=list&product_order=desc&product_count=36 HTTP/1.1" 404 13530 "-" "Mozilla/5.0 (compatible; MJ12bot/v1.4.8; http://mj12bot.com/)"
74.91.223.129 - - [27/Feb/2026:09:02:43 -0500] "POST /xmlrpc.php HTTP/1.1" 200 225 "-" "Mozilla/5.0 (Windows NT 10.0; Win64; x64) AppleWebKit/537.36 (KHTML, like Gecko) Chrome/66.0.3359.117 Safari/537.36"
147.135.213.175 - - [27/Feb/2026:09:02:47 -0500] "GET /shop/?add-to-cart=1921&product_view=list&product_order=desc&product_count=36&product_orderby=date HTTP/1.1" 404 13519 "-" "Mozilla/5.0 (compatible; MJ12bot/v1.4.8; http://mj12bot.com/)"
147.135.213.175 - - [27/Feb/2026:09:02:51 -0500] "GET /shop/?add-to-cart=1921&product_view=list&product_order=desc&product_count=36&product_orderby=default HTTP/1.1" 404 13527 "-" "Mozilla/5.0 (compatible; MJ12bot/v1.4.8; http://mj12bot.com/)"
185.191.171.10 - - [27/Feb/2026:09:02:54 -0500] "GET /events/tag/art/list/?tribe-bar-date=2024-02-24 HTTP/1.1" 200 19700 "-" "Mozilla/5.0 (compatible; SemrushBot/7~bl; +http://www.semrush.com/bot.html)"
147.135.213.175 - - [27/Feb/2026:09:02:56 -0500] "GET /shop/?add-to-cart=1921&product_view=list&product_order=desc&product_count=36&product_orderby=name HTTP/1.1" 404 13524 "-" "Mozilla/5.0 (compatible; MJ12bot/v1.4.8; http://mj12bot.com/)"
147.135.213.175 - - [27/Feb/2026:09:03:01 -0500] "GET /shop/?add-to-cart=1921&product_view=list&product_order=desc&product_count=36&product_orderby=popularity HTTP/1.1" 404 13527 "-" "Mozilla/5.0 (compatible; MJ12bot/v1.4.8; http://mj12bot.com/)"
147.135.213.175 - - [27/Feb/2026:09:03:05 -0500] "GET /shop/?add-to-cart=1921&product_view=list&product_order=desc&product_count=36&product_orderby=price HTTP/1.1" 404 13528 "-" "Mozilla/5.0 (compatible; MJ12bot/v1.4.8; http://mj12bot.com/)"
147.135.213.175 - - [27/Feb/2026:09:03:10 -0500] "GET /shop/?add-to-cart=1921&product_view=list&product_order=desc&product_count=36&product_orderby=rating HTTP/1.1" 404 13525 "-" "Mozilla/5.0 (compatible; MJ12bot/v1.4.8; http://mj12bot.com/)"
147.135.213.175 - - [27/Feb/2026:09:03:15 -0500] "GET /shop/?add-to-cart=1921&product_view=list&product_orderby=date&product_count=12 HTTP/1.1" 404 13530 "-" "Mozilla/5.0 (compatible; MJ12bot/v1.4.8; http://mj12bot.com/)"
66.249.79.68 - - [27/Feb/2026:09:03:18 -0500] "GET /page/3/?h=ee31ogrq40rpkd8 HTTP/1.1" 200 30622 "-" "Mozilla/5.0 (Linux; Android 6.0.1; Nexus 5X Build/MMB29P) AppleWebKit/537.36 (KHTML, like Gecko) Chrome/144.0.7559.132 Mobile Safari/537.36 (compatible; GoogleOther)"
147.135.213.175 - - [27/Feb/2026:09:03:20 -0500] "GET /shop/?add-to-cart=1921&product_view=list&product_orderby=date&product_count=12&product_order=asc HTTP/1.1" 404 13529 "-" "Mozilla/5.0 (compatible; MJ12bot/v1.4.8; http://mj12bot.com/)"
147.135.213.175 - - [27/Feb/2026:09:03:25 -0500] "GET /shop/?add-to-cart=1921&product_view=list&product_orderby=date&product_count=24 HTTP/1.1" 404 13526 "-" "Mozilla/5.0 (compatible; MJ12bot/v1.4.8; http://mj12bot.com/)"
85.208.96.205 - - [27/Feb/2026:09:03:27 -0500] "GET /events/tag/exhibition/list/?tribe-bar-date=2023-03-07 HTTP/1.1" 200 19702 "-" "Mozilla/5.0 (compatible; SemrushBot/7~bl; +http://www.semrush.com/bot.html)"
147.135.213.175 - - [27/Feb/2026:09:03:30 -0500] "GET /shop/?add-to-cart=1921&product_view=list&product_orderby=date&product_count=24&product_order=asc HTTP/1.1" 404 13528 "-" "Mozilla/5.0 (compatible; MJ12bot/v1.4.8; http://mj12bot.com/)"
162.253.224.18 - - [27/Feb/2026:09:03:35 -0500] "POST /wp-cron.php?doing_wp_cron=1772201015.7902019023895263671875 HTTP/1.1" 200 - "-" "WordPress/6.9.1; https://clavo.space"
147.135.213.175 - - [27/Feb/2026:09:03:34 -0500] "GET /shop/?add-to-cart=1921&product_view=list&product_orderby=date&product_count=36 HTTP/1.1" 404 13523 "-" "Mozilla/5.0 (compatible; MJ12bot/v1.4.8; http://mj12bot.com/)"
147.135.213.175 - - [27/Feb/2026:09:03:39 -0500] "GET /shop/?add-to-cart=1921&product_view=list&product_orderby=date&product_count=36&product_order=asc HTTP/1.1" 404 13530 "-" "Mozilla/5.0 (compatible; MJ12bot/v1.4.8; http://mj12bot.com/)"
147.135.213.175 - - [27/Feb/2026:09:03:44 -0500] "GET /shop/?add-to-cart=1921&product_view=list&product_orderby=default&product_count=12 HTTP/1.1" 404 13531 "-" "Mozilla/5.0 (compatible; MJ12bot/v1.4.8; http://mj12bot.com/)"
85.208.96.205 - - [27/Feb/2026:09:03:46 -0500] "GET /events/category/exhibition/list/?eventDisplay=past&tribe-bar-date=2027-03-01 HTTP/1.1" 200 20718 "-" "Mozilla/5.0 (compatible; SemrushBot/7~bl; +http://www.semrush.com/bot.html)"
147.135.213.175 - - [27/Feb/2026:09:03:49 -0500] "GET /shop/?add-to-cart=1921&product_view=list&product_orderby=default&product_count=24 HTTP/1.1" 404 13535 "-" "Mozilla/5.0 (compatible; MJ12bot/v1.4.8; http://mj12bot.com/)"
185.191.171.10 - - [27/Feb/2026:09:03:53 -0500] "GET /events/tag/clavo-space/list/?eventDisplay=past&tribe-bar-date=2021-06-08 HTTP/1.1" 200 20697 "-" "Mozilla/5.0 (compatible; SemrushBot/7~bl; +http://www.semrush.com/bot.html)"
147.135.213.175 - - [27/Feb/2026:09:03:53 -0500] "GET /shop/?add-to-cart=1921&product_view=list&product_orderby=default&product_count=36 HTTP/1.1" 404 13522 "-" "Mozilla/5.0 (compatible; MJ12bot/v1.4.8; http://mj12bot.com/)"
114.119.136.13 - - [27/Feb/2026:09:03:56 -0500] "GET /shop/page/2/?product_count=24&product_order=desc&product_view=list&product_orderby=date HTTP/1.1" 404 13539 "https://clavo.space/shop/page/2/?product_count=24&product_order=desc&product_view=list&product_orderby=default" "Mozilla/5.0 (Linux; Android 7.0;) AppleWebKit/537.36 (KHTML, like Gecko) Mobile Safari/537.36 (compatible; PetalBot;+https://webmaster.petalsearch.com/site/petalbot)"
147.135.213.175 - - [27/Feb/2026:09:03:58 -0500] "GET /shop/?add-to-cart=1921&product_view=list&product_orderby=name&product_count=12 HTTP/1.1" 404 13529 "-" "Mozilla/5.0 (compatible; MJ12bot/v1.4.8; http://mj12bot.com/)"
147.135.213.175 - - [27/Feb/2026:09:04:03 -0500] "GET /shop/?add-to-cart=1921&product_view=list&product_orderby=name&product_count=24 HTTP/1.1" 404 13523 "-" "Mozilla/5.0 (compatible; MJ12bot/v1.4.8; http://mj12bot.com/)"
147.135.213.175 - - [27/Feb/2026:09:04:08 -0500] "GET /shop/?add-to-cart=1921&product_view=list&product_orderby=name&product_count=24&product_order=desc HTTP/1.1" 404 13529 "-" "Mozilla/5.0 (compatible; MJ12bot/v1.4.8; http://mj12bot.com/)"
147.135.213.175 - - [27/Feb/2026:09:04:12 -0500] "GET /shop/?add-to-cart=1921&product_view=list&product_orderby=name&product_count=36 HTTP/1.1" 404 13530 "-" "Mozilla/5.0 (compatible; MJ12bot/v1.4.8; http://mj12bot.com/)"
147.135.213.175 - - [27/Feb/2026:09:04:17 -0500] "GET /shop/?add-to-cart=1921&product_view=list&product_orderby=name&product_count=36&product_order=asc HTTP/1.1" 404 13518 "-" "Mozilla/5.0 (compatible; MJ12bot/v1.4.8; http://mj12bot.com/)"
147.135.213.175 - - [27/Feb/2026:09:04:22 -0500] "GET /shop/?add-to-cart=1921&product_view=list&product_orderby=popularity&product_count=12 HTTP/1.1" 404 13531 "-" "Mozilla/5.0 (compatible; MJ12bot/v1.4.8; http://mj12bot.com/)"
147.135.213.175 - - [27/Feb/2026:09:04:27 -0500] "GET /shop/?add-to-cart=1921&product_view=list&product_orderby=popularity&product_count=24 HTTP/1.1" 404 13532 "-" "Mozilla/5.0 (compatible; MJ12bot/v1.4.8; http://mj12bot.com/)"
147.135.213.175 - - [27/Feb/2026:09:04:31 -0500] "GET /shop/?add-to-cart=1921&product_view=list&product_orderby=popularity&product_count=24&product_order=asc HTTP/1.1" 404 13520 "-" "Mozilla/5.0 (compatible; MJ12bot/v1.4.8; http://mj12bot.com/)"
162.253.224.18 - - [27/Feb/2026:09:04:35 -0500] "POST /wp-cron.php?doing_wp_cron=1772201075.6652410030364990234375 HTTP/1.1" 200 - "-" "WordPress/6.9.1; https://clavo.space"
85.208.96.206 - - [27/Feb/2026:09:04:34 -0500] "GET /events/tag/exhibition/list/?tribe-bar-date=2023-05-21 HTTP/1.1" 200 19710 "-" "Mozilla/5.0 (compatible; SemrushBot/7~bl; +http://www.semrush.com/bot.html)"
82.223.50.157 - - [27/Feb/2026:09:04:35 -0500] "GET /wp-login.php HTTP/1.1" 200 2093 "-" "Mozilla/5.0 (Macintosh; Intel Mac OS X 10_11_6) AppleWebKit/603.3.8 (KHTML, like Gecko) Version/10.1.2 Safari/603.3.8"
147.135.213.175 - - [27/Feb/2026:09:04:36 -0500] "GET /shop/?add-to-cart=1921&product_view=list&product_orderby=popularity&product_count=24&product_order=desc HTTP/1.1" 404 13529 "-" "Mozilla/5.0 (compatible; MJ12bot/v1.4.8; http://mj12bot.com/)"
82.223.50.157 - - [27/Feb/2026:09:04:38 -0500] "POST /wp-login.php HTTP/1.1" 200 2224 "https://212productions.net/wp-login.php" "Mozilla/5.0 (Macintosh; Intel Mac OS X 10_11_6) AppleWebKit/603.3.8 (KHTML, like Gecko) Version/10.1.2 Safari/603.3.8"
147.135.213.175 - - [27/Feb/2026:09:04:42 -0500] "GET /shop/?add-to-cart=1921&product_view=list&product_orderby=popularity&product_count=36 HTTP/1.1" 404 13526 "-" "Mozilla/5.0 (compatible; MJ12bot/v1.4.8; http://mj12bot.com/)"
147.135.213.175 - - [27/Feb/2026:09:04:47 -0500] "GET /shop/?add-to-cart=1921&product_view=list&product_orderby=popularity&product_count=36&product_order=asc HTTP/1.1" 404 13530 "-" "Mozilla/5.0 (compatible; MJ12bot/v1.4.8; http://mj12bot.com/)"
85.208.96.210 - - [27/Feb/2026:09:04:50 -0500] "GET /events/tag/opening/list/?eventDisplay=past&tribe-bar-date=2021-02-24 HTTP/1.1" 200 20692 "-" "Mozilla/5.0 (compatible; SemrushBot/7~bl; +http://www.semrush.com/bot.html)"
147.135.213.175 - - [27/Feb/2026:09:04:52 -0500] "GET /shop/?add-to-cart=1921&product_view=list&product_orderby=price&product_count=12 HTTP/1.1" 404 13522 "-" "Mozilla/5.0 (compatible; MJ12bot/v1.4.8; http://mj12bot.com/)"
147.135.213.175 - - [27/Feb/2026:09:04:57 -0500] "GET /shop/?add-to-cart=1921&product_view=list&product_orderby=price&product_count=12&product_order=asc HTTP/1.1" 404 13525 "-" "Mozilla/5.0 (compatible; MJ12bot/v1.4.8; http://mj12bot.com/)"
147.135.213.175 - - [27/Feb/2026:09:05:01 -0500] "GET /shop/?add-to-cart=1921&product_view=list&product_orderby=price&product_count=12&product_order=desc HTTP/1.1" 404 13530 "-" "Mozilla/5.0 (compatible; MJ12bot/v1.4.8; http://mj12bot.com/)"
147.135.213.175 - - [27/Feb/2026:09:05:07 -0500] "GET /shop/?add-to-cart=1921&product_view=list&product_orderby=price&product_count=24 HTTP/1.1" 404 13529 "-" "Mozilla/5.0 (compatible; MJ12bot/v1.4.8; http://mj12bot.com/)"
147.135.213.175 - - [27/Feb/2026:09:05:11 -0500] "GET /shop/?add-to-cart=1921&product_view=list&product_orderby=price&product_count=24&product_order=asc HTTP/1.1" 404 13529 "-" "Mozilla/5.0 (compatible; MJ12bot/v1.4.8; http://mj12bot.com/)"
114.119.148.154 - - [27/Feb/2026:09:05:15 -0500] "GET /shop/page/1?product_view=grid&product_orderby=default&product_count=24&product_order=asc HTTP/1.1" 404 13530 "https://clavo.space/shop/page/4?product_view=grid&product_orderby=default&product_count=24&product_order=asc" "Mozilla/5.0 (Linux; Android 7.0;) AppleWebKit/537.36 (KHTML, like Gecko) Mobile Safari/537.36 (compatible; PetalBot;+https://webmaster.petalsearch.com/site/petalbot)"
147.135.213.175 - - [27/Feb/2026:09:05:16 -0500] "GET /shop/?add-to-cart=1921&product_view=list&product_orderby=price&product_count=24&product_order=desc HTTP/1.1" 404 13528 "-" "Mozilla/5.0 (compatible; MJ12bot/v1.4.8; http://mj12bot.com/)"
147.135.213.175 - - [27/Feb/2026:09:05:21 -0500] "GET /shop/?add-to-cart=1921&product_view=list&product_orderby=price&product_count=36 HTTP/1.1" 404 13532 "-" "Mozilla/5.0 (compatible; MJ12bot/v1.4.8; http://mj12bot.com/)"
147.135.213.175 - - [27/Feb/2026:09:05:26 -0500] "GET /shop/?add-to-cart=1921&product_view=list&product_orderby=price&product_count=36&product_order=asc HTTP/1.1" 404 13534 "-" "Mozilla/5.0 (compatible; MJ12bot/v1.4.8; http://mj12bot.com/)"
147.135.213.175 - - [27/Feb/2026:09:05:30 -0500] "GET /shop/?add-to-cart=1921&product_view=list&product_orderby=price&product_count=36&product_order=desc HTTP/1.1" 404 13528 "-" "Mozilla/5.0 (compatible; MJ12bot/v1.4.8; http://mj12bot.com/)"
162.253.224.18 - - [27/Feb/2026:09:05:33 -0500] "POST /wp-cron.php?doing_wp_cron=1772201133.8462080955505371093750 HTTP/1.1" 200 - "-" "WordPress/6.9.1; https://clavo.space"
5.39.109.163 - - [27/Feb/2026:09:05:32 -0500] "GET /product-category/paintings/page/2/?product_count=24&product_view=list&product_orderby=price&paged=1 HTTP/1.1" 404 13550 "-" "Mozilla/5.0 (compatible; AhrefsBot/7.0; +http://ahrefs.com/robot/)"
147.135.213.175 - - [27/Feb/2026:09:05:35 -0500] "GET /shop/?add-to-cart=1921&product_view=list&product_orderby=rating&product_count=12 HTTP/1.1" 404 13526 "-" "Mozilla/5.0 (compatible; MJ12bot/v1.4.8; http://mj12bot.com/)"
147.135.213.175 - - [27/Feb/2026:09:05:40 -0500] "GET /shop/?add-to-cart=1921&product_view=list&product_orderby=rating&product_count=12&product_order=asc HTTP/1.1" 404 13532 "-" "Mozilla/5.0 (compatible; MJ12bot/v1.4.8; http://mj12bot.com/)"
147.135.213.175 - - [27/Feb/2026:09:05:44 -0500] "GET /shop/?add-to-cart=1921&product_view=list&product_orderby=rating&product_count=12&product_order=desc HTTP/1.1" 404 13522 "-" "Mozilla/5.0 (compatible; MJ12bot/v1.4.8; http://mj12bot.com/)"
147.135.213.175 - - [27/Feb/2026:09:05:49 -0500] "GET /shop/?add-to-cart=1921&product_view=list&product_orderby=rating&product_count=24 HTTP/1.1" 404 13525 "-" "Mozilla/5.0 (compatible; MJ12bot/v1.4.8; http://mj12bot.com/)"
147.135.213.175 - - [27/Feb/2026:09:05:54 -0500] "GET /shop/?add-to-cart=1921&product_view=list&product_orderby=rating&product_count=24&product_order=desc HTTP/1.1" 404 13531 "-" "Mozilla/5.0 (compatible; MJ12bot/v1.4.8; http://mj12bot.com/)"
147.135.213.175 - - [27/Feb/2026:09:05:58 -0500] "GET /shop/?add-to-cart=1921&product_view=list&product_orderby=rating&product_count=36 HTTP/1.1" 404 13530 "-" "Mozilla/5.0 (compatible; MJ12bot/v1.4.8; http://mj12bot.com/)"
34.229.36.79 - - [27/Feb/2026:09:06:03 -0500] "GET / HTTP/1.1" 301 - "-" "Mozilla/5.0 (Windows NT 10.0; Win64; x64) AppleWebKit/537.36 (KHTML, like Gecko) Chrome/138.0.0.0 Safari/537.36 Edg/138.0.0.0 ;Build/0220;"
147.135.213.175 - - [27/Feb/2026:09:06:03 -0500] "GET /shop/?add-to-cart=1921&product_view=list&product_orderby=rating&product_count=36&product_order=asc HTTP/1.1" 404 13521 "-" "Mozilla/5.0 (compatible; MJ12bot/v1.4.8; http://mj12bot.com/)"
34.229.36.79 - - [27/Feb/2026:09:06:05 -0500] "GET / HTTP/1.1" 200 30728 "-" "Mozilla/5.0 (Windows NT 10.0; Win64; x64) AppleWebKit/537.36 (KHTML, like Gecko) Chrome/138.0.0.0 Safari/537.36 Edg/138.0.0.0 ;Build/0220;"
147.135.213.175 - - [27/Feb/2026:09:06:09 -0500] "GET /shop/?add-to-cart=1922&product_count=24&product_order=asc HTTP/1.1" 404 13522 "-" "Mozilla/5.0 (compatible; MJ12bot/v1.4.8; http://mj12bot.com/)"
147.135.213.175 - - [27/Feb/2026:09:06:13 -0500] "GET /shop/?add-to-cart=1922&product_count=24&product_order=desc HTTP/1.1" 404 13527 "-" "Mozilla/5.0 (compatible; MJ12bot/v1.4.8; http://mj12bot.com/)"
147.135.213.175 - - [27/Feb/2026:09:06:18 -0500] "GET /shop/?add-to-cart=1922&product_count=24&product_order=desc&product_orderby=date HTTP/1.1" 404 13523 "-" "Mozilla/5.0 (compatible; MJ12bot/v1.4.8; http://mj12bot.com/)"
85.208.96.206 - - [27/Feb/2026:09:06:19 -0500] "GET /events/tag/art/list/?eventDisplay=past&tribe-bar-date=2024-07-03 HTTP/1.1" 200 20689 "-" "Mozilla/5.0 (compatible; SemrushBot/7~bl; +http://www.semrush.com/bot.html)"
147.135.213.175 - - [27/Feb/2026:09:06:23 -0500] "GET /shop/?add-to-cart=1922&product_count=24&product_order=desc&product_orderby=default HTTP/1.1" 404 13526 "-" "Mozilla/5.0 (compatible; MJ12bot/v1.4.8; http://mj12bot.com/)"
147.135.213.175 - - [27/Feb/2026:09:06:28 -0500] "GET /shop/?add-to-cart=1922&product_count=24&product_order=desc&product_orderby=name HTTP/1.1" 404 13521 "-" "Mozilla/5.0 (compatible; MJ12bot/v1.4.8; http://mj12bot.com/)"
185.191.171.12 - - [27/Feb/2026:09:06:30 -0500] "GET /events/tag/exhibition/list/?eventDisplay=past&tribe-bar-date=2020-05-03 HTTP/1.1" 200 20668 "-" "Mozilla/5.0 (compatible; SemrushBot/7~bl; +http://www.semrush.com/bot.html)"
162.253.224.18 - - [27/Feb/2026:09:06:34 -0500] "POST /wp-cron.php?doing_wp_cron=1772201194.2087829113006591796875 HTTP/1.1" 200 - "-" "WordPress/6.9.1; https://clavo.space"
147.135.213.175 - - [27/Feb/2026:09:06:33 -0500] "GET /shop/?add-to-cart=1922&product_count=24&product_order=desc&product_view=grid HTTP/1.1" 404 13524 "-" "Mozilla/5.0 (compatible; MJ12bot/v1.4.8; http://mj12bot.com/)"
147.135.213.175 - - [27/Feb/2026:09:06:37 -0500] "GET /shop/?add-to-cart=1922&product_count=24&product_order=desc&product_view=list HTTP/1.1" 404 13529 "-" "Mozilla/5.0 (compatible; MJ12bot/v1.4.8; http://mj12bot.com/)"
57.141.6.61 - - [27/Feb/2026:09:06:42 -0500] "GET /wp/wp-content/uploads/2025/11/FABIANE-scaled.webp HTTP/1.1" 200 206423 "-" "meta-externalagent/1.1 (+https://developers.facebook.com/docs/sharing/webmasters/crawler)"
114.119.153.245 - - [27/Feb/2026:09:06:42 -0500] "GET /shop/page/1?product_orderby=rating&product_order=asc&product_view=grid&product_count=12 HTTP/1.1" 404 13539 "https://clavo.space/shop/page/4?product_orderby=rating&product_order=asc&product_view=grid&product_count=12" "Mozilla/5.0 (Linux; Android 7.0;) AppleWebKit/537.36 (KHTML, like Gecko) Mobile Safari/537.36 (compatible; PetalBot;+https://webmaster.petalsearch.com/site/petalbot)"
147.135.213.175 - - [27/Feb/2026:09:06:42 -0500] "GET /shop/?add-to-cart=1922&product_count=24&product_orderby=rating HTTP/1.1" 404 13529 "-" "Mozilla/5.0 (compatible; MJ12bot/v1.4.8; http://mj12bot.com/)"
185.191.171.3 - - [27/Feb/2026:09:06:43 -0500] "GET /events/tag/exhibition/list/?eventDisplay=past&tribe-bar-date=2027-10-16 HTTP/1.1" 200 20688 "-" "Mozilla/5.0 (compatible; SemrushBot/7~bl; +http://www.semrush.com/bot.html)"
147.135.213.175 - - [27/Feb/2026:09:06:48 -0500] "GET /shop/?add-to-cart=1922&product_count=24&product_view=grid HTTP/1.1" 404 13531 "-" "Mozilla/5.0 (compatible; MJ12bot/v1.4.8; http://mj12bot.com/)"
147.135.213.175 - - [27/Feb/2026:09:06:53 -0500] "GET /shop/?add-to-cart=1922&product_count=24&product_view=grid&product_order=desc HTTP/1.1" 404 13528 "-" "Mozilla/5.0 (compatible; MJ12bot/v1.4.8; http://mj12bot.com/)"
192.176.172.166 - - [27/Feb/2026:09:06:55 -0500] "POST /xmlrpc.php HTTP/1.1" 200 225 "-" "Mozilla/5.0 (X11; Linux x86_64) AppleWebKit/537.36 (KHTML, like Gecko) Chrome/66.0.3359.158 Safari/537.36"
147.135.213.175 - - [27/Feb/2026:09:06:58 -0500] "GET /shop/?add-to-cart=1922&product_count=24&product_view=grid&product_orderby=date HTTP/1.1" 404 13528 "-" "Mozilla/5.0 (compatible; MJ12bot/v1.4.8; http://mj12bot.com/)"
147.135.213.175 - - [27/Feb/2026:09:07:02 -0500] "GET /shop/?add-to-cart=1922&product_count=24&product_view=grid&product_orderby=default HTTP/1.1" 404 13530 "-" "Mozilla/5.0 (compatible; MJ12bot/v1.4.8; http://mj12bot.com/)"
147.135.213.175 - - [27/Feb/2026:09:07:09 -0500] "GET /shop/?add-to-cart=1922&product_count=24&product_view=grid&product_orderby=name HTTP/1.1" 404 13531 "-" "Mozilla/5.0 (compatible; MJ12bot/v1.4.8; http://mj12bot.com/)"
147.135.213.175 - - [27/Feb/2026:09:07:14 -0500] "GET /shop/?add-to-cart=1922&product_count=24&product_view=grid&product_orderby=popularity HTTP/1.1" 404 13527 "-" "Mozilla/5.0 (compatible; MJ12bot/v1.4.8; http://mj12bot.com/)"
85.208.96.199 - - [27/Feb/2026:09:07:15 -0500] "GET /events/tag/opening/list/?tribe-bar-date=2024-09-17 HTTP/1.1" 200 19719 "-" "Mozilla/5.0 (compatible; SemrushBot/7~bl; +http://www.semrush.com/bot.html)"
147.135.213.175 - - [27/Feb/2026:09:07:18 -0500] "GET /shop/?add-to-cart=1922&product_count=24&product_view=grid&product_orderby=rating HTTP/1.1" 404 13528 "-" "Mozilla/5.0 (compatible; MJ12bot/v1.4.8; http://mj12bot.com/)"
147.135.213.175 - - [27/Feb/2026:09:07:23 -0500] "GET /shop/?add-to-cart=1922&product_count=24&product_view=list HTTP/1.1" 404 13535 "-" "Mozilla/5.0 (compatible; MJ12bot/v1.4.8; http://mj12bot.com/)"
147.135.213.175 - - [27/Feb/2026:09:07:28 -0500] "GET /shop/?add-to-cart=1922&product_count=24&product_view=list&product_order=desc HTTP/1.1" 404 13528 "-" "Mozilla/5.0 (compatible; MJ12bot/v1.4.8; http://mj12bot.com/)"
57.141.6.19 - - [27/Feb/2026:09:07:33 -0500] "GET /wp-content/uploads/2025/10/5-1024x683.jpg HTTP/1.1" 200 86141 "-" "meta-externalagent/1.1 (+https://developers.facebook.com/docs/sharing/webmasters/crawler)"
162.253.224.18 - - [27/Feb/2026:09:07:34 -0500] "POST /wp-cron.php?doing_wp_cron=1772201254.2336959838867187500000 HTTP/1.1" 200 - "-" "WordPress/6.9.1; https://clavo.space"
147.135.213.175 - - [27/Feb/2026:09:07:33 -0500] "GET /shop/?add-to-cart=1922&product_count=24&product_view=list&product_orderby=date HTTP/1.1" 404 13526 "-" "Mozilla/5.0 (compatible; MJ12bot/v1.4.8; http://mj12bot.com/)"
147.135.213.175 - - [27/Feb/2026:09:07:37 -0500] "GET /shop/?add-to-cart=1922&product_count=24&product_view=list&product_orderby=default HTTP/1.1" 404 13516 "-" "Mozilla/5.0 (compatible; MJ12bot/v1.4.8; http://mj12bot.com/)"
147.135.213.175 - - [27/Feb/2026:09:07:42 -0500] "GET /shop/?add-to-cart=1922&product_count=24&product_view=list&product_orderby=name HTTP/1.1" 404 13522 "-" "Mozilla/5.0 (compatible; MJ12bot/v1.4.8; http://mj12bot.com/)"
147.135.213.175 - - [27/Feb/2026:09:07:47 -0500] "GET /shop/?add-to-cart=1922&product_count=24&product_view=list&product_orderby=popularity HTTP/1.1" 404 13530 "-" "Mozilla/5.0 (compatible; MJ12bot/v1.4.8; http://mj12bot.com/)"
85.208.96.209 - - [27/Feb/2026:09:07:48 -0500] "GET /events/tag/clavo-space/list/?eventDisplay=past&tribe-bar-date=2022-11-20 HTTP/1.1" 200 20694 "-" "Mozilla/5.0 (compatible; SemrushBot/7~bl; +http://www.semrush.com/bot.html)"
147.135.213.175 - - [27/Feb/2026:09:07:52 -0500] "GET /shop/?add-to-cart=1922&product_count=24&product_view=list&product_orderby=price HTTP/1.1" 404 13521 "-" "Mozilla/5.0 (compatible; MJ12bot/v1.4.8; http://mj12bot.com/)"
147.135.213.175 - - [27/Feb/2026:09:07:56 -0500] "GET /shop/?add-to-cart=1922&product_count=24&product_view=list&product_orderby=rating HTTP/1.1" 404 13526 "-" "Mozilla/5.0 (compatible; MJ12bot/v1.4.8; http://mj12bot.com/)"
147.135.213.175 - - [27/Feb/2026:09:08:01 -0500] "GET /shop/?add-to-cart=1922&product_count=36&product_order=asc HTTP/1.1" 404 13528 "-" "Mozilla/5.0 (compatible; MJ12bot/v1.4.8; http://mj12bot.com/)"
114.119.132.131 - - [27/Feb/2026:09:08:05 -0500] "GET /shop/page/1?product_orderby=name&product_view=grid&product_count=12&product_order=asc HTTP/1.1" 404 13537 "https://clavo.space/shop/page/5?product_orderby=name&product_view=grid&product_count=12&product_order=asc" "Mozilla/5.0 (Linux; Android 7.0;) AppleWebKit/537.36 (KHTML, like Gecko) Mobile Safari/537.36 (compatible; PetalBot;+https://webmaster.petalsearch.com/site/petalbot)"
147.135.213.175 - - [27/Feb/2026:09:08:06 -0500] "GET /shop/?add-to-cart=1922&product_count=36&product_order=desc HTTP/1.1" 404 13532 "-" "Mozilla/5.0 (compatible; MJ12bot/v1.4.8; http://mj12bot.com/)"
147.135.213.175 - - [27/Feb/2026:09:08:11 -0500] "GET /shop/?add-to-cart=1922&product_count=36&product_order=desc&product_orderby=date HTTP/1.1" 404 13526 "-" "Mozilla/5.0 (compatible; MJ12bot/v1.4.8; http://mj12bot.com/)"
111.119.213.212 - - [27/Feb/2026:09:08:15 -0500] "GET /product-category/merchandise/printed/catalogue?add-to-cart=1916&product_view=list HTTP/1.1" 404 13550 "https://clavo.space/product-category/merchandise/printed/catalogue?add-to-cart=1916&product_view=list" "Mozilla/5.0 (Macintosh; Intel Mac OS X 10_15_7) AppleWebKit/537.36 (KHTML, like Gecko) Chrome/119.0.0.0 Safari/537.36"
147.135.213.175 - - [27/Feb/2026:09:08:16 -0500] "GET /shop/?add-to-cart=1922&product_count=36&product_order=desc&product_orderby=default HTTP/1.1" 404 13528 "-" "Mozilla/5.0 (compatible; MJ12bot/v1.4.8; http://mj12bot.com/)"
185.191.171.3 - - [27/Feb/2026:09:08:18 -0500] "GET /events/tag/art/list/?eventDisplay=past&tribe-bar-date=2028-12-18 HTTP/1.1" 200 20691 "-" "Mozilla/5.0 (compatible; SemrushBot/7~bl; +http://www.semrush.com/bot.html)"
147.135.213.175 - - [27/Feb/2026:09:08:21 -0500] "GET /shop/?add-to-cart=1922&product_count=36&product_order=desc&product_orderby=name HTTP/1.1" 404 13527 "-" "Mozilla/5.0 (compatible; MJ12bot/v1.4.8; http://mj12bot.com/)"
147.135.213.175 - - [27/Feb/2026:09:08:25 -0500] "GET /shop/?add-to-cart=1922&product_count=36&product_order=desc&product_orderby=popularity HTTP/1.1" 404 13526 "-" "Mozilla/5.0 (compatible; MJ12bot/v1.4.8; http://mj12bot.com/)"
147.135.213.175 - - [27/Feb/2026:09:08:30 -0500] "GET /shop/?add-to-cart=1922&product_count=36&product_order=desc&product_orderby=price HTTP/1.1" 404 13529 "-" "Mozilla/5.0 (compatible; MJ12bot/v1.4.8; http://mj12bot.com/)"
162.253.224.18 - - [27/Feb/2026:09:08:36 -0500] "POST /wp-cron.php?doing_wp_cron=1772201316.6716089248657226562500 HTTP/1.1" 200 - "-" "WordPress/6.9.1; https://clavo.space"
147.135.213.175 - - [27/Feb/2026:09:08:35 -0500] "GET /shop/?add-to-cart=1922&product_count=36&product_order=desc&product_orderby=rating HTTP/1.1" 404 13525 "-" "Mozilla/5.0 (compatible; MJ12bot/v1.4.8; http://mj12bot.com/)"
147.135.213.175 - - [27/Feb/2026:09:08:40 -0500] "GET /shop/?add-to-cart=1922&product_count=36&product_order=desc&product_view=grid HTTP/1.1" 404 13528 "-" "Mozilla/5.0 (compatible; MJ12bot/v1.4.8; http://mj12bot.com/)"
147.135.213.175 - - [27/Feb/2026:09:08:44 -0500] "GET /shop/?add-to-cart=1922&product_count=36&product_order=desc&product_view=list HTTP/1.1" 404 13533 "-" "Mozilla/5.0 (compatible; MJ12bot/v1.4.8; http://mj12bot.com/)"
147.135.213.175 - - [27/Feb/2026:09:08:49 -0500] "GET /shop/?add-to-cart=1922&product_count=36&product_orderby=date HTTP/1.1" 404 13530 "-" "Mozilla/5.0 (compatible; MJ12bot/v1.4.8; http://mj12bot.com/)"
103.154.176.224 - - [27/Feb/2026:09:08:53 -0500] "GET /wp-login.php HTTP/1.1" 200 2093 "-" "Mozilla/5.0 (Macintosh; Intel Mac OS X 10_10_5) AppleWebKit/600.8.9 (KHTML, like Gecko) Version/10.1.2 Safari/603.3.8"
147.135.213.175 - - [27/Feb/2026:09:08:54 -0500] "GET /shop/?add-to-cart=1922&product_count=36&product_orderby=default HTTP/1.1" 404 13525 "-" "Mozilla/5.0 (compatible; MJ12bot/v1.4.8; http://mj12bot.com/)"
147.135.213.175 - - [27/Feb/2026:09:08:59 -0500] "GET /shop/?add-to-cart=1922&product_count=36&product_orderby=name HTTP/1.1" 404 13528 "-" "Mozilla/5.0 (compatible; MJ12bot/v1.4.8; http://mj12bot.com/)"
114.119.149.252 - - [27/Feb/2026:09:09:26 -0500] "GET /shop/page/1?product_order=desc&product_count=12&product_orderby=date&product_view=grid HTTP/1.1" 404 13537 "https://clavo.space/shop/page/6?product_order=desc&product_count=12&product_orderby=date&product_view=grid" "Mozilla/5.0 (Linux; Android 7.0;) AppleWebKit/537.36 (KHTML, like Gecko) Mobile Safari/537.36 (compatible; PetalBot;+https://webmaster.petalsearch.com/site/petalbot)"
162.253.224.18 - - [27/Feb/2026:09:09:56 -0500] "POST /wp-cron.php?doing_wp_cron=1772201396.4562320709228515625000 HTTP/1.1" 200 - "-" "WordPress/6.9.1; https://clavo.space"
66.249.79.67 - - [27/Feb/2026:09:09:55 -0500] "GET /product-category/paintings/page/2/?add-to-cart=1927&product_orderby=rating&product_count=24&paged=1 HTTP/1.1" 404 13554 "-" "Mozilla/5.0 (Linux; Android 6.0.1; Nexus 5X Build/MMB29P) AppleWebKit/537.36 (KHTML, like Gecko) Chrome/144.0.7559.132 Mobile Safari/537.36 (compatible; Googlebot/2.1; +http://www.google.com/bot.html)"
92.222.104.212 - - [27/Feb/2026:09:10:01 -0500] "GET /product-category/paintings/oil-painting/page/1/?product_orderby=price&product_view=list&product_count=24&product_order=desc HTTP/1.1" 404 13551 "-" "Mozilla/5.0 (compatible; AhrefsBot/7.0; +http://ahrefs.com/robot/)"
185.191.171.11 - - [27/Feb/2026:09:10:01 -0500] "GET /events/tag/art/day/2027-09-20/ HTTP/1.1" 200 14442 "-" "Mozilla/5.0 (compatible; SemrushBot/7~bl; +http://www.semrush.com/bot.html)"
185.191.171.18 - - [27/Feb/2026:09:10:42 -0500] "GET /robots.txt HTTP/1.1" 200 111 "-" "Mozilla/5.0 (compatible; SemrushBot/7~bl; +http://www.semrush.com/bot.html)"
162.253.224.18 - - [27/Feb/2026:09:10:44 -0500] "POST /wp-cron.php?doing_wp_cron=1772201444.5602810382843017578125 HTTP/1.1" 200 - "-" "WordPress/6.9.1; https://clavo.space"
185.191.171.17 - - [27/Feb/2026:09:10:43 -0500] "GET /events/tag/opening/list/?eventDisplay=past&tribe-bar-date=2028-03-14 HTTP/1.1" 200 20685 "-" "Mozilla/5.0 (compatible; SemrushBot/7~bl; +http://www.semrush.com/bot.html)"
85.208.96.206 - - [27/Feb/2026:09:10:48 -0500] "GET /events/category/exhibition/list/?tribe-bar-date=2023-11-21 HTTP/1.1" 200 19753 "-" "Mozilla/5.0 (compatible; SemrushBot/7~bl; +http://www.semrush.com/bot.html)"
114.119.163.186 - - [27/Feb/2026:09:10:49 -0500] "GET /shop/page/1?product_order=asc&product_orderby=rating&product_count=12 HTTP/1.1" 404 13533 "https://clavo.space/shop/page/5?product_order=asc&product_orderby=rating&product_count=12" "Mozilla/5.0 (Linux; Android 7.0;) AppleWebKit/537.36 (KHTML, like Gecko) Mobile Safari/537.36 (compatible; PetalBot;+https://webmaster.petalsearch.com/site/petalbot)"
66.249.79.72 - - [27/Feb/2026:09:10:57 -0500] "GET /?h=e16trjur73us2gb_gkind14523998 HTTP/1.1" 301 - "-" "Mozilla/5.0 (Linux; Android 6.0.1; Nexus 5X Build/MMB29P) AppleWebKit/537.36 (KHTML, like Gecko) Chrome/144.0.7559.132 Mobile Safari/537.36 (compatible; Googlebot/2.1; +http://www.google.com/bot.html)"
66.249.79.68 - - [27/Feb/2026:09:10:59 -0500] "GET /page/2/?h=erq1zfepfze04cv HTTP/1.1" 200 30442 "-" "Mozilla/5.0 (Linux; Android 6.0.1; Nexus 5X Build/MMB29P) AppleWebKit/537.36 (KHTML, like Gecko) Chrome/144.0.7559.132 Mobile Safari/537.36 (compatible; GoogleOther)"
66.249.79.68 - - [27/Feb/2026:09:10:59 -0500] "GET /?h=e16trjur73us2gb_gkind14523998 HTTP/1.1" 200 30778 "-" "Mozilla/5.0 (Linux; Android 6.0.1; Nexus 5X Build/MMB29P) AppleWebKit/537.36 (KHTML, like Gecko) Chrome/144.0.7559.132 Mobile Safari/537.36 (compatible; Googlebot/2.1; +http://www.google.com/bot.html)"
85.208.96.203 - - [27/Feb/2026:09:11:10 -0500] "GET /events/tag/exhibition/list/?tribe-bar-date=2023-10-18 HTTP/1.1" 200 19718 "-" "Mozilla/5.0 (compatible; SemrushBot/7~bl; +http://www.semrush.com/bot.html)"
108.179.219.145 - - [27/Feb/2026:09:11:12 -0500] "POST /xmlrpc.php HTTP/1.1" 200 225 "-" "Mozilla/5.0 (Windows NT 6.3; WOW64; Trident/7.0; Touch; MASEJS; rv:11.0) like Gecko"
185.191.171.14 - - [27/Feb/2026:09:11:20 -0500] "GET /events/tag/exhibition/day/2020-12-11/ HTTP/1.1" 200 14447 "-" "Mozilla/5.0 (compatible; SemrushBot/7~bl; +http://www.semrush.com/bot.html)"
