20.220.8.221 - - [27/Feb/2026:11:16:24 -0500] "GET /depotcv.php HTTP/1.1" 404 13537 "-" "Mozilla/5.0 (Windows NT 10.0; Win64; x64) AppleWebKit/537.36 (KHTML, like Gecko) Chrome/120.0.0.0 Safari/537.36"
20.220.8.221 - - [27/Feb/2026:11:16:27 -0500] "GET /sidwsi.php HTTP/1.1" 404 13532 "-" "Mozilla/5.0 (Windows NT 10.0; Win64; x64) AppleWebKit/537.36 (KHTML, like Gecko) Chrome/120.0.0.0 Safari/537.36"
20.220.8.221 - - [27/Feb/2026:11:16:29 -0500] "GET /n.php HTTP/1.1" 404 13527 "-" "Mozilla/5.0 (Windows NT 10.0; Win64; x64) AppleWebKit/537.36 (KHTML, like Gecko) Chrome/120.0.0.0 Safari/537.36"
162.253.224.18 - - [27/Feb/2026:11:16:34 -0500] "POST /wp-cron.php?doing_wp_cron=1772208994.3306710720062255859375 HTTP/1.1" 200 - "-" "WordPress/6.9.1; https://clavo.space"
20.220.8.221 - - [27/Feb/2026:11:16:31 -0500] "GET /abcd.php HTTP/1.1" 404 13536 "-" "Mozilla/5.0 (Windows NT 10.0; Win64; x64) AppleWebKit/537.36 (KHTML, like Gecko) Chrome/120.0.0.0 Safari/537.36"
192.176.172.166 - - [27/Feb/2026:11:17:07 -0500] "GET /wp-login.php HTTP/1.1" 200 2093 "-" "Mozilla/5.0 (Macintosh; Intel Mac OS X 10_13_4) AppleWebKit/537.36 (KHTML, like Gecko) Chrome/67.0.3396.62 Safari/537.36"
192.176.172.166 - - [27/Feb/2026:11:17:08 -0500] "POST /wp-login.php HTTP/1.1" 200 2224 "https://212productions.net/wp-login.php" "Mozilla/5.0 (Macintosh; Intel Mac OS X 10_13_4) AppleWebKit/537.36 (KHTML, like Gecko) Chrome/67.0.3396.62 Safari/537.36"
205.185.113.41 - - [27/Feb/2026:11:17:18 -0500] "GET /wp-login.php HTTP/1.1" 200 6864 "-" "Mozilla/5.0 (Windows NT 6.1; Trident/7.0; rv:11.0) like Gecko"
205.185.113.41 - - [27/Feb/2026:11:17:20 -0500] "POST /wp-login.php HTTP/1.1" 200 7325 "-" "Mozilla/5.0 (Windows NT 6.1; Trident/7.0; rv:11.0) like Gecko"
162.253.224.18 - - [27/Feb/2026:11:17:40 -0500] "POST /wp-cron.php?doing_wp_cron=1772209060.5799679756164550781250 HTTP/1.1" 200 - "-" "WordPress/6.9.1; https://clavo.space"
114.119.148.154 - - [27/Feb/2026:11:17:37 -0500] "GET /product-tag/tania-riera/?product_count=12&product_order=asc&product_orderby=default HTTP/1.1" 301 - "https://clavo.space/product-tag/tania-riera/?product_count=12&product_order=asc&product_orderby=default" "Mozilla/5.0 (Linux; Android 7.0;) AppleWebKit/537.36 (KHTML, like Gecko) Mobile Safari/537.36 (compatible; PetalBot;+https://webmaster.petalsearch.com/site/petalbot)"
114.119.148.154 - - [27/Feb/2026:11:17:41 -0500] "GET /portfolio-item/tania-riera/?product_count=12&product_order=asc&product_orderby=default HTTP/1.1" 200 20430 "https://clavo.space/product-tag/tania-riera/?product_count=12&product_order=asc&product_orderby=default" "Mozilla/5.0 (Linux; Android 7.0;) AppleWebKit/537.36 (KHTML, like Gecko) Mobile Safari/537.36 (compatible; PetalBot;+https://webmaster.petalsearch.com/site/petalbot)"
47.128.28.81 - - [27/Feb/2026:11:17:50 -0500] "GET /wp/portfolio-items/gomez-platero-studio/ HTTP/1.1" 200 22997 "-" "Mozilla/5.0 (Linux; Android 5.0) AppleWebKit/537.36 (KHTML, like Gecko) Mobile Safari/537.36 (compatible; Bytespider; spider-feedback@bytedance.com)"
47.128.28.81 - - [27/Feb/2026:11:17:52 -0500] "GET /wp/wp-content/uploads/fusion-styles/6fee66dfa2e2197d03d7bc1ccee9f667.min.css HTTP/1.1" 200 181173 "https://212productions.net/wp/portfolio-items/gomez-platero-studio/" "Mozilla/5.0 (Linux; Android 5.0) AppleWebKit/537.36 (KHTML, like Gecko) Mobile Safari/537.36 (compatible; Bytespider; spider-feedback@bytedance.com)"
47.128.28.81 - - [27/Feb/2026:11:17:53 -0500] "GET /wp/wp-content/uploads/2021/07/2-400x300.png HTTP/1.1" 200 256681 "https://212productions.net/wp/portfolio-items/gomez-platero-studio/" "Mozilla/5.0 (Linux; Android 5.0) AppleWebKit/537.36 (KHTML, like Gecko) Mobile Safari/537.36 (compatible; Bytespider; spider-feedback@bytedance.com)"
47.128.28.81 - - [27/Feb/2026:11:17:53 -0500] "GET /wp/wp-content/uploads/2021/07/3-400x300.png HTTP/1.1" 200 31138 "https://212productions.net/wp/portfolio-items/gomez-platero-studio/" "Mozilla/5.0 (Linux; Android 5.0) AppleWebKit/537.36 (KHTML, like Gecko) Mobile Safari/537.36 (compatible; Bytespider; spider-feedback@bytedance.com)"
47.128.28.81 - - [27/Feb/2026:11:17:53 -0500] "GET /wp/wp-content/uploads/2021/07/4-400x300.png HTTP/1.1" 200 32974 "https://212productions.net/wp/portfolio-items/gomez-platero-studio/" "Mozilla/5.0 (Linux; Android 5.0) AppleWebKit/537.36 (KHTML, like Gecko) Mobile Safari/537.36 (compatible; Bytespider; spider-feedback@bytedance.com)"
47.128.28.81 - - [27/Feb/2026:11:17:53 -0500] "GET /wp/wp-content/uploads/2021/07/5-400x300.png HTTP/1.1" 200 19006 "https://212productions.net/wp/portfolio-items/gomez-platero-studio/" "Mozilla/5.0 (Linux; Android 5.0) AppleWebKit/537.36 (KHTML, like Gecko) Mobile Safari/537.36 (compatible; Bytespider; spider-feedback@bytedance.com)"
47.128.28.81 - - [27/Feb/2026:11:17:53 -0500] "GET /wp/wp-content/uploads/2021/07/6-400x300.png HTTP/1.1" 200 24075 "https://212productions.net/wp/portfolio-items/gomez-platero-studio/" "Mozilla/5.0 (Linux; Android 5.0) AppleWebKit/537.36 (KHTML, like Gecko) Mobile Safari/537.36 (compatible; Bytespider; spider-feedback@bytedance.com)"
47.128.28.81 - - [27/Feb/2026:11:17:53 -0500] "GET /wp/wp-content/uploads/2021/07/9-400x300.png HTTP/1.1" 200 49924 "https://212productions.net/wp/portfolio-items/gomez-platero-studio/" "Mozilla/5.0 (Linux; Android 5.0) AppleWebKit/537.36 (KHTML, like Gecko) Mobile Safari/537.36 (compatible; Bytespider; spider-feedback@bytedance.com)"
47.128.28.81 - - [27/Feb/2026:11:17:53 -0500] "GET /wp/wp-content/uploads/2021/07/8-400x300.png HTTP/1.1" 200 57281 "https://212productions.net/wp/portfolio-items/gomez-platero-studio/" "Mozilla/5.0 (Linux; Android 5.0) AppleWebKit/537.36 (KHTML, like Gecko) Mobile Safari/537.36 (compatible; Bytespider; spider-feedback@bytedance.com)"
47.128.28.81 - - [27/Feb/2026:11:17:53 -0500] "GET /wp/wp-content/uploads/2021/07/10-400x300.png HTTP/1.1" 200 60432 "https://212productions.net/wp/portfolio-items/gomez-platero-studio/" "Mozilla/5.0 (Linux; Android 5.0) AppleWebKit/537.36 (KHTML, like Gecko) Mobile Safari/537.36 (compatible; Bytespider; spider-feedback@bytedance.com)"
47.128.28.81 - - [27/Feb/2026:11:17:53 -0500] "GET /wp/wp-content/uploads/2021/07/11-400x300.png HTTP/1.1" 200 54944 "https://212productions.net/wp/portfolio-items/gomez-platero-studio/" "Mozilla/5.0 (Linux; Android 5.0) AppleWebKit/537.36 (KHTML, like Gecko) Mobile Safari/537.36 (compatible; Bytespider; spider-feedback@bytedance.com)"
47.128.28.81 - - [27/Feb/2026:11:17:54 -0500] "GET /wp/wp-content/uploads/2021/07/13-400x300.png HTTP/1.1" 200 54429 "https://212productions.net/wp/portfolio-items/gomez-platero-studio/" "Mozilla/5.0 (Linux; Android 5.0) AppleWebKit/537.36 (KHTML, like Gecko) Mobile Safari/537.36 (compatible; Bytespider; spider-feedback@bytedance.com)"
47.128.28.81 - - [27/Feb/2026:11:17:54 -0500] "GET /wp/wp-content/uploads/2021/07/12-400x301.png HTTP/1.1" 200 53322 "https://212productions.net/wp/portfolio-items/gomez-platero-studio/" "Mozilla/5.0 (Linux; Android 5.0) AppleWebKit/537.36 (KHTML, like Gecko) Mobile Safari/537.36 (compatible; Bytespider; spider-feedback@bytedance.com)"
47.128.28.81 - - [27/Feb/2026:11:17:54 -0500] "GET /wp/wp-content/uploads/2021/07/15-400x300.png HTTP/1.1" 200 63129 "https://212productions.net/wp/portfolio-items/gomez-platero-studio/" "Mozilla/5.0 (Linux; Android 5.0) AppleWebKit/537.36 (KHTML, like Gecko) Mobile Safari/537.36 (compatible; Bytespider; spider-feedback@bytedance.com)"
47.128.28.81 - - [27/Feb/2026:11:17:54 -0500] "GET /wp/wp-content/uploads/2021/07/14-400x300.png HTTP/1.1" 200 63695 "https://212productions.net/wp/portfolio-items/gomez-platero-studio/" "Mozilla/5.0 (Linux; Android 5.0) AppleWebKit/537.36 (KHTML, like Gecko) Mobile Safari/537.36 (compatible; Bytespider; spider-feedback@bytedance.com)"
47.128.28.81 - - [27/Feb/2026:11:17:54 -0500] "GET /wp/wp-content/uploads/2021/07/17-400x300.png HTTP/1.1" 200 59354 "https://212productions.net/wp/portfolio-items/gomez-platero-studio/" "Mozilla/5.0 (Linux; Android 5.0) AppleWebKit/537.36 (KHTML, like Gecko) Mobile Safari/537.36 (compatible; Bytespider; spider-feedback@bytedance.com)"
47.128.28.81 - - [27/Feb/2026:11:17:54 -0500] "GET /wp/wp-content/uploads/2021/07/16-400x300.png HTTP/1.1" 200 60284 "https://212productions.net/wp/portfolio-items/gomez-platero-studio/" "Mozilla/5.0 (Linux; Android 5.0) AppleWebKit/537.36 (KHTML, like Gecko) Mobile Safari/537.36 (compatible; Bytespider; spider-feedback@bytedance.com)"
47.128.28.81 - - [27/Feb/2026:11:17:54 -0500] "GET /wp/wp-content/uploads/2021/07/19-400x299.png HTTP/1.1" 200 66930 "https://212productions.net/wp/portfolio-items/gomez-platero-studio/" "Mozilla/5.0 (Linux; Android 5.0) AppleWebKit/537.36 (KHTML, like Gecko) Mobile Safari/537.36 (compatible; Bytespider; spider-feedback@bytedance.com)"
47.128.28.81 - - [27/Feb/2026:11:17:54 -0500] "GET /wp/wp-content/uploads/2021/07/20-400x299.png HTTP/1.1" 200 67716 "https://212productions.net/wp/portfolio-items/gomez-platero-studio/" "Mozilla/5.0 (Linux; Android 5.0) AppleWebKit/537.36 (KHTML, like Gecko) Mobile Safari/537.36 (compatible; Bytespider; spider-feedback@bytedance.com)"
47.128.28.81 - - [27/Feb/2026:11:17:54 -0500] "GET /wp/wp-content/uploads/2021/07/21-400x300.png HTTP/1.1" 200 43386 "https://212productions.net/wp/portfolio-items/gomez-platero-studio/" "Mozilla/5.0 (Linux; Android 5.0) AppleWebKit/537.36 (KHTML, like Gecko) Mobile Safari/537.36 (compatible; Bytespider; spider-feedback@bytedance.com)"
47.128.28.81 - - [27/Feb/2026:11:17:54 -0500] "GET /wp/wp-content/uploads/2021/07/18-400x300.png HTTP/1.1" 200 39362 "https://212productions.net/wp/portfolio-items/gomez-platero-studio/" "Mozilla/5.0 (Linux; Android 5.0) AppleWebKit/537.36 (KHTML, like Gecko) Mobile Safari/537.36 (compatible; Bytespider; spider-feedback@bytedance.com)"
47.128.28.81 - - [27/Feb/2026:11:17:54 -0500] "GET /wp/wp-content/uploads/2021/07/23-400x300.png HTTP/1.1" 200 58881 "https://212productions.net/wp/portfolio-items/gomez-platero-studio/" "Mozilla/5.0 (Linux; Android 5.0) AppleWebKit/537.36 (KHTML, like Gecko) Mobile Safari/537.36 (compatible; Bytespider; spider-feedback@bytedance.com)"
47.128.28.81 - - [27/Feb/2026:11:17:54 -0500] "GET /wp/wp-content/uploads/2021/07/25-400x300.png HTTP/1.1" 200 72224 "https://212productions.net/wp/portfolio-items/gomez-platero-studio/" "Mozilla/5.0 (Linux; Android 5.0) AppleWebKit/537.36 (KHTML, like Gecko) Mobile Safari/537.36 (compatible; Bytespider; spider-feedback@bytedance.com)"
47.128.28.81 - - [27/Feb/2026:11:17:54 -0500] "GET /wp/wp-content/uploads/2021/07/24-400x300.png HTTP/1.1" 200 62770 "https://212productions.net/wp/portfolio-items/gomez-platero-studio/" "Mozilla/5.0 (Linux; Android 5.0) AppleWebKit/537.36 (KHTML, like Gecko) Mobile Safari/537.36 (compatible; Bytespider; spider-feedback@bytedance.com)"
47.128.28.81 - - [27/Feb/2026:11:17:54 -0500] "GET /wp/wp-content/uploads/2021/07/26-400x300.png HTTP/1.1" 200 22509 "https://212productions.net/wp/portfolio-items/gomez-platero-studio/" "Mozilla/5.0 (Linux; Android 5.0) AppleWebKit/537.36 (KHTML, like Gecko) Mobile Safari/537.36 (compatible; Bytespider; spider-feedback@bytedance.com)"
47.128.28.81 - - [27/Feb/2026:11:17:54 -0500] "GET /wp/wp-content/uploads/2021/07/27-400x300.png HTTP/1.1" 200 65186 "https://212productions.net/wp/portfolio-items/gomez-platero-studio/" "Mozilla/5.0 (Linux; Android 5.0) AppleWebKit/537.36 (KHTML, like Gecko) Mobile Safari/537.36 (compatible; Bytespider; spider-feedback@bytedance.com)"
47.128.28.81 - - [27/Feb/2026:11:17:55 -0500] "GET /wp/wp-content/uploads/2021/07/29-400x299.png HTTP/1.1" 200 52099 "https://212productions.net/wp/portfolio-items/gomez-platero-studio/" "Mozilla/5.0 (Linux; Android 5.0) AppleWebKit/537.36 (KHTML, like Gecko) Mobile Safari/537.36 (compatible; Bytespider; spider-feedback@bytedance.com)"
47.128.28.81 - - [27/Feb/2026:11:17:55 -0500] "GET /wp/wp-content/uploads/2021/07/22-400x300.png HTTP/1.1" 200 72642 "https://212productions.net/wp/portfolio-items/gomez-platero-studio/" "Mozilla/5.0 (Linux; Android 5.0) AppleWebKit/537.36 (KHTML, like Gecko) Mobile Safari/537.36 (compatible; Bytespider; spider-feedback@bytedance.com)"
47.128.28.81 - - [27/Feb/2026:11:17:55 -0500] "GET /wp/wp-content/uploads/2021/07/28-400x300.png HTTP/1.1" 200 53491 "https://212productions.net/wp/portfolio-items/gomez-platero-studio/" "Mozilla/5.0 (Linux; Android 5.0) AppleWebKit/537.36 (KHTML, like Gecko) Mobile Safari/537.36 (compatible; Bytespider; spider-feedback@bytedance.com)"
47.128.28.81 - - [27/Feb/2026:11:17:55 -0500] "GET /wp/wp-content/uploads/2021/07/30-400x300.png HTTP/1.1" 200 66618 "https://212productions.net/wp/portfolio-items/gomez-platero-studio/" "Mozilla/5.0 (Linux; Android 5.0) AppleWebKit/537.36 (KHTML, like Gecko) Mobile Safari/537.36 (compatible; Bytespider; spider-feedback@bytedance.com)"
47.128.28.81 - - [27/Feb/2026:11:17:55 -0500] "GET /wp/wp-content/uploads/2021/07/31-400x300.png HTTP/1.1" 200 46193 "https://212productions.net/wp/portfolio-items/gomez-platero-studio/" "Mozilla/5.0 (Linux; Android 5.0) AppleWebKit/537.36 (KHTML, like Gecko) Mobile Safari/537.36 (compatible; Bytespider; spider-feedback@bytedance.com)"
47.128.28.81 - - [27/Feb/2026:11:17:55 -0500] "GET /wp/wp-content/uploads/2021/07/33-400x300.png HTTP/1.1" 200 62979 "https://212productions.net/wp/portfolio-items/gomez-platero-studio/" "Mozilla/5.0 (Linux; Android 5.0) AppleWebKit/537.36 (KHTML, like Gecko) Mobile Safari/537.36 (compatible; Bytespider; spider-feedback@bytedance.com)"
47.128.28.81 - - [27/Feb/2026:11:17:55 -0500] "GET /wp/wp-content/uploads/2021/07/32-400x299.png HTTP/1.1" 200 60191 "https://212productions.net/wp/portfolio-items/gomez-platero-studio/" "Mozilla/5.0 (Linux; Android 5.0) AppleWebKit/537.36 (KHTML, like Gecko) Mobile Safari/537.36 (compatible; Bytespider; spider-feedback@bytedance.com)"
47.128.28.81 - - [27/Feb/2026:11:17:55 -0500] "GET /wp/wp-content/uploads/2021/07/35-400x300.png HTTP/1.1" 200 65600 "https://212productions.net/wp/portfolio-items/gomez-platero-studio/" "Mozilla/5.0 (Linux; Android 5.0) AppleWebKit/537.36 (KHTML, like Gecko) Mobile Safari/537.36 (compatible; Bytespider; spider-feedback@bytedance.com)"
47.128.28.81 - - [27/Feb/2026:11:17:55 -0500] "GET /wp/wp-content/uploads/2021/07/34-400x300.png HTTP/1.1" 200 56634 "https://212productions.net/wp/portfolio-items/gomez-platero-studio/" "Mozilla/5.0 (Linux; Android 5.0) AppleWebKit/537.36 (KHTML, like Gecko) Mobile Safari/537.36 (compatible; Bytespider; spider-feedback@bytedance.com)"
47.128.28.81 - - [27/Feb/2026:11:17:55 -0500] "GET /wp/wp-content/uploads/2021/07/36-400x300.png HTTP/1.1" 200 63290 "https://212productions.net/wp/portfolio-items/gomez-platero-studio/" "Mozilla/5.0 (Linux; Android 5.0) AppleWebKit/537.36 (KHTML, like Gecko) Mobile Safari/537.36 (compatible; Bytespider; spider-feedback@bytedance.com)"
47.128.28.81 - - [27/Feb/2026:11:17:55 -0500] "GET /wp/wp-content/uploads/2021/07/37-400x300.png HTTP/1.1" 200 63248 "https://212productions.net/wp/portfolio-items/gomez-platero-studio/" "Mozilla/5.0 (Linux; Android 5.0) AppleWebKit/537.36 (KHTML, like Gecko) Mobile Safari/537.36 (compatible; Bytespider; spider-feedback@bytedance.com)"
47.128.28.81 - - [27/Feb/2026:11:17:55 -0500] "GET /wp/wp-content/uploads/2021/07/39-400x300.png HTTP/1.1" 200 61063 "https://212productions.net/wp/portfolio-items/gomez-platero-studio/" "Mozilla/5.0 (Linux; Android 5.0) AppleWebKit/537.36 (KHTML, like Gecko) Mobile Safari/537.36 (compatible; Bytespider; spider-feedback@bytedance.com)"
47.128.28.81 - - [27/Feb/2026:11:17:55 -0500] "GET /wp/wp-content/uploads/2021/07/38-400x300.png HTTP/1.1" 200 44590 "https://212productions.net/wp/portfolio-items/gomez-platero-studio/" "Mozilla/5.0 (Linux; Android 5.0) AppleWebKit/537.36 (KHTML, like Gecko) Mobile Safari/537.36 (compatible; Bytespider; spider-feedback@bytedance.com)"
47.128.28.81 - - [27/Feb/2026:11:17:55 -0500] "GET /wp/wp-content/uploads/2021/07/41-400x300.png HTTP/1.1" 200 47572 "https://212productions.net/wp/portfolio-items/gomez-platero-studio/" "Mozilla/5.0 (Linux; Android 5.0) AppleWebKit/537.36 (KHTML, like Gecko) Mobile Safari/537.36 (compatible; Bytespider; spider-feedback@bytedance.com)"
47.128.28.81 - - [27/Feb/2026:11:17:55 -0500] "GET /wp/wp-content/uploads/2021/07/40-400x300.png HTTP/1.1" 200 51742 "https://212productions.net/wp/portfolio-items/gomez-platero-studio/" "Mozilla/5.0 (Linux; Android 5.0) AppleWebKit/537.36 (KHTML, like Gecko) Mobile Safari/537.36 (compatible; Bytespider; spider-feedback@bytedance.com)"
47.128.28.81 - - [27/Feb/2026:11:17:55 -0500] "GET /wp/wp-content/uploads/2021/07/43-400x300.png HTTP/1.1" 200 72420 "https://212productions.net/wp/portfolio-items/gomez-platero-studio/" "Mozilla/5.0 (Linux; Android 5.0) AppleWebKit/537.36 (KHTML, like Gecko) Mobile Safari/537.36 (compatible; Bytespider; spider-feedback@bytedance.com)"
47.128.28.81 - - [27/Feb/2026:11:17:55 -0500] "GET /wp/wp-content/uploads/2021/07/45-400x300.png HTTP/1.1" 200 63784 "https://212productions.net/wp/portfolio-items/gomez-platero-studio/" "Mozilla/5.0 (Linux; Android 5.0) AppleWebKit/537.36 (KHTML, like Gecko) Mobile Safari/537.36 (compatible; Bytespider; spider-feedback@bytedance.com)"
47.128.28.81 - - [27/Feb/2026:11:17:55 -0500] "GET /wp/wp-content/uploads/2021/07/42-400x300.png HTTP/1.1" 200 51096 "https://212productions.net/wp/portfolio-items/gomez-platero-studio/" "Mozilla/5.0 (Linux; Android 5.0) AppleWebKit/537.36 (KHTML, like Gecko) Mobile Safari/537.36 (compatible; Bytespider; spider-feedback@bytedance.com)"
47.128.28.81 - - [27/Feb/2026:11:17:56 -0500] "GET /wp/wp-content/uploads/2021/07/44-400x300.png HTTP/1.1" 200 49966 "https://212productions.net/wp/portfolio-items/gomez-platero-studio/" "Mozilla/5.0 (Linux; Android 5.0) AppleWebKit/537.36 (KHTML, like Gecko) Mobile Safari/537.36 (compatible; Bytespider; spider-feedback@bytedance.com)"
47.128.28.81 - - [27/Feb/2026:11:17:56 -0500] "GET /wp/wp-content/uploads/2021/07/47-400x300.png HTTP/1.1" 200 56356 "https://212productions.net/wp/portfolio-items/gomez-platero-studio/" "Mozilla/5.0 (Linux; Android 5.0) AppleWebKit/537.36 (KHTML, like Gecko) Mobile Safari/537.36 (compatible; Bytespider; spider-feedback@bytedance.com)"
47.128.28.81 - - [27/Feb/2026:11:17:56 -0500] "GET /wp/wp-content/uploads/2021/07/46-400x300.png HTTP/1.1" 200 57435 "https://212productions.net/wp/portfolio-items/gomez-platero-studio/" "Mozilla/5.0 (Linux; Android 5.0) AppleWebKit/537.36 (KHTML, like Gecko) Mobile Safari/537.36 (compatible; Bytespider; spider-feedback@bytedance.com)"
47.128.28.81 - - [27/Feb/2026:11:17:56 -0500] "GET /wp/wp-content/uploads/2021/07/48-400x300.png HTTP/1.1" 200 34671 "https://212productions.net/wp/portfolio-items/gomez-platero-studio/" "Mozilla/5.0 (Linux; Android 5.0) AppleWebKit/537.36 (KHTML, like Gecko) Mobile Safari/537.36 (compatible; Bytespider; spider-feedback@bytedance.com)"
47.128.28.81 - - [27/Feb/2026:11:17:56 -0500] "GET /wp/wp-content/uploads/2021/07/50-400x300.png HTTP/1.1" 200 48231 "https://212productions.net/wp/portfolio-items/gomez-platero-studio/" "Mozilla/5.0 (Linux; Android 5.0) AppleWebKit/537.36 (KHTML, like Gecko) Mobile Safari/537.36 (compatible; Bytespider; spider-feedback@bytedance.com)"
47.128.28.81 - - [27/Feb/2026:11:17:56 -0500] "GET /wp/wp-content/uploads/2021/07/49-400x299.png HTTP/1.1" 200 48330 "https://212productions.net/wp/portfolio-items/gomez-platero-studio/" "Mozilla/5.0 (Linux; Android 5.0) AppleWebKit/537.36 (KHTML, like Gecko) Mobile Safari/537.36 (compatible; Bytespider; spider-feedback@bytedance.com)"
47.128.28.81 - - [27/Feb/2026:11:17:56 -0500] "GET /wp/wp-content/uploads/2021/07/52-400x300.png HTTP/1.1" 200 57350 "https://212productions.net/wp/portfolio-items/gomez-platero-studio/" "Mozilla/5.0 (Linux; Android 5.0) AppleWebKit/537.36 (KHTML, like Gecko) Mobile Safari/537.36 (compatible; Bytespider; spider-feedback@bytedance.com)"
47.128.28.81 - - [27/Feb/2026:11:17:56 -0500] "GET /wp/wp-content/uploads/2021/07/51-400x299.png HTTP/1.1" 200 38939 "https://212productions.net/wp/portfolio-items/gomez-platero-studio/" "Mozilla/5.0 (Linux; Android 5.0) AppleWebKit/537.36 (KHTML, like Gecko) Mobile Safari/537.36 (compatible; Bytespider; spider-feedback@bytedance.com)"
47.128.28.81 - - [27/Feb/2026:11:17:56 -0500] "GET /wp/wp-content/uploads/2021/07/54-400x300.png HTTP/1.1" 200 45626 "https://212productions.net/wp/portfolio-items/gomez-platero-studio/" "Mozilla/5.0 (Linux; Android 5.0) AppleWebKit/537.36 (KHTML, like Gecko) Mobile Safari/537.36 (compatible; Bytespider; spider-feedback@bytedance.com)"
47.128.28.81 - - [27/Feb/2026:11:17:56 -0500] "GET /wp/wp-content/uploads/2021/07/53-400x299.png HTTP/1.1" 200 61244 "https://212productions.net/wp/portfolio-items/gomez-platero-studio/" "Mozilla/5.0 (Linux; Android 5.0) AppleWebKit/537.36 (KHTML, like Gecko) Mobile Safari/537.36 (compatible; Bytespider; spider-feedback@bytedance.com)"
47.128.28.81 - - [27/Feb/2026:11:17:56 -0500] "GET /wp/wp-content/uploads/2021/07/56-400x300.png HTTP/1.1" 200 34170 "https://212productions.net/wp/portfolio-items/gomez-platero-studio/" "Mozilla/5.0 (Linux; Android 5.0) AppleWebKit/537.36 (KHTML, like Gecko) Mobile Safari/537.36 (compatible; Bytespider; spider-feedback@bytedance.com)"
47.128.28.81 - - [27/Feb/2026:11:17:56 -0500] "GET /wp/wp-content/uploads/2021/07/55-400x300.png HTTP/1.1" 200 63011 "https://212productions.net/wp/portfolio-items/gomez-platero-studio/" "Mozilla/5.0 (Linux; Android 5.0) AppleWebKit/537.36 (KHTML, like Gecko) Mobile Safari/537.36 (compatible; Bytespider; spider-feedback@bytedance.com)"
47.128.28.81 - - [27/Feb/2026:11:17:56 -0500] "GET /wp/wp-content/uploads/2021/07/58-400x299.png HTTP/1.1" 200 46548 "https://212productions.net/wp/portfolio-items/gomez-platero-studio/" "Mozilla/5.0 (Linux; Android 5.0) AppleWebKit/537.36 (KHTML, like Gecko) Mobile Safari/537.36 (compatible; Bytespider; spider-feedback@bytedance.com)"
47.128.28.81 - - [27/Feb/2026:11:17:56 -0500] "GET /wp/wp-content/uploads/2021/07/57-400x300.png HTTP/1.1" 200 45321 "https://212productions.net/wp/portfolio-items/gomez-platero-studio/" "Mozilla/5.0 (Linux; Android 5.0) AppleWebKit/537.36 (KHTML, like Gecko) Mobile Safari/537.36 (compatible; Bytespider; spider-feedback@bytedance.com)"
47.128.28.81 - - [27/Feb/2026:11:17:56 -0500] "GET /wp/wp-content/uploads/2021/07/60-400x300.png HTTP/1.1" 200 70569 "https://212productions.net/wp/portfolio-items/gomez-platero-studio/" "Mozilla/5.0 (Linux; Android 5.0) AppleWebKit/537.36 (KHTML, like Gecko) Mobile Safari/537.36 (compatible; Bytespider; spider-feedback@bytedance.com)"
47.128.28.81 - - [27/Feb/2026:11:17:56 -0500] "GET /wp/wp-content/uploads/2021/07/59-400x300.png HTTP/1.1" 200 62401 "https://212productions.net/wp/portfolio-items/gomez-platero-studio/" "Mozilla/5.0 (Linux; Android 5.0) AppleWebKit/537.36 (KHTML, like Gecko) Mobile Safari/537.36 (compatible; Bytespider; spider-feedback@bytedance.com)"
47.128.28.81 - - [27/Feb/2026:11:17:56 -0500] "GET /wp/wp-content/uploads/2021/07/62-400x300.png HTTP/1.1" 200 49457 "https://212productions.net/wp/portfolio-items/gomez-platero-studio/" "Mozilla/5.0 (Linux; Android 5.0) AppleWebKit/537.36 (KHTML, like Gecko) Mobile Safari/537.36 (compatible; Bytespider; spider-feedback@bytedance.com)"
47.128.28.81 - - [27/Feb/2026:11:17:56 -0500] "GET /wp/wp-content/uploads/2021/07/61-400x300.png HTTP/1.1" 200 74329 "https://212productions.net/wp/portfolio-items/gomez-platero-studio/" "Mozilla/5.0 (Linux; Android 5.0) AppleWebKit/537.36 (KHTML, like Gecko) Mobile Safari/537.36 (compatible; Bytespider; spider-feedback@bytedance.com)"
47.128.28.81 - - [27/Feb/2026:11:17:57 -0500] "GET /wp/wp-content/uploads/2021/07/64-400x300.png HTTP/1.1" 200 44953 "https://212productions.net/wp/portfolio-items/gomez-platero-studio/" "Mozilla/5.0 (Linux; Android 5.0) AppleWebKit/537.36 (KHTML, like Gecko) Mobile Safari/537.36 (compatible; Bytespider; spider-feedback@bytedance.com)"
47.128.28.81 - - [27/Feb/2026:11:17:57 -0500] "GET /wp/wp-content/uploads/2021/07/66-400x299.png HTTP/1.1" 200 57126 "https://212productions.net/wp/portfolio-items/gomez-platero-studio/" "Mozilla/5.0 (Linux; Android 5.0) AppleWebKit/537.36 (KHTML, like Gecko) Mobile Safari/537.36 (compatible; Bytespider; spider-feedback@bytedance.com)"
47.128.28.81 - - [27/Feb/2026:11:17:57 -0500] "GET /wp/wp-content/uploads/2021/07/63-400x299.png HTTP/1.1" 200 54357 "https://212productions.net/wp/portfolio-items/gomez-platero-studio/" "Mozilla/5.0 (Linux; Android 5.0) AppleWebKit/537.36 (KHTML, like Gecko) Mobile Safari/537.36 (compatible; Bytespider; spider-feedback@bytedance.com)"
47.128.28.81 - - [27/Feb/2026:11:17:57 -0500] "GET /wp/wp-content/uploads/2021/07/65-400x300.png HTTP/1.1" 200 42540 "https://212productions.net/wp/portfolio-items/gomez-platero-studio/" "Mozilla/5.0 (Linux; Android 5.0) AppleWebKit/537.36 (KHTML, like Gecko) Mobile Safari/537.36 (compatible; Bytespider; spider-feedback@bytedance.com)"
47.128.28.81 - - [27/Feb/2026:11:17:57 -0500] "GET /wp/wp-content/uploads/2021/07/68-400x300.png HTTP/1.1" 200 53935 "https://212productions.net/wp/portfolio-items/gomez-platero-studio/" "Mozilla/5.0 (Linux; Android 5.0) AppleWebKit/537.36 (KHTML, like Gecko) Mobile Safari/537.36 (compatible; Bytespider; spider-feedback@bytedance.com)"
47.128.28.81 - - [27/Feb/2026:11:17:57 -0500] "GET /wp/wp-content/uploads/2021/07/67-400x300.png HTTP/1.1" 200 49692 "https://212productions.net/wp/portfolio-items/gomez-platero-studio/" "Mozilla/5.0 (Linux; Android 5.0) AppleWebKit/537.36 (KHTML, like Gecko) Mobile Safari/537.36 (compatible; Bytespider; spider-feedback@bytedance.com)"
47.128.28.81 - - [27/Feb/2026:11:17:57 -0500] "GET /wp/wp-content/uploads/2021/07/70-400x300.png HTTP/1.1" 200 66461 "https://212productions.net/wp/portfolio-items/gomez-platero-studio/" "Mozilla/5.0 (Linux; Android 5.0) AppleWebKit/537.36 (KHTML, like Gecko) Mobile Safari/537.36 (compatible; Bytespider; spider-feedback@bytedance.com)"
66.249.79.69 - - [27/Feb/2026:11:17:55 -0500] "GET /page/2/?h=e75zeutquetf0ra_gkind14524010 HTTP/1.1" 200 30459 "-" "Mozilla/5.0 (Linux; Android 6.0.1; Nexus 5X Build/MMB29P) AppleWebKit/537.36 (KHTML, like Gecko) Chrome/144.0.7559.132 Mobile Safari/537.36 (compatible; GoogleOther)"
47.128.28.81 - - [27/Feb/2026:11:17:57 -0500] "GET /wp/wp-content/uploads/2021/07/69-400x299.png HTTP/1.1" 200 42227 "https://212productions.net/wp/portfolio-items/gomez-platero-studio/" "Mozilla/5.0 (Linux; Android 5.0) AppleWebKit/537.36 (KHTML, like Gecko) Mobile Safari/537.36 (compatible; Bytespider; spider-feedback@bytedance.com)"
47.128.28.81 - - [27/Feb/2026:11:17:57 -0500] "GET /wp/wp-content/uploads/2021/07/72-400x300.png HTTP/1.1" 200 49524 "https://212productions.net/wp/portfolio-items/gomez-platero-studio/" "Mozilla/5.0 (Linux; Android 5.0) AppleWebKit/537.36 (KHTML, like Gecko) Mobile Safari/537.36 (compatible; Bytespider; spider-feedback@bytedance.com)"
47.128.28.81 - - [27/Feb/2026:11:17:57 -0500] "GET /wp/wp-content/uploads/2021/07/71-400x299.png HTTP/1.1" 200 56440 "https://212productions.net/wp/portfolio-items/gomez-platero-studio/" "Mozilla/5.0 (Linux; Android 5.0) AppleWebKit/537.36 (KHTML, like Gecko) Mobile Safari/537.36 (compatible; Bytespider; spider-feedback@bytedance.com)"
47.128.28.81 - - [27/Feb/2026:11:17:57 -0500] "GET /wp/wp-content/uploads/2021/07/74-400x300.png HTTP/1.1" 200 75082 "https://212productions.net/wp/portfolio-items/gomez-platero-studio/" "Mozilla/5.0 (Linux; Android 5.0) AppleWebKit/537.36 (KHTML, like Gecko) Mobile Safari/537.36 (compatible; Bytespider; spider-feedback@bytedance.com)"
47.128.28.81 - - [27/Feb/2026:11:17:57 -0500] "GET /wp/wp-content/uploads/2021/07/73-400x300.png HTTP/1.1" 200 42772 "https://212productions.net/wp/portfolio-items/gomez-platero-studio/" "Mozilla/5.0 (Linux; Android 5.0) AppleWebKit/537.36 (KHTML, like Gecko) Mobile Safari/537.36 (compatible; Bytespider; spider-feedback@bytedance.com)"
47.128.28.81 - - [27/Feb/2026:11:17:57 -0500] "GET /wp/wp-content/uploads/2021/07/76-400x300.png HTTP/1.1" 200 57240 "https://212productions.net/wp/portfolio-items/gomez-platero-studio/" "Mozilla/5.0 (Linux; Android 5.0) AppleWebKit/537.36 (KHTML, like Gecko) Mobile Safari/537.36 (compatible; Bytespider; spider-feedback@bytedance.com)"
47.128.28.81 - - [27/Feb/2026:11:17:57 -0500] "GET /wp/wp-content/uploads/2021/07/75-400x300.png HTTP/1.1" 200 38709 "https://212productions.net/wp/portfolio-items/gomez-platero-studio/" "Mozilla/5.0 (Linux; Android 5.0) AppleWebKit/537.36 (KHTML, like Gecko) Mobile Safari/537.36 (compatible; Bytespider; spider-feedback@bytedance.com)"
47.128.28.81 - - [27/Feb/2026:11:17:57 -0500] "GET /wp/wp-content/uploads/2014/12/Screen-Shot-2021-07-10-at-3.11.53-PM-500x383.png HTTP/1.1" 200 151444 "https://212productions.net/wp/portfolio-items/gomez-platero-studio/" "Mozilla/5.0 (Linux; Android 5.0) AppleWebKit/537.36 (KHTML, like Gecko) Mobile Safari/537.36 (compatible; Bytespider; spider-feedback@bytedance.com)"
85.208.96.201 - - [27/Feb/2026:11:18:01 -0500] "GET /events/tag/art/list/?eventDisplay=past&tribe-bar-date=2026-11-27 HTTP/1.1" 200 20684 "-" "Mozilla/5.0 (compatible; SemrushBot/7~bl; +http://www.semrush.com/bot.html)"
85.208.96.202 - - [27/Feb/2026:11:18:19 -0500] "GET /events/category/exhibition/list/?eventDisplay=past&tribe-bar-date=2024-07-17 HTTP/1.1" 200 20729 "-" "Mozilla/5.0 (compatible; SemrushBot/7~bl; +http://www.semrush.com/bot.html)"
85.208.96.203 - - [27/Feb/2026:11:18:23 -0500] "GET /events/tag/art/list/?tribe-bar-date=2021-11-08 HTTP/1.1" 200 19711 "-" "Mozilla/5.0 (compatible; SemrushBot/7~bl; +http://www.semrush.com/bot.html)"
162.253.224.18 - - [27/Feb/2026:11:18:44 -0500] "POST /wp-cron.php?doing_wp_cron=1772209124.5137090682983398437500 HTTP/1.1" 200 - "-" "WordPress/6.9.1; https://clavo.space"
41.79.212.13 - - [27/Feb/2026:11:18:43 -0500] "POST /xmlrpc.php HTTP/1.1" 200 225 "-" "Mozilla/5.0 (Windows NT 6.3; WOW64) AppleWebKit/537.36 (KHTML, like Gecko) Chrome/67.0.3396.87 Safari/537.36"
85.208.96.201 - - [27/Feb/2026:11:18:52 -0500] "GET /events/tag/opening/list/?tribe-bar-date=2023-01-14 HTTP/1.1" 200 19718 "-" "Mozilla/5.0 (compatible; SemrushBot/7~bl; +http://www.semrush.com/bot.html)"
54.39.203.119 - - [27/Feb/2026:11:18:57 -0500] "GET /product-tag/burn/?product_view=grid&product_orderby=price&product_count=36&product_order=desc HTTP/1.1" 404 13538 "-" "Mozilla/5.0 (compatible; AhrefsBot/7.0; +http://ahrefs.com/robot/)"
114.119.151.197 - - [27/Feb/2026:11:18:59 -0500] "GET /product-tag/garret-suhrie/?product_order=asc&product_orderby=popularity&product_view=list HTTP/1.1" 301 - "https://clavo.space/product-tag/garret-suhrie/?product_order=asc&product_orderby=popularity" "Mozilla/5.0 (Linux; Android 7.0;) AppleWebKit/537.36 (KHTML, like Gecko) Mobile Safari/537.36 (compatible; PetalBot;+https://webmaster.petalsearch.com/site/petalbot)"
114.119.151.197 - - [27/Feb/2026:11:19:01 -0500] "GET /portfolio-item/garret-suhrie/?product_order=asc&product_orderby=popularity&product_view=list HTTP/1.1" 200 23623 "https://clavo.space/product-tag/garret-suhrie/?product_order=asc&product_orderby=popularity" "Mozilla/5.0 (Linux; Android 7.0;) AppleWebKit/537.36 (KHTML, like Gecko) Mobile Safari/537.36 (compatible; PetalBot;+https://webmaster.petalsearch.com/site/petalbot)"
185.191.171.8 - - [27/Feb/2026:11:19:12 -0500] "GET /events/tag/opening/list/?eventDisplay=past&tribe-bar-date=2025-02-06 HTTP/1.1" 200 20696 "-" "Mozilla/5.0 (compatible; SemrushBot/7~bl; +http://www.semrush.com/bot.html)"
85.208.96.201 - - [27/Feb/2026:11:19:16 -0500] "GET /events/list/?tribe-bar-date=2028-01-07 HTTP/1.1" 200 19464 "-" "Mozilla/5.0 (compatible; SemrushBot/7~bl; +http://www.semrush.com/bot.html)"
85.208.96.209 - - [27/Feb/2026:11:19:21 -0500] "GET /events/tag/opening/list/?tribe-bar-date=2023-05-20 HTTP/1.1" 200 19711 "-" "Mozilla/5.0 (compatible; SemrushBot/7~bl; +http://www.semrush.com/bot.html)"
162.253.224.18 - - [27/Feb/2026:11:20:02 -0500] "POST /wp-cron.php?doing_wp_cron=1772209202.3013460636138916015625 HTTP/1.1" 200 - "-" "WordPress/6.9.1; https://clavo.space"
185.191.171.12 - - [27/Feb/2026:11:20:00 -0500] "GET /events/tag/exhibition/list/?tribe-bar-date=2029-03-22 HTTP/1.1" 200 19715 "-" "Mozilla/5.0 (compatible; SemrushBot/7~bl; +http://www.semrush.com/bot.html)"
185.191.171.18 - - [27/Feb/2026:11:20:11 -0500] "GET /events/list/?tribe-bar-date=2024-02-21 HTTP/1.1" 200 19463 "-" "Mozilla/5.0 (compatible; SemrushBot/7~bl; +http://www.semrush.com/bot.html)"
114.119.149.252 - - [27/Feb/2026:11:20:24 -0500] "GET /product-tag/corazon/?product_count=36&product_view=list&product_orderby=name HTTP/1.1" 404 13533 "https://clavo.space/product-tag/corazon/?product_count=36&product_view=list" "Mozilla/5.0 (Linux; Android 7.0;) AppleWebKit/537.36 (KHTML, like Gecko) Mobile Safari/537.36 (compatible; PetalBot;+https://webmaster.petalsearch.com/site/petalbot)"
162.253.224.18 - - [27/Feb/2026:11:20:47 -0500] "POST /wp-cron.php?doing_wp_cron=1772209247.2824809551239013671875 HTTP/1.1" 200 - "-" "WordPress/6.9.1; https://clavo.space"
185.191.171.14 - - [27/Feb/2026:11:20:46 -0500] "GET /events/tag/art/list/?tribe-bar-date=2024-09-17 HTTP/1.1" 200 19721 "-" "Mozilla/5.0 (compatible; SemrushBot/7~bl; +http://www.semrush.com/bot.html)"
43.173.180.56 - - [27/Feb/2026:11:21:03 -0500] "GET /?add-to-cart=1921&product_order=desc&product_orderby=popularity&product_view=list HTTP/1.1" 200 30792 "-" "Mozilla/5.0 (Windows NT 10.0; Win64; x64) AppleWebKit/537.36 (KHTML, like Gecko) Chrome/112.0.0.0 Safari/537.36"
57.141.6.24 - - [27/Feb/2026:11:21:15 -0500] "GET /wp-content/uploads/2025/10/20221228_171923-1024x844.jpg HTTP/1.1" 200 163375 "-" "meta-externalagent/1.1 (+https://developers.facebook.com/docs/sharing/webmasters/crawler)"
157.55.39.15 - - [27/Feb/2026:11:21:15 -0500] "GET /wp/wp-content/uploads/2024/11/amor-00-scaled.webp HTTP/1.1" 200 49104 "-" "Mozilla/5.0 AppleWebKit/537.36 (KHTML, like Gecko; compatible; bingbot/2.0; +http://www.bing.com/bingbot.htm) Chrome/116.0.1938.76 Safari/537.36"
162.253.224.18 - - [27/Feb/2026:11:21:33 -0500] "POST /wp-cron.php?doing_wp_cron=1772209293.1548399925231933593750 HTTP/1.1" 200 - "-" "WordPress/6.9.1; https://clavo.space"
85.208.96.206 - - [27/Feb/2026:11:21:31 -0500] "GET /events/list/?tribe-bar-date=2020-03-15 HTTP/1.1" 200 19464 "-" "Mozilla/5.0 (compatible; SemrushBot/7~bl; +http://www.semrush.com/bot.html)"
43.173.173.221 - - [27/Feb/2026:11:21:33 -0500] "GET /?add-to-cart=1921&product_order=desc&product_orderby=popularity&product_view=list HTTP/1.1" 200 30793 "-" "Mozilla/5.0 (Windows NT 10.0; Win64; x64) AppleWebKit/537.36 (KHTML, like Gecko) Chrome/131.0.0.0 Safari/537.36"
157.20.105.176 - - [27/Feb/2026:11:21:46 -0500] "GET /wp-login.php HTTP/1.1" 200 2093 "-" "Mozilla/5.0 (X11; CrOS x86_64 10452.85.0) AppleWebKit/537.36 (KHTML, like Gecko) Chrome/66.0.3359.158 Safari/537.36"
114.119.132.131 - - [27/Feb/2026:11:21:47 -0500] "GET /product-tag/corazon/?product_count=36&product_orderby=default&product_order=desc HTTP/1.1" 404 13537 "https://clavo.space/product-tag/corazon/?product_count=36&product_orderby=default" "Mozilla/5.0 (Linux; Android 7.0;) AppleWebKit/537.36 (KHTML, like Gecko) Mobile Safari/537.36 (compatible; PetalBot;+https://webmaster.petalsearch.com/site/petalbot)"
157.20.105.176 - - [27/Feb/2026:11:21:48 -0500] "POST /wp-login.php HTTP/1.1" 200 2224 "https://212productions.net/wp-login.php" "Mozilla/5.0 (X11; CrOS x86_64 10452.85.0) AppleWebKit/537.36 (KHTML, like Gecko) Chrome/66.0.3359.158 Safari/537.36"
43.173.174.131 - - [27/Feb/2026:11:21:56 -0500] "GET /?add-to-cart=1921&product_order=desc&product_orderby=popularity&product_view=list HTTP/1.1" 200 30785 "-" "Mozilla/5.0 (Windows NT 10.0; Win64; x64) AppleWebKit/537.36 (KHTML, like Gecko) Chrome/105.0.0.0 Safari/537.3"
43.173.180.84 - - [27/Feb/2026:11:22:12 -0500] "POST /wp-admin/admin-ajax.php HTTP/1.1" 200 95 "https://clavo.space/?add-to-cart=1921&product_order=desc&product_orderby=popularity&product_view=list" "Mozilla/5.0 (Windows NT 10.0; Win64; x64) AppleWebKit/537.36 (KHTML, like Gecko) Chrome/105.0.0.0 Safari/537.3"
162.253.224.18 - - [27/Feb/2026:11:22:40 -0500] "POST /wp-cron.php?doing_wp_cron=1772209360.5202119350433349609375 HTTP/1.1" 200 - "-" "WordPress/6.9.1; https://clavo.space"
65.21.12.180 - - [27/Feb/2026:11:22:39 -0500] "POST /xmlrpc.php HTTP/1.1" 200 225 "-" "Mozilla/5.0 (Windows NT 10.0; Win64; x64; rv:62.0) Gecko/20100101 Firefox/62.0"
51.222.95.39 - - [27/Feb/2026:11:22:47 -0500] "GET /product-tag/burn/?product_view=grid&product_orderby=price&product_count=12&product_order=desc HTTP/1.1" 404 13534 "-" "Mozilla/5.0 (compatible; AhrefsBot/7.0; +http://ahrefs.com/robot/)"
205.185.124.168 - - [27/Feb/2026:11:22:50 -0500] "GET /wp-login.php HTTP/1.1" 200 6864 "-" "Mozilla/5.0 (iPhone; CPU iPhone OS 7_1_1 like Mac OS X) AppleWebKit/537.51.2 (KHTML, like Gecko) Version/7.0 Mobile/11D201 Safari/9537.53"
205.185.124.168 - - [27/Feb/2026:11:22:51 -0500] "POST /wp-login.php HTTP/1.1" 200 7350 "-" "Mozilla/5.0 (iPhone; CPU iPhone OS 7_1_1 like Mac OS X) AppleWebKit/537.51.2 (KHTML, like Gecko) Version/7.0 Mobile/11D201 Safari/9537.53"
114.119.153.245 - - [27/Feb/2026:11:23:11 -0500] "GET /product-tag/corazon/?product_count=12&product_orderby=date&product_view=list HTTP/1.1" 404 13544 "https://clavo.space/product-tag/corazon/?product_count=12&product_orderby=date" "Mozilla/5.0 (Linux; Android 7.0;) AppleWebKit/537.36 (KHTML, like Gecko) Mobile Safari/537.36 (compatible; PetalBot;+https://webmaster.petalsearch.com/site/petalbot)"
185.191.171.18 - - [27/Feb/2026:11:23:18 -0500] "GET /events/tag/art/list/?eventDisplay=past&tribe-bar-date=2022-05-18 HTTP/1.1" 200 20699 "-" "Mozilla/5.0 (compatible; SemrushBot/7~bl; +http://www.semrush.com/bot.html)"
162.253.224.18 - - [27/Feb/2026:11:23:42 -0500] "POST /wp-cron.php?doing_wp_cron=1772209422.2150011062622070312500 HTTP/1.1" 200 - "-" "WordPress/6.9.1; https://clavo.space"
66.249.79.68 - - [27/Feb/2026:11:23:40 -0500] "GET /page/2/?h=egt02ihni2h3rfy HTTP/1.1" 200 30448 "-" "Mozilla/5.0 (Linux; Android 6.0.1; Nexus 5X Build/MMB29P) AppleWebKit/537.36 (KHTML, like Gecko) Chrome/144.0.7559.132 Mobile Safari/537.36 (compatible; GoogleOther)"
85.208.96.209 - - [27/Feb/2026:11:24:01 -0500] "GET /events/list/?eventDisplay=past&tribe-bar-date=2027-06-24 HTTP/1.1" 200 20446 "-" "Mozilla/5.0 (compatible; SemrushBot/7~bl; +http://www.semrush.com/bot.html)"
209.141.54.133 - - [27/Feb/2026:11:24:21 -0500] "GET /wp-login.php HTTP/1.1" 200 6864 "-" "Mozilla/5.0 (Windows NT 5.1) AppleWebKit/537.36 (KHTML, like Gecko) Chrome/36.0.1985.125 Safari/537.36"
209.141.54.133 - - [27/Feb/2026:11:24:22 -0500] "POST /wp-login.php HTTP/1.1" 200 7350 "-" "Mozilla/5.0 (Windows NT 5.1) AppleWebKit/537.36 (KHTML, like Gecko) Chrome/36.0.1985.125 Safari/537.36"
85.208.96.199 - - [27/Feb/2026:11:24:22 -0500] "GET /events/tag/exhibition/list/?eventDisplay=past&tribe-bar-date=2029-03-21 HTTP/1.1" 200 20688 "-" "Mozilla/5.0 (compatible; SemrushBot/7~bl; +http://www.semrush.com/bot.html)"
162.253.224.18 - - [27/Feb/2026:11:24:34 -0500] "POST /wp-cron.php?doing_wp_cron=1772209474.5322909355163574218750 HTTP/1.1" 200 - "-" "WordPress/6.9.1; https://clavo.space"
114.119.149.252 - - [27/Feb/2026:11:24:33 -0500] "GET /product-tag/burn/?product_count=36&product_view=list HTTP/1.1" 404 13543 "https://clavo.space/product-tag/burn/?product_count=12&product_view=list" "Mozilla/5.0 (Linux; Android 7.0;) AppleWebKit/537.36 (KHTML, like Gecko) Mobile Safari/537.36 (compatible; PetalBot;+https://webmaster.petalsearch.com/site/petalbot)"
162.253.224.18 - - [27/Feb/2026:11:25:58 -0500] "POST /wp-cron.php?doing_wp_cron=1772209558.7261059284210205078125 HTTP/1.1" 200 - "-" "WordPress/6.9.1; https://clavo.space"
114.119.136.13 - - [27/Feb/2026:11:25:57 -0500] "GET /product-tag/burn/?product_count=36&product_view=grid&product_orderby=default&product_order=desc HTTP/1.1" 404 13538 "https://clavo.space/product-tag/burn/?product_count=36&product_view=grid&product_orderby=rating&product_order=desc" "Mozilla/5.0 (Linux; Android 7.0;) AppleWebKit/537.36 (KHTML, like Gecko) Mobile Safari/537.36 (compatible; PetalBot;+https://webmaster.petalsearch.com/site/petalbot)"
85.208.96.199 - - [27/Feb/2026:11:25:59 -0500] "GET /events/tag/opening/day/2028-11-15/ HTTP/1.1" 200 14443 "-" "Mozilla/5.0 (compatible; SemrushBot/7~bl; +http://www.semrush.com/bot.html)"
66.249.79.67 - - [27/Feb/2026:11:26:15 -0500] "GET /page/3/?h=e82ubrqlrbqc2o7 HTTP/1.1" 200 30620 "-" "Mozilla/5.0 (Linux; Android 6.0.1; Nexus 5X Build/MMB29P) AppleWebKit/537.36 (KHTML, like Gecko) Chrome/144.0.7559.132 Mobile Safari/537.36 (compatible; GoogleOther)"
185.191.171.16 - - [27/Feb/2026:11:26:17 -0500] "GET /events/tag/opening/list/?tribe-bar-date=2021-06-29 HTTP/1.1" 200 19703 "-" "Mozilla/5.0 (compatible; SemrushBot/7~bl; +http://www.semrush.com/bot.html)"
88.99.141.188 - - [27/Feb/2026:11:26:18 -0500] "GET /wp-login.php HTTP/1.1" 200 2093 "-" "Mozilla/5.0 (Windows NT 10.0; WOW64; Trident/7.0; Touch; MAARJS; rv:11.0) like Gecko"
88.99.141.188 - - [27/Feb/2026:11:26:19 -0500] "POST /wp-login.php HTTP/1.1" 200 2224 "https://212productions.net/wp-login.php" "Mozilla/5.0 (Windows NT 10.0; WOW64; Trident/7.0; Touch; MAARJS; rv:11.0) like Gecko"
51.222.95.41 - - [27/Feb/2026:11:26:29 -0500] "GET /product-tag/burn/?product_view=grid&product_orderby=name&product_count=36&product_order=desc HTTP/1.1" 404 13525 "-" "Mozilla/5.0 (compatible; AhrefsBot/7.0; +http://ahrefs.com/robot/)"
162.253.224.18 - - [27/Feb/2026:11:27:00 -0500] "POST /wp-cron.php?doing_wp_cron=1772209620.9376819133758544921875 HTTP/1.1" 200 - "-" "WordPress/6.9.1; https://clavo.space"
205.185.123.235 - - [27/Feb/2026:11:26:59 -0500] "GET /wp-login.php HTTP/1.1" 200 6864 "-" "Mozilla/5.0 (X11; Ubuntu; Linux i686; rv:31.0) Gecko/20100101 Firefox/31.0"
205.185.123.235 - - [27/Feb/2026:11:27:09 -0500] "POST /wp-login.php HTTP/1.1" 200 7343 "-" "Mozilla/5.0 (X11; Ubuntu; Linux i686; rv:31.0) Gecko/20100101 Firefox/31.0"
211.47.74.19 - - [27/Feb/2026:11:27:13 -0500] "POST /xmlrpc.php HTTP/1.1" 200 225 "-" "Mozilla/5.0 (Macintosh; Intel Mac OS X 10_12_6) AppleWebKit/537.36 (KHTML, like Gecko) Chrome/65.0.3325.162 Safari/537.36"
85.208.96.201 - - [27/Feb/2026:11:27:16 -0500] "GET /events/tag/opening/list/?tribe-bar-date=2026-11-29 HTTP/1.1" 200 19719 "-" "Mozilla/5.0 (compatible; SemrushBot/7~bl; +http://www.semrush.com/bot.html)"
114.119.149.252 - - [27/Feb/2026:11:27:21 -0500] "GET /product-tag/beatriz-gomez/?product_count=24&product_orderby=price&product_view=list HTTP/1.1" 404 13533 "https://clavo.space/product-tag/beatriz-gomez/?product_count=24&product_orderby=default&product_view=list" "Mozilla/5.0 (Linux; Android 7.0;) AppleWebKit/537.36 (KHTML, like Gecko) Mobile Safari/537.36 (compatible; PetalBot;+https://webmaster.petalsearch.com/site/petalbot)"
162.253.224.18 - - [27/Feb/2026:11:28:04 -0500] "POST /wp-cron.php?doing_wp_cron=1772209684.4745008945465087890625 HTTP/1.1" 200 - "-" "WordPress/6.9.1; https://clavo.space"
185.191.171.2 - - [27/Feb/2026:11:28:03 -0500] "GET /events/tag/clavo-space/list/?tribe-bar-date=2025-09-18 HTTP/1.1" 200 19734 "-" "Mozilla/5.0 (compatible; SemrushBot/7~bl; +http://www.semrush.com/bot.html)"
162.253.224.18 - - [27/Feb/2026:11:28:43 -0500] "POST /wp-cron.php?doing_wp_cron=1772209723.1161251068115234375000 HTTP/1.1" 200 - "-" "WordPress/6.9.1; https://clavo.space"
85.208.96.197 - - [27/Feb/2026:11:28:41 -0500] "GET /events/tag/exhibition/day/2021-08-06/ HTTP/1.1" 200 14443 "-" "Mozilla/5.0 (compatible; SemrushBot/7~bl; +http://www.semrush.com/bot.html)"
114.119.158.196 - - [27/Feb/2026:11:28:45 -0500] "GET /product-tag/autopsy/?product_view=list&product_count=12&product_orderby=popularity HTTP/1.1" 404 13540 "https://clavo.space/product-tag/autopsy/?product_view=list&product_count=12" "Mozilla/5.0 (Linux; Android 7.0;) AppleWebKit/537.36 (KHTML, like Gecko) Mobile Safari/537.36 (compatible; PetalBot;+https://webmaster.petalsearch.com/site/petalbot)"
85.208.96.207 - - [27/Feb/2026:11:28:50 -0500] "GET /events/tag/clavo-space/day/2024-10-28/ HTTP/1.1" 200 14437 "-" "Mozilla/5.0 (compatible; SemrushBot/7~bl; +http://www.semrush.com/bot.html)"
216.244.66.226 - - [27/Feb/2026:11:29:21 -0500] "GET /robots.txt HTTP/1.1" 301 299 "-" "Mozilla/5.0 (compatible; DotBot/1.2; +https://opensiteexplorer.org/dotbot; help@moz.com)"
216.244.66.226 - - [27/Feb/2026:11:29:22 -0500] "GET /robots.txt HTTP/1.1" 304 - "-" "Mozilla/5.0 (compatible; DotBot/1.2; +https://opensiteexplorer.org/dotbot; help@moz.com)"
45.61.188.241 - - [27/Feb/2026:11:29:22 -0500] "GET /wp-login.php HTTP/1.1" 200 6864 "-" "Mozilla/5.0 (X11; Linux x86_64) AppleWebKit/537.36 (KHTML, like Gecko) Chrome/35.0.1916.153 Safari/537.36"
45.61.188.241 - - [27/Feb/2026:11:29:23 -0500] "POST /wp-login.php HTTP/1.1" 200 7350 "-" "Mozilla/5.0 (X11; Linux x86_64) AppleWebKit/537.36 (KHTML, like Gecko) Chrome/35.0.1916.153 Safari/537.36"
185.191.171.11 - - [27/Feb/2026:11:29:30 -0500] "GET /events/tag/opening/list/?tribe-bar-date=2025-09-23 HTTP/1.1" 200 19717 "-" "Mozilla/5.0 (compatible; SemrushBot/7~bl; +http://www.semrush.com/bot.html)"
162.253.224.18 - - [27/Feb/2026:11:29:45 -0500] "POST /wp-cron.php?doing_wp_cron=1772209785.9793419837951660156250 HTTP/1.1" 200 - "-" "WordPress/6.9.1; https://clavo.space"
85.208.96.197 - - [27/Feb/2026:11:29:44 -0500] "GET /events/2024-07-02/ HTTP/1.1" 200 14429 "-" "Mozilla/5.0 (compatible; SemrushBot/7~bl; +http://www.semrush.com/bot.html)"
85.208.96.208 - - [27/Feb/2026:11:30:01 -0500] "GET /events/tag/exhibition/list/?tribe-bar-date=2023-12-24 HTTP/1.1" 200 19708 "-" "Mozilla/5.0 (compatible; SemrushBot/7~bl; +http://www.semrush.com/bot.html)"
114.119.148.154 - - [27/Feb/2026:11:30:08 -0500] "GET /product-tag/archival-pigment-print/?product_order=desc&product_count=24&product_view=grid HTTP/1.1" 404 13553 "https://clavo.space/product-tag/archival-pigment-print/?product_order=desc&product_count=24" "Mozilla/5.0 (Linux; Android 7.0;) AppleWebKit/537.36 (KHTML, like Gecko) Mobile Safari/537.36 (compatible; PetalBot;+https://webmaster.petalsearch.com/site/petalbot)"
85.208.96.198 - - [27/Feb/2026:11:30:16 -0500] "GET /events/tag/clavo-space/day/2025-02-03/ HTTP/1.1" 200 14444 "-" "Mozilla/5.0 (compatible; SemrushBot/7~bl; +http://www.semrush.com/bot.html)"
162.253.224.18 - - [27/Feb/2026:11:30:35 -0500] "POST /wp-cron.php?doing_wp_cron=1772209835.1681399345397949218750 HTTP/1.1" 200 - "-" "WordPress/6.9.1; https://clavo.space"
37.202.222.238 - - [27/Feb/2026:11:30:34 -0500] "GET /wp-login.php HTTP/1.1" 200 2093 "-" "Mozilla/5.0 (Macintosh; Intel Mac OS X 10_13_5) AppleWebKit/537.36 (KHTML, like Gecko) Chrome/67.0.3396.79 Safari/537.36"
37.202.222.238 - - [27/Feb/2026:11:30:35 -0500] "POST /wp-login.php HTTP/1.1" 200 2224 "https://212productions.net/wp-login.php" "Mozilla/5.0 (Macintosh; Intel Mac OS X 10_13_5) AppleWebKit/537.36 (KHTML, like Gecko) Chrome/67.0.3396.79 Safari/537.36"
51.222.95.32 - - [27/Feb/2026:11:30:56 -0500] "GET /product-tag/burn/?product_view=grid&product_count=36&product_order=desc&product_orderby=date HTTP/1.1" 404 13539 "-" "Mozilla/5.0 (compatible; AhrefsBot/7.0; +http://ahrefs.com/robot/)"
74.7.241.135 - - [27/Feb/2026:11:30:57 -0500] "GET /robots.txt HTTP/1.1" 200 111 "-" "Mozilla/5.0 (Macintosh; Intel Mac OS X 10_15_7) AppleWebKit/537.36 (KHTML, like Gecko) Chrome/131.0.0.0 Safari/537.36; compatible; OAI-SearchBot/1.3; robots.txt; +https://openai.com/searchbot"
47.128.38.107 - - [27/Feb/2026:11:31:04 -0500] "GET /cgi-sys/suspendedpage.cgi?paged=3&product_count=36&product_orderby=default&product_view=list HTTP/1.1" 200 7616 "-" "Mozilla/5.0 (Linux; Android 5.0) AppleWebKit/537.36 (KHTML, like Gecko) Mobile Safari/537.36 (compatible; Bytespider; spider-feedback@bytedance.com)"
50.6.226.221 - - [27/Feb/2026:11:31:09 -0500] "POST /xmlrpc.php HTTP/1.1" 200 225 "-" "Mozilla/5.0 (Macintosh; Intel Mac OS X 10_13_3) AppleWebKit/537.36 (KHTML, like Gecko) Chrome/67.0.3396.87 Safari/537.36"
162.253.224.18 - - [27/Feb/2026:11:31:48 -0500] "POST /wp-cron.php?doing_wp_cron=1772209908.2413420677185058593750 HTTP/1.1" 200 - "-" "WordPress/6.9.1; https://clavo.space"
185.191.171.3 - - [27/Feb/2026:11:31:46 -0500] "GET /events/tag/clavo-space/list/?eventDisplay=past&tribe-bar-date=2024-02-21 HTTP/1.1" 200 20699 "-" "Mozilla/5.0 (compatible; SemrushBot/7~bl; +http://www.semrush.com/bot.html)"
114.119.148.154 - - [27/Feb/2026:11:32:03 -0500] "GET /product-tag/archival-pigment-print/?product_order=desc&product_count=12&product_orderby=default&product_view=list HTTP/1.1" 404 13548 "https://clavo.space/product-tag/archival-pigment-print/?product_order=desc&product_count=12&product_orderby=default&product_view=list" "Mozilla/5.0 (Linux; Android 7.0;) AppleWebKit/537.36 (KHTML, like Gecko) Mobile Safari/537.36 (compatible; PetalBot;+https://webmaster.petalsearch.com/site/petalbot)"
185.191.171.9 - - [27/Feb/2026:11:32:03 -0500] "GET /events/category/exhibition/list/?tribe-bar-date=2024-10-21 HTTP/1.1" 200 19749 "-" "Mozilla/5.0 (compatible; SemrushBot/7~bl; +http://www.semrush.com/bot.html)"
216.244.66.226 - - [27/Feb/2026:11:32:26 -0500] "GET /product-tag/abel-adrian/?add-to-cart=1952&product_orderby=price HTTP/1.1" 301 - "-" "Mozilla/5.0 (compatible; DotBot/1.2; +https://opensiteexplorer.org/dotbot; help@moz.com)"
162.253.224.18 - - [27/Feb/2026:11:33:01 -0500] "POST /wp-cron.php?doing_wp_cron=1772209981.1539890766143798828125 HTTP/1.1" 200 - "-" "WordPress/6.9.1; https://clavo.space"
