114.119.132.131 - - [27/Feb/2026:15:04:42 -0500] "GET /product-tag/vijat-mohindra?product_count=12&product_view=grid&product_orderby=price&product_order=asc HTTP/1.1" 404 13547 "https://clavo.space/product-tag/vijat-mohindra/?product_count=12&product_view=grid&product_orderby=default&product_order=asc" "Mozilla/5.0 (Linux; Android 7.0;) AppleWebKit/537.36 (KHTML, like Gecko) Mobile Safari/537.36 (compatible; PetalBot;+https://webmaster.petalsearch.com/site/petalbot)"
192.176.172.166 - - [27/Feb/2026:15:04:56 -0500] "GET /wp-login.php HTTP/1.1" 200 2093 "-" "Mozilla/5.0 (X11; CrOS x86_64 10452.74.0) AppleWebKit/537.36 (KHTML, like Gecko) Chrome/66.0.3359.137 Safari/537.36"
192.176.172.166 - - [27/Feb/2026:15:04:59 -0500] "POST /wp-login.php HTTP/1.1" 200 2224 "https://212productions.net/wp-login.php" "Mozilla/5.0 (X11; CrOS x86_64 10452.74.0) AppleWebKit/537.36 (KHTML, like Gecko) Chrome/66.0.3359.137 Safari/537.36"
185.191.171.16 - - [27/Feb/2026:15:05:25 -0500] "GET /events/category/exhibition/list/?tribe-bar-date=2021-01-20 HTTP/1.1" 200 19751 "-" "Mozilla/5.0 (compatible; SemrushBot/7~bl; +http://www.semrush.com/bot.html)"
216.244.66.226 - - [27/Feb/2026:15:05:40 -0500] "GET /robots.txt HTTP/1.1" 301 299 "-" "Mozilla/5.0 (compatible; DotBot/1.2; +https://opensiteexplorer.org/dotbot; help@moz.com)"
216.244.66.226 - - [27/Feb/2026:15:05:40 -0500] "GET /robots.txt HTTP/1.1" 200 111 "-" "Mozilla/5.0 (compatible; DotBot/1.2; +https://opensiteexplorer.org/dotbot; help@moz.com)"
162.253.224.18 - - [27/Feb/2026:15:06:01 -0500] "POST /wp-cron.php?doing_wp_cron=1772222761.9184389114379882812500 HTTP/1.1" 200 - "-" "WordPress/6.9.1; https://clavo.space"
185.191.171.10 - - [27/Feb/2026:15:06:00 -0500] "GET /events/list/?tribe-bar-date=2020-03-09 HTTP/1.1" 200 19467 "-" "Mozilla/5.0 (compatible; SemrushBot/7~bl; +http://www.semrush.com/bot.html)"
114.119.151.197 - - [27/Feb/2026:15:06:05 -0500] "GET /product-tag/tania-riera/?product_view=list&product_order=asc&product_orderby=name&product_count=24 HTTP/1.1" 301 - "https://clavo.space/product-tag/tania-riera/?product_view=list&product_order=desc&product_orderby=name&product_count=24" "Mozilla/5.0 (Linux; Android 7.0;) AppleWebKit/537.36 (KHTML, like Gecko) Mobile Safari/537.36 (compatible; PetalBot;+https://webmaster.petalsearch.com/site/petalbot)"
114.119.151.197 - - [27/Feb/2026:15:06:09 -0500] "GET /portfolio-item/tania-riera/?product_view=list&product_order=asc&product_orderby=name&product_count=24 HTTP/1.1" 200 20439 "https://clavo.space/product-tag/tania-riera/?product_view=list&product_order=desc&product_orderby=name&product_count=24" "Mozilla/5.0 (Linux; Android 7.0;) AppleWebKit/537.36 (KHTML, like Gecko) Mobile Safari/537.36 (compatible; PetalBot;+https://webmaster.petalsearch.com/site/petalbot)"
162.253.224.18 - - [27/Feb/2026:15:06:39 -0500] "POST /wp-cron.php?doing_wp_cron=1772222799.2365190982818603515625 HTTP/1.1" 200 - "-" "WordPress/6.9.1; https://clavo.space"
85.208.96.200 - - [27/Feb/2026:15:06:37 -0500] "GET /events/tag/exhibition/list/?tribe-bar-date=2022-08-10 HTTP/1.1" 200 19717 "-" "Mozilla/5.0 (compatible; SemrushBot/7~bl; +http://www.semrush.com/bot.html)"
85.208.96.199 - - [27/Feb/2026:15:06:42 -0500] "GET /events/tag/exhibition/list/?eventDisplay=past&tribe-bar-date=2023-06-05 HTTP/1.1" 200 20680 "-" "Mozilla/5.0 (compatible; SemrushBot/7~bl; +http://www.semrush.com/bot.html)"
72.14.199.136 - - [27/Feb/2026:15:06:46 -0500] "GET /?h=ezm0jnafz7akmkr HTTP/1.1" 301 - "-" "Mozilla/5.0 (X11; Linux x86_64) AppleWebKit/537.36 (KHTML, like Gecko) Chrome/144.0.7559.132 Safari/537.36"
72.14.199.133 - - [27/Feb/2026:15:06:48 -0500] "GET /?h=ezm0jnafz7akmkr HTTP/1.1" 200 30757 "-" "Mozilla/5.0 (X11; Linux x86_64) AppleWebKit/537.36 (KHTML, like Gecko) Chrome/144.0.7559.132 Safari/537.36"
72.14.199.132 - - [27/Feb/2026:15:06:51 -0500] "POST /wp-admin/admin-ajax.php HTTP/1.1" 200 95 "https://clavo.space/?h=ezm0jnafz7akmkr" "Mozilla/5.0 (X11; Linux x86_64) AppleWebKit/537.36 (KHTML, like Gecko) Chrome/144.0.7559.132 Safari/537.36"
216.244.66.226 - - [27/Feb/2026:15:06:57 -0500] "GET /cgi-sys/suspendedpage.cgi?add-to-cart=1866&product_count=12 HTTP/1.1" 200 7616 "-" "Mozilla/5.0 (compatible; DotBot/1.2; +https://opensiteexplorer.org/dotbot; help@moz.com)"
114.119.136.13 - - [27/Feb/2026:15:07:31 -0500] "GET /product-tag/tania-riera/?product_orderby=popularity&product_order=asc HTTP/1.1" 301 - "https://clavo.space/product-tag/tania-riera/?product_orderby=date&product_order=asc" "Mozilla/5.0 (Linux; Android 7.0;) AppleWebKit/537.36 (KHTML, like Gecko) Mobile Safari/537.36 (compatible; PetalBot;+https://webmaster.petalsearch.com/site/petalbot)"
162.253.224.18 - - [27/Feb/2026:15:07:36 -0500] "POST /wp-cron.php?doing_wp_cron=1772222856.9220190048217773437500 HTTP/1.1" 200 - "-" "WordPress/6.9.1; https://clavo.space"
114.119.136.13 - - [27/Feb/2026:15:07:35 -0500] "GET /portfolio-item/tania-riera/?product_orderby=popularity&product_order=asc HTTP/1.1" 200 20441 "https://clavo.space/product-tag/tania-riera/?product_orderby=date&product_order=asc" "Mozilla/5.0 (Linux; Android 7.0;) AppleWebKit/537.36 (KHTML, like Gecko) Mobile Safari/537.36 (compatible; PetalBot;+https://webmaster.petalsearch.com/site/petalbot)"
185.191.171.17 - - [27/Feb/2026:15:07:49 -0500] "GET /events/list/?eventDisplay=past&tribe-bar-date=2024-12-23 HTTP/1.1" 200 20436 "-" "Mozilla/5.0 (compatible; SemrushBot/7~bl; +http://www.semrush.com/bot.html)"
216.244.66.226 - - [27/Feb/2026:15:07:55 -0500] "GET /product-tag/abel-adrian/?add-to-cart=1970&product_count=36 HTTP/1.1" 301 - "-" "Mozilla/5.0 (compatible; DotBot/1.2; +https://opensiteexplorer.org/dotbot; help@moz.com)"
216.244.66.226 - - [27/Feb/2026:15:08:00 -0500] "GET /product-tag/abel-adrian/?add-to-cart=6994&product_count=24 HTTP/1.1" 301 - "-" "Mozilla/5.0 (compatible; DotBot/1.2; +https://opensiteexplorer.org/dotbot; help@moz.com)"
216.244.66.226 - - [27/Feb/2026:15:08:04 -0500] "GET /product-tag/abel-adrian/?add-to-cart=6584&product_orderby=price HTTP/1.1" 301 - "-" "Mozilla/5.0 (compatible; DotBot/1.2; +https://opensiteexplorer.org/dotbot; help@moz.com)"
216.244.66.226 - - [27/Feb/2026:15:08:26 -0500] "GET /product-category/collage-mixmedia/collage/?product_orderby=price&product_view=grid&product_count=12&product_order=desc HTTP/1.1" 404 13545 "-" "Mozilla/5.0 (compatible; DotBot/1.2; +https://opensiteexplorer.org/dotbot; help@moz.com)"
212.129.7.184 - - [27/Feb/2026:15:08:31 -0500] "POST /wp-login.php HTTP/1.1" 200 2260 "-" "Mozilla/5.0 (Windows NT 10.0) AppleWebKit/537.36 (KHTML, like Gecko) Chrome/138.0.0.0 Safari/537.36 Edg/138.0.0.0"
162.253.224.18 - - [27/Feb/2026:15:08:37 -0500] "POST /wp-cron.php?doing_wp_cron=1772222917.0394830703735351562500 HTTP/1.1" 200 - "-" "WordPress/6.9.1; https://clavo.space"
37.27.62.82 - - [27/Feb/2026:15:08:35 -0500] "POST /xmlrpc.php HTTP/1.1" 200 225 "-" "Mozilla/5.0 (Windows NT 6.1) AppleWebKit/537.36 (KHTML, like Gecko) Chrome/65.0.3325.181 Safari/537.36"
111.172.249.49 - - [27/Feb/2026:15:08:38 -0500] "GET /wp/broken-film/ HTTP/1.1" 301 326 "http://www.brokendocumentary.film" "Mozilla/5.0 (iPhone; CPU iPhone OS 13_2_3 like Mac OS X) AppleWebKit/605.1.15 (KHTML, like Gecko) Version/13.0.3 Mobile/15E148 Safari/604.1"
54.39.136.65 - - [27/Feb/2026:15:08:51 -0500] "GET /product-category/paintings/coffe-and-ashes/?product_orderby=popularity&product_view=list&product_order=desc&product_count=36 HTTP/1.1" 404 13554 "-" "Mozilla/5.0 (compatible; AhrefsBot/7.0; +http://ahrefs.com/robot/)"
114.119.132.131 - - [27/Feb/2026:15:08:53 -0500] "GET /product-tag/tania-riera/?product_order=desc&product_count=12&product_orderby=price HTTP/1.1" 301 - "https://clavo.space/product-tag/tania-riera/?product_order=desc&product_count=12" "Mozilla/5.0 (Linux; Android 7.0;) AppleWebKit/537.36 (KHTML, like Gecko) Mobile Safari/537.36 (compatible; PetalBot;+https://webmaster.petalsearch.com/site/petalbot)"
114.119.132.131 - - [27/Feb/2026:15:08:57 -0500] "GET /portfolio-item/tania-riera/?product_order=desc&product_count=12&product_orderby=price HTTP/1.1" 200 20430 "https://clavo.space/product-tag/tania-riera/?product_order=desc&product_count=12" "Mozilla/5.0 (Linux; Android 7.0;) AppleWebKit/537.36 (KHTML, like Gecko) Mobile Safari/537.36 (compatible; PetalBot;+https://webmaster.petalsearch.com/site/petalbot)"
85.208.96.195 - - [27/Feb/2026:15:09:02 -0500] "GET /events/category/exhibition/list/?eventDisplay=past&tribe-bar-date=2024-07-22 HTTP/1.1" 200 20723 "-" "Mozilla/5.0 (compatible; SemrushBot/7~bl; +http://www.semrush.com/bot.html)"
85.208.96.194 - - [27/Feb/2026:15:09:16 -0500] "GET /events/list/?eventDisplay=past&tribe-bar-date=2029-03-01 HTTP/1.1" 200 20441 "-" "Mozilla/5.0 (compatible; SemrushBot/7~bl; +http://www.semrush.com/bot.html)"
159.65.19.147 - - [27/Feb/2026:15:09:27 -0500] "GET /wp-login.php HTTP/1.1" 200 2093 "-" "Mozilla/4.0 (compatible; MSIE 7.0; Windows NT 6.1; WOW64; Trident/7.0; SLCC2; .NET CLR 2.0.50727; .NET CLR 3.5.30729; .NET CLR 3.0.30729; Media Center PC 6.0; .NET4.0C)"
159.65.19.147 - - [27/Feb/2026:15:09:28 -0500] "POST /wp-login.php HTTP/1.1" 200 2224 "https://212productions.net/wp-login.php" "Mozilla/4.0 (compatible; MSIE 7.0; Windows NT 6.1; WOW64; Trident/7.0; SLCC2; .NET CLR 2.0.50727; .NET CLR 3.5.30729; .NET CLR 3.0.30729; Media Center PC 6.0; .NET4.0C)"
114.119.143.174 - - [27/Feb/2026:15:09:37 -0500] "GET /wp/wp-content/uploads/2024/11/amor-9-scaled.webp HTTP/1.1" 200 146077 "https://212productions.net/wp/portfolio-items/david-lachapelle-amor/?portfolioCats=57%2C46%2C6%2C64%2C47%2C56%2C54%2C55" "Mozilla/5.0 (Linux; Android 7.0;) AppleWebKit/537.36 (KHTML, like Gecko) Mobile Safari/537.36 (compatible; PetalBot;+https://webmaster.petalsearch.com/site/petalbot)"
162.253.224.18 - - [27/Feb/2026:15:09:40 -0500] "POST /wp-cron.php?doing_wp_cron=1772222980.2811470031738281250000 HTTP/1.1" 200 - "-" "WordPress/6.9.1; https://clavo.space"
20.219.8.79 - - [27/Feb/2026:15:09:39 -0500] "GET /wp-content/plugins/ninja-forms/randkeyword.php HTTP/1.1" 404 13546 "-" "Mozilla/5.0 (Windows NT 10.0; Win64; x64) AppleWebKit/537.36 (KHTML, like Gecko) Chrome/120.0.0.0 Safari/537.36"
20.219.8.79 - - [27/Feb/2026:15:09:40 -0500] "GET /sad/about.php HTTP/1.1" 404 13533 "-" "Mozilla/5.0 (Windows NT 10.0; Win64; x64) AppleWebKit/537.36 (KHTML, like Gecko) Chrome/120.0.0.0 Safari/537.36"
20.219.8.79 - - [27/Feb/2026:15:09:42 -0500] "GET /buy.php HTTP/1.1" 404 13517 "-" "Mozilla/5.0 (Windows NT 10.0; Win64; x64) AppleWebKit/537.36 (KHTML, like Gecko) Chrome/120.0.0.0 Safari/537.36"
20.219.8.79 - - [27/Feb/2026:15:09:44 -0500] "GET /wp-includes/Requests/Cookie/cloud.php HTTP/1.1" 404 13547 "-" "Mozilla/5.0 (Windows NT 10.0; Win64; x64) AppleWebKit/537.36 (KHTML, like Gecko) Chrome/120.0.0.0 Safari/537.36"
20.219.8.79 - - [27/Feb/2026:15:09:45 -0500] "GET /wp-admin/includes/wp-admin.php HTTP/1.1" 404 13532 "-" "Mozilla/5.0 (Windows NT 10.0; Win64; x64) AppleWebKit/537.36 (KHTML, like Gecko) Chrome/120.0.0.0 Safari/537.36"
20.219.8.79 - - [27/Feb/2026:15:09:47 -0500] "GET /wp-admin/css/dropdown.php HTTP/1.1" 404 13534 "-" "Mozilla/5.0 (Windows NT 10.0; Win64; x64) AppleWebKit/537.36 (KHTML, like Gecko) Chrome/120.0.0.0 Safari/537.36"
35.205.159.124 - - [27/Feb/2026:15:09:49 -0500] "GET / HTTP/1.1" 301 311 "-" "python-requests/2.23.0"
20.219.8.79 - - [27/Feb/2026:15:09:48 -0500] "GET /wp-includes/rest-api/functions.php HTTP/1.1" 404 13538 "-" "Mozilla/5.0 (Windows NT 10.0; Win64; x64) AppleWebKit/537.36 (KHTML, like Gecko) Chrome/120.0.0.0 Safari/537.36"
35.205.159.124 - - [27/Feb/2026:15:09:49 -0500] "GET / HTTP/1.1" 301 - "-" "python-requests/2.23.0"
20.219.8.79 - - [27/Feb/2026:15:09:51 -0500] "GET /wp-admin/images/defaults.php HTTP/1.1" 404 13540 "-" "Mozilla/5.0 (Windows NT 10.0; Win64; x64) AppleWebKit/537.36 (KHTML, like Gecko) Chrome/120.0.0.0 Safari/537.36"
20.219.8.79 - - [27/Feb/2026:15:09:52 -0500] "GET /simple.php HTTP/1.1" 404 13519 "-" "Mozilla/5.0 (Windows NT 10.0; Win64; x64) AppleWebKit/537.36 (KHTML, like Gecko) Chrome/120.0.0.0 Safari/537.36"
178.211.57.76 - - [27/Feb/2026:15:09:54 -0500] "GET / HTTP/1.1" 301 311 "-" "python-requests/2.23.0"
20.219.8.79 - - [27/Feb/2026:15:09:54 -0500] "GET /Admin/uploads/text.php HTTP/1.1" 404 13534 "-" "Mozilla/5.0 (Windows NT 10.0; Win64; x64) AppleWebKit/537.36 (KHTML, like Gecko) Chrome/120.0.0.0 Safari/537.36"
20.219.8.79 - - [27/Feb/2026:15:09:56 -0500] "GET /wp-includes/images/smilies/flower.php HTTP/1.1" 404 13529 "-" "Mozilla/5.0 (Windows NT 10.0; Win64; x64) AppleWebKit/537.36 (KHTML, like Gecko) Chrome/120.0.0.0 Safari/537.36"
20.219.8.79 - - [27/Feb/2026:15:09:57 -0500] "GET /wp-admin/VbkWJt9n2fP.php HTTP/1.1" 404 13542 "-" "Mozilla/5.0 (Windows NT 10.0; Win64; x64) AppleWebKit/537.36 (KHTML, like Gecko) Chrome/120.0.0.0 Safari/537.36"
20.219.8.79 - - [27/Feb/2026:15:09:59 -0500] "GET /classsmtps.php HTTP/1.1" 404 13530 "-" "Mozilla/5.0 (Windows NT 10.0; Win64; x64) AppleWebKit/537.36 (KHTML, like Gecko) Chrome/120.0.0.0 Safari/537.36"
20.219.8.79 - - [27/Feb/2026:15:10:01 -0500] "GET /wp-includes/block-supports/block-bindings.php HTTP/1.1" 404 13537 "-" "Mozilla/5.0 (Windows NT 10.0; Win64; x64) AppleWebKit/537.36 (KHTML, like Gecko) Chrome/120.0.0.0 Safari/537.36"
20.219.8.79 - - [27/Feb/2026:15:10:03 -0500] "GET /wp-includes/SimplePie/Content/root.php HTTP/1.1" 404 13545 "-" "Mozilla/5.0 (Windows NT 10.0; Win64; x64) AppleWebKit/537.36 (KHTML, like Gecko) Chrome/120.0.0.0 Safari/537.36"
185.191.171.9 - - [27/Feb/2026:15:10:04 -0500] "GET /events/list/?tribe-bar-date=2023-08-12 HTTP/1.1" 200 19462 "-" "Mozilla/5.0 (compatible; SemrushBot/7~bl; +http://www.semrush.com/bot.html)"
20.219.8.79 - - [27/Feb/2026:15:10:05 -0500] "GET /.well-known/acme-challenge/xmrlpc.php HTTP/1.1" 404 13554 "-" "Mozilla/5.0 (Windows NT 10.0; Win64; x64) AppleWebKit/537.36 (KHTML, like Gecko) Chrome/120.0.0.0 Safari/537.36"
20.219.8.79 - - [27/Feb/2026:15:10:07 -0500] "GET /wp-includes/theme-compat/index.php HTTP/1.1" 301 - "-" "Mozilla/5.0 (Windows NT 10.0; Win64; x64) AppleWebKit/537.36 (KHTML, like Gecko) Chrome/120.0.0.0 Safari/537.36"
20.219.8.79 - - [27/Feb/2026:15:10:08 -0500] "GET /moon.php HTTP/1.1" 404 13527 "-" "Mozilla/5.0 (Windows NT 10.0; Win64; x64) AppleWebKit/537.36 (KHTML, like Gecko) Chrome/120.0.0.0 Safari/537.36"
209.97.164.254 - - [27/Feb/2026:15:10:09 -0500] "GET /wp-json/wp/v2/posts?per_page=3&_fields=id,link,title HTTP/1.1" 200 281 "-" "Mozilla/5.0 (Windows NT 10.0; Win64; x64) AppleWebKit/537.36 (KHTML, like Gecko) Chrome/129.0.0.0 Safari/537.36"
85.208.96.197 - - [27/Feb/2026:15:10:09 -0500] "GET /events/tag/opening/day/2027-06-14/ HTTP/1.1" 200 14439 "-" "Mozilla/5.0 (compatible; SemrushBot/7~bl; +http://www.semrush.com/bot.html)"
20.219.8.79 - - [27/Feb/2026:15:10:11 -0500] "GET /Public/system.php HTTP/1.1" 404 13538 "-" "Mozilla/5.0 (Windows NT 10.0; Win64; x64) AppleWebKit/537.36 (KHTML, like Gecko) Chrome/120.0.0.0 Safari/537.36"
209.97.164.254 - - [27/Feb/2026:15:10:13 -0500] "POST /2026/02/02/svechnoj-analiz-habr-3/wp-comments-post.php HTTP/1.1" 404 13563 "https://clavo.space/2026/02/02/svechnoj-analiz-habr-3/" "Mozilla/5.0 (Windows NT 10.0; Win64; x64) AppleWebKit/537.36 (KHTML, like Gecko) Chrome/129.0.0.0 Safari/537.36"
20.219.8.79 - - [27/Feb/2026:15:10:15 -0500] "GET /index/function.php HTTP/1.1" 404 13533 "-" "Mozilla/5.0 (Windows NT 10.0; Win64; x64) AppleWebKit/537.36 (KHTML, like Gecko) Chrome/120.0.0.0 Safari/537.36"
205.185.122.204 - - [27/Feb/2026:15:10:17 -0500] "GET /wp-login.php HTTP/1.1" 200 6864 "-" "Mozilla/5.0 (Windows NT 6.3; WOW64) AppleWebKit/537.36 (KHTML, like Gecko) Chrome/36.0.1985.143 Safari/537.36"
209.97.164.254 - - [27/Feb/2026:15:10:17 -0500] "POST /2026/02/02/punkt-i-pips-v-trejdinge-2/wp-comments-post.php HTTP/1.1" 404 13557 "https://clavo.space/2026/02/02/punkt-i-pips-v-trejdinge-2/" "Mozilla/5.0 (Windows NT 10.0; Win64; x64) AppleWebKit/537.36 (KHTML, like Gecko) Chrome/129.0.0.0 Safari/537.36"
114.119.148.154 - - [27/Feb/2026:15:10:17 -0500] "GET /product-tag/garret-suhrie/?product_view=list&product_order=asc&product_count=24 HTTP/1.1" 301 - "https://clavo.space/product-tag/garret-suhrie/?product_view=list&product_order=desc&product_count=24" "Mozilla/5.0 (Linux; Android 7.0;) AppleWebKit/537.36 (KHTML, like Gecko) Mobile Safari/537.36 (compatible; PetalBot;+https://webmaster.petalsearch.com/site/petalbot)"
20.219.8.79 - - [27/Feb/2026:15:10:17 -0500] "GET /modules/colors.php HTTP/1.1" 404 13531 "-" "Mozilla/5.0 (Windows NT 10.0; Win64; x64) AppleWebKit/537.36 (KHTML, like Gecko) Chrome/120.0.0.0 Safari/537.36"
185.191.171.11 - - [27/Feb/2026:15:10:21 -0500] "GET /events/tag/exhibition/list/?tribe-bar-date=2023-01-08 HTTP/1.1" 200 19711 "-" "Mozilla/5.0 (compatible; SemrushBot/7~bl; +http://www.semrush.com/bot.html)"
20.219.8.79 - - [27/Feb/2026:15:10:22 -0500] "GET /.well-known/edit.php HTTP/1.1" 404 13546 "-" "Mozilla/5.0 (Windows NT 10.0; Win64; x64) AppleWebKit/537.36 (KHTML, like Gecko) Chrome/120.0.0.0 Safari/537.36"
209.97.164.254 - - [27/Feb/2026:15:10:23 -0500] "POST /2025/12/11/collaborating-to-see-differently/wp-comments-post.php HTTP/1.1" 404 13559 "https://clavo.space/2025/12/11/collaborating-to-see-differently/" "Mozilla/5.0 (Windows NT 10.0; Win64; x64) AppleWebKit/537.36 (KHTML, like Gecko) Chrome/129.0.0.0 Safari/537.36"
114.119.148.154 - - [27/Feb/2026:15:10:24 -0500] "GET /portfolio-item/garret-suhrie/?product_view=list&product_order=asc&product_count=24 HTTP/1.1" 200 23627 "https://clavo.space/product-tag/garret-suhrie/?product_view=list&product_order=desc&product_count=24" "Mozilla/5.0 (Linux; Android 7.0;) AppleWebKit/537.36 (KHTML, like Gecko) Mobile Safari/537.36 (compatible; PetalBot;+https://webmaster.petalsearch.com/site/petalbot)"
20.219.8.79 - - [27/Feb/2026:15:10:26 -0500] "GET /wp-content/classwithtostring.php HTTP/1.1" 404 13541 "-" "Mozilla/5.0 (Windows NT 10.0; Win64; x64) AppleWebKit/537.36 (KHTML, like Gecko) Chrome/120.0.0.0 Safari/537.36"
20.219.8.79 - - [27/Feb/2026:15:10:28 -0500] "GET /wp-admin/meta/xmlrpc.php HTTP/1.1" 404 13543 "-" "Mozilla/5.0 (Windows NT 10.0; Win64; x64) AppleWebKit/537.36 (KHTML, like Gecko) Chrome/120.0.0.0 Safari/537.36"
20.219.8.79 - - [27/Feb/2026:15:10:30 -0500] "GET /admin/uploads/disagreed.php HTTP/1.1" 404 13534 "-" "Mozilla/5.0 (Windows NT 10.0; Win64; x64) AppleWebKit/537.36 (KHTML, like Gecko) Chrome/120.0.0.0 Safari/537.36"
205.185.122.204 - - [27/Feb/2026:15:10:30 -0500] "POST /wp-login.php HTTP/1.1" 200 7343 "-" "Mozilla/5.0 (Windows NT 6.3; WOW64) AppleWebKit/537.36 (KHTML, like Gecko) Chrome/36.0.1985.143 Safari/537.36"
162.253.224.18 - - [27/Feb/2026:15:10:33 -0500] "POST /wp-cron.php?doing_wp_cron=1772223033.6192770004272460937500 HTTP/1.1" 200 - "-" "WordPress/6.9.1; https://clavo.space"
20.219.8.79 - - [27/Feb/2026:15:10:32 -0500] "GET /.well-known/lofmebwd.php HTTP/1.1" 404 13542 "-" "Mozilla/5.0 (Windows NT 10.0; Win64; x64) AppleWebKit/537.36 (KHTML, like Gecko) Chrome/120.0.0.0 Safari/537.36"
20.219.8.79 - - [27/Feb/2026:15:10:34 -0500] "GET /disoxrmons.php HTTP/1.1" 404 13529 "-" "Mozilla/5.0 (Windows NT 10.0; Win64; x64) AppleWebKit/537.36 (KHTML, like Gecko) Chrome/120.0.0.0 Safari/537.36"
20.219.8.79 - - [27/Feb/2026:15:10:36 -0500] "GET /.well-known/pki-validation/index.php HTTP/1.1" 404 - "-" "Mozilla/5.0 (Windows NT 10.0; Win64; x64) AppleWebKit/537.36 (KHTML, like Gecko) Chrome/120.0.0.0 Safari/537.36"
20.219.8.79 - - [27/Feb/2026:15:10:36 -0500] "GET /wp-includes/SimplePie/Cache/class_api.php HTTP/1.1" 404 13548 "-" "Mozilla/5.0 (Windows NT 10.0; Win64; x64) AppleWebKit/537.36 (KHTML, like Gecko) Chrome/120.0.0.0 Safari/537.36"
20.219.8.79 - - [27/Feb/2026:15:10:38 -0500] "GET /images/stories/colour.php HTTP/1.1" 404 13529 "-" "Mozilla/5.0 (Windows NT 10.0; Win64; x64) AppleWebKit/537.36 (KHTML, like Gecko) Chrome/120.0.0.0 Safari/537.36"
20.219.8.79 - - [27/Feb/2026:15:10:39 -0500] "GET /xmlrpc.php HTTP/1.1" 405 60 "-" "Mozilla/5.0 (Windows NT 10.0; Win64; x64) AppleWebKit/537.36 (KHTML, like Gecko) Chrome/120.0.0.0 Safari/537.36"
20.219.8.79 - - [27/Feb/2026:15:10:40 -0500] "GET /item.php HTTP/1.1" 404 13521 "-" "Mozilla/5.0 (Windows NT 10.0; Win64; x64) AppleWebKit/537.36 (KHTML, like Gecko) Chrome/120.0.0.0 Safari/537.36"
20.219.8.79 - - [27/Feb/2026:15:10:42 -0500] "GET /wp-content/upgrade/alfanew.php7 HTTP/1.1" 404 13536 "-" "Mozilla/5.0 (Windows NT 10.0; Win64; x64) AppleWebKit/537.36 (KHTML, like Gecko) Chrome/120.0.0.0 Safari/537.36"
20.219.8.79 - - [27/Feb/2026:15:10:44 -0500] "GET /1.php HTTP/1.1" 404 13521 "-" "Mozilla/5.0 (Windows NT 10.0; Win64; x64) AppleWebKit/537.36 (KHTML, like Gecko) Chrome/120.0.0.0 Safari/537.36"
20.219.8.79 - - [27/Feb/2026:15:10:45 -0500] "GET /shop/wp-admin.php HTTP/1.1" 404 13533 "-" "Mozilla/5.0 (Windows NT 10.0; Win64; x64) AppleWebKit/537.36 (KHTML, like Gecko) Chrome/120.0.0.0 Safari/537.36"
20.219.8.79 - - [27/Feb/2026:15:10:47 -0500] "GET /wp-admin/maint/system.php HTTP/1.1" 404 13540 "-" "Mozilla/5.0 (Windows NT 10.0; Win64; x64) AppleWebKit/537.36 (KHTML, like Gecko) Chrome/120.0.0.0 Safari/537.36"
20.219.8.79 - - [27/Feb/2026:15:10:48 -0500] "GET /wp-includes/Text/Diff/Engine/config.php7 HTTP/1.1" 404 13547 "-" "Mozilla/5.0 (Windows NT 10.0; Win64; x64) AppleWebKit/537.36 (KHTML, like Gecko) Chrome/120.0.0.0 Safari/537.36"
66.249.79.69 - - [27/Feb/2026:15:10:48 -0500] "GET /page/2/?h=e7v3swje8gjtqt0 HTTP/1.1" 200 30437 "-" "Mozilla/5.0 (Linux; Android 6.0.1; Nexus 5X Build/MMB29P) AppleWebKit/537.36 (KHTML, like Gecko) Chrome/144.0.7559.132 Mobile Safari/537.36 (compatible; GoogleOther)"
20.219.8.79 - - [27/Feb/2026:15:10:51 -0500] "GET /wp-includes/Requests/Exception/file.php HTTP/1.1" 404 13542 "-" "Mozilla/5.0 (Windows NT 10.0; Win64; x64) AppleWebKit/537.36 (KHTML, like Gecko) Chrome/120.0.0.0 Safari/537.36"
20.219.8.79 - - [27/Feb/2026:15:10:52 -0500] "GET /wp-includes/assets/wp-contentt.php HTTP/1.1" 404 13530 "-" "Mozilla/5.0 (Windows NT 10.0; Win64; x64) AppleWebKit/537.36 (KHTML, like Gecko) Chrome/120.0.0.0 Safari/537.36"
20.219.8.79 - - [27/Feb/2026:15:10:54 -0500] "GET /wp-includes/Text/Diff/Renderer/hehe.php HTTP/1.1" 404 13542 "-" "Mozilla/5.0 (Windows NT 10.0; Win64; x64) AppleWebKit/537.36 (KHTML, like Gecko) Chrome/120.0.0.0 Safari/537.36"
20.219.8.79 - - [27/Feb/2026:15:10:56 -0500] "GET /admin/alfa-rex.php HTTP/1.1" 404 13528 "-" "Mozilla/5.0 (Windows NT 10.0; Win64; x64) AppleWebKit/537.36 (KHTML, like Gecko) Chrome/120.0.0.0 Safari/537.36"
20.219.8.79 - - [27/Feb/2026:15:10:57 -0500] "GET /plugins/files.php HTTP/1.1" 404 13533 "-" "Mozilla/5.0 (Windows NT 10.0; Win64; x64) AppleWebKit/537.36 (KHTML, like Gecko) Chrome/120.0.0.0 Safari/537.36"
20.219.8.79 - - [27/Feb/2026:15:10:59 -0500] "GET /wp-includes/IXR/index.php HTTP/1.1" 301 - "-" "Mozilla/5.0 (Windows NT 10.0; Win64; x64) AppleWebKit/537.36 (KHTML, like Gecko) Chrome/120.0.0.0 Safari/537.36"
114.119.133.245 - - [27/Feb/2026:15:10:59 -0500] "GET /wp/portfolio-items/rankin-live-mexico?portfolioCats=57,6 HTTP/1.1" 301 - "https://212productions.net/wp/portfolio-items/rankin-live-mexico?portfolioCats=57%2C6" "Mozilla/5.0 (Linux; Android 7.0;) AppleWebKit/537.36 (KHTML, like Gecko) Mobile Safari/537.36 (compatible; PetalBot;+https://webmaster.petalsearch.com/site/petalbot)"
20.219.8.79 - - [27/Feb/2026:15:11:00 -0500] "GET /public/makeasmtp.php HTTP/1.1" 404 13538 "-" "Mozilla/5.0 (Windows NT 10.0; Win64; x64) AppleWebKit/537.36 (KHTML, like Gecko) Chrome/120.0.0.0 Safari/537.36"
114.119.133.245 - - [27/Feb/2026:15:11:02 -0500] "GET /wp/portfolio-items/rankin-live-mexico/?portfolioCats=57,6 HTTP/1.1" 200 22950 "https://212productions.net/wp/portfolio-items/rankin-live-mexico?portfolioCats=57%2C6" "Mozilla/5.0 (Linux; Android 7.0;) AppleWebKit/537.36 (KHTML, like Gecko) Mobile Safari/537.36 (compatible; PetalBot;+https://webmaster.petalsearch.com/site/petalbot)"
20.219.8.79 - - [27/Feb/2026:15:11:02 -0500] "GET /assets/feeds.php HTTP/1.1" 404 13534 "-" "Mozilla/5.0 (Windows NT 10.0; Win64; x64) AppleWebKit/537.36 (KHTML, like Gecko) Chrome/120.0.0.0 Safari/537.36"
20.219.8.79 - - [27/Feb/2026:15:11:04 -0500] "GET /index.php HTTP/1.1" 301 - "-" "Mozilla/5.0 (Windows NT 10.0; Win64; x64) AppleWebKit/537.36 (KHTML, like Gecko) Chrome/120.0.0.0 Safari/537.36"
20.219.8.79 - - [27/Feb/2026:15:11:05 -0500] "GET /ok.php HTTP/1.1" 404 13530 "-" "Mozilla/5.0 (Windows NT 10.0; Win64; x64) AppleWebKit/537.36 (KHTML, like Gecko) Chrome/120.0.0.0 Safari/537.36"
20.219.8.79 - - [27/Feb/2026:15:11:07 -0500] "GET /wp-includes/Text/Diff/Engine/Engine/about.php HTTP/1.1" 404 13547 "-" "Mozilla/5.0 (Windows NT 10.0; Win64; x64) AppleWebKit/537.36 (KHTML, like Gecko) Chrome/120.0.0.0 Safari/537.36"
20.219.8.79 - - [27/Feb/2026:15:11:08 -0500] "GET /mah/function.php HTTP/1.1" 404 13538 "-" "Mozilla/5.0 (Windows NT 10.0; Win64; x64) AppleWebKit/537.36 (KHTML, like Gecko) Chrome/120.0.0.0 Safari/537.36"
20.219.8.79 - - [27/Feb/2026:15:11:10 -0500] "GET /wp-includes/Requests/Response/wp-configs.php HTTP/1.1" 404 13548 "-" "Mozilla/5.0 (Windows NT 10.0; Win64; x64) AppleWebKit/537.36 (KHTML, like Gecko) Chrome/120.0.0.0 Safari/537.36"
20.219.8.79 - - [27/Feb/2026:15:11:12 -0500] "GET /sites/default/files/text.php HTTP/1.1" 404 13533 "-" "Mozilla/5.0 (Windows NT 10.0; Win64; x64) AppleWebKit/537.36 (KHTML, like Gecko) Chrome/120.0.0.0 Safari/537.36"
20.219.8.79 - - [27/Feb/2026:15:11:13 -0500] "GET /wp-admin/network/index.php HTTP/1.1" 302 - "-" "Mozilla/5.0 (Windows NT 10.0; Win64; x64) AppleWebKit/537.36 (KHTML, like Gecko) Chrome/120.0.0.0 Safari/537.36"
20.219.8.79 - - [27/Feb/2026:15:11:14 -0500] "GET /ws.php HTTP/1.1" 404 13522 "-" "Mozilla/5.0 (Windows NT 10.0; Win64; x64) AppleWebKit/537.36 (KHTML, like Gecko) Chrome/120.0.0.0 Safari/537.36"
20.219.8.79 - - [27/Feb/2026:15:11:16 -0500] "GET /wp-content/mu-plugins-old/yindu.php HTTP/1.1" 404 13542 "-" "Mozilla/5.0 (Windows NT 10.0; Win64; x64) AppleWebKit/537.36 (KHTML, like Gecko) Chrome/120.0.0.0 Safari/537.36"
20.219.8.79 - - [27/Feb/2026:15:11:17 -0500] "GET /wp-includes/images/wlw/admin.php HTTP/1.1" 404 13538 "-" "Mozilla/5.0 (Windows NT 10.0; Win64; x64) AppleWebKit/537.36 (KHTML, like Gecko) Chrome/120.0.0.0 Safari/537.36"
20.219.8.79 - - [27/Feb/2026:15:11:19 -0500] "GET /local/xmlrpc.php0 HTTP/1.1" 404 13538 "-" "Mozilla/5.0 (Windows NT 10.0; Win64; x64) AppleWebKit/537.36 (KHTML, like Gecko) Chrome/120.0.0.0 Safari/537.36"
20.219.8.79 - - [27/Feb/2026:15:11:20 -0500] "GET /wp-includes/post.php HTTP/1.1" 200 - "-" "Mozilla/5.0 (Windows NT 10.0; Win64; x64) AppleWebKit/537.36 (KHTML, like Gecko) Chrome/120.0.0.0 Safari/537.36"
20.219.8.79 - - [27/Feb/2026:15:11:21 -0500] "GET /upload/room.php HTTP/1.1" 404 13532 "-" "Mozilla/5.0 (Windows NT 10.0; Win64; x64) AppleWebKit/537.36 (KHTML, like Gecko) Chrome/120.0.0.0 Safari/537.36"
20.219.8.79 - - [27/Feb/2026:15:11:22 -0500] "GET /.well-known/acme-challenge/post.php HTTP/1.1" 404 13552 "-" "Mozilla/5.0 (Windows NT 10.0; Win64; x64) AppleWebKit/537.36 (KHTML, like Gecko) Chrome/120.0.0.0 Safari/537.36"
20.219.8.79 - - [27/Feb/2026:15:11:24 -0500] "GET /wp-content/uploads/index.php HTTP/1.1" 301 - "-" "Mozilla/5.0 (Windows NT 10.0; Win64; x64) AppleWebKit/537.36 (KHTML, like Gecko) Chrome/120.0.0.0 Safari/537.36"
20.219.8.79 - - [27/Feb/2026:15:11:25 -0500] "GET /wi.php HTTP/1.1" 404 13525 "-" "Mozilla/5.0 (Windows NT 10.0; Win64; x64) AppleWebKit/537.36 (KHTML, like Gecko) Chrome/120.0.0.0 Safari/537.36"
20.219.8.79 - - [27/Feb/2026:15:11:27 -0500] "GET /wp-includes/customize/chosen.php HTTP/1.1" 404 13537 "-" "Mozilla/5.0 (Windows NT 10.0; Win64; x64) AppleWebKit/537.36 (KHTML, like Gecko) Chrome/120.0.0.0 Safari/537.36"
20.219.8.79 - - [27/Feb/2026:15:11:28 -0500] "GET /wp-includes/Text/index.php HTTP/1.1" 301 - "-" "Mozilla/5.0 (Windows NT 10.0; Win64; x64) AppleWebKit/537.36 (KHTML, like Gecko) Chrome/120.0.0.0 Safari/537.36"
20.219.8.79 - - [27/Feb/2026:15:11:29 -0500] "GET /wp-content/plugins/alfa-rex1.php HTTP/1.1" 404 13533 "-" "Mozilla/5.0 (Windows NT 10.0; Win64; x64) AppleWebKit/537.36 (KHTML, like Gecko) Chrome/120.0.0.0 Safari/537.36"
72.14.199.136 - - [27/Feb/2026:15:11:30 -0500] "GET /?h=dx4v15sohps2w29 HTTP/1.1" 301 - "-" "Mozilla/5.0 (X11; Linux x86_64) AppleWebKit/537.36 (KHTML, like Gecko) Chrome/144.0.7559.132 Safari/537.36"
162.253.224.18 - - [27/Feb/2026:15:11:33 -0500] "POST /wp-cron.php?doing_wp_cron=1772223093.7783639430999755859375 HTTP/1.1" 200 - "-" "WordPress/6.9.1; https://clavo.space"
20.219.8.79 - - [27/Feb/2026:15:11:31 -0500] "GET /plugins/function.php HTTP/1.1" 404 13520 "-" "Mozilla/5.0 (Windows NT 10.0; Win64; x64) AppleWebKit/537.36 (KHTML, like Gecko) Chrome/120.0.0.0 Safari/537.36"
162.253.224.18 - - [27/Feb/2026:15:11:36 -0500] "POST /wp-cron.php?doing_wp_cron=1772223096.3531970977783203125000 HTTP/1.1" 200 - "-" "WordPress/6.9.1; https://clavo.space"
72.14.199.131 - - [27/Feb/2026:15:11:32 -0500] "GET /?h=dx4v15sohps2w29 HTTP/1.1" 200 30750 "-" "Mozilla/5.0 (X11; Linux x86_64) AppleWebKit/537.36 (KHTML, like Gecko) Chrome/144.0.7559.132 Safari/537.36"
20.219.8.79 - - [27/Feb/2026:15:11:34 -0500] "GET /template/wp-index.php HTTP/1.1" 404 13534 "-" "Mozilla/5.0 (Windows NT 10.0; Win64; x64) AppleWebKit/537.36 (KHTML, like Gecko) Chrome/120.0.0.0 Safari/537.36"
72.14.199.131 - - [27/Feb/2026:15:11:37 -0500] "POST /wp-admin/admin-ajax.php HTTP/1.1" 200 95 "https://clavo.space/?h=dx4v15sohps2w29" "Mozilla/5.0 (X11; Linux x86_64) AppleWebKit/537.36 (KHTML, like Gecko) Chrome/144.0.7559.132 Safari/537.36"
114.119.163.186 - - [27/Feb/2026:15:11:39 -0500] "GET /product-tag/garret-suhrie/?product_orderby=price&product_count=36&product_order=desc&product_view=list HTTP/1.1" 301 - "https://clavo.space/product-tag/garret-suhrie/?product_orderby=price&product_count=36&product_order=desc&product_view=list" "Mozilla/5.0 (Linux; Android 7.0;) AppleWebKit/537.36 (KHTML, like Gecko) Mobile Safari/537.36 (compatible; PetalBot;+https://webmaster.petalsearch.com/site/petalbot)"
114.119.163.186 - - [27/Feb/2026:15:11:41 -0500] "GET /portfolio-item/garret-suhrie/?product_orderby=price&product_count=36&product_order=desc&product_view=list HTTP/1.1" 200 23620 "https://clavo.space/product-tag/garret-suhrie/?product_orderby=price&product_count=36&product_order=desc&product_view=list" "Mozilla/5.0 (Linux; Android 7.0;) AppleWebKit/537.36 (KHTML, like Gecko) Mobile Safari/537.36 (compatible; PetalBot;+https://webmaster.petalsearch.com/site/petalbot)"
20.151.113.230 - - [27/Feb/2026:15:12:01 -0500] "GET /wp-content/plugins/hellopress/wp_filemanager.php HTTP/1.1" 301 337 "-" "-"
20.151.113.230 - - [27/Feb/2026:15:12:01 -0500] "GET /wp-content/plugins/hellopress/wp_filemanager.php HTTP/1.1" 404 13538 "-" "-"
20.151.113.230 - - [27/Feb/2026:15:12:03 -0500] "GET /yo.php HTTP/1.1" 301 295 "-" "-"
20.151.113.230 - - [27/Feb/2026:15:12:03 -0500] "GET /yo.php HTTP/1.1" 404 13535 "-" "-"
20.151.113.230 - - [27/Feb/2026:15:12:04 -0500] "GET /v2.php HTTP/1.1" 301 295 "-" "-"
20.151.113.230 - - [27/Feb/2026:15:12:04 -0500] "GET /v2.php HTTP/1.1" 404 13528 "-" "-"
20.151.113.230 - - [27/Feb/2026:15:12:05 -0500] "GET /ba.php HTTP/1.1" 301 295 "-" "-"
20.151.113.230 - - [27/Feb/2026:15:12:05 -0500] "GET /ba.php HTTP/1.1" 404 13528 "-" "-"
20.151.113.230 - - [27/Feb/2026:15:12:06 -0500] "GET /ym.php HTTP/1.1" 301 295 "-" "-"
20.151.113.230 - - [27/Feb/2026:15:12:06 -0500] "GET /ym.php HTTP/1.1" 404 13525 "-" "-"
20.151.113.230 - - [27/Feb/2026:15:12:08 -0500] "GET /a.php HTTP/1.1" 301 294 "-" "-"
20.151.113.230 - - [27/Feb/2026:15:12:08 -0500] "GET /a.php HTTP/1.1" 404 13529 "-" "-"
20.151.113.230 - - [27/Feb/2026:15:12:09 -0500] "GET /e.php?p= HTTP/1.1" 301 297 "-" "-"
20.151.113.230 - - [27/Feb/2026:15:12:09 -0500] "GET /e.php?p= HTTP/1.1" 301 - "-" "-"
20.151.113.230 - - [27/Feb/2026:15:12:10 -0500] "GET /e.php HTTP/1.1" 404 13528 "-" "-"
20.151.113.230 - - [27/Feb/2026:15:12:11 -0500] "GET /222.php HTTP/1.1" 301 296 "-" "-"
20.151.113.230 - - [27/Feb/2026:15:12:11 -0500] "GET /222.php HTTP/1.1" 404 13535 "-" "-"
20.151.113.230 - - [27/Feb/2026:15:12:12 -0500] "GET /file6.php HTTP/1.1" 301 298 "-" "-"
20.151.113.230 - - [27/Feb/2026:15:12:12 -0500] "GET /file6.php HTTP/1.1" 404 13532 "-" "-"
20.151.113.230 - - [27/Feb/2026:15:12:14 -0500] "GET /x123x.php HTTP/1.1" 301 298 "-" "-"
20.151.113.230 - - [27/Feb/2026:15:12:14 -0500] "GET /x123x.php HTTP/1.1" 404 13529 "-" "-"
20.151.113.230 - - [27/Feb/2026:15:12:15 -0500] "GET /asd67.php HTTP/1.1" 301 298 "-" "-"
20.151.113.230 - - [27/Feb/2026:15:12:15 -0500] "GET /asd67.php HTTP/1.1" 404 13536 "-" "-"
20.151.113.230 - - [27/Feb/2026:15:12:16 -0500] "GET /we.php HTTP/1.1" 301 295 "-" "-"
20.151.113.230 - - [27/Feb/2026:15:12:16 -0500] "GET /we.php HTTP/1.1" 404 13527 "-" "-"
20.151.113.230 - - [27/Feb/2026:15:12:17 -0500] "GET /jga.php HTTP/1.1" 301 296 "-" "-"
20.151.113.230 - - [27/Feb/2026:15:12:17 -0500] "GET /jga.php HTTP/1.1" 404 13527 "-" "-"
20.151.113.230 - - [27/Feb/2026:15:12:18 -0500] "GET /000.php HTTP/1.1" 301 296 "-" "-"
20.151.113.230 - - [27/Feb/2026:15:12:18 -0500] "GET /000.php HTTP/1.1" 404 13528 "-" "-"
20.151.113.230 - - [27/Feb/2026:15:12:20 -0500] "GET /wp-mails.php HTTP/1.1" 301 301 "-" "-"
20.151.113.230 - - [27/Feb/2026:15:12:20 -0500] "GET /wp-mails.php HTTP/1.1" 404 13532 "-" "-"
20.151.113.230 - - [27/Feb/2026:15:12:21 -0500] "GET /xex.php HTTP/1.1" 301 296 "-" "-"
20.151.113.230 - - [27/Feb/2026:15:12:21 -0500] "GET /xex.php HTTP/1.1" 404 13528 "-" "-"
20.151.113.230 - - [27/Feb/2026:15:12:22 -0500] "GET /n3.php HTTP/1.1" 301 295 "-" "-"
114.119.133.245 - - [27/Feb/2026:15:12:22 -0500] "GET /wp/persigue-lachapelle-la-belleza-inesperada/ HTTP/1.1" 200 21107 "https://212productions.net/wp/david-lachapelle-expone-sus-delirios-y-razones" "Mozilla/5.0 (Linux; Android 7.0;) AppleWebKit/537.36 (KHTML, like Gecko) Mobile Safari/537.36 (compatible; PetalBot;+https://webmaster.petalsearch.com/site/petalbot)"
20.151.113.230 - - [27/Feb/2026:15:12:22 -0500] "GET /n3.php HTTP/1.1" 404 13529 "-" "-"
20.151.113.230 - - [27/Feb/2026:15:12:24 -0500] "GET /key.php HTTP/1.1" 301 296 "-" "-"
20.151.113.230 - - [27/Feb/2026:15:12:24 -0500] "GET /key.php HTTP/1.1" 404 13526 "-" "-"
20.151.113.230 - - [27/Feb/2026:15:12:25 -0500] "GET /667.php HTTP/1.1" 301 296 "-" "-"
20.151.113.230 - - [27/Feb/2026:15:12:25 -0500] "GET /667.php HTTP/1.1" 404 13529 "-" "-"
20.151.113.230 - - [27/Feb/2026:15:12:26 -0500] "GET /ctfbe.php HTTP/1.1" 301 298 "-" "-"
20.151.113.230 - - [27/Feb/2026:15:12:26 -0500] "GET /ctfbe.php HTTP/1.1" 404 13533 "-" "-"
20.151.113.230 - - [27/Feb/2026:15:12:27 -0500] "GET /hkweu.php HTTP/1.1" 301 298 "-" "-"
20.151.113.230 - - [27/Feb/2026:15:12:27 -0500] "GET /hkweu.php HTTP/1.1" 404 13527 "-" "-"
20.151.113.230 - - [27/Feb/2026:15:12:29 -0500] "GET /qdlte.php HTTP/1.1" 301 298 "-" "-"
20.151.113.230 - - [27/Feb/2026:15:12:29 -0500] "GET /qdlte.php HTTP/1.1" 404 13530 "-" "-"
20.151.113.230 - - [27/Feb/2026:15:12:30 -0500] "GET /f7.php HTTP/1.1" 301 295 "-" "-"
20.151.113.230 - - [27/Feb/2026:15:12:30 -0500] "GET /f7.php HTTP/1.1" 404 13533 "-" "-"
20.151.113.230 - - [27/Feb/2026:15:12:31 -0500] "GET /an7.php HTTP/1.1" 301 296 "-" "-"
20.151.113.230 - - [27/Feb/2026:15:12:31 -0500] "GET /an7.php HTTP/1.1" 404 13523 "-" "-"
20.151.113.230 - - [27/Feb/2026:15:12:32 -0500] "GET /byp7.php HTTP/1.1" 301 297 "-" "-"
20.151.113.230 - - [27/Feb/2026:15:12:32 -0500] "GET /byp7.php HTTP/1.1" 404 13529 "-" "-"
20.151.113.230 - - [27/Feb/2026:15:12:33 -0500] "GET /C1.php HTTP/1.1" 301 295 "-" "-"
20.151.113.230 - - [27/Feb/2026:15:12:33 -0500] "GET /C1.php HTTP/1.1" 404 13529 "-" "-"
20.151.113.230 - - [27/Feb/2026:15:12:35 -0500] "GET /clcdu.php HTTP/1.1" 301 298 "-" "-"
20.151.113.230 - - [27/Feb/2026:15:12:35 -0500] "GET /clcdu.php HTTP/1.1" 404 13529 "-" "-"
20.151.113.230 - - [27/Feb/2026:15:12:36 -0500] "GET /ffbsq.php HTTP/1.1" 301 298 "-" "-"
162.253.224.18 - - [27/Feb/2026:15:12:37 -0500] "POST /wp-cron.php?doing_wp_cron=1772223157.4685540199279785156250 HTTP/1.1" 200 - "-" "WordPress/6.9.1; https://clavo.space"
20.151.113.230 - - [27/Feb/2026:15:12:36 -0500] "GET /ffbsq.php HTTP/1.1" 404 13525 "-" "-"
20.151.113.230 - - [27/Feb/2026:15:12:37 -0500] "GET /resp.php HTTP/1.1" 301 297 "-" "-"
20.151.113.230 - - [27/Feb/2026:15:12:37 -0500] "GET /resp.php HTTP/1.1" 404 13533 "-" "-"
20.151.113.230 - - [27/Feb/2026:15:12:39 -0500] "GET /8.php HTTP/1.1" 301 294 "-" "-"
20.151.113.230 - - [27/Feb/2026:15:12:39 -0500] "GET /8.php HTTP/1.1" 404 13525 "-" "-"
20.151.113.230 - - [27/Feb/2026:15:12:40 -0500] "GET /abcd.php HTTP/1.1" 301 297 "-" "-"
20.151.113.230 - - [27/Feb/2026:15:12:40 -0500] "GET /abcd.php HTTP/1.1" 404 13535 "-" "-"
20.151.113.230 - - [27/Feb/2026:15:12:41 -0500] "GET /kma.php HTTP/1.1" 301 296 "-" "-"
20.151.113.230 - - [27/Feb/2026:15:12:41 -0500] "GET /kma.php HTTP/1.1" 404 13526 "-" "-"
20.151.113.230 - - [27/Feb/2026:15:12:43 -0500] "GET /wpls.php HTTP/1.1" 301 297 "-" "-"
20.151.113.230 - - [27/Feb/2026:15:12:43 -0500] "GET /wpls.php HTTP/1.1" 404 13533 "-" "-"
20.151.113.230 - - [27/Feb/2026:15:12:44 -0500] "GET /ova-wso.php HTTP/1.1" 301 300 "-" "-"
20.151.113.230 - - [27/Feb/2026:15:12:44 -0500] "GET /ova-wso.php HTTP/1.1" 404 13530 "-" "-"
20.151.113.230 - - [27/Feb/2026:15:12:46 -0500] "GET /mjq.php HTTP/1.1" 301 296 "-" "-"
20.151.113.230 - - [27/Feb/2026:15:12:46 -0500] "GET /mjq.php HTTP/1.1" 404 13535 "-" "-"
20.151.113.230 - - [27/Feb/2026:15:12:47 -0500] "GET /ol.php7 HTTP/1.1" 301 296 "-" "-"
20.151.113.230 - - [27/Feb/2026:15:12:47 -0500] "GET /ol.php7 HTTP/1.1" 404 13529 "-" "-"
20.151.113.230 - - [27/Feb/2026:15:12:49 -0500] "GET /sc.php HTTP/1.1" 301 295 "-" "-"
20.151.113.230 - - [27/Feb/2026:15:12:49 -0500] "GET /sc.php HTTP/1.1" 404 13525 "-" "-"
20.151.113.230 - - [27/Feb/2026:15:12:50 -0500] "GET /sql.php7 HTTP/1.1" 301 297 "-" "-"
20.151.113.230 - - [27/Feb/2026:15:12:50 -0500] "GET /sql.php7 HTTP/1.1" 404 13525 "-" "-"
20.151.113.230 - - [27/Feb/2026:15:12:51 -0500] "GET /55.php HTTP/1.1" 301 295 "-" "-"
20.151.113.230 - - [27/Feb/2026:15:12:51 -0500] "GET /55.php HTTP/1.1" 404 13523 "-" "-"
20.151.113.230 - - [27/Feb/2026:15:12:53 -0500] "GET /zc.php HTTP/1.1" 301 295 "-" "-"
185.191.171.9 - - [27/Feb/2026:15:12:52 -0500] "GET /events/tag/clavo-space/day/2024-01-01/ HTTP/1.1" 200 14439 "-" "Mozilla/5.0 (compatible; SemrushBot/7~bl; +http://www.semrush.com/bot.html)"
20.151.113.230 - - [27/Feb/2026:15:12:53 -0500] "GET /zc.php HTTP/1.1" 404 13529 "-" "-"
20.151.113.230 - - [27/Feb/2026:15:12:55 -0500] "GET /re.php HTTP/1.1" 301 295 "-" "-"
20.151.113.230 - - [27/Feb/2026:15:12:55 -0500] "GET /re.php HTTP/1.1" 404 13528 "-" "-"
185.191.171.12 - - [27/Feb/2026:15:12:57 -0500] "GET /events/tag/opening/day/2028-04-19/ HTTP/1.1" 200 14445 "-" "Mozilla/5.0 (compatible; SemrushBot/7~bl; +http://www.semrush.com/bot.html)"
114.119.158.196 - - [27/Feb/2026:15:13:04 -0500] "GET /product-tag/garret-suhrie/?product_count=36&product_view=list&product_orderby=popularity HTTP/1.1" 301 - "https://clavo.space/product-tag/garret-suhrie/?product_count=36&product_view=list&product_orderby=rating" "Mozilla/5.0 (Linux; Android 7.0;) AppleWebKit/537.36 (KHTML, like Gecko) Mobile Safari/537.36 (compatible; PetalBot;+https://webmaster.petalsearch.com/site/petalbot)"
114.119.158.196 - - [27/Feb/2026:15:13:06 -0500] "GET /portfolio-item/garret-suhrie/?product_count=36&product_view=list&product_orderby=popularity HTTP/1.1" 200 23622 "https://clavo.space/product-tag/garret-suhrie/?product_count=36&product_view=list&product_orderby=rating" "Mozilla/5.0 (Linux; Android 7.0;) AppleWebKit/537.36 (KHTML, like Gecko) Mobile Safari/537.36 (compatible; PetalBot;+https://webmaster.petalsearch.com/site/petalbot)"
66.249.79.69 - - [27/Feb/2026:15:13:08 -0500] "GET /page/3/?h=e7f20s3igc31qpk HTTP/1.1" 200 30618 "-" "Mozilla/5.0 (Linux; Android 6.0.1; Nexus 5X Build/MMB29P) AppleWebKit/537.36 (KHTML, like Gecko) Chrome/144.0.7559.132 Mobile Safari/537.36 (compatible; GoogleOther)"
109.107.178.102 - - [27/Feb/2026:15:13:10 -0500] "GET /356d5f22add4.php HTTP/1.1" 404 13544 "-" "Mozilla/5.0 (Macintosh; Intel Mac OS X 10.10; rv:45.0) Gecko/20100101 Firefox/45.0"
77.68.79.239 - - [27/Feb/2026:15:13:13 -0500] "POST /xmlrpc.php HTTP/1.1" 200 225 "-" "Mozilla/5.0 (MSIE 10.0; Windows NT 6.1; WOW64; Trident/7.0; rv:11.0) like Gecko"
3.16.148.92 - - [27/Feb/2026:15:13:14 -0500] "GET /wp/wp-content/uploads/2022/05/protesta-1024x683.jpg HTTP/1.1" 200 144932 "-" "Mozilla/5.0 (X11; Ubuntu; Linux x86_64; rv:72.0) Gecko/20100101 Firefox/72.0"
185.191.171.15 - - [27/Feb/2026:15:13:18 -0500] "GET /events/tag/exhibition/list/?tribe-bar-date=2020-05-29 HTTP/1.1" 200 19706 "-" "Mozilla/5.0 (compatible; SemrushBot/7~bl; +http://www.semrush.com/bot.html)"
162.253.224.18 - - [27/Feb/2026:15:13:39 -0500] "POST /wp-cron.php?doing_wp_cron=1772223219.3652141094207763671875 HTTP/1.1" 200 - "-" "WordPress/6.9.1; https://clavo.space"
185.191.171.11 - - [27/Feb/2026:15:13:38 -0500] "GET /events/list/?eventDisplay=past&tribe-bar-date=2026-06-06 HTTP/1.1" 200 20440 "-" "Mozilla/5.0 (compatible; SemrushBot/7~bl; +http://www.semrush.com/bot.html)"
85.208.96.212 - - [27/Feb/2026:15:14:03 -0500] "GET /events/tag/clavo-space/day/2025-03-07/ HTTP/1.1" 200 14439 "-" "Mozilla/5.0 (compatible; SemrushBot/7~bl; +http://www.semrush.com/bot.html)"
185.191.171.12 - - [27/Feb/2026:15:14:08 -0500] "GET /events/tag/opening/list/?tribe-bar-date=2024-06-16 HTTP/1.1" 200 19724 "-" "Mozilla/5.0 (compatible; SemrushBot/7~bl; +http://www.semrush.com/bot.html)"
114.119.148.154 - - [27/Feb/2026:15:14:26 -0500] "GET /product-tag/abel-adrian/page/2/?product_count=36&product_orderby=date&product_order=desc&paged=1 HTTP/1.1" 301 - "https://clavo.space/product-tag/abel-adrian/page/2/?product_count=12&product_orderby=date&product_order=desc" "Mozilla/5.0 (Linux; Android 7.0;) AppleWebKit/537.36 (KHTML, like Gecko) Mobile Safari/537.36 (compatible; PetalBot;+https://webmaster.petalsearch.com/site/petalbot)"
114.119.148.154 - - [27/Feb/2026:15:14:31 -0500] "GET /portfolio-item/abel-adrian/?product_count=36&product_orderby=date&product_order=desc&paged=1 HTTP/1.1" 301 - "https://clavo.space/product-tag/abel-adrian/page/2/?product_count=12&product_orderby=date&product_order=desc" "Mozilla/5.0 (Linux; Android 7.0;) AppleWebKit/537.36 (KHTML, like Gecko) Mobile Safari/537.36 (compatible; PetalBot;+https://webmaster.petalsearch.com/site/petalbot)"
162.253.224.18 - - [27/Feb/2026:15:14:33 -0500] "POST /wp-cron.php?doing_wp_cron=1772223273.7247359752655029296875 HTTP/1.1" 200 - "-" "WordPress/6.9.1; https://clavo.space"
217.216.72.111 - - [27/Feb/2026:15:14:32 -0500] "GET /wp-login.php HTTP/1.1" 200 2093 "-" "Mozilla/4.0 (compatible; MSIE 7.0; Windows NT 10.0; WOW64; Trident/7.0; .NET4.0C; .NET4.0E; .NET CLR 2.0.50727; .NET CLR 3.0.30729; .NET CLR 3.5.30729; ms-office)"
114.119.148.154 - - [27/Feb/2026:15:14:35 -0500] "GET /portfolio-item/abel-adrian/?product_count=36&product_orderby=date&product_order=desc HTTP/1.1" 200 21331 "https://clavo.space/product-tag/abel-adrian/page/2/?product_count=12&product_orderby=date&product_order=desc" "Mozilla/5.0 (Linux; Android 7.0;) AppleWebKit/537.36 (KHTML, like Gecko) Mobile Safari/537.36 (compatible; PetalBot;+https://webmaster.petalsearch.com/site/petalbot)"
85.208.96.201 - - [27/Feb/2026:15:14:36 -0500] "GET /events/tag/clavo-space/list/?eventDisplay=past&tribe-bar-date=2028-12-30 HTTP/1.1" 200 20679 "-" "Mozilla/5.0 (compatible; SemrushBot/7~bl; +http://www.semrush.com/bot.html)"
217.216.72.111 - - [27/Feb/2026:15:14:40 -0500] "GET /wp-login.php HTTP/1.1" 200 2093 "-" "Mozilla/4.0 (compatible; MSIE 7.0; Windows NT 10.0; WOW64; Trident/7.0; .NET4.0C; .NET4.0E; .NET CLR 2.0.50727; .NET CLR 3.0.30729; .NET CLR 3.5.30729; ms-office)"
217.216.72.111 - - [27/Feb/2026:15:14:42 -0500] "POST /wp-login.php HTTP/1.1" 200 2224 "https://212productions.net/wp-login.php" "Mozilla/4.0 (compatible; MSIE 7.0; Windows NT 10.0; WOW64; Trident/7.0; .NET4.0C; .NET4.0E; .NET CLR 2.0.50727; .NET CLR 3.0.30729; .NET CLR 3.5.30729; ms-office)"
98.71.81.41 - - [27/Feb/2026:15:15:00 -0500] "GET /wp/wp-content/uploads/2021/06/pspecial.png HTTP/1.1" 200 66873 "-" "Mozilla/5.0 (compatible; BingIndexCrawler/1.0)"
162.253.224.18 - - [27/Feb/2026:15:15:51 -0500] "POST /wp-cron.php?doing_wp_cron=1772223351.8862628936767578125000 HTTP/1.1" 200 - "-" "WordPress/6.9.1; https://clavo.space"
114.119.148.154 - - [27/Feb/2026:15:15:50 -0500] "GET /product-tag/abel-adrian/?product_view=grid&product_orderby=popularity&product_count=36 HTTP/1.1" 301 - "https://clavo.space/product-tag/abel-adrian/page/2/?product_view=grid&product_orderby=popularity&product_count=24&paged=1" "Mozilla/5.0 (Linux; Android 7.0;) AppleWebKit/537.36 (KHTML, like Gecko) Mobile Safari/537.36 (compatible; PetalBot;+https://webmaster.petalsearch.com/site/petalbot)"
114.119.148.154 - - [27/Feb/2026:15:15:54 -0500] "GET /portfolio-item/abel-adrian/?product_view=grid&product_orderby=popularity&product_count=36 HTTP/1.1" 200 21329 "https://clavo.space/product-tag/abel-adrian/page/2/?product_view=grid&product_orderby=popularity&product_count=24&paged=1" "Mozilla/5.0 (Linux; Android 7.0;) AppleWebKit/537.36 (KHTML, like Gecko) Mobile Safari/537.36 (compatible; PetalBot;+https://webmaster.petalsearch.com/site/petalbot)"
54.39.203.9 - - [27/Feb/2026:15:16:16 -0500] "GET /product-category/paintings/coffe-and-ashes/?product_orderby=rating&product_view=list&product_order=asc&product_count=24 HTTP/1.1" 404 13552 "-" "Mozilla/5.0 (compatible; AhrefsBot/7.0; +http://ahrefs.com/robot/)"
162.253.224.18 - - [27/Feb/2026:15:16:55 -0500] "POST /wp-cron.php?doing_wp_cron=1772223415.6017520427703857421875 HTTP/1.1" 200 - "-" "WordPress/6.9.1; https://clavo.space"
185.191.171.3 - - [27/Feb/2026:15:16:54 -0500] "GET /events/tag/clavo-space/list/?tribe-bar-date=2025-12-01 HTTP/1.1" 200 19723 "-" "Mozilla/5.0 (compatible; SemrushBot/7~bl; +http://www.semrush.com/bot.html)"
20.100.192.164 - - [27/Feb/2026:15:16:58 -0500] "GET /wp/wp-content/uploads/2021/07/panamerik7-e1625706980608-800x998.png HTTP/1.1" 200 1121473 "-" "Mozilla/5.0 (compatible; BingIndexCrawler/1.0)"
114.119.136.13 - - [27/Feb/2026:15:17:13 -0500] "GET /product-tag/abel-adrian/?product_view=grid&product_order=asc HTTP/1.1" 301 - "https://clavo.space/product-tag/abel-adrian/?product_view=grid&product_order=desc" "Mozilla/5.0 (Linux; Android 7.0;) AppleWebKit/537.36 (KHTML, like Gecko) Mobile Safari/537.36 (compatible; PetalBot;+https://webmaster.petalsearch.com/site/petalbot)"
114.119.136.13 - - [27/Feb/2026:15:17:15 -0500] "GET /portfolio-item/abel-adrian/?product_view=grid&product_order=asc HTTP/1.1" 200 21331 "https://clavo.space/product-tag/abel-adrian/?product_view=grid&product_order=desc" "Mozilla/5.0 (Linux; Android 7.0;) AppleWebKit/537.36 (KHTML, like Gecko) Mobile Safari/537.36 (compatible; PetalBot;+https://webmaster.petalsearch.com/site/petalbot)"
172.191.197.110 - - [27/Feb/2026:15:17:25 -0500] "POST /xmlrpc.php HTTP/1.1" 200 225 "-" "Mozilla/5.0 (Windows NT 6.1; WOW64; Trident/7.0; MASP; rv:11.0) like Gecko"
185.191.171.1 - - [27/Feb/2026:15:17:31 -0500] "GET /events/tag/clavo-space/day/2026-10-17/ HTTP/1.1" 200 14443 "-" "Mozilla/5.0 (compatible; SemrushBot/7~bl; +http://www.semrush.com/bot.html)"
162.253.224.18 - - [27/Feb/2026:15:17:55 -0500] "POST /wp-cron.php?doing_wp_cron=1772223475.6925699710845947265625 HTTP/1.1" 200 - "-" "WordPress/6.9.1; https://clavo.space"
136.144.33.46 - - [27/Feb/2026:15:17:54 -0500] "GET /wp-login.php HTTP/1.1" 200 2093 "-" "Mozilla/5.0 (Windows NT 10.0; Win64; x64; rv:104.0) Gecko/20100101 Firefox/104.0"
185.191.171.11 - - [27/Feb/2026:15:18:05 -0500] "GET /events/tag/exhibition/day/2020-08-05/ HTTP/1.1" 200 14443 "-" "Mozilla/5.0 (compatible; SemrushBot/7~bl; +http://www.semrush.com/bot.html)"
136.144.33.46 - - [27/Feb/2026:15:18:06 -0500] "GET /?author=1 HTTP/1.1" 301 - "-" "Mozilla/5.0 (Windows NT 10.0; Win64; x64; rv:104.0) Gecko/20100101 Firefox/104.0"
136.144.33.46 - - [27/Feb/2026:15:18:07 -0500] "GET /?rest_route=/wp/v2/users HTTP/1.1" 200 406 "-" "Mozilla/5.0 (Windows NT 10.0; Win64; x64; rv:130.0) Gecko/20100101 Firefox/130.0"
185.191.171.16 - - [27/Feb/2026:15:18:11 -0500] "GET /events/tag/opening/list/?tribe-bar-date=2023-08-05 HTTP/1.1" 200 19715 "-" "Mozilla/5.0 (compatible; SemrushBot/7~bl; +http://www.semrush.com/bot.html)"
85.208.96.193 - - [27/Feb/2026:15:18:16 -0500] "GET /events/tag/opening/list/?tribe-bar-date=2022-04-20 HTTP/1.1" 200 19720 "-" "Mozilla/5.0 (compatible; SemrushBot/7~bl; +http://www.semrush.com/bot.html)"
136.144.33.46 - - [27/Feb/2026:15:18:29 -0500] "GET /?author=2 HTTP/1.1" 200 13321 "-" "Mozilla/5.0 (Windows NT 10.0; Win64; x64; rv:128.0) Gecko/20100101 Firefox/128.0"
136.144.33.46 - - [27/Feb/2026:15:18:30 -0500] "GET /?rest_route=/wp/v2/users HTTP/1.1" 200 406 "-" "Mozilla/5.0 (Windows NT 10.0; Win64; x64; rv:104.0) Gecko/20100101 Firefox/104.0"
162.253.224.18 - - [27/Feb/2026:15:18:35 -0500] "POST /wp-cron.php?doing_wp_cron=1772223515.8533771038055419921875 HTTP/1.1" 200 - "-" "WordPress/6.9.1; https://clavo.space"
136.144.33.46 - - [27/Feb/2026:15:18:32 -0500] "GET /?author=3 HTTP/1.1" 200 13304 "-" "Mozilla/5.0 (Windows NT 10.0; Win64; x64; rv:128.0) Gecko/20100101 Firefox/128.0"
50.6.226.221 - - [27/Feb/2026:15:18:33 -0500] "GET /wp-login.php HTTP/1.1" 200 2093 "-" "Mozilla/5.0 (Macintosh; Intel Mac OS X 10_9_5) AppleWebKit/537.36 (KHTML, like Gecko) Chrome/66.0.3359.181 Safari/537.36"
136.144.33.46 - - [27/Feb/2026:15:18:36 -0500] "GET /?rest_route=/wp/v2/users HTTP/1.1" 200 406 "-" "Mozilla/5.0 (Windows NT 10.0; Win64; x64; rv:118.0) Gecko/20100101 Firefox/118.0"
