72.14.199.132 - - [27/Feb/2026:12:35:19 -0500] "GET /wp-content/uploads/2025/11/ian-post-200x150.webp HTTP/1.1" 200 3211 "https://clavo.space/?h=exz58onbo8n9nl4" "Mozilla/5.0 (X11; Linux x86_64) AppleWebKit/537.36 (KHTML, like Gecko) Chrome/144.0.7559.132 Safari/537.36"
72.14.199.131 - - [27/Feb/2026:12:35:19 -0500] "GET /wp-content/plugins/fusion-builder/assets/js/min/general/fusion-title.js HTTP/1.1" 200 1540 "https://clavo.space/?h=exz58onbo8n9nl4" "Mozilla/5.0 (X11; Linux x86_64) AppleWebKit/537.36 (KHTML, like Gecko) Chrome/144.0.7559.132 Safari/537.36"
72.14.199.132 - - [27/Feb/2026:12:35:20 -0500] "GET /wp-content/themes/Avada/assets/min/js/general/avada-drop-down.js HTTP/1.1" 200 1136 "https://clavo.space/?h=exz58onbo8n9nl4" "Mozilla/5.0 (X11; Linux x86_64) AppleWebKit/537.36 (KHTML, like Gecko) Chrome/144.0.7559.132 Safari/537.36"
72.14.199.132 - - [27/Feb/2026:12:35:20 -0500] "GET /wp-content/plugins/fusion-builder/assets/js/min/general/awb-off-canvas.js HTTP/1.1" 200 3501 "https://clavo.space/?h=exz58onbo8n9nl4" "Mozilla/5.0 (X11; Linux x86_64) AppleWebKit/537.36 (KHTML, like Gecko) Chrome/144.0.7559.132 Safari/537.36"
72.14.199.132 - - [27/Feb/2026:12:35:20 -0500] "GET /wp-content/themes/Avada/assets/min/js/general/avada-tabs-widget.js HTTP/1.1" 200 259 "https://clavo.space/?h=exz58onbo8n9nl4" "Mozilla/5.0 (X11; Linux x86_64) AppleWebKit/537.36 (KHTML, like Gecko) Chrome/144.0.7559.132 Safari/537.36"
72.14.199.132 - - [27/Feb/2026:12:35:20 -0500] "GET /wp-content/themes/Avada/assets/min/js/general/avada-sidebars.js HTTP/1.1" 200 832 "https://clavo.space/?h=exz58onbo8n9nl4" "Mozilla/5.0 (X11; Linux x86_64) AppleWebKit/537.36 (KHTML, like Gecko) Chrome/144.0.7559.132 Safari/537.36"
72.14.199.132 - - [27/Feb/2026:12:35:21 -0500] "GET /wp-content/plugins/fusion-builder/assets/js/min/general/fusion-flip-boxes.js HTTP/1.1" 200 658 "https://clavo.space/?h=exz58onbo8n9nl4" "Mozilla/5.0 (X11; Linux x86_64) AppleWebKit/537.36 (KHTML, like Gecko) Chrome/144.0.7559.132 Safari/537.36"
72.14.199.131 - - [27/Feb/2026:12:35:21 -0500] "GET /wp-content/plugins/fusion-builder/assets/js/min/general/fusion-video.js HTTP/1.1" 200 675 "https://clavo.space/?h=exz58onbo8n9nl4" "Mozilla/5.0 (X11; Linux x86_64) AppleWebKit/537.36 (KHTML, like Gecko) Chrome/144.0.7559.132 Safari/537.36"
72.14.199.132 - - [27/Feb/2026:12:35:21 -0500] "GET /wp-content/themes/Avada/includes/lib/assets/min/js/library/vimeoPlayer.js HTTP/1.1" 200 5319 "https://clavo.space/?h=exz58onbo8n9nl4" "Mozilla/5.0 (X11; Linux x86_64) AppleWebKit/537.36 (KHTML, like Gecko) Chrome/144.0.7559.132 Safari/537.36"
72.14.199.131 - - [27/Feb/2026:12:35:22 -0500] "GET /wp-content/uploads/2025/12/invita.jpeg HTTP/1.1" 200 271522 "https://clavo.space/?h=exz58onbo8n9nl4" "Mozilla/5.0 (X11; Linux x86_64) AppleWebKit/537.36 (KHTML, like Gecko) Chrome/144.0.7559.132 Safari/537.36"
72.14.199.132 - - [27/Feb/2026:12:35:22 -0500] "GET /wp-content/themes/Avada/assets/min/js/library/bootstrap.scrollspy.js HTTP/1.1" 200 1066 "https://clavo.space/?h=exz58onbo8n9nl4" "Mozilla/5.0 (X11; Linux x86_64) AppleWebKit/537.36 (KHTML, like Gecko) Chrome/144.0.7559.132 Safari/537.36"
72.14.199.132 - - [27/Feb/2026:12:35:22 -0500] "GET /wp-content/themes/Avada/includes/lib/assets/min/js/library/jquery.infinitescroll.js HTTP/1.1" 200 12009 "https://clavo.space/?h=exz58onbo8n9nl4" "Mozilla/5.0 (X11; Linux x86_64) AppleWebKit/537.36 (KHTML, like Gecko) Chrome/144.0.7559.132 Safari/537.36"
15.235.98.127 - - [27/Feb/2026:12:35:21 -0500] "GET /product-category/paintings/coffe-and-ashes/?product_orderby=rating&product_view=grid&product_order=asc&product_count=36 HTTP/1.1" 404 13556 "-" "Mozilla/5.0 (compatible; AhrefsBot/7.0; +http://ahrefs.com/robot/)"
72.14.199.131 - - [27/Feb/2026:12:35:22 -0500] "GET /wp-content/uploads/2023/11/cafe1-700x441.webp HTTP/1.1" 200 84789 "https://clavo.space/?h=exz58onbo8n9nl4" "Mozilla/5.0 (X11; Linux x86_64) AppleWebKit/537.36 (KHTML, like Gecko) Chrome/144.0.7559.132 Safari/537.36"
72.14.199.132 - - [27/Feb/2026:12:35:23 -0500] "GET /wp-content/themes/Avada/includes/lib/assets/min/js/general/fusion-equal-heights.js HTTP/1.1" 200 603 "https://clavo.space/?h=exz58onbo8n9nl4" "Mozilla/5.0 (X11; Linux x86_64) AppleWebKit/537.36 (KHTML, like Gecko) Chrome/144.0.7559.132 Safari/537.36"
72.14.199.132 - - [27/Feb/2026:12:35:23 -0500] "GET /wp-content/themes/Avada/includes/lib/assets/min/js/library/jquery.sticky-kit.js HTTP/1.1" 200 2087 "https://clavo.space/?h=exz58onbo8n9nl4" "Mozilla/5.0 (X11; Linux x86_64) AppleWebKit/537.36 (KHTML, like Gecko) Chrome/144.0.7559.132 Safari/537.36"
72.14.199.132 - - [27/Feb/2026:12:35:23 -0500] "GET /wp-content/plugins/fusion-builder/assets/js/min/general/fusion-container.js HTTP/1.1" 200 3161 "https://clavo.space/?h=exz58onbo8n9nl4" "Mozilla/5.0 (X11; Linux x86_64) AppleWebKit/537.36 (KHTML, like Gecko) Chrome/144.0.7559.132 Safari/537.36"
72.14.199.132 - - [27/Feb/2026:12:35:23 -0500] "GET /wp-content/uploads/2021/03/Forrest-700x441.jpeg HTTP/1.1" 200 119989 "https://clavo.space/?h=exz58onbo8n9nl4" "Mozilla/5.0 (X11; Linux x86_64) AppleWebKit/537.36 (KHTML, like Gecko) Chrome/144.0.7559.132 Safari/537.36"
72.14.199.132 - - [27/Feb/2026:12:35:24 -0500] "GET /wp-content/themes/Avada/assets/min/js/general/avada-select.js HTTP/1.1" 200 343 "https://clavo.space/?h=exz58onbo8n9nl4" "Mozilla/5.0 (X11; Linux x86_64) AppleWebKit/537.36 (KHTML, like Gecko) Chrome/144.0.7559.132 Safari/537.36"
72.14.199.131 - - [27/Feb/2026:12:35:24 -0500] "GET /wp-content/uploads/2021/03/1-1.jpg HTTP/1.1" 200 210244 "https://clavo.space/?h=exz58onbo8n9nl4" "Mozilla/5.0 (X11; Linux x86_64) AppleWebKit/537.36 (KHTML, like Gecko) Chrome/144.0.7559.132 Safari/537.36"
72.14.199.132 - - [27/Feb/2026:12:35:24 -0500] "GET /wp-content/themes/Avada/includes/lib/assets/min/js/library/cssua.js HTTP/1.1" 200 1498 "https://clavo.space/?h=exz58onbo8n9nl4" "Mozilla/5.0 (X11; Linux x86_64) AppleWebKit/537.36 (KHTML, like Gecko) Chrome/144.0.7559.132 Safari/537.36"
72.14.199.132 - - [27/Feb/2026:12:35:25 -0500] "GET /wp-content/themes/Avada/includes/lib/assets/min/js/general/fusion.js HTTP/1.1" 200 1758 "https://clavo.space/?h=exz58onbo8n9nl4" "Mozilla/5.0 (X11; Linux x86_64) AppleWebKit/537.36 (KHTML, like Gecko) Chrome/144.0.7559.132 Safari/537.36"
72.14.199.132 - - [27/Feb/2026:12:35:25 -0500] "GET /wp-content/themes/Avada/includes/lib/assets/min/js/library/jquery.fitvids.js HTTP/1.1" 200 788 "https://clavo.space/?h=exz58onbo8n9nl4" "Mozilla/5.0 (X11; Linux x86_64) AppleWebKit/537.36 (KHTML, like Gecko) Chrome/144.0.7559.132 Safari/537.36"
72.14.199.131 - - [27/Feb/2026:12:35:25 -0500] "GET /wp-content/themes/Avada/includes/lib/assets/min/js/library/jquery.flexslider.js HTTP/1.1" 200 6453 "https://clavo.space/?h=exz58onbo8n9nl4" "Mozilla/5.0 (X11; Linux x86_64) AppleWebKit/537.36 (KHTML, like Gecko) Chrome/144.0.7559.132 Safari/537.36"
72.14.199.132 - - [27/Feb/2026:12:35:25 -0500] "GET /wp-content/themes/Avada/includes/lib/assets/min/js/library/fusion-parallax.js HTTP/1.1" 200 2845 "https://clavo.space/?h=exz58onbo8n9nl4" "Mozilla/5.0 (X11; Linux x86_64) AppleWebKit/537.36 (KHTML, like Gecko) Chrome/144.0.7559.132 Safari/537.36"
72.14.199.131 - - [27/Feb/2026:12:35:26 -0500] "GET /wp-content/themes/Avada/includes/lib/assets/min/js/library/fusion-video-bg.js HTTP/1.1" 200 1663 "https://clavo.space/?h=exz58onbo8n9nl4" "Mozilla/5.0 (X11; Linux x86_64) AppleWebKit/537.36 (KHTML, like Gecko) Chrome/144.0.7559.132 Safari/537.36"
72.14.199.132 - - [27/Feb/2026:12:35:26 -0500] "GET /wp-content/themes/Avada/includes/lib/assets/min/js/general/fusion-responsive-typography.js HTTP/1.1" 200 1064 "https://clavo.space/?h=exz58onbo8n9nl4" "Mozilla/5.0 (X11; Linux x86_64) AppleWebKit/537.36 (KHTML, like Gecko) Chrome/144.0.7559.132 Safari/537.36"
72.14.199.131 - - [27/Feb/2026:12:35:26 -0500] "GET /wp-content/plugins/fusion-builder/assets/js/min/general/fusion-column.js HTTP/1.1" 200 453 "https://clavo.space/?h=exz58onbo8n9nl4" "Mozilla/5.0 (X11; Linux x86_64) AppleWebKit/537.36 (KHTML, like Gecko) Chrome/144.0.7559.132 Safari/537.36"
72.14.199.132 - - [27/Feb/2026:12:35:26 -0500] "GET /wp-content/themes/Avada/includes/lib/assets/min/js/library/modernizr.js HTTP/1.1" 200 6954 "https://clavo.space/?h=exz58onbo8n9nl4" "Mozilla/5.0 (X11; Linux x86_64) AppleWebKit/537.36 (KHTML, like Gecko) Chrome/144.0.7559.132 Safari/537.36"
72.14.199.131 - - [27/Feb/2026:12:35:27 -0500] "GET /wp-content/themes/Avada/assets/min/js/general/avada-quantity.js HTTP/1.1" 200 805 "https://clavo.space/?h=exz58onbo8n9nl4" "Mozilla/5.0 (X11; Linux x86_64) AppleWebKit/537.36 (KHTML, like Gecko) Chrome/144.0.7559.132 Safari/537.36"
72.14.199.132 - - [27/Feb/2026:12:35:27 -0500] "GET /wp-content/themes/Avada/assets/min/js/general/avada-to-top.js HTTP/1.1" 200 460 "https://clavo.space/?h=exz58onbo8n9nl4" "Mozilla/5.0 (X11; Linux x86_64) AppleWebKit/537.36 (KHTML, like Gecko) Chrome/144.0.7559.132 Safari/537.36"
72.14.199.132 - - [27/Feb/2026:12:35:27 -0500] "GET /wp-content/uploads/2021/03/footer_logotype_2x.png HTTP/1.1" 200 8812 "https://clavo.space/?h=exz58onbo8n9nl4" "Mozilla/5.0 (X11; Linux x86_64) AppleWebKit/537.36 (KHTML, like Gecko) Chrome/144.0.7559.132 Safari/537.36"
72.14.199.132 - - [27/Feb/2026:12:35:27 -0500] "GET /wp-content/plugins/fusion-builder/assets/js/min/general/fusion-animations.js HTTP/1.1" 200 696 "https://clavo.space/?h=exz58onbo8n9nl4" "Mozilla/5.0 (X11; Linux x86_64) AppleWebKit/537.36 (KHTML, like Gecko) Chrome/144.0.7559.132 Safari/537.36"
72.14.199.132 - - [27/Feb/2026:12:35:28 -0500] "GET /wp-content/uploads/2025/11/IAN-700x441.jpeg HTTP/1.1" 200 30398 "https://clavo.space/?h=exz58onbo8n9nl4" "Mozilla/5.0 (X11; Linux x86_64) AppleWebKit/537.36 (KHTML, like Gecko) Chrome/144.0.7559.132 Safari/537.36"
72.14.199.131 - - [27/Feb/2026:12:35:28 -0500] "GET /wp-content/themes/Avada/assets/min/js/general/avada-events.js HTTP/1.1" 200 946 "https://clavo.space/?h=exz58onbo8n9nl4" "Mozilla/5.0 (X11; Linux x86_64) AppleWebKit/537.36 (KHTML, like Gecko) Chrome/144.0.7559.132 Safari/537.36"
72.14.199.131 - - [27/Feb/2026:12:35:28 -0500] "GET /wp-content/uploads/2019/03/testimonial-bg.jpg HTTP/1.1" 200 49880 "https://clavo.space/?h=exz58onbo8n9nl4" "Mozilla/5.0 (X11; Linux x86_64) AppleWebKit/537.36 (KHTML, like Gecko) Chrome/144.0.7559.132 Safari/537.36"
72.14.199.132 - - [27/Feb/2026:12:35:29 -0500] "GET /wp-content/uploads/2021/03/autopsia2-tienda-producto.jpg HTTP/1.1" 200 804091 "https://clavo.space/?h=exz58onbo8n9nl4" "Mozilla/5.0 (X11; Linux x86_64) AppleWebKit/537.36 (KHTML, like Gecko) Chrome/144.0.7559.132 Safari/537.36"
72.14.199.131 - - [27/Feb/2026:12:35:29 -0500] "GET /wp-content/uploads/2021/03/noeliasCC.jpg HTTP/1.1" 200 434503 "https://clavo.space/?h=exz58onbo8n9nl4" "Mozilla/5.0 (X11; Linux x86_64) AppleWebKit/537.36 (KHTML, like Gecko) Chrome/144.0.7559.132 Safari/537.36"
72.14.199.131 - - [27/Feb/2026:12:35:29 -0500] "GET /wp-content/uploads/2019/03/footer-bg-scaled.jpg HTTP/1.1" 200 86310 "https://clavo.space/wp-content/uploads/fusion-styles/029a45d2228098d0ce036738a70632ee.min.css?ver=3.8.1" "Mozilla/5.0 (X11; Linux x86_64) AppleWebKit/537.36 (KHTML, like Gecko) Chrome/144.0.7559.132 Safari/537.36"
72.14.199.132 - - [27/Feb/2026:12:35:29 -0500] "GET /wp-content/themes/Avada/includes/lib/assets/fonts/icomoon/awb-icons.woff HTTP/1.1" 200 12485 "https://clavo.space/wp-content/uploads/fusion-styles/029a45d2228098d0ce036738a70632ee.min.css?ver=3.8.1" "Mozilla/5.0 (X11; Linux x86_64) AppleWebKit/537.36 (KHTML, like Gecko) Chrome/144.0.7559.132 Safari/537.36"
72.14.199.133 - - [27/Feb/2026:12:35:30 -0500] "GET /wp-content/themes/Avada/includes/lib/assets/fonts/fontawesome/webfonts/fa-solid-900.woff2 HTTP/1.1" 200 78083 "https://clavo.space/wp-content/uploads/fusion-styles/029a45d2228098d0ce036738a70632ee.min.css?ver=3.8.1" "Mozilla/5.0 (X11; Linux x86_64) AppleWebKit/537.36 (KHTML, like Gecko) Chrome/144.0.7559.132 Safari/537.36"
72.14.199.132 - - [27/Feb/2026:12:35:30 -0500] "POST /wp-admin/admin-ajax.php HTTP/1.1" 200 95 "https://clavo.space/?h=exz58onbo8n9nl4" "Mozilla/5.0 (X11; Linux x86_64) AppleWebKit/537.36 (KHTML, like Gecko) Chrome/144.0.7559.132 Safari/537.36"
72.14.199.131 - - [27/Feb/2026:12:35:32 -0500] "GET /wp-content/uploads/2021/03/apple-touch-icon-120x120-1.png HTTP/1.1" 200 1968 "https://clavo.space/?h=exz58onbo8n9nl4" "Mozilla/5.0 (X11; Linux x86_64) AppleWebKit/537.36 (KHTML, like Gecko) Chrome/144.0.7559.132 Safari/537.36"
72.14.199.132 - - [27/Feb/2026:12:35:32 -0500] "GET /wp-content/plugins/gtranslate/flags/24/en-us.png HTTP/1.1" 200 656 "https://clavo.space/?h=exz58onbo8n9nl4" "Mozilla/5.0 (X11; Linux x86_64) AppleWebKit/537.36 (KHTML, like Gecko) Chrome/144.0.7559.132 Safari/537.36"
72.14.199.131 - - [27/Feb/2026:12:35:33 -0500] "GET /wp-content/plugins/gtranslate/flags/24/es-mx.png HTTP/1.1" 200 771 "https://clavo.space/?h=exz58onbo8n9nl4" "Mozilla/5.0 (X11; Linux x86_64) AppleWebKit/537.36 (KHTML, like Gecko) Chrome/144.0.7559.132 Safari/537.36"
162.253.224.18 - - [27/Feb/2026:12:35:34 -0500] "POST /wp-cron.php?doing_wp_cron=1772213734.8378789424896240234375 HTTP/1.1" 200 - "-" "WordPress/6.9.1; https://clavo.space"
209.141.44.63 - - [27/Feb/2026:12:35:33 -0500] "GET /wp-login.php HTTP/1.1" 200 6864 "-" "Mozilla/5.0 (Macintosh; Intel Mac OS X 10.7; rv:31.0) Gecko/20100101 Firefox/31.0"
209.141.44.63 - - [27/Feb/2026:12:35:35 -0500] "POST /wp-login.php HTTP/1.1" 200 7337 "-" "Mozilla/5.0 (Macintosh; Intel Mac OS X 10.7; rv:31.0) Gecko/20100101 Firefox/31.0"
114.119.163.186 - - [27/Feb/2026:12:35:41 -0500] "GET /product-tag/abel-adrian/page/1/?product_view=grid&product_orderby=default&product_count=24 HTTP/1.1" 301 - "https://clavo.space/product-tag/abel-adrian/page/2/?product_view=grid&product_orderby=default&product_count=24" "Mozilla/5.0 (Linux; Android 7.0;) AppleWebKit/537.36 (KHTML, like Gecko) Mobile Safari/537.36 (compatible; PetalBot;+https://webmaster.petalsearch.com/site/petalbot)"
114.119.163.186 - - [27/Feb/2026:12:35:43 -0500] "GET /portfolio-item/abel-adrian/?product_view=grid&product_orderby=default&product_count=24 HTTP/1.1" 200 21328 "https://clavo.space/product-tag/abel-adrian/page/2/?product_view=grid&product_orderby=default&product_count=24" "Mozilla/5.0 (Linux; Android 7.0;) AppleWebKit/537.36 (KHTML, like Gecko) Mobile Safari/537.36 (compatible; PetalBot;+https://webmaster.petalsearch.com/site/petalbot)"
185.191.171.19 - - [27/Feb/2026:12:35:48 -0500] "GET /events/category/exhibition/day/2026-12-14/ HTTP/1.1" 200 14470 "-" "Mozilla/5.0 (compatible; SemrushBot/7~bl; +http://www.semrush.com/bot.html)"
216.225.204.193 - - [27/Feb/2026:12:35:52 -0500] "GET /wp-login.php HTTP/1.1" 200 2093 "-" "Mozilla/4.0 (compatible; MSIE 7.0; Windows NT 6.3; WOW64; Trident/7.0; .NET4.0E; .NET4.0C; .NET CLR 3.5.30729; .NET CLR 2.0.50727; .NET CLR 3.0.30729)"
216.225.204.193 - - [27/Feb/2026:12:35:53 -0500] "POST /wp-login.php HTTP/1.1" 200 2224 "https://212productions.net/wp-login.php" "Mozilla/4.0 (compatible; MSIE 7.0; Windows NT 6.3; WOW64; Trident/7.0; .NET4.0E; .NET4.0C; .NET CLR 3.5.30729; .NET CLR 2.0.50727; .NET CLR 3.0.30729)"
85.208.96.193 - - [27/Feb/2026:12:35:56 -0500] "GET /events/category/exhibition/list/?eventDisplay=past&tribe-bar-date=2023-09-20 HTTP/1.1" 200 20728 "-" "Mozilla/5.0 (compatible; SemrushBot/7~bl; +http://www.semrush.com/bot.html)"
162.253.224.18 - - [27/Feb/2026:12:36:45 -0500] "POST /wp-cron.php?doing_wp_cron=1772213805.3522870540618896484375 HTTP/1.1" 200 - "-" "WordPress/6.9.1; https://clavo.space"
45.61.186.19 - - [27/Feb/2026:12:36:44 -0500] "GET /wp-login.php HTTP/1.1" 200 6864 "-" "Mozilla/5.0 (Windows NT 6.2; WOW64; rv:30.0) Gecko/20100101 Firefox/30.0"
45.61.186.19 - - [27/Feb/2026:12:36:45 -0500] "POST /wp-login.php HTTP/1.1" 200 7350 "-" "Mozilla/5.0 (Windows NT 6.2; WOW64; rv:30.0) Gecko/20100101 Firefox/30.0"
185.191.171.18 - - [27/Feb/2026:12:36:46 -0500] "GET /events/tag/exhibition/list/?eventDisplay=past&tribe-bar-date=2021-01-07 HTTP/1.1" 200 20683 "-" "Mozilla/5.0 (compatible; SemrushBot/7~bl; +http://www.semrush.com/bot.html)"
114.119.153.245 - - [27/Feb/2026:12:37:03 -0500] "GET /product-tag/abel-adrian/page/1/?product_view=grid&product_order=desc&product_count=24&product_orderby=name HTTP/1.1" 301 - "https://clavo.space/product-tag/abel-adrian/page/2/?product_view=grid&product_order=desc&product_count=24&product_orderby=name" "Mozilla/5.0 (Linux; Android 7.0;) AppleWebKit/537.36 (KHTML, like Gecko) Mobile Safari/537.36 (compatible; PetalBot;+https://webmaster.petalsearch.com/site/petalbot)"
114.119.153.245 - - [27/Feb/2026:12:37:06 -0500] "GET /portfolio-item/abel-adrian/?product_view=grid&product_order=desc&product_count=24&product_orderby=name HTTP/1.1" 200 21333 "https://clavo.space/product-tag/abel-adrian/page/2/?product_view=grid&product_order=desc&product_count=24&product_orderby=name" "Mozilla/5.0 (Linux; Android 7.0;) AppleWebKit/537.36 (KHTML, like Gecko) Mobile Safari/537.36 (compatible; PetalBot;+https://webmaster.petalsearch.com/site/petalbot)"
162.253.224.18 - - [27/Feb/2026:12:37:55 -0500] "POST /wp-cron.php?doing_wp_cron=1772213875.7028710842132568359375 HTTP/1.1" 200 - "-" "WordPress/6.9.1; https://clavo.space"
66.249.79.68 - - [27/Feb/2026:12:37:53 -0500] "GET /page/3/?h=efgxdh4mt14efel HTTP/1.1" 200 30621 "-" "Mozilla/5.0 (Linux; Android 6.0.1; Nexus 5X Build/MMB29P) AppleWebKit/537.36 (KHTML, like Gecko) Chrome/144.0.7559.132 Mobile Safari/537.36 (compatible; GoogleOther)"
85.208.96.201 - - [27/Feb/2026:12:38:02 -0500] "GET /events/tag/clavo-space/day/2026-02-26/ HTTP/1.1" 200 14445 "-" "Mozilla/5.0 (compatible; SemrushBot/7~bl; +http://www.semrush.com/bot.html)"
185.191.171.13 - - [27/Feb/2026:12:38:07 -0500] "GET /events/tag/clavo-space/list/?tribe-bar-date=2022-10-29 HTTP/1.1" 200 19729 "-" "Mozilla/5.0 (compatible; SemrushBot/7~bl; +http://www.semrush.com/bot.html)"
185.191.171.10 - - [27/Feb/2026:12:38:13 -0500] "GET /events/tag/opening/list/?eventDisplay=past&tribe-bar-date=2028-02-22 HTTP/1.1" 200 20694 "-" "Mozilla/5.0 (compatible; SemrushBot/7~bl; +http://www.semrush.com/bot.html)"
220.181.108.101 - - [27/Feb/2026:12:38:18 -0500] "GET /product/human-being/ HTTP/1.1" 404 13529 "-" "Mozilla/5.0 (compatible; Baiduspider/2.0; +http://www.baidu.com/search/spider.html)"
85.208.96.203 - - [27/Feb/2026:12:38:19 -0500] "GET /events/list/?eventDisplay=past&tribe-bar-date=2026-12-25 HTTP/1.1" 200 20423 "-" "Mozilla/5.0 (compatible; SemrushBot/7~bl; +http://www.semrush.com/bot.html)"
66.249.79.68 - - [27/Feb/2026:12:38:21 -0500] "GET /page/3/?h=ee39ogrb40rphd8 HTTP/1.1" 200 30619 "-" "Mozilla/5.0 (Linux; Android 6.0.1; Nexus 5X Build/MMB29P) AppleWebKit/537.36 (KHTML, like Gecko) Chrome/144.0.7559.132 Mobile Safari/537.36 (compatible; GoogleOther)"
116.179.37.87 - - [27/Feb/2026:12:38:23 -0500] "GET /product/human-being/ HTTP/1.1" 404 13534 "-" "Mozilla/5.0 (compatible; Baiduspider-render/2.0; +http://www.baidu.com/search/spider.html)"
116.179.37.99 - - [27/Feb/2026:12:38:25 -0500] "GET /wp-content/plugins/LayerSlider/assets/static/layerslider/js/layerslider.transitions.js HTTP/1.1" 200 4907 "https://clavo.space/product/human-being/" "Mozilla/5.0 (compatible; Baiduspider-render/2.0; +http://www.baidu.com/search/spider.html)"
116.179.37.51 - - [27/Feb/2026:12:38:26 -0500] "GET /wp-content/themes/Avada/includes/lib/assets/min/js/library/vimeoPlayer.js HTTP/1.1" 200 5319 "https://clavo.space/product/human-being/" "Mozilla/5.0 (compatible; Baiduspider-render/2.0; +http://www.baidu.com/search/spider.html)"
114.119.163.186 - - [27/Feb/2026:12:38:24 -0500] "GET /product-tag/abel-adrian/page/1/?product_view=grid&product_order=asc&product_count=12&product_orderby=popularity HTTP/1.1" 301 - "https://clavo.space/product-tag/abel-adrian/page/3/?product_view=grid&product_order=asc&product_count=12&product_orderby=popularity" "Mozilla/5.0 (Linux; Android 7.0;) AppleWebKit/537.36 (KHTML, like Gecko) Mobile Safari/537.36 (compatible; PetalBot;+https://webmaster.petalsearch.com/site/petalbot)"
185.191.171.6 - - [27/Feb/2026:12:38:24 -0500] "GET /events/tag/clavo-space/day/2027-06-24/ HTTP/1.1" 200 14445 "-" "Mozilla/5.0 (compatible; SemrushBot/7~bl; +http://www.semrush.com/bot.html)"
114.119.163.186 - - [27/Feb/2026:12:38:29 -0500] "GET /portfolio-item/abel-adrian/?product_view=grid&product_order=asc&product_count=12&product_orderby=popularity HTTP/1.1" 200 21336 "https://clavo.space/product-tag/abel-adrian/page/3/?product_view=grid&product_order=asc&product_count=12&product_orderby=popularity" "Mozilla/5.0 (Linux; Android 7.0;) AppleWebKit/537.36 (KHTML, like Gecko) Mobile Safari/537.36 (compatible; PetalBot;+https://webmaster.petalsearch.com/site/petalbot)"
162.253.224.18 - - [27/Feb/2026:12:39:49 -0500] "POST /wp-cron.php?doing_wp_cron=1772213989.7596130371093750000000 HTTP/1.1" 200 - "-" "WordPress/6.9.1; https://clavo.space"
114.119.136.13 - - [27/Feb/2026:12:39:48 -0500] "GET /product-tag/abel-adrian/page/1/?product_view=grid&product_order=asc&product_count=12&product_orderby=default HTTP/1.1" 301 - "https://clavo.space/product-tag/abel-adrian/page/2/?product_view=grid&product_order=asc&product_count=12&product_orderby=default" "Mozilla/5.0 (Linux; Android 7.0;) AppleWebKit/537.36 (KHTML, like Gecko) Mobile Safari/537.36 (compatible; PetalBot;+https://webmaster.petalsearch.com/site/petalbot)"
185.191.171.16 - - [27/Feb/2026:12:39:49 -0500] "GET /events/list/?eventDisplay=past&tribe-bar-date=2027-06-27 HTTP/1.1" 200 20438 "-" "Mozilla/5.0 (compatible; SemrushBot/7~bl; +http://www.semrush.com/bot.html)"
114.119.136.13 - - [27/Feb/2026:12:39:51 -0500] "GET /portfolio-item/abel-adrian/?product_view=grid&product_order=asc&product_count=12&product_orderby=default HTTP/1.1" 200 21325 "https://clavo.space/product-tag/abel-adrian/page/2/?product_view=grid&product_order=asc&product_count=12&product_orderby=default" "Mozilla/5.0 (Linux; Android 7.0;) AppleWebKit/537.36 (KHTML, like Gecko) Mobile Safari/537.36 (compatible; PetalBot;+https://webmaster.petalsearch.com/site/petalbot)"
110.166.71.39 - - [27/Feb/2026:12:40:27 -0500] "GET /wp/pgp/ HTTP/1.1" 200 14479 "http://www.projectguacamaya.org" "Mozilla/5.0 (iPhone; CPU iPhone OS 13_2_3 like Mac OS X) AppleWebKit/605.1.15 (KHTML, like Gecko) Version/13.0.3 Mobile/15E148 Safari/604.1"
162.253.224.18 - - [27/Feb/2026:12:40:38 -0500] "POST /wp-cron.php?doing_wp_cron=1772214038.1629650592803955078125 HTTP/1.1" 200 - "-" "WordPress/6.9.1; https://clavo.space"
109.199.112.156 - - [27/Feb/2026:12:40:37 -0500] "GET /wp-login.php HTTP/1.1" 200 2093 "-" "Mozilla/5.0 (Macintosh; Intel Mac OS X 10_9_5) AppleWebKit/537.36 (KHTML, like Gecko) Chrome/65.0.3325.181 Safari/537.36"
109.199.112.156 - - [27/Feb/2026:12:40:38 -0500] "POST /wp-login.php HTTP/1.1" 200 2224 "https://212productions.net/wp-login.php" "Mozilla/5.0 (Macintosh; Intel Mac OS X 10_9_5) AppleWebKit/537.36 (KHTML, like Gecko) Chrome/65.0.3325.181 Safari/537.36"
85.208.96.207 - - [27/Feb/2026:12:40:51 -0500] "GET /events/tag/exhibition/list/?tribe-bar-date=2025-08-28 HTTP/1.1" 200 19711 "-" "Mozilla/5.0 (compatible; SemrushBot/7~bl; +http://www.semrush.com/bot.html)"
15.235.27.123 - - [27/Feb/2026:12:41:02 -0500] "GET /product-category/paintings/coffe-and-ashes/?product_orderby=popularity&product_view=list&product_order=desc&product_count=24 HTTP/1.1" 404 13549 "-" "Mozilla/5.0 (compatible; AhrefsBot/7.0; +http://ahrefs.com/robot/)"
114.119.163.186 - - [27/Feb/2026:12:41:11 -0500] "GET /product-tag/abel-adrian/page/1/?product_view=grid&product_count=12&product_order=asc&product_orderby=name HTTP/1.1" 301 - "https://clavo.space/product-tag/abel-adrian/page/3/?product_view=grid&product_count=12&product_order=asc&product_orderby=name" "Mozilla/5.0 (Linux; Android 7.0;) AppleWebKit/537.36 (KHTML, like Gecko) Mobile Safari/537.36 (compatible; PetalBot;+https://webmaster.petalsearch.com/site/petalbot)"
114.119.163.186 - - [27/Feb/2026:12:41:13 -0500] "GET /portfolio-item/abel-adrian/?product_view=grid&product_count=12&product_order=asc&product_orderby=name HTTP/1.1" 200 21332 "https://clavo.space/product-tag/abel-adrian/page/3/?product_view=grid&product_count=12&product_order=asc&product_orderby=name" "Mozilla/5.0 (Linux; Android 7.0;) AppleWebKit/537.36 (KHTML, like Gecko) Mobile Safari/537.36 (compatible; PetalBot;+https://webmaster.petalsearch.com/site/petalbot)"
66.249.79.68 - - [27/Feb/2026:12:41:17 -0500] "GET /page/3/?h=ezkot98r9t8u86p HTTP/1.1" 200 30627 "-" "Mozilla/5.0 (Linux; Android 6.0.1; Nexus 5X Build/MMB29P) AppleWebKit/537.36 (KHTML, like Gecko) Chrome/144.0.7559.132 Mobile Safari/537.36 (compatible; GoogleOther)"
162.253.224.18 - - [27/Feb/2026:12:41:39 -0500] "POST /wp-cron.php?doing_wp_cron=1772214099.0385830402374267578125 HTTP/1.1" 200 - "-" "WordPress/6.9.1; https://clavo.space"
66.249.79.68 - - [27/Feb/2026:12:41:37 -0500] "GET /page/2/?h=e8c5xp0id90yxmh HTTP/1.1" 200 30443 "-" "Mozilla/5.0 (Linux; Android 6.0.1; Nexus 5X Build/MMB29P) AppleWebKit/537.36 (KHTML, like Gecko) Chrome/144.0.7559.132 Mobile Safari/537.36 (compatible; GoogleOther)"
85.208.96.210 - - [27/Feb/2026:12:42:04 -0500] "GET /events/tag/clavo-space/list/?eventDisplay=past&tribe-bar-date=2023-08-08 HTTP/1.1" 200 20700 "-" "Mozilla/5.0 (compatible; SemrushBot/7~bl; +http://www.semrush.com/bot.html)"
72.167.37.48 - - [27/Feb/2026:12:42:07 -0500] "POST /xmlrpc.php HTTP/1.1" 200 225 "-" "Mozilla/5.0 (Windows NT 6.1; Win64; x64; Trident/7.0; rv:11.0) like Gecko"
185.191.171.5 - - [27/Feb/2026:12:42:08 -0500] "GET /events/list/?eventDisplay=past&tribe-bar-date=2020-11-22 HTTP/1.1" 200 20436 "-" "Mozilla/5.0 (compatible; SemrushBot/7~bl; +http://www.semrush.com/bot.html)"
185.191.171.15 - - [27/Feb/2026:12:42:13 -0500] "GET /events/tag/exhibition/list/?eventDisplay=past&tribe-bar-date=2021-06-25 HTTP/1.1" 200 20694 "-" "Mozilla/5.0 (compatible; SemrushBot/7~bl; +http://www.semrush.com/bot.html)"
85.208.96.204 - - [27/Feb/2026:12:42:29 -0500] "GET /events/tag/art/list/?tribe-bar-date=2023-04-09 HTTP/1.1" 200 19717 "-" "Mozilla/5.0 (compatible; SemrushBot/7~bl; +http://www.semrush.com/bot.html)"
162.253.224.18 - - [27/Feb/2026:12:42:38 -0500] "POST /wp-cron.php?doing_wp_cron=1772214158.2409739494323730468750 HTTP/1.1" 200 - "-" "WordPress/6.9.1; https://clavo.space"
114.119.153.245 - - [27/Feb/2026:12:42:37 -0500] "GET /product-tag/abel-adrian/page/1/?product_orderby=rating&product_view=list&product_order=asc&product_count=24 HTTP/1.1" 301 - "https://clavo.space/product-tag/abel-adrian/page/2/?product_orderby=rating&product_view=list&product_order=asc&product_count=24" "Mozilla/5.0 (Linux; Android 7.0;) AppleWebKit/537.36 (KHTML, like Gecko) Mobile Safari/537.36 (compatible; PetalBot;+https://webmaster.petalsearch.com/site/petalbot)"
114.119.153.245 - - [27/Feb/2026:12:42:40 -0500] "GET /portfolio-item/abel-adrian/?product_orderby=rating&product_view=list&product_order=asc&product_count=24 HTTP/1.1" 200 21330 "https://clavo.space/product-tag/abel-adrian/page/2/?product_orderby=rating&product_view=list&product_order=asc&product_count=24" "Mozilla/5.0 (Linux; Android 7.0;) AppleWebKit/537.36 (KHTML, like Gecko) Mobile Safari/537.36 (compatible; PetalBot;+https://webmaster.petalsearch.com/site/petalbot)"
162.253.224.18 - - [27/Feb/2026:12:43:59 -0500] "POST /wp-cron.php?doing_wp_cron=1772214239.8688039779663085937500 HTTP/1.1" 200 - "-" "WordPress/6.9.1; https://clavo.space"
85.208.96.196 - - [27/Feb/2026:12:43:58 -0500] "GET /events/tag/art/list/?eventDisplay=past&tribe-bar-date=2024-06-30 HTTP/1.1" 200 20682 "-" "Mozilla/5.0 (compatible; SemrushBot/7~bl; +http://www.semrush.com/bot.html)"
114.119.149.252 - - [27/Feb/2026:12:43:59 -0500] "GET /shop/page/5?product_view=grid&product_count=36&product_orderby=price&paged=1 HTTP/1.1" 404 13534 "-" "Mozilla/5.0 (Linux; Android 7.0;) AppleWebKit/537.36 (KHTML, like Gecko) Mobile Safari/537.36 (compatible; PetalBot;+https://webmaster.petalsearch.com/site/petalbot)"
185.191.171.14 - - [27/Feb/2026:12:44:15 -0500] "GET /events/category/exhibition/list/?tribe-bar-date=2025-07-05 HTTP/1.1" 200 19745 "-" "Mozilla/5.0 (compatible; SemrushBot/7~bl; +http://www.semrush.com/bot.html)"
185.191.171.9 - - [27/Feb/2026:12:44:47 -0500] "GET /robots.txt HTTP/1.1" 200 111 "-" "Mozilla/5.0 (compatible; SemrushBot/7~bl; +http://www.semrush.com/bot.html)"
162.253.224.18 - - [27/Feb/2026:12:44:47 -0500] "POST /wp-cron.php?doing_wp_cron=1772214287.4395930767059326171875 HTTP/1.1" 200 - "-" "WordPress/6.9.1; https://clavo.space"
66.249.79.68 - - [27/Feb/2026:12:44:42 -0500] "GET /page/2/?h=ecot91cqplca9yt_gkind14524014 HTTP/1.1" 200 30451 "-" "Mozilla/5.0 (Linux; Android 6.0.1; Nexus 5X Build/MMB29P) AppleWebKit/537.36 (KHTML, like Gecko) Chrome/144.0.7559.132 Mobile Safari/537.36 (compatible; GoogleOther)"
162.253.224.18 - - [27/Feb/2026:12:44:49 -0500] "POST /wp-cron.php?doing_wp_cron=1772214289.7127130031585693359375 HTTP/1.1" 200 - "-" "WordPress/6.9.1; https://clavo.space"
85.208.96.200 - - [27/Feb/2026:12:44:47 -0500] "GET /events/tag/art/list/?eventDisplay=past&tribe-bar-date=2028-06-06 HTTP/1.1" 200 20688 "-" "Mozilla/5.0 (compatible; SemrushBot/7~bl; +http://www.semrush.com/bot.html)"
66.249.79.67 - - [27/Feb/2026:12:44:55 -0500] "GET /page/2/?h=e9ww5lkml5k6vi1 HTTP/1.1" 200 30449 "-" "Mozilla/5.0 (Linux; Android 6.0.1; Nexus 5X Build/MMB29P) AppleWebKit/537.36 (KHTML, like Gecko) Chrome/144.0.7559.132 Mobile Safari/537.36 (compatible; GoogleOther)"
185.191.171.6 - - [27/Feb/2026:12:44:58 -0500] "GET /events/tag/art/list/?tribe-bar-date=2029-11-27 HTTP/1.1" 200 19713 "-" "Mozilla/5.0 (compatible; SemrushBot/7~bl; +http://www.semrush.com/bot.html)"
85.208.96.200 - - [27/Feb/2026:12:45:03 -0500] "GET /events/tag/exhibition/day/2020-12-16/ HTTP/1.1" 200 14434 "-" "Mozilla/5.0 (compatible; SemrushBot/7~bl; +http://www.semrush.com/bot.html)"
114.119.132.131 - - [27/Feb/2026:12:45:24 -0500] "GET /shop/page/5?product_orderby=date&product_count=12&product_order=asc HTTP/1.1" 404 13537 "-" "Mozilla/5.0 (Linux; Android 7.0;) AppleWebKit/537.36 (KHTML, like Gecko) Mobile Safari/537.36 (compatible; PetalBot;+https://webmaster.petalsearch.com/site/petalbot)"
85.208.96.210 - - [27/Feb/2026:12:45:29 -0500] "GET /events/tag/art/list/?eventDisplay=past&tribe-bar-date=2026-05-21 HTTP/1.1" 200 20679 "-" "Mozilla/5.0 (compatible; SemrushBot/7~bl; +http://www.semrush.com/bot.html)"
85.208.96.194 - - [27/Feb/2026:12:45:46 -0500] "GET /events/tag/clavo-space/list/?tribe-bar-date=2022-07-23 HTTP/1.1" 200 19725 "-" "Mozilla/5.0 (compatible; SemrushBot/7~bl; +http://www.semrush.com/bot.html)"
162.253.224.18 - - [27/Feb/2026:12:46:01 -0500] "POST /wp-cron.php?doing_wp_cron=1772214361.0658650398254394531250 HTTP/1.1" 200 - "-" "WordPress/6.9.1; https://clavo.space"
185.191.171.18 - - [27/Feb/2026:12:45:59 -0500] "GET /events/list/?tribe-bar-date=2022-07-05 HTTP/1.1" 200 19458 "-" "Mozilla/5.0 (compatible; SemrushBot/7~bl; +http://www.semrush.com/bot.html)"
185.191.171.3 - - [27/Feb/2026:12:46:07 -0500] "GET /events/tag/opening/list/?eventDisplay=past&tribe-bar-date=2024-08-30 HTTP/1.1" 200 20686 "-" "Mozilla/5.0 (compatible; SemrushBot/7~bl; +http://www.semrush.com/bot.html)"
85.208.96.194 - - [27/Feb/2026:12:46:26 -0500] "GET /events/category/exhibition/list/?tribe-bar-date=2023-11-16 HTTP/1.1" 200 19749 "-" "Mozilla/5.0 (compatible; SemrushBot/7~bl; +http://www.semrush.com/bot.html)"
185.191.171.6 - - [27/Feb/2026:12:46:40 -0500] "GET /robots.txt HTTP/1.1" 200 111 "-" "Mozilla/5.0 (compatible; SemrushBot/7~bl; +http://www.semrush.com/bot.html)"
162.253.224.18 - - [27/Feb/2026:12:46:41 -0500] "POST /wp/wp-cron.php?doing_wp_cron=1772214401.5003440380096435546875 HTTP/1.1" 200 - "-" "WordPress/6.9.1; https://212productions.net/wp"
85.208.96.203 - - [27/Feb/2026:12:46:40 -0500] "GET /wp/2511_guacamole/ HTTP/1.1" 200 19715 "-" "Mozilla/5.0 (compatible; SemrushBot/7~bl; +http://www.semrush.com/bot.html)"
162.253.224.18 - - [27/Feb/2026:12:46:48 -0500] "POST /wp-cron.php?doing_wp_cron=1772214408.6068429946899414062500 HTTP/1.1" 200 - "-" "WordPress/6.9.1; https://clavo.space"
114.119.149.252 - - [27/Feb/2026:12:46:47 -0500] "GET /shop/page/2/?product_orderby=rating&product_count=12&product_order=asc HTTP/1.1" 404 13535 "https://clavo.space/shop/page/2/?product_orderby=rating&product_count=12&product_order=desc" "Mozilla/5.0 (Linux; Android 7.0;) AppleWebKit/537.36 (KHTML, like Gecko) Mobile Safari/537.36 (compatible; PetalBot;+https://webmaster.petalsearch.com/site/petalbot)"
15.235.96.83 - - [27/Feb/2026:12:47:00 -0500] "GET /product-category/paintings/coffe-and-ashes/?product_orderby=price&product_view=list&product_order=desc&product_count=24 HTTP/1.1" 404 13550 "-" "Mozilla/5.0 (compatible; AhrefsBot/7.0; +http://ahrefs.com/robot/)"
85.208.96.206 - - [27/Feb/2026:12:47:05 -0500] "GET /events/tag/art/list/?eventDisplay=past&tribe-bar-date=2024-02-11 HTTP/1.1" 200 20687 "-" "Mozilla/5.0 (compatible; SemrushBot/7~bl; +http://www.semrush.com/bot.html)"
122.117.102.125 - - [27/Feb/2026:12:47:06 -0500] "POST /xmlrpc.php HTTP/1.1" 200 225 "-" "Mozilla/5.0 (Macintosh; Intel Mac OS X 10_12_5) AppleWebKit/537.36 (KHTML, like Gecko) Chrome/65.0.3325.181 Safari/537.36"
162.253.224.18 - - [27/Feb/2026:12:47:53 -0500] "POST /wp-cron.php?doing_wp_cron=1772214473.7086908817291259765625 HTTP/1.1" 200 - "-" "WordPress/6.9.1; https://clavo.space"
185.191.171.13 - - [27/Feb/2026:12:47:52 -0500] "GET /events/tag/opening/day/2028-11-16/ HTTP/1.1" 200 14447 "-" "Mozilla/5.0 (compatible; SemrushBot/7~bl; +http://www.semrush.com/bot.html)"
85.208.96.202 - - [27/Feb/2026:12:48:00 -0500] "GET /events/tag/exhibition/day/2026-08-06/ HTTP/1.1" 200 14436 "-" "Mozilla/5.0 (compatible; SemrushBot/7~bl; +http://www.semrush.com/bot.html)"
66.249.79.69 - - [27/Feb/2026:12:48:07 -0500] "GET /page/3/?h=d7qazfenfze05cv HTTP/1.1" 200 30622 "-" "Mozilla/5.0 (Linux; Android 6.0.1; Nexus 5X Build/MMB29P) AppleWebKit/537.36 (KHTML, like Gecko) Chrome/144.0.7559.132 Mobile Safari/537.36 (compatible; GoogleOther)"
66.249.79.68 - - [27/Feb/2026:12:48:11 -0500] "GET /page/3/?h=eik1t98o9t8u36p HTTP/1.1" 200 30624 "-" "Mozilla/5.0 (Linux; Android 6.0.1; Nexus 5X Build/MMB29P) AppleWebKit/537.36 (KHTML, like Gecko) Chrome/144.0.7559.132 Mobile Safari/537.36 (compatible; GoogleOther)"
85.208.96.195 - - [27/Feb/2026:12:48:16 -0500] "GET /events/tag/exhibition/list/?tribe-bar-date=2022-08-13 HTTP/1.1" 200 19712 "-" "Mozilla/5.0 (compatible; SemrushBot/7~bl; +http://www.semrush.com/bot.html)"
114.119.132.131 - - [27/Feb/2026:12:48:19 -0500] "GET /shop/page/2/?product_order=asc&product_view=grid&product_count=12&product_orderby=date HTTP/1.1" 404 13539 "https://clavo.space/shop/page/3/?product_order=asc&product_view=grid&product_count=12&product_orderby=date" "Mozilla/5.0 (Linux; Android 7.0;) AppleWebKit/537.36 (KHTML, like Gecko) Mobile Safari/537.36 (compatible; PetalBot;+https://webmaster.petalsearch.com/site/petalbot)"
162.253.224.18 - - [27/Feb/2026:12:48:37 -0500] "POST /wp-cron.php?doing_wp_cron=1772214517.9640080928802490234375 HTTP/1.1" 200 - "-" "WordPress/6.9.1; https://clavo.space"
185.191.171.15 - - [27/Feb/2026:12:48:36 -0500] "GET /events/tag/opening/list/?eventDisplay=past&tribe-bar-date=2025-07-05 HTTP/1.1" 200 20689 "-" "Mozilla/5.0 (compatible; SemrushBot/7~bl; +http://www.semrush.com/bot.html)"
85.208.96.209 - - [27/Feb/2026:12:48:45 -0500] "GET /events/list/?eventDisplay=past&tribe-bar-date=2020-03-31 HTTP/1.1" 200 20427 "-" "Mozilla/5.0 (compatible; SemrushBot/7~bl; +http://www.semrush.com/bot.html)"
85.208.96.197 - - [27/Feb/2026:12:49:30 -0500] "GET /events/category/exhibition/list/?tribe-bar-date=2027-03-27 HTTP/1.1" 200 19751 "-" "Mozilla/5.0 (compatible; SemrushBot/7~bl; +http://www.semrush.com/bot.html)"
162.253.224.18 - - [27/Feb/2026:12:49:35 -0500] "POST /wp-cron.php?doing_wp_cron=1772214575.1026721000671386718750 HTTP/1.1" 200 - "-" "WordPress/6.9.1; https://clavo.space"
114.119.153.245 - - [27/Feb/2026:12:49:33 -0500] "GET /shop/page/1?product_view=grid&product_count=12&product_orderby=date&product_order=asc HTTP/1.1" 404 13533 "https://clavo.space/shop/page/7?product_view=grid&product_count=12&product_orderby=date&product_order=asc" "Mozilla/5.0 (Linux; Android 7.0;) AppleWebKit/537.36 (KHTML, like Gecko) Mobile Safari/537.36 (compatible; PetalBot;+https://webmaster.petalsearch.com/site/petalbot)"
85.208.96.203 - - [27/Feb/2026:12:49:54 -0500] "GET /events/tag/exhibition/list/?tribe-bar-date=2021-03-31 HTTP/1.1" 200 19705 "-" "Mozilla/5.0 (compatible; SemrushBot/7~bl; +http://www.semrush.com/bot.html)"
162.253.224.18 - - [27/Feb/2026:12:50:35 -0500] "POST /wp-cron.php?doing_wp_cron=1772214635.7054789066314697265625 HTTP/1.1" 200 - "-" "WordPress/6.9.1; https://clavo.space"
185.191.171.1 - - [27/Feb/2026:12:50:34 -0500] "GET /events/tag/art/list/?tribe-bar-date=2024-08-17 HTTP/1.1" 200 19720 "-" "Mozilla/5.0 (compatible; SemrushBot/7~bl; +http://www.semrush.com/bot.html)"
162.253.224.18 - - [27/Feb/2026:12:51:04 -0500] "POST /wp-cron.php?doing_wp_cron=1772214664.7085139751434326171875 HTTP/1.1" 200 - "-" "WordPress/6.9.1; https://clavo.space"
185.191.171.11 - - [27/Feb/2026:12:51:03 -0500] "GET /events/month/2028-03/ HTTP/1.1" 200 14422 "-" "Mozilla/5.0 (compatible; SemrushBot/7~bl; +http://www.semrush.com/bot.html)"
114.119.132.131 - - [27/Feb/2026:12:51:05 -0500] "GET /product-tag/abel-adrian/page/3/?product_order=asc&product_orderby=date&product_count=12&paged=1 HTTP/1.1" 301 - "https://clavo.space/product-tag/abel-adrian/page/3/?product_order=asc&product_orderby=date&product_count=12" "Mozilla/5.0 (Linux; Android 7.0;) AppleWebKit/537.36 (KHTML, like Gecko) Mobile Safari/537.36 (compatible; PetalBot;+https://webmaster.petalsearch.com/site/petalbot)"
114.119.132.131 - - [27/Feb/2026:12:51:10 -0500] "GET /portfolio-item/abel-adrian/?product_order=asc&product_orderby=date&product_count=12&paged=1 HTTP/1.1" 301 - "https://clavo.space/product-tag/abel-adrian/page/3/?product_order=asc&product_orderby=date&product_count=12" "Mozilla/5.0 (Linux; Android 7.0;) AppleWebKit/537.36 (KHTML, like Gecko) Mobile Safari/537.36 (compatible; PetalBot;+https://webmaster.petalsearch.com/site/petalbot)"
114.119.132.131 - - [27/Feb/2026:12:51:13 -0500] "GET /portfolio-item/abel-adrian/?product_order=asc&product_orderby=date&product_count=12 HTTP/1.1" 200 21329 "https://clavo.space/product-tag/abel-adrian/page/3/?product_order=asc&product_orderby=date&product_count=12" "Mozilla/5.0 (Linux; Android 7.0;) AppleWebKit/537.36 (KHTML, like Gecko) Mobile Safari/537.36 (compatible; PetalBot;+https://webmaster.petalsearch.com/site/petalbot)"
185.244.152.60 - - [27/Feb/2026:12:51:14 -0500] "GET /wp/scott-caan-deslumbra-con-su-fotografia/ HTTP/1.1" 200 19277 "-" "Mozilla/5.0 (Windows NT 6.1; Win64; x64) AppleWebKit/537.36 (KHTML, like Gecko) Chrome/101.0.4951.54 Safari/537.36"
192.64.112.17 - - [27/Feb/2026:12:51:22 -0500] "POST /xmlrpc.php HTTP/1.1" 200 225 "-" "Mozilla/4.0 (compatible; MSIE 7.0; Windows NT 6.1; WOW64; Trident/7.0; SLCC2; .NET CLR 2.0.50727; .NET CLR 3.5.30729; .NET CLR 3.0.30729; Media Center PC 6.0; .NET4.0C; .NET4.0E; GWX:RESERVED)"
66.249.79.67 - - [27/Feb/2026:12:51:24 -0500] "GET /page/2/?h=emwx5lksl5k6bi1 HTTP/1.1" 200 30445 "-" "Mozilla/5.0 (Linux; Android 6.0.1; Nexus 5X Build/MMB29P) AppleWebKit/537.36 (KHTML, like Gecko) Chrome/144.0.7559.132 Mobile Safari/537.36 (compatible; GoogleOther)"
185.191.171.7 - - [27/Feb/2026:12:51:29 -0500] "GET /events/list/?eventDisplay=past&tribe-bar-date=2020-08-27 HTTP/1.1" 200 20448 "-" "Mozilla/5.0 (compatible; SemrushBot/7~bl; +http://www.semrush.com/bot.html)"
162.253.224.18 - - [27/Feb/2026:12:51:33 -0500] "POST /wp-cron.php?doing_wp_cron=1772214693.0117950439453125000000 HTTP/1.1" 200 - "-" "WordPress/6.9.1; https://clavo.space"
66.249.79.67 - - [27/Feb/2026:12:51:31 -0500] "GET /page/2/?h=ewcfxp0nd90y2mh HTTP/1.1" 200 30435 "-" "Mozilla/5.0 (Linux; Android 6.0.1; Nexus 5X Build/MMB29P) AppleWebKit/537.36 (KHTML, like Gecko) Chrome/144.0.7559.132 Mobile Safari/537.36 (compatible; GoogleOther)"
159.223.205.198 - - [27/Feb/2026:12:51:47 -0500] "GET / HTTP/1.1" 301 289 "-" "Mozilla/5.0 (Windows NT 10.0; Win64; x64) AppleWebKit/537.36 (KHTML, like Gecko) Chrome/80.0.3987.149 Safari/537.36"
159.223.205.198 - - [27/Feb/2026:12:51:47 -0500] "GET / HTTP/1.1" 200 30726 "-" "Mozilla/5.0 (Windows NT 10.0; Win64; x64) AppleWebKit/537.36 (KHTML, like Gecko) Chrome/80.0.3987.149 Safari/537.36"
159.223.205.198 - - [27/Feb/2026:12:51:49 -0500] "GET //wp-includes/wlwmanifest.xml HTTP/1.1" 301 - "-" "Mozilla/5.0 (Windows NT 10.0; Win64; x64) AppleWebKit/537.36 (KHTML, like Gecko) Chrome/80.0.3987.149 Safari/537.36"
159.223.205.198 - - [27/Feb/2026:12:51:50 -0500] "GET //xmlrpc.php?rsd HTTP/1.1" 200 302 "-" "Mozilla/5.0 (Windows NT 10.0; Win64; x64) AppleWebKit/537.36 (KHTML, like Gecko) Chrome/80.0.3987.149 Safari/537.36"
159.223.205.198 - - [27/Feb/2026:12:51:51 -0500] "GET //?author=1 HTTP/1.1" 301 - "-" "Mozilla/5.0 (Windows NT 10.0; Win64; x64) AppleWebKit/537.36 (KHTML, like Gecko) Chrome/80.0.3987.149 Safari/537.36"
159.223.205.198 - - [27/Feb/2026:12:51:53 -0500] "GET //?author=2 HTTP/1.1" 301 - "-" "Mozilla/5.0 (Windows NT 10.0; Win64; x64) AppleWebKit/537.36 (KHTML, like Gecko) Chrome/80.0.3987.149 Safari/537.36"
159.223.205.198 - - [27/Feb/2026:12:51:54 -0500] "GET //wp-json/wp/v2/users/ HTTP/1.1" 200 406 "-" "Mozilla/5.0 (Windows NT 10.0; Win64; x64) AppleWebKit/537.36 (KHTML, like Gecko) Chrome/80.0.3987.149 Safari/537.36"
159.223.205.198 - - [27/Feb/2026:12:51:56 -0500] "POST //xmlrpc.php HTTP/1.1" 200 401 "-" "Mozilla/5.0 (Windows NT 10.0; Win64; x64) AppleWebKit/537.36 (KHTML, like Gecko) Chrome/80.0.3987.149 Safari/537.36"
159.223.205.198 - - [27/Feb/2026:12:51:57 -0500] "POST //xmlrpc.php HTTP/1.1" 200 401 "-" "Mozilla/5.0 (Windows NT 10.0; Win64; x64) AppleWebKit/537.36 (KHTML, like Gecko) Chrome/80.0.3987.149 Safari/537.36"
159.223.205.198 - - [27/Feb/2026:12:51:58 -0500] "POST //xmlrpc.php HTTP/1.1" 200 401 "-" "Mozilla/5.0 (Windows NT 10.0; Win64; x64) AppleWebKit/537.36 (KHTML, like Gecko) Chrome/80.0.3987.149 Safari/537.36"
159.223.205.198 - - [27/Feb/2026:12:51:59 -0500] "POST //xmlrpc.php HTTP/1.1" 200 401 "-" "Mozilla/5.0 (Windows NT 10.0; Win64; x64) AppleWebKit/537.36 (KHTML, like Gecko) Chrome/80.0.3987.149 Safari/537.36"
185.191.171.11 - - [27/Feb/2026:12:52:00 -0500] "GET /events/tag/exhibition/list/?tribe-bar-date=2026-02-20 HTTP/1.1" 200 19710 "-" "Mozilla/5.0 (compatible; SemrushBot/7~bl; +http://www.semrush.com/bot.html)"
159.223.205.198 - - [27/Feb/2026:12:52:01 -0500] "POST //xmlrpc.php HTTP/1.1" 200 401 "-" "Mozilla/5.0 (Windows NT 10.0; Win64; x64) AppleWebKit/537.36 (KHTML, like Gecko) Chrome/80.0.3987.149 Safari/537.36"
159.223.205.198 - - [27/Feb/2026:12:52:03 -0500] "POST //xmlrpc.php HTTP/1.1" 200 401 "-" "Mozilla/5.0 (Windows NT 10.0; Win64; x64) AppleWebKit/537.36 (KHTML, like Gecko) Chrome/80.0.3987.149 Safari/537.36"
159.223.205.198 - - [27/Feb/2026:12:52:04 -0500] "POST //xmlrpc.php HTTP/1.1" 200 401 "-" "Mozilla/5.0 (Windows NT 10.0; Win64; x64) AppleWebKit/537.36 (KHTML, like Gecko) Chrome/80.0.3987.149 Safari/537.36"
159.223.205.198 - - [27/Feb/2026:12:52:05 -0500] "POST //xmlrpc.php HTTP/1.1" 200 401 "-" "Mozilla/5.0 (Windows NT 10.0; Win64; x64) AppleWebKit/537.36 (KHTML, like Gecko) Chrome/80.0.3987.149 Safari/537.36"
159.223.205.198 - - [27/Feb/2026:12:52:06 -0500] "POST //xmlrpc.php HTTP/1.1" 200 401 "-" "Mozilla/5.0 (Windows NT 10.0; Win64; x64) AppleWebKit/537.36 (KHTML, like Gecko) Chrome/80.0.3987.149 Safari/537.36"
159.223.205.198 - - [27/Feb/2026:12:52:08 -0500] "POST //xmlrpc.php HTTP/1.1" 200 401 "-" "Mozilla/5.0 (Windows NT 10.0; Win64; x64) AppleWebKit/537.36 (KHTML, like Gecko) Chrome/80.0.3987.149 Safari/537.36"
114.119.132.131 - - [27/Feb/2026:12:52:22 -0500] "GET /product-tag/abel-adrian/page/1/?product_orderby=name&product_order=asc&product_view=grid&product_count=12 HTTP/1.1" 301 - "https://clavo.space/product-tag/abel-adrian/page/2/?product_orderby=name&product_order=asc&product_view=grid&product_count=12" "Mozilla/5.0 (Linux; Android 7.0;) AppleWebKit/537.36 (KHTML, like Gecko) Mobile Safari/537.36 (compatible; PetalBot;+https://webmaster.petalsearch.com/site/petalbot)"
114.119.132.131 - - [27/Feb/2026:12:52:25 -0500] "GET /portfolio-item/abel-adrian/?product_orderby=name&product_order=asc&product_view=grid&product_count=12 HTTP/1.1" 200 21330 "https://clavo.space/product-tag/abel-adrian/page/2/?product_orderby=name&product_order=asc&product_view=grid&product_count=12" "Mozilla/5.0 (Linux; Android 7.0;) AppleWebKit/537.36 (KHTML, like Gecko) Mobile Safari/537.36 (compatible; PetalBot;+https://webmaster.petalsearch.com/site/petalbot)"
162.253.224.18 - - [27/Feb/2026:12:52:33 -0500] "POST /wp-cron.php?doing_wp_cron=1772214753.6338520050048828125000 HTTP/1.1" 200 - "-" "WordPress/6.9.1; https://clavo.space"
85.208.96.207 - - [27/Feb/2026:12:52:32 -0500] "GET /events/tag/art/list/?tribe-bar-date=2022-11-02 HTTP/1.1" 200 19707 "-" "Mozilla/5.0 (compatible; SemrushBot/7~bl; +http://www.semrush.com/bot.html)"
185.191.171.10 - - [27/Feb/2026:12:52:43 -0500] "GET /events/tag/exhibition/list/?tribe-bar-date=2024-05-04 HTTP/1.1" 200 19707 "-" "Mozilla/5.0 (compatible; SemrushBot/7~bl; +http://www.semrush.com/bot.html)"
185.191.171.11 - - [27/Feb/2026:12:52:48 -0500] "GET /events/list/?eventDisplay=past&tribe-bar-date=2021-08-31 HTTP/1.1" 200 20437 "-" "Mozilla/5.0 (compatible; SemrushBot/7~bl; +http://www.semrush.com/bot.html)"
15.235.98.27 - - [27/Feb/2026:12:53:16 -0500] "GET /product-category/paintings/coffe-and-ashes/?product_orderby=rating&product_view=list&product_order=asc&product_count=24 HTTP/1.1" 404 13559 "-" "Mozilla/5.0 (compatible; AhrefsBot/7.0; +http://ahrefs.com/robot/)"
85.208.96.195 - - [27/Feb/2026:12:53:30 -0500] "GET /events/category/exhibition/list/?tribe-bar-date=2021-12-29 HTTP/1.1" 200 19748 "-" "Mozilla/5.0 (compatible; SemrushBot/7~bl; +http://www.semrush.com/bot.html)"
162.253.224.18 - - [27/Feb/2026:12:53:45 -0500] "POST /wp-cron.php?doing_wp_cron=1772214825.7451689243316650390625 HTTP/1.1" 200 - "-" "WordPress/6.9.1; https://clavo.space"
114.119.132.131 - - [27/Feb/2026:12:53:44 -0500] "GET /product-tag/abel-adrian/page/1/?product_orderby=name&product_count=12&product_order=asc&product_view=grid HTTP/1.1" 301 - "https://clavo.space/product-tag/abel-adrian/page/2/?product_orderby=name&product_count=12&product_order=asc&product_view=grid" "Mozilla/5.0 (Linux; Android 7.0;) AppleWebKit/537.36 (KHTML, like Gecko) Mobile Safari/537.36 (compatible; PetalBot;+https://webmaster.petalsearch.com/site/petalbot)"
114.119.132.131 - - [27/Feb/2026:12:53:46 -0500] "GET /portfolio-item/abel-adrian/?product_orderby=name&product_count=12&product_order=asc&product_view=grid HTTP/1.1" 200 21330 "https://clavo.space/product-tag/abel-adrian/page/2/?product_orderby=name&product_count=12&product_order=asc&product_view=grid" "Mozilla/5.0 (Linux; Android 7.0;) AppleWebKit/537.36 (KHTML, like Gecko) Mobile Safari/537.36 (compatible; PetalBot;+https://webmaster.petalsearch.com/site/petalbot)"
185.191.171.2 - - [27/Feb/2026:12:54:08 -0500] "GET /events/tag/exhibition/list/?eventDisplay=past&tribe-bar-date=2026-03-02 HTTP/1.1" 200 20690 "-" "Mozilla/5.0 (compatible; SemrushBot/7~bl; +http://www.semrush.com/bot.html)"
104.244.72.189 - - [27/Feb/2026:12:54:15 -0500] "GET /wp-login.php HTTP/1.1" 200 6864 "-" "Mozilla/5.0 (Macintosh; Intel Mac OS X 10.8; rv:31.0) Gecko/20100101 Firefox/31.0"
104.244.72.189 - - [27/Feb/2026:12:54:21 -0500] "POST /wp-login.php HTTP/1.1" 200 7350 "-" "Mozilla/5.0 (Macintosh; Intel Mac OS X 10.8; rv:31.0) Gecko/20100101 Firefox/31.0"
185.147.100.125 - - [27/Feb/2026:12:55:07 -0500] "GET https://212productions.net/wp/llega-a-puebla-leonardo-da-vinci-el-rostro-de-un-genio/ HTTP/1.1" 301 - "-" "Mozilla/5.0 (Macintosh; Intel Mac OS X 10_15_7) AppleWebKit/537.36 (KHTML, like Gecko) Chrome/132.0.0.0 Safari/537.36"
162.253.224.18 - - [27/Feb/2026:12:55:21 -0500] "POST /wp-cron.php?doing_wp_cron=1772214921.2315509319305419921875 HTTP/1.1" 200 - "-" "WordPress/6.9.1; https://clavo.space"
185.191.171.2 - - [27/Feb/2026:12:55:18 -0500] "GET /events/list/?tribe-bar-date=2020-11-08 HTTP/1.1" 200 19470 "-" "Mozilla/5.0 (compatible; SemrushBot/7~bl; +http://www.semrush.com/bot.html)"
114.119.132.131 - - [27/Feb/2026:12:55:20 -0500] "GET /product-tag/abel-adrian/page/1/?product_orderby=default&product_view=grid&product_count=12&product_order=asc HTTP/1.1" 301 - "https://clavo.space/product-tag/abel-adrian/page/2/?product_orderby=default&product_view=grid&product_count=12&product_order=asc" "Mozilla/5.0 (Linux; Android 7.0;) AppleWebKit/537.36 (KHTML, like Gecko) Mobile Safari/537.36 (compatible; PetalBot;+https://webmaster.petalsearch.com/site/petalbot)"
187.244.134.110 - - [27/Feb/2026:12:55:25 -0500] "GET https://212productions.net/wp/llega-a-puebla-leonardo-da-vinci-el-rostro-de-un-genio/ HTTP/1.1" 301 - "-" "Mozilla/5.0 (Macintosh; Intel Mac OS X 10_15_7) AppleWebKit/537.36 (KHTML, like Gecko) Chrome/132.0.0.0 Safari/537.36"
114.119.132.131 - - [27/Feb/2026:12:55:25 -0500] "GET /portfolio-item/abel-adrian/?product_orderby=default&product_view=grid&product_count=12&product_order=asc HTTP/1.1" 200 21330 "https://clavo.space/product-tag/abel-adrian/page/2/?product_orderby=default&product_view=grid&product_count=12&product_order=asc" "Mozilla/5.0 (Linux; Android 7.0;) AppleWebKit/537.36 (KHTML, like Gecko) Mobile Safari/537.36 (compatible; PetalBot;+https://webmaster.petalsearch.com/site/petalbot)"
216.244.66.226 - - [27/Feb/2026:12:55:39 -0500] "GET /robots.txt HTTP/1.1" 301 299 "-" "Mozilla/5.0 (compatible; DotBot/1.2; +https://opensiteexplorer.org/dotbot; help@moz.com)"
