100.42.181.200 - - [27/Feb/2026:17:33:52 -0500] "GET /shop/?add-to-cart=6616&product_order=desc&product_count=12&product_orderby=rating HTTP/1.1" 200 4196 "-" "Mozilla/5.0 (compatible; MJ12bot/v1.4.8; http://mj12bot.com/)"
185.191.171.1 - - [27/Feb/2026:17:33:52 -0500] "GET /events/list/?tribe-bar-date=2023-04-25 HTTP/1.1" 200 4196 "-" "Mozilla/5.0 (compatible; SemrushBot/7~bl; +http://www.semrush.com/bot.html)"
100.42.181.200 - - [27/Feb/2026:17:33:55 -0500] "GET /shop/?add-to-cart=6616&product_order=desc&product_count=12&product_view=grid HTTP/1.1" 200 4196 "-" "Mozilla/5.0 (compatible; MJ12bot/v1.4.8; http://mj12bot.com/)"
185.191.171.18 - - [27/Feb/2026:17:33:59 -0500] "GET /events/tag/exhibition/list/?tribe-bar-date=2021-06-19 HTTP/1.1" 200 4196 "-" "Mozilla/5.0 (compatible; SemrushBot/7~bl; +http://www.semrush.com/bot.html)"
100.42.181.200 - - [27/Feb/2026:17:33:59 -0500] "GET /shop/?add-to-cart=6616&product_order=desc&product_count=12&product_view=list HTTP/1.1" 200 4196 "-" "Mozilla/5.0 (compatible; MJ12bot/v1.4.8; http://mj12bot.com/)"
31.42.184.113 - - [27/Feb/2026:17:34:01 -0500] "GET //index.php?params HTTP/1.1" 200 4196 "-" "Mozilla/5.0 (compatible; Googlebot/2.1; +http://www.google.com/bot.html; (greenwich&lewisham))"
31.42.184.113 - - [27/Feb/2026:17:34:02 -0500] "GET /carlospaellas.us__c54d85c/wp-login.php?ac=p&api=&path=&t=f02d25769c6bbd5cedeece426dda4657 HTTP/1.1" 200 2020 "-" "Mozilla/5.0 (Windows NT 10.0; Win64; x64) AppleWebKit/537.36 (KHTML, like Gecko) Chrome/136.0.0.0 Safari/537.36 Edg/136.0.0.0"
100.42.181.200 - - [27/Feb/2026:17:34:03 -0500] "GET /shop/?add-to-cart=6616&product_order=desc&product_count=36&product_orderby=default HTTP/1.1" 200 4196 "-" "Mozilla/5.0 (compatible; MJ12bot/v1.4.8; http://mj12bot.com/)"
31.42.184.113 - - [27/Feb/2026:17:34:03 -0500] "GET /carlospaellas.us__c54d85c/wp-login.php?520 HTTP/1.1" 200 4196 "-" "Mozilla/5.0 (Windows NT 10.0; Win64; x64) AppleWebKit/537.36 (KHTML, like Gecko) Chrome/136.0.0.0 Safari/537.36 Edg/136.0.0.0"
31.42.184.113 - - [27/Feb/2026:17:34:04 -0500] "POST /carlospaellas.us__c54d85c/wp-login.php?520 HTTP/1.1" 200 65129 "-" "Mozilla/5.0 (Windows NT 10.0; Win64; x64) AppleWebKit/537.36 (KHTML, like Gecko) Chrome/136.0.0.0 Safari/537.36 Edg/136.0.0.0"
31.42.184.113 - - [27/Feb/2026:17:34:06 -0500] "POST /carlospaellas.us__c54d85c/wp-login.php?520?pilihan=&path=%5Chome%5Cclavospa%5Cpublic_html HTTP/1.1" 200 65129 "-" "Mozilla/5.0 (Windows NT 10.0; Win64; x64) AppleWebKit/537.36 (KHTML, like Gecko) Chrome/136.0.0.0 Safari/537.36 Edg/136.0.0.0"
100.42.181.200 - - [27/Feb/2026:17:34:07 -0500] "GET /shop/?add-to-cart=6616&product_order=desc&product_count=36&product_orderby=name HTTP/1.1" 200 4196 "-" "Mozilla/5.0 (compatible; MJ12bot/v1.4.8; http://mj12bot.com/)"
31.42.184.113 - - [27/Feb/2026:17:34:07 -0500] "POST /carlospaellas.us__c54d85c/wp-login.php?520 HTTP/1.1" 200 65225 "-" "Mozilla/5.0 (Windows NT 10.0; Win64; x64) AppleWebKit/537.36 (KHTML, like Gecko) Chrome/136.0.0.0 Safari/537.36 Edg/136.0.0.0"
31.42.184.113 - - [27/Feb/2026:17:34:09 -0500] "GET /carlospaellas.us__c54d85c/lock360.php?ac=p&api=&path=&t=f02d25769c6bbd5cedeece426dda4657 HTTP/1.1" 200 2020 "-" "Mozilla/5.0 (Windows NT 10.0; Win64; x64) AppleWebKit/537.36 (KHTML, like Gecko) Chrome/136.0.0.0 Safari/537.36 Edg/136.0.0.0"
31.42.184.113 - - [27/Feb/2026:17:34:09 -0500] "GET /carlospaellas.us__c54d85c/wp-login.php?ac=p&api=&path=&t=f02d25769c6bbd5cedeece426dda4657 HTTP/1.1" 200 2020 "-" "Mozilla/5.0 (Windows NT 10.0; Win64; x64) AppleWebKit/537.36 (KHTML, like Gecko) Chrome/136.0.0.0 Safari/537.36 Edg/136.0.0.0"
31.42.184.113 - - [27/Feb/2026:17:34:10 -0500] "GET /latitud212.com__c54d85c/2index.php?520 HTTP/1.1" 200 4232 "-" "Mozilla/5.0 (Windows NT 10.0; Win64; x64) AppleWebKit/537.36 (KHTML, like Gecko) Chrome/136.0.0.0 Safari/537.36 Edg/136.0.0.0"
100.42.181.200 - - [27/Feb/2026:17:34:10 -0500] "GET /shop/?add-to-cart=6616&product_order=desc&product_count=36&product_view=grid HTTP/1.1" 200 4232 "-" "Mozilla/5.0 (compatible; MJ12bot/v1.4.8; http://mj12bot.com/)"
31.42.184.113 - - [27/Feb/2026:17:34:12 -0500] "POST /latitud212.com__c54d85c/2index.php?520 HTTP/1.1" 200 66615 "-" "Mozilla/5.0 (Windows NT 10.0; Win64; x64) AppleWebKit/537.36 (KHTML, like Gecko) Chrome/136.0.0.0 Safari/537.36 Edg/136.0.0.0"
31.42.184.113 - - [27/Feb/2026:17:34:13 -0500] "POST /latitud212.com__c54d85c/2index.php?520?pilihan=&path=%5Chome%5Cclavospa%5Cpublic_html HTTP/1.1" 200 66615 "-" "Mozilla/5.0 (Windows NT 10.0; Win64; x64) AppleWebKit/537.36 (KHTML, like Gecko) Chrome/136.0.0.0 Safari/537.36 Edg/136.0.0.0"
100.42.181.200 - - [27/Feb/2026:17:34:14 -0500] "GET /shop/?add-to-cart=6688&product_orderby=date&product_count=24&product_order=desc HTTP/1.1" 200 4232 "-" "Mozilla/5.0 (compatible; MJ12bot/v1.4.8; http://mj12bot.com/)"
31.42.184.113 - - [27/Feb/2026:17:34:15 -0500] "POST /latitud212.com__c54d85c/2index.php?520 HTTP/1.1" 200 66711 "-" "Mozilla/5.0 (Windows NT 10.0; Win64; x64) AppleWebKit/537.36 (KHTML, like Gecko) Chrome/136.0.0.0 Safari/537.36 Edg/136.0.0.0"
31.42.184.113 - - [27/Feb/2026:17:34:16 -0500] "GET /latitud212.com__c54d85c/lock360.php?ac=p&api=&path=&t=f02d25769c6bbd5cedeece426dda4657 HTTP/1.1" 200 2020 "-" "Mozilla/5.0 (Windows NT 10.0; Win64; x64) AppleWebKit/537.36 (KHTML, like Gecko) Chrome/136.0.0.0 Safari/537.36 Edg/136.0.0.0"
31.42.184.113 - - [27/Feb/2026:17:34:17 -0500] "GET /latitud212.com__c54d85c/2index.php?ac=p&api=&path=&t=f02d25769c6bbd5cedeece426dda4657 HTTP/1.1" 200 2020 "-" "Mozilla/5.0 (Windows NT 10.0; Win64; x64) AppleWebKit/537.36 (KHTML, like Gecko) Chrome/136.0.0.0 Safari/537.36 Edg/136.0.0.0"
31.42.184.113 - - [27/Feb/2026:17:34:18 -0500] "GET /new.davidlachapelleamor.com__c54d85c/content.php?520 HTTP/1.1" 200 4232 "-" "Mozilla/5.0 (Windows NT 10.0; Win64; x64) AppleWebKit/537.36 (KHTML, like Gecko) Chrome/136.0.0.0 Safari/537.36 Edg/136.0.0.0"
100.42.181.200 - - [27/Feb/2026:17:34:18 -0500] "GET /shop/?add-to-cart=6688&product_orderby=date&product_count=24&product_view=grid HTTP/1.1" 200 4232 "-" "Mozilla/5.0 (compatible; MJ12bot/v1.4.8; http://mj12bot.com/)"
85.208.96.193 - - [27/Feb/2026:17:34:18 -0500] "GET /events/list/?eventDisplay=past&tribe-bar-date=2029-05-18 HTTP/1.1" 200 4232 "-" "Mozilla/5.0 (compatible; SemrushBot/7~bl; +http://www.semrush.com/bot.html)"
31.42.184.113 - - [27/Feb/2026:17:34:19 -0500] "POST /new.davidlachapelleamor.com__c54d85c/content.php?520 HTTP/1.1" 200 66615 "-" "Mozilla/5.0 (Windows NT 10.0; Win64; x64) AppleWebKit/537.36 (KHTML, like Gecko) Chrome/136.0.0.0 Safari/537.36 Edg/136.0.0.0"
31.42.184.113 - - [27/Feb/2026:17:34:21 -0500] "POST /new.davidlachapelleamor.com__c54d85c/content.php?520?pilihan=&path=%5Chome%5Cclavospa%5Cpublic_html HTTP/1.1" 200 66615 "-" "Mozilla/5.0 (Windows NT 10.0; Win64; x64) AppleWebKit/537.36 (KHTML, like Gecko) Chrome/136.0.0.0 Safari/537.36 Edg/136.0.0.0"
100.42.181.200 - - [27/Feb/2026:17:34:22 -0500] "GET /shop/?add-to-cart=6688&product_orderby=date&product_count=24&product_view=list HTTP/1.1" 200 4232 "-" "Mozilla/5.0 (compatible; MJ12bot/v1.4.8; http://mj12bot.com/)"
31.42.184.113 - - [27/Feb/2026:17:34:22 -0500] "POST /new.davidlachapelleamor.com__c54d85c/content.php?520 HTTP/1.1" 200 66711 "-" "Mozilla/5.0 (Windows NT 10.0; Win64; x64) AppleWebKit/537.36 (KHTML, like Gecko) Chrome/136.0.0.0 Safari/537.36 Edg/136.0.0.0"
31.42.184.113 - - [27/Feb/2026:17:34:23 -0500] "GET /new.davidlachapelleamor.com__c54d85c/lock360.php?ac=p&api=&path=&t=f02d25769c6bbd5cedeece426dda4657 HTTP/1.1" 200 2020 "-" "Mozilla/5.0 (Windows NT 10.0; Win64; x64) AppleWebKit/537.36 (KHTML, like Gecko) Chrome/136.0.0.0 Safari/537.36 Edg/136.0.0.0"
31.42.184.113 - - [27/Feb/2026:17:34:24 -0500] "GET /new.davidlachapelleamor.com__c54d85c/content.php?ac=p&api=&path=&t=f02d25769c6bbd5cedeece426dda4657 HTTP/1.1" 200 2020 "-" "Mozilla/5.0 (Windows NT 10.0; Win64; x64) AppleWebKit/537.36 (KHTML, like Gecko) Chrome/136.0.0.0 Safari/537.36 Edg/136.0.0.0"
31.42.184.113 - - [27/Feb/2026:17:34:25 -0500] "GET /wp-content__c54d85c/radio.php?520 HTTP/1.1" 200 4232 "-" "Mozilla/5.0 (Windows NT 10.0; Win64; x64) AppleWebKit/537.36 (KHTML, like Gecko) Chrome/136.0.0.0 Safari/537.36 Edg/136.0.0.0"
100.42.181.200 - - [27/Feb/2026:17:34:26 -0500] "GET /shop/?add-to-cart=6688&product_orderby=date&product_count=36&product_order=asc HTTP/1.1" 200 4232 "-" "Mozilla/5.0 (compatible; MJ12bot/v1.4.8; http://mj12bot.com/)"
31.42.184.113 - - [27/Feb/2026:17:34:26 -0500] "POST /wp-content__c54d85c/radio.php?520 HTTP/1.1" 200 66615 "-" "Mozilla/5.0 (Windows NT 10.0; Win64; x64) AppleWebKit/537.36 (KHTML, like Gecko) Chrome/136.0.0.0 Safari/537.36 Edg/136.0.0.0"
85.208.96.200 - - [27/Feb/2026:17:34:27 -0500] "GET /events/list/?eventDisplay=past&tribe-bar-date=2023-04-04 HTTP/1.1" 200 4232 "-" "Mozilla/5.0 (compatible; SemrushBot/7~bl; +http://www.semrush.com/bot.html)"
31.42.184.113 - - [27/Feb/2026:17:34:28 -0500] "POST /wp-content__c54d85c/radio.php?520?pilihan=&path=%5Chome%5Cclavospa%5Cpublic_html HTTP/1.1" 200 66615 "-" "Mozilla/5.0 (Windows NT 10.0; Win64; x64) AppleWebKit/537.36 (KHTML, like Gecko) Chrome/136.0.0.0 Safari/537.36 Edg/136.0.0.0"
100.42.181.200 - - [27/Feb/2026:17:34:29 -0500] "GET /shop/?add-to-cart=6688&product_orderby=date&product_count=36&product_order=desc HTTP/1.1" 200 4232 "-" "Mozilla/5.0 (compatible; MJ12bot/v1.4.8; http://mj12bot.com/)"
31.42.184.113 - - [27/Feb/2026:17:34:29 -0500] "POST /wp-content__c54d85c/radio.php?520 HTTP/1.1" 200 66711 "-" "Mozilla/5.0 (Windows NT 10.0; Win64; x64) AppleWebKit/537.36 (KHTML, like Gecko) Chrome/136.0.0.0 Safari/537.36 Edg/136.0.0.0"
31.42.184.113 - - [27/Feb/2026:17:34:31 -0500] "GET /wp-content__c54d85c/lock360.php?ac=p&api=&path=&t=f02d25769c6bbd5cedeece426dda4657 HTTP/1.1" 200 2020 "-" "Mozilla/5.0 (Windows NT 10.0; Win64; x64) AppleWebKit/537.36 (KHTML, like Gecko) Chrome/136.0.0.0 Safari/537.36 Edg/136.0.0.0"
31.42.184.113 - - [27/Feb/2026:17:34:31 -0500] "GET /wp-content__c54d85c/radio.php?ac=p&api=&path=&t=f02d25769c6bbd5cedeece426dda4657 HTTP/1.1" 200 2020 "-" "Mozilla/5.0 (Windows NT 10.0; Win64; x64) AppleWebKit/537.36 (KHTML, like Gecko) Chrome/136.0.0.0 Safari/537.36 Edg/136.0.0.0"
31.42.184.113 - - [27/Feb/2026:17:34:32 -0500] "GET /wp-includes__c54d85c/index.php?520 HTTP/1.1" 200 4232 "-" "Mozilla/5.0 (Windows NT 10.0; Win64; x64) AppleWebKit/537.36 (KHTML, like Gecko) Chrome/136.0.0.0 Safari/537.36 Edg/136.0.0.0"
100.42.181.200 - - [27/Feb/2026:17:34:33 -0500] "GET /shop/?add-to-cart=6998&product_orderby=default&product_view=list&product_count=12 HTTP/1.1" 200 4232 "-" "Mozilla/5.0 (compatible; MJ12bot/v1.4.8; http://mj12bot.com/)"
66.249.79.69 - - [27/Feb/2026:17:34:33 -0500] "GET /page/2/?h=ebb4k0zm0kzl6xg HTTP/1.1" 200 4232 "-" "Mozilla/5.0 (Linux; Android 6.0.1; Nexus 5X Build/MMB29P) AppleWebKit/537.36 (KHTML, like Gecko) Chrome/144.0.7559.132 Mobile Safari/537.36 (compatible; GoogleOther)"
31.42.184.113 - - [27/Feb/2026:17:34:34 -0500] "POST /wp-includes__c54d85c/index.php?520 HTTP/1.1" 200 66615 "-" "Mozilla/5.0 (Windows NT 10.0; Win64; x64) AppleWebKit/537.36 (KHTML, like Gecko) Chrome/136.0.0.0 Safari/537.36 Edg/136.0.0.0"
31.42.184.113 - - [27/Feb/2026:17:34:36 -0500] "POST /wp-includes__c54d85c/index.php?520?pilihan=&path=%5Chome%5Cclavospa%5Cpublic_html HTTP/1.1" 200 66615 "-" "Mozilla/5.0 (Windows NT 10.0; Win64; x64) AppleWebKit/537.36 (KHTML, like Gecko) Chrome/136.0.0.0 Safari/537.36 Edg/136.0.0.0"
100.42.181.200 - - [27/Feb/2026:17:34:37 -0500] "GET /shop/?add-to-cart=6998&product_orderby=default&product_view=list&product_count=36 HTTP/1.1" 200 4232 "-" "Mozilla/5.0 (compatible; MJ12bot/v1.4.8; http://mj12bot.com/)"
31.42.184.113 - - [27/Feb/2026:17:34:37 -0500] "POST /wp-includes__c54d85c/index.php?520 HTTP/1.1" 200 66711 "-" "Mozilla/5.0 (Windows NT 10.0; Win64; x64) AppleWebKit/537.36 (KHTML, like Gecko) Chrome/136.0.0.0 Safari/537.36 Edg/136.0.0.0"
31.42.184.113 - - [27/Feb/2026:17:34:38 -0500] "GET /wp-includes__c54d85c/lock360.php?ac=p&api=&path=&t=f02d25769c6bbd5cedeece426dda4657 HTTP/1.1" 200 2020 "-" "Mozilla/5.0 (Windows NT 10.0; Win64; x64) AppleWebKit/537.36 (KHTML, like Gecko) Chrome/136.0.0.0 Safari/537.36 Edg/136.0.0.0"
31.42.184.113 - - [27/Feb/2026:17:34:39 -0500] "GET /wp-includes__c54d85c/index.php?ac=p&api=&path=&t=f02d25769c6bbd5cedeece426dda4657 HTTP/1.1" 200 2020 "-" "Mozilla/5.0 (Windows NT 10.0; Win64; x64) AppleWebKit/537.36 (KHTML, like Gecko) Chrome/136.0.0.0 Safari/537.36 Edg/136.0.0.0"
100.42.181.200 - - [27/Feb/2026:17:34:41 -0500] "GET /shop/?add-to-cart=6998&product_orderby=rating&product_view=list&product_count=12 HTTP/1.1" 200 4232 "-" "Mozilla/5.0 (compatible; MJ12bot/v1.4.8; http://mj12bot.com/)"
100.42.181.200 - - [27/Feb/2026:17:34:45 -0500] "GET /shop/?add-to-cart=6998&product_orderby=rating&product_view=list&product_count=36 HTTP/1.1" 200 4232 "-" "Mozilla/5.0 (compatible; MJ12bot/v1.4.8; http://mj12bot.com/)"
100.42.181.200 - - [27/Feb/2026:17:34:48 -0500] "GET /shop/?add-to-cart=7085&product_orderby=date&product_count=24&product_view=list HTTP/1.1" 200 4232 "-" "Mozilla/5.0 (compatible; MJ12bot/v1.4.8; http://mj12bot.com/)"
74.208.90.100 - - [27/Feb/2026:17:34:49 -0500] "POST /xmlrpc.php HTTP/1.1" 200 4232 "-" "Mozilla/4.0 (compatible; MSIE 8.0; Windows NT 6.1; WOW64; Trident/7.0; SLCC2; .NET CLR 2.0.50727; .NET CLR 3.5.30729; .NET CLR 3.0.30729; Media Center PC 6.0; .NET4.0C; .NET4.0E)"
74.208.90.100 - - [27/Feb/2026:17:34:51 -0500] "POST /xmlrpc.php HTTP/1.1" 200 4232 "-" "Mozilla/4.0 (compatible; MSIE 8.0; Windows NT 6.1; WOW64; Trident/7.0; SLCC2; .NET CLR 2.0.50727; .NET CLR 3.5.30729; .NET CLR 3.0.30729; Media Center PC 6.0; .NET4.0C; .NET4.0E)"
100.42.181.200 - - [27/Feb/2026:17:34:52 -0500] "GET /shop/?add-to-cart=7085&product_orderby=default&product_count=12&product_order=desc HTTP/1.1" 200 4232 "-" "Mozilla/5.0 (compatible; MJ12bot/v1.4.8; http://mj12bot.com/)"
100.42.181.200 - - [27/Feb/2026:17:34:56 -0500] "GET /shop/?add-to-cart=7085&product_orderby=default&product_count=12&product_view=grid HTTP/1.1" 200 4232 "-" "Mozilla/5.0 (compatible; MJ12bot/v1.4.8; http://mj12bot.com/)"
100.42.181.200 - - [27/Feb/2026:17:34:59 -0500] "GET /shop/?add-to-cart=7085&product_orderby=default&product_count=12&product_view=list HTTP/1.1" 200 4232 "-" "Mozilla/5.0 (compatible; MJ12bot/v1.4.8; http://mj12bot.com/)"
85.208.96.199 - - [27/Feb/2026:17:35:03 -0500] "GET /events/list/?tribe-bar-date=2020-05-05 HTTP/1.1" 200 4232 "-" "Mozilla/5.0 (compatible; SemrushBot/7~bl; +http://www.semrush.com/bot.html)"
100.42.181.200 - - [27/Feb/2026:17:35:03 -0500] "GET /shop/?add-to-cart=7085&product_orderby=default&product_count=24&product_view=list HTTP/1.1" 200 4232 "-" "Mozilla/5.0 (compatible; MJ12bot/v1.4.8; http://mj12bot.com/)"
100.42.181.200 - - [27/Feb/2026:17:35:07 -0500] "GET /shop/?add-to-cart=7085&product_orderby=default&product_count=36&product_view=grid HTTP/1.1" 200 4232 "-" "Mozilla/5.0 (compatible; MJ12bot/v1.4.8; http://mj12bot.com/)"
114.119.148.154 - - [27/Feb/2026:17:35:08 -0500] "GET /shop/page/5?product_order=asc&product_view=list&product_orderby=name&product_count=12 HTTP/1.1" 200 4232 "https://clavo.space/shop/page/5?product_order=asc&product_view=list&product_orderby=default&product_count=12" "Mozilla/5.0 (Linux; Android 7.0;) AppleWebKit/537.36 (KHTML, like Gecko) Mobile Safari/537.36 (compatible; PetalBot;+https://webmaster.petalsearch.com/site/petalbot)"
100.42.181.200 - - [27/Feb/2026:17:35:11 -0500] "GET /shop/?add-to-cart=7085&product_orderby=name&product_order=desc&product_count=12 HTTP/1.1" 200 4232 "-" "Mozilla/5.0 (compatible; MJ12bot/v1.4.8; http://mj12bot.com/)"
100.42.181.200 - - [27/Feb/2026:17:35:14 -0500] "GET /shop/?add-to-cart=7085&product_orderby=name&product_order=desc&product_count=24 HTTP/1.1" 200 4232 "-" "Mozilla/5.0 (compatible; MJ12bot/v1.4.8; http://mj12bot.com/)"
100.42.181.200 - - [27/Feb/2026:17:35:18 -0500] "GET /shop/?add-to-cart=7085&product_orderby=name&product_order=desc&product_count=36 HTTP/1.1" 200 4232 "-" "Mozilla/5.0 (compatible; MJ12bot/v1.4.8; http://mj12bot.com/)"
100.42.181.200 - - [27/Feb/2026:17:35:22 -0500] "GET /shop/?add-to-cart=7085&product_orderby=price&product_view=grid&product_count=12 HTTP/1.1" 200 4232 "-" "Mozilla/5.0 (compatible; MJ12bot/v1.4.8; http://mj12bot.com/)"
100.42.181.200 - - [27/Feb/2026:17:35:26 -0500] "GET /shop/?add-to-cart=7085&product_orderby=price&product_view=grid&product_count=24 HTTP/1.1" 200 4232 "-" "Mozilla/5.0 (compatible; MJ12bot/v1.4.8; http://mj12bot.com/)"
100.42.181.200 - - [27/Feb/2026:17:35:29 -0500] "GET /shop/?add-to-cart=7085&product_orderby=price&product_view=grid&product_count=36 HTTP/1.1" 200 4232 "-" "Mozilla/5.0 (compatible; MJ12bot/v1.4.8; http://mj12bot.com/)"
100.42.181.200 - - [27/Feb/2026:17:35:33 -0500] "GET /shop/?add-to-cart=7085&product_orderby=rating&product_count=12 HTTP/1.1" 200 4232 "-" "Mozilla/5.0 (compatible; MJ12bot/v1.4.8; http://mj12bot.com/)"
100.42.181.200 - - [27/Feb/2026:17:35:37 -0500] "GET /shop/?add-to-cart=7085&product_orderby=rating&product_count=24 HTTP/1.1" 200 4232 "-" "Mozilla/5.0 (compatible; MJ12bot/v1.4.8; http://mj12bot.com/)"
100.42.181.200 - - [27/Feb/2026:17:35:41 -0500] "GET /shop/?add-to-cart=7085&product_orderby=rating&product_count=24&product_view=list HTTP/1.1" 200 4232 "-" "Mozilla/5.0 (compatible; MJ12bot/v1.4.8; http://mj12bot.com/)"
100.42.181.200 - - [27/Feb/2026:17:35:45 -0500] "GET /shop/?add-to-cart=7085&product_orderby=rating&product_count=36 HTTP/1.1" 200 4232 "-" "Mozilla/5.0 (compatible; MJ12bot/v1.4.8; http://mj12bot.com/)"
100.42.181.200 - - [27/Feb/2026:17:35:49 -0500] "GET /shop/?add-to-cart=7089&product_orderby=date&product_order=asc&product_count=12 HTTP/1.1" 200 4232 "-" "Mozilla/5.0 (compatible; MJ12bot/v1.4.8; http://mj12bot.com/)"
85.208.96.197 - - [27/Feb/2026:17:35:49 -0500] "GET /events/tag/clavo-space/list/?eventDisplay=past&tribe-bar-date=2023-11-05 HTTP/1.1" 200 4232 "-" "Mozilla/5.0 (compatible; SemrushBot/7~bl; +http://www.semrush.com/bot.html)"
100.42.181.200 - - [27/Feb/2026:17:35:52 -0500] "GET /shop/?add-to-cart=7089&product_orderby=date&product_order=asc&product_count=24 HTTP/1.1" 200 4232 "-" "Mozilla/5.0 (compatible; MJ12bot/v1.4.8; http://mj12bot.com/)"
100.42.181.200 - - [27/Feb/2026:17:35:56 -0500] "GET /shop/?add-to-cart=7089&product_orderby=date&product_order=asc&product_count=36 HTTP/1.1" 200 4232 "-" "Mozilla/5.0 (compatible; MJ12bot/v1.4.8; http://mj12bot.com/)"
49.51.204.74 - - [27/Feb/2026:17:35:57 -0500] "GET /wp/pgp/ HTTP/1.1" 200 14481 "http://guacamayaproject.org" "Mozilla/5.0 (iPhone; CPU iPhone OS 13_2_3 like Mac OS X) AppleWebKit/605.1.15 (KHTML, like Gecko) Version/13.0.3 Mobile/15E148 Safari/604.1"
100.42.181.200 - - [27/Feb/2026:17:36:00 -0500] "GET /shop/?add-to-cart=7089&product_orderby=popularity&product_order=asc&product_count=36 HTTP/1.1" 200 4232 "-" "Mozilla/5.0 (compatible; MJ12bot/v1.4.8; http://mj12bot.com/)"
100.42.181.200 - - [27/Feb/2026:17:36:04 -0500] "GET /shop/?add-to-cart=7109&product_count=36&product_view=list&product_orderby=popularity HTTP/1.1" 200 4232 "-" "Mozilla/5.0 (compatible; MJ12bot/v1.4.8; http://mj12bot.com/)"
100.42.181.200 - - [27/Feb/2026:17:36:08 -0500] "GET /shop/?add-to-cart=7109&product_view=grid&product_orderby=price&product_order=asc HTTP/1.1" 200 4232 "-" "Mozilla/5.0 (compatible; MJ12bot/v1.4.8; http://mj12bot.com/)"
100.42.181.200 - - [27/Feb/2026:17:36:11 -0500] "GET /shop/?add-to-cart=7113&product_order=asc&product_orderby=price&product_view=list&product_count=36 HTTP/1.1" 200 4232 "-" "Mozilla/5.0 (compatible; MJ12bot/v1.4.8; http://mj12bot.com/)"
100.42.181.200 - - [27/Feb/2026:17:36:15 -0500] "GET /shop/?add-to-cart=7113&product_order=asc&product_orderby=rating&product_count=36&product_view=grid HTTP/1.1" 200 4232 "-" "Mozilla/5.0 (compatible; MJ12bot/v1.4.8; http://mj12bot.com/)"
100.42.181.200 - - [27/Feb/2026:17:36:19 -0500] "GET /shop/?add-to-cart=7113&product_order=asc&product_orderby=rating&product_count=36&product_view=list HTTP/1.1" 200 4232 "-" "Mozilla/5.0 (compatible; MJ12bot/v1.4.8; http://mj12bot.com/)"
100.42.181.200 - - [27/Feb/2026:17:36:23 -0500] "GET /shop/?add-to-cart=7113&product_order=asc&product_orderby=rating&product_view=grid&product_count=24 HTTP/1.1" 200 4232 "-" "Mozilla/5.0 (compatible; MJ12bot/v1.4.8; http://mj12bot.com/)"
100.42.181.200 - - [27/Feb/2026:17:36:26 -0500] "GET /shop/?add-to-cart=7113&product_order=asc&product_orderby=rating&product_view=grid&product_count=36 HTTP/1.1" 200 4232 "-" "Mozilla/5.0 (compatible; MJ12bot/v1.4.8; http://mj12bot.com/)"
114.119.158.196 - - [27/Feb/2026:17:36:28 -0500] "GET /shop/page/5/?product_view=grid&product_orderby=name&product_count=12&product_order=desc HTTP/1.1" 200 4232 "https://clavo.space/shop/page/4/?product_view=grid&product_orderby=name&product_count=12&product_order=desc" "Mozilla/5.0 (Linux; Android 7.0;) AppleWebKit/537.36 (KHTML, like Gecko) Mobile Safari/537.36 (compatible; PetalBot;+https://webmaster.petalsearch.com/site/petalbot)"
100.42.181.200 - - [27/Feb/2026:17:36:30 -0500] "GET /shop/?add-to-cart=7113&product_order=asc&product_orderby=rating&product_view=list&product_count=12 HTTP/1.1" 200 4232 "-" "Mozilla/5.0 (compatible; MJ12bot/v1.4.8; http://mj12bot.com/)"
100.42.181.200 - - [27/Feb/2026:17:36:34 -0500] "GET /shop/?add-to-cart=7113&product_order=asc&product_orderby=rating&product_view=list&product_count=24 HTTP/1.1" 200 4232 "-" "Mozilla/5.0 (compatible; MJ12bot/v1.4.8; http://mj12bot.com/)"
100.42.181.200 - - [27/Feb/2026:17:36:38 -0500] "GET /shop/?add-to-cart=7113&product_order=asc&product_orderby=rating&product_view=list&product_count=36 HTTP/1.1" 200 4232 "-" "Mozilla/5.0 (compatible; MJ12bot/v1.4.8; http://mj12bot.com/)"
100.42.181.200 - - [27/Feb/2026:17:36:42 -0500] "GET /shop/?add-to-cart=7113&product_order=asc&product_view=grid&product_count=12&product_orderby=default HTTP/1.1" 200 4232 "-" "Mozilla/5.0 (compatible; MJ12bot/v1.4.8; http://mj12bot.com/)"
100.42.181.200 - - [27/Feb/2026:17:36:45 -0500] "GET /shop/?add-to-cart=7113&product_order=asc&product_view=grid&product_count=12&product_orderby=rating HTTP/1.1" 200 4232 "-" "Mozilla/5.0 (compatible; MJ12bot/v1.4.8; http://mj12bot.com/)"
100.42.181.200 - - [27/Feb/2026:17:36:49 -0500] "GET /shop/?add-to-cart=7113&product_order=asc&product_view=grid&product_orderby=date&product_count=12 HTTP/1.1" 200 4232 "-" "Mozilla/5.0 (compatible; MJ12bot/v1.4.8; http://mj12bot.com/)"
100.42.181.200 - - [27/Feb/2026:17:36:53 -0500] "GET /shop/?add-to-cart=7113&product_order=asc&product_view=grid&product_orderby=date&product_count=24 HTTP/1.1" 200 4232 "-" "Mozilla/5.0 (compatible; MJ12bot/v1.4.8; http://mj12bot.com/)"
66.249.79.68 - - [27/Feb/2026:17:36:53 -0500] "GET /page/2/?h=e67448veksv5g5c HTTP/1.1" 200 4232 "-" "Mozilla/5.0 (Linux; Android 6.0.1; Nexus 5X Build/MMB29P) AppleWebKit/537.36 (KHTML, like Gecko) Chrome/144.0.7559.132 Mobile Safari/537.36 (compatible; GoogleOther)"
100.42.181.200 - - [27/Feb/2026:17:36:57 -0500] "GET /shop/?add-to-cart=7113&product_order=asc&product_view=grid&product_orderby=date&product_count=36 HTTP/1.1" 200 4232 "-" "Mozilla/5.0 (compatible; MJ12bot/v1.4.8; http://mj12bot.com/)"
100.42.181.200 - - [27/Feb/2026:17:37:00 -0500] "GET /shop/?add-to-cart=7113&product_order=asc&product_view=grid&product_orderby=default&product_count=12 HTTP/1.1" 200 4232 "-" "Mozilla/5.0 (compatible; MJ12bot/v1.4.8; http://mj12bot.com/)"
85.208.96.200 - - [27/Feb/2026:17:37:01 -0500] "GET /events/tag/opening/day/2027-01-30/ HTTP/1.1" 200 4232 "-" "Mozilla/5.0 (compatible; SemrushBot/7~bl; +http://www.semrush.com/bot.html)"
100.42.181.200 - - [27/Feb/2026:17:37:04 -0500] "GET /shop/?add-to-cart=7113&product_order=asc&product_view=grid&product_orderby=default&product_count=24 HTTP/1.1" 200 4232 "-" "Mozilla/5.0 (compatible; MJ12bot/v1.4.8; http://mj12bot.com/)"
185.191.171.17 - - [27/Feb/2026:17:37:04 -0500] "GET /events/tag/art/list/?eventDisplay=past&tribe-bar-date=2020-05-22 HTTP/1.1" 200 4232 "-" "Mozilla/5.0 (compatible; SemrushBot/7~bl; +http://www.semrush.com/bot.html)"
100.42.181.200 - - [27/Feb/2026:17:37:08 -0500] "GET /shop/?add-to-cart=7113&product_order=asc&product_view=grid&product_orderby=default&product_count=36 HTTP/1.1" 200 4232 "-" "Mozilla/5.0 (compatible; MJ12bot/v1.4.8; http://mj12bot.com/)"
100.42.181.200 - - [27/Feb/2026:17:37:12 -0500] "GET /shop/?add-to-cart=7113&product_order=asc&product_view=grid&product_orderby=name&product_count=12 HTTP/1.1" 200 4232 "-" "Mozilla/5.0 (compatible; MJ12bot/v1.4.8; http://mj12bot.com/)"
100.42.181.200 - - [27/Feb/2026:17:37:16 -0500] "GET /shop/?add-to-cart=7113&product_order=asc&product_view=grid&product_orderby=name&product_count=24 HTTP/1.1" 200 4232 "-" "Mozilla/5.0 (compatible; MJ12bot/v1.4.8; http://mj12bot.com/)"
185.191.171.16 - - [27/Feb/2026:17:37:19 -0500] "GET /events/list/?tribe-bar-date=2022-06-02 HTTP/1.1" 200 4232 "-" "Mozilla/5.0 (compatible; SemrushBot/7~bl; +http://www.semrush.com/bot.html)"
100.42.181.200 - - [27/Feb/2026:17:37:19 -0500] "GET /shop/?add-to-cart=7113&product_order=asc&product_view=grid&product_orderby=rating&product_count=24 HTTP/1.1" 200 4232 "-" "Mozilla/5.0 (compatible; MJ12bot/v1.4.8; http://mj12bot.com/)"
100.42.181.200 - - [27/Feb/2026:17:37:23 -0500] "GET /shop/?add-to-cart=7113&product_order=asc&product_view=grid&product_orderby=rating&product_count=36 HTTP/1.1" 200 4232 "-" "Mozilla/5.0 (compatible; MJ12bot/v1.4.8; http://mj12bot.com/)"
100.42.181.200 - - [27/Feb/2026:17:37:27 -0500] "GET /shop/?add-to-cart=7113&product_order=asc&product_view=list&product_orderby=date&product_count=12 HTTP/1.1" 200 4232 "-" "Mozilla/5.0 (compatible; MJ12bot/v1.4.8; http://mj12bot.com/)"
100.42.181.200 - - [27/Feb/2026:17:37:31 -0500] "GET /shop/?add-to-cart=7113&product_order=asc&product_view=list&product_orderby=date&product_count=24 HTTP/1.1" 200 4232 "-" "Mozilla/5.0 (compatible; MJ12bot/v1.4.8; http://mj12bot.com/)"
100.42.181.200 - - [27/Feb/2026:17:37:35 -0500] "GET /shop/?add-to-cart=7113&product_order=asc&product_view=list&product_orderby=date&product_count=36 HTTP/1.1" 200 4232 "-" "Mozilla/5.0 (compatible; MJ12bot/v1.4.8; http://mj12bot.com/)"
100.42.181.200 - - [27/Feb/2026:17:37:38 -0500] "GET /shop/?add-to-cart=7113&product_order=asc&product_view=list&product_orderby=default&product_count=12 HTTP/1.1" 200 4232 "-" "Mozilla/5.0 (compatible; MJ12bot/v1.4.8; http://mj12bot.com/)"
100.42.181.200 - - [27/Feb/2026:17:37:42 -0500] "GET /shop/?add-to-cart=7113&product_order=asc&product_view=list&product_orderby=default&product_count=24 HTTP/1.1" 200 4232 "-" "Mozilla/5.0 (compatible; MJ12bot/v1.4.8; http://mj12bot.com/)"
100.42.181.200 - - [27/Feb/2026:17:37:46 -0500] "GET /shop/?add-to-cart=7113&product_order=asc&product_view=list&product_orderby=default&product_count=36 HTTP/1.1" 200 4232 "-" "Mozilla/5.0 (compatible; MJ12bot/v1.4.8; http://mj12bot.com/)"
100.42.181.200 - - [27/Feb/2026:17:37:50 -0500] "GET /shop/?add-to-cart=7113&product_order=asc&product_view=list&product_orderby=name&product_count=12 HTTP/1.1" 200 4232 "-" "Mozilla/5.0 (compatible; MJ12bot/v1.4.8; http://mj12bot.com/)"
100.42.181.200 - - [27/Feb/2026:17:37:54 -0500] "GET /shop/?add-to-cart=7113&product_order=asc&product_view=list&product_orderby=name&product_count=24 HTTP/1.1" 200 4232 "-" "Mozilla/5.0 (compatible; MJ12bot/v1.4.8; http://mj12bot.com/)"
85.208.96.198 - - [27/Feb/2026:17:37:57 -0500] "GET /events/category/exhibition/list/?eventDisplay=past&tribe-bar-date=2026-08-26 HTTP/1.1" 200 4232 "-" "Mozilla/5.0 (compatible; SemrushBot/7~bl; +http://www.semrush.com/bot.html)"
100.42.181.200 - - [27/Feb/2026:17:37:57 -0500] "GET /shop/?add-to-cart=7113&product_order=asc&product_view=list&product_orderby=name&product_count=36 HTTP/1.1" 200 4232 "-" "Mozilla/5.0 (compatible; MJ12bot/v1.4.8; http://mj12bot.com/)"
114.119.149.252 - - [27/Feb/2026:17:37:58 -0500] "GET /shop/page/4?product_view=grid&product_orderby=name&product_count=12&product_order=desc HTTP/1.1" 200 4232 "https://clavo.space/shop/page/4?product_view=grid&product_orderby=price&product_count=12&product_order=desc" "Mozilla/5.0 (Linux; Android 7.0;) AppleWebKit/537.36 (KHTML, like Gecko) Mobile Safari/537.36 (compatible; PetalBot;+https://webmaster.petalsearch.com/site/petalbot)"
113.166.34.116 - - [27/Feb/2026:17:38:01 -0500] "GET /?h=ecjcgk7ow47heho HTTP/1.1" 200 4232 "-" "Mozilla/5.0 (Macintosh; Intel Mac OS X 10_13_6) AppleWebKit/537.36 (KHTML, like Gecko) Brave Chrome/86.0.4240.198 Safari/537.36"
100.42.181.200 - - [27/Feb/2026:17:38:01 -0500] "GET /shop/?add-to-cart=7113&product_order=asc&product_view=list&product_orderby=popularity&product_count=12 HTTP/1.1" 200 4232 "-" "Mozilla/5.0 (compatible; MJ12bot/v1.4.8; http://mj12bot.com/)"
185.191.171.10 - - [27/Feb/2026:17:38:04 -0500] "GET /events/tag/exhibition/2029-07/ HTTP/1.1" 200 4232 "-" "Mozilla/5.0 (compatible; SemrushBot/7~bl; +http://www.semrush.com/bot.html)"
100.42.181.200 - - [27/Feb/2026:17:38:05 -0500] "GET /shop/?add-to-cart=7113&product_order=asc&product_view=list&product_orderby=popularity&product_count=24 HTTP/1.1" 200 4232 "-" "Mozilla/5.0 (compatible; MJ12bot/v1.4.8; http://mj12bot.com/)"
100.42.181.200 - - [27/Feb/2026:17:38:09 -0500] "GET /shop/?add-to-cart=7113&product_order=asc&product_view=list&product_orderby=popularity&product_count=36 HTTP/1.1" 200 4232 "-" "Mozilla/5.0 (compatible; MJ12bot/v1.4.8; http://mj12bot.com/)"
100.42.181.200 - - [27/Feb/2026:17:38:13 -0500] "GET /shop/?add-to-cart=7113&product_order=asc&product_view=list&product_orderby=price&product_count=12 HTTP/1.1" 200 4232 "-" "Mozilla/5.0 (compatible; MJ12bot/v1.4.8; http://mj12bot.com/)"
100.42.181.200 - - [27/Feb/2026:17:38:16 -0500] "GET /shop/?add-to-cart=7113&product_order=asc&product_view=list&product_orderby=price&product_count=24 HTTP/1.1" 200 4232 "-" "Mozilla/5.0 (compatible; MJ12bot/v1.4.8; http://mj12bot.com/)"
100.42.181.200 - - [27/Feb/2026:17:38:20 -0500] "GET /shop/?add-to-cart=7113&product_order=asc&product_view=list&product_orderby=price&product_count=36 HTTP/1.1" 200 4232 "-" "Mozilla/5.0 (compatible; MJ12bot/v1.4.8; http://mj12bot.com/)"
209.141.45.17 - - [27/Feb/2026:17:38:24 -0500] "GET /wp-login.php HTTP/1.1" 200 66615 "-" "Mozilla/5.0 (X11; Linux x86_64) AppleWebKit/537.36 (KHTML, like Gecko) Chrome/36.0.1985.125 Safari/537.36"
100.42.181.200 - - [27/Feb/2026:17:38:24 -0500] "GET /shop/?add-to-cart=7113&product_order=asc&product_view=list&product_orderby=rating&product_count=12 HTTP/1.1" 200 4232 "-" "Mozilla/5.0 (compatible; MJ12bot/v1.4.8; http://mj12bot.com/)"
100.42.181.200 - - [27/Feb/2026:17:38:28 -0500] "GET /shop/?add-to-cart=7113&product_order=asc&product_view=list&product_orderby=rating&product_count=36 HTTP/1.1" 200 4232 "-" "Mozilla/5.0 (compatible; MJ12bot/v1.4.8; http://mj12bot.com/)"
100.42.181.200 - - [27/Feb/2026:17:38:31 -0500] "GET /shop/?add-to-cart=7113&product_order=desc&product_orderby=rating&product_count=12&product_view=grid HTTP/1.1" 200 4232 "-" "Mozilla/5.0 (compatible; MJ12bot/v1.4.8; http://mj12bot.com/)"
100.42.181.200 - - [27/Feb/2026:17:38:35 -0500] "GET /shop/?add-to-cart=7113&product_order=desc&product_orderby=rating&product_count=12&product_view=list HTTP/1.1" 200 4232 "-" "Mozilla/5.0 (compatible; MJ12bot/v1.4.8; http://mj12bot.com/)"
85.208.96.195 - - [27/Feb/2026:17:38:39 -0500] "GET /events/tag/clavo-space/list/?tribe-bar-date=2026-08-11 HTTP/1.1" 200 4232 "-" "Mozilla/5.0 (compatible; SemrushBot/7~bl; +http://www.semrush.com/bot.html)"
100.42.181.200 - - [27/Feb/2026:17:38:39 -0500] "GET /shop/?add-to-cart=7113&product_order=desc&product_orderby=rating&product_count=24&product_view=grid HTTP/1.1" 200 4232 "-" "Mozilla/5.0 (compatible; MJ12bot/v1.4.8; http://mj12bot.com/)"
100.42.181.200 - - [27/Feb/2026:17:38:43 -0500] "GET /shop/?add-to-cart=7113&product_order=desc&product_orderby=rating&product_count=24&product_view=list HTTP/1.1" 200 4232 "-" "Mozilla/5.0 (compatible; MJ12bot/v1.4.8; http://mj12bot.com/)"
100.42.181.200 - - [27/Feb/2026:17:38:47 -0500] "GET /shop/?add-to-cart=7113&product_orderby=date&product_count=12&product_view=grid&product_order=desc HTTP/1.1" 200 4232 "-" "Mozilla/5.0 (compatible; MJ12bot/v1.4.8; http://mj12bot.com/)"
100.42.181.200 - - [27/Feb/2026:17:38:51 -0500] "GET /shop/?add-to-cart=7113&product_orderby=default&product_count=24&product_order=desc&product_view=grid HTTP/1.1" 200 4232 "-" "Mozilla/5.0 (compatible; MJ12bot/v1.4.8; http://mj12bot.com/)"
5.182.33.60 - - [27/Feb/2026:17:38:51 -0500] "POST /xmlrpc.php HTTP/1.1" 200 4232 "-" "Mozilla/5.0 (X11; Linux x86_64) AppleWebKit/537.36 (KHTML, like Gecko) Chrome/67.0.3396.79 Safari/537.36"
5.182.33.60 - - [27/Feb/2026:17:38:52 -0500] "POST /xmlrpc.php HTTP/1.1" 200 4232 "-" "Mozilla/5.0 (X11; Linux x86_64) AppleWebKit/537.36 (KHTML, like Gecko) Chrome/67.0.3396.79 Safari/537.36"
5.182.33.60 - - [27/Feb/2026:17:38:54 -0500] "POST /xmlrpc.php HTTP/1.1" 200 4232 "-" "Mozilla/5.0 (X11; Linux x86_64) AppleWebKit/537.36 (KHTML, like Gecko) Chrome/67.0.3396.79 Safari/537.36"
100.42.181.200 - - [27/Feb/2026:17:38:54 -0500] "GET /shop/?add-to-cart=7113&product_orderby=default&product_count=24&product_order=desc&product_view=list HTTP/1.1" 200 4232 "-" "Mozilla/5.0 (compatible; MJ12bot/v1.4.8; http://mj12bot.com/)"
100.42.181.200 - - [27/Feb/2026:17:38:58 -0500] "GET /shop/?add-to-cart=7113&product_orderby=name&product_count=12&product_order=asc&product_view=grid HTTP/1.1" 200 4232 "-" "Mozilla/5.0 (compatible; MJ12bot/v1.4.8; http://mj12bot.com/)"
100.42.181.200 - - [27/Feb/2026:17:39:02 -0500] "GET /shop/?add-to-cart=7113&product_orderby=name&product_count=24&product_order=asc&product_view=grid HTTP/1.1" 200 4232 "-" "Mozilla/5.0 (compatible; MJ12bot/v1.4.8; http://mj12bot.com/)"
100.42.181.200 - - [27/Feb/2026:17:39:05 -0500] "GET /shop/?add-to-cart=7113&product_orderby=name&product_count=24&product_order=asc&product_view=list HTTP/1.1" 200 4232 "-" "Mozilla/5.0 (compatible; MJ12bot/v1.4.8; http://mj12bot.com/)"
100.42.181.200 - - [27/Feb/2026:17:39:09 -0500] "GET /shop/?add-to-cart=7113&product_orderby=popularity&product_count=12&product_view=grid&product_order=desc HTTP/1.1" 200 4232 "-" "Mozilla/5.0 (compatible; MJ12bot/v1.4.8; http://mj12bot.com/)"
100.42.181.200 - - [27/Feb/2026:17:39:13 -0500] "GET /shop/?add-to-cart=7113&product_orderby=popularity&product_count=24&product_order=desc&product_view=grid HTTP/1.1" 200 4232 "-" "Mozilla/5.0 (compatible; MJ12bot/v1.4.8; http://mj12bot.com/)"
114.119.151.197 - - [27/Feb/2026:17:39:16 -0500] "GET /shop/page/4?product_order=asc&product_count=12&product_orderby=popularity&product_view=grid HTTP/1.1" 200 4232 "https://clavo.space/shop/page/4?product_order=asc&product_count=12&product_orderby=popularity" "Mozilla/5.0 (Linux; Android 7.0;) AppleWebKit/537.36 (KHTML, like Gecko) Mobile Safari/537.36 (compatible; PetalBot;+https://webmaster.petalsearch.com/site/petalbot)"
85.208.96.198 - - [27/Feb/2026:17:39:16 -0500] "GET /events/tag/exhibition/list/?eventDisplay=past&tribe-bar-date=2024-11-14 HTTP/1.1" 200 4232 "-" "Mozilla/5.0 (compatible; SemrushBot/7~bl; +http://www.semrush.com/bot.html)"
100.42.181.200 - - [27/Feb/2026:17:39:17 -0500] "GET /shop/?add-to-cart=7113&product_orderby=popularity&product_count=24&product_order=desc&product_view=list HTTP/1.1" 200 4232 "-" "Mozilla/5.0 (compatible; MJ12bot/v1.4.8; http://mj12bot.com/)"
100.42.181.200 - - [27/Feb/2026:17:39:20 -0500] "GET /shop/?add-to-cart=7113&product_orderby=popularity&product_count=36&product_order=desc&product_view=grid HTTP/1.1" 200 4232 "-" "Mozilla/5.0 (compatible; MJ12bot/v1.4.8; http://mj12bot.com/)"
100.42.181.200 - - [27/Feb/2026:17:39:24 -0500] "GET /shop/?add-to-cart=7113&product_orderby=popularity&product_count=36&product_order=desc&product_view=list HTTP/1.1" 200 4232 "-" "Mozilla/5.0 (compatible; MJ12bot/v1.4.8; http://mj12bot.com/)"
100.42.181.200 - - [27/Feb/2026:17:39:28 -0500] "GET /shop/?add-to-cart=7113&product_orderby=price&product_count=12&product_view=grid&product_order=asc HTTP/1.1" 200 4232 "-" "Mozilla/5.0 (compatible; MJ12bot/v1.4.8; http://mj12bot.com/)"
100.42.181.200 - - [27/Feb/2026:17:39:32 -0500] "GET /shop/?add-to-cart=7113&product_orderby=rating&product_count=24&product_order=desc&product_view=grid HTTP/1.1" 200 4232 "-" "Mozilla/5.0 (compatible; MJ12bot/v1.4.8; http://mj12bot.com/)"
100.42.181.200 - - [27/Feb/2026:17:39:36 -0500] "GET /shop/?add-to-cart=7113&product_orderby=rating&product_count=24&product_order=desc&product_view=list HTTP/1.1" 200 4232 "-" "Mozilla/5.0 (compatible; MJ12bot/v1.4.8; http://mj12bot.com/)"
100.42.181.200 - - [27/Feb/2026:17:39:40 -0500] "GET /shop/?add-to-cart=7113&product_view=grid&product_order=asc&product_count=12&product_orderby=default HTTP/1.1" 200 4232 "-" "Mozilla/5.0 (compatible; MJ12bot/v1.4.8; http://mj12bot.com/)"
100.42.181.200 - - [27/Feb/2026:17:39:43 -0500] "GET /shop/?add-to-cart=7113&product_view=grid&product_order=asc&product_count=12&product_orderby=rating HTTP/1.1" 200 4232 "-" "Mozilla/5.0 (compatible; MJ12bot/v1.4.8; http://mj12bot.com/)"
100.42.181.200 - - [27/Feb/2026:17:39:47 -0500] "GET /shop/?add-to-cart=7113&product_view=grid&product_order=asc&product_orderby=date&product_count=12 HTTP/1.1" 200 4232 "-" "Mozilla/5.0 (compatible; MJ12bot/v1.4.8; http://mj12bot.com/)"
100.42.181.200 - - [27/Feb/2026:17:39:51 -0500] "GET /shop/?add-to-cart=7113&product_view=grid&product_order=asc&product_orderby=date&product_count=24 HTTP/1.1" 200 4232 "-" "Mozilla/5.0 (compatible; MJ12bot/v1.4.8; http://mj12bot.com/)"
100.42.181.200 - - [27/Feb/2026:17:39:55 -0500] "GET /shop/?add-to-cart=7113&product_view=grid&product_order=asc&product_orderby=date&product_count=36 HTTP/1.1" 200 4232 "-" "Mozilla/5.0 (compatible; MJ12bot/v1.4.8; http://mj12bot.com/)"
100.42.181.200 - - [27/Feb/2026:17:39:59 -0500] "GET /shop/?add-to-cart=7113&product_view=grid&product_order=asc&product_orderby=default&product_count=12 HTTP/1.1" 200 4232 "-" "Mozilla/5.0 (compatible; MJ12bot/v1.4.8; http://mj12bot.com/)"
185.191.171.12 - - [27/Feb/2026:17:39:59 -0500] "GET /events/category/exhibition/list/?tribe-bar-date=2027-09-21 HTTP/1.1" 200 4232 "-" "Mozilla/5.0 (compatible; SemrushBot/7~bl; +http://www.semrush.com/bot.html)"
209.141.44.114 - - [27/Feb/2026:17:40:01 -0500] "GET /wp-login.php HTTP/1.1" 200 66615 "-" "Mozilla/5.0 (Macintosh; Intel Mac OS X 10_9_4 AppleWebKit/537.36 (KHTML, like Gecko) Chrome/36.0.1985.125 Safari/537.36"
100.42.181.200 - - [27/Feb/2026:17:40:02 -0500] "GET /shop/?add-to-cart=7113&product_view=grid&product_order=asc&product_orderby=default&product_count=24 HTTP/1.1" 200 4232 "-" "Mozilla/5.0 (compatible; MJ12bot/v1.4.8; http://mj12bot.com/)"
66.116.196.26 - - [27/Feb/2026:17:40:05 -0500] "GET /wp-login.php HTTP/1.1" 200 4232 "-" "Mozilla/5.0 (Macintosh; Intel Mac OS X 10_11_6) AppleWebKit/605.1.15 (KHTML, like Gecko) Version/11.1 Safari/605.1.15"
66.116.196.26 - - [27/Feb/2026:17:40:06 -0500] "POST /wp-login.php HTTP/1.1" 200 4232 "https://212productions.net/wp-login.php" "Mozilla/5.0 (Macintosh; Intel Mac OS X 10_11_6) AppleWebKit/605.1.15 (KHTML, like Gecko) Version/11.1 Safari/605.1.15"
100.42.181.200 - - [27/Feb/2026:17:40:06 -0500] "GET /shop/?add-to-cart=7113&product_view=grid&product_order=asc&product_orderby=default&product_count=36 HTTP/1.1" 200 4232 "-" "Mozilla/5.0 (compatible; MJ12bot/v1.4.8; http://mj12bot.com/)"
100.42.181.200 - - [27/Feb/2026:17:40:10 -0500] "GET /shop/?add-to-cart=7113&product_view=grid&product_order=asc&product_orderby=name&product_count=12 HTTP/1.1" 200 4232 "-" "Mozilla/5.0 (compatible; MJ12bot/v1.4.8; http://mj12bot.com/)"
100.42.181.200 - - [27/Feb/2026:17:40:14 -0500] "GET /shop/?add-to-cart=7113&product_view=grid&product_order=asc&product_orderby=name&product_count=24 HTTP/1.1" 200 4232 "-" "Mozilla/5.0 (compatible; MJ12bot/v1.4.8; http://mj12bot.com/)"
100.42.181.200 - - [27/Feb/2026:17:40:17 -0500] "GET /shop/?add-to-cart=7113&product_view=grid&product_order=asc&product_orderby=name&product_count=36 HTTP/1.1" 200 4232 "-" "Mozilla/5.0 (compatible; MJ12bot/v1.4.8; http://mj12bot.com/)"
100.42.181.200 - - [27/Feb/2026:17:40:21 -0500] "GET /shop/?add-to-cart=7113&product_view=grid&product_order=asc&product_orderby=popularity&product_count=12 HTTP/1.1" 200 4232 "-" "Mozilla/5.0 (compatible; MJ12bot/v1.4.8; http://mj12bot.com/)"
100.42.181.200 - - [27/Feb/2026:17:40:25 -0500] "GET /shop/?add-to-cart=7113&product_view=grid&product_order=asc&product_orderby=popularity&product_count=24 HTTP/1.1" 200 4232 "-" "Mozilla/5.0 (compatible; MJ12bot/v1.4.8; http://mj12bot.com/)"
100.42.181.200 - - [27/Feb/2026:17:40:29 -0500] "GET /shop/?add-to-cart=7113&product_view=grid&product_order=asc&product_orderby=popularity&product_count=36 HTTP/1.1" 200 4232 "-" "Mozilla/5.0 (compatible; MJ12bot/v1.4.8; http://mj12bot.com/)"
100.42.181.200 - - [27/Feb/2026:17:40:33 -0500] "GET /shop/?add-to-cart=7113&product_view=grid&product_order=asc&product_orderby=price&product_count=12 HTTP/1.1" 200 4232 "-" "Mozilla/5.0 (compatible; MJ12bot/v1.4.8; http://mj12bot.com/)"
100.42.181.200 - - [27/Feb/2026:17:40:36 -0500] "GET /shop/?add-to-cart=7113&product_view=grid&product_order=asc&product_orderby=price&product_count=24 HTTP/1.1" 200 4232 "-" "Mozilla/5.0 (compatible; MJ12bot/v1.4.8; http://mj12bot.com/)"
114.119.153.245 - - [27/Feb/2026:17:40:38 -0500] "GET /product-tag/wood?product_count=12&product_orderby=default&product_order=asc HTTP/1.1" 200 4232 "https://clavo.space/product-tag/wood/?product_count=12&product_orderby=rating&product_order=asc" "Mozilla/5.0 (Linux; Android 7.0;) AppleWebKit/537.36 (KHTML, like Gecko) Mobile Safari/537.36 (compatible; PetalBot;+https://webmaster.petalsearch.com/site/petalbot)"
185.191.171.4 - - [27/Feb/2026:17:40:39 -0500] "GET /events/tag/clavo-space/list/?eventDisplay=past&tribe-bar-date=2028-11-28 HTTP/1.1" 200 4232 "-" "Mozilla/5.0 (compatible; SemrushBot/7~bl; +http://www.semrush.com/bot.html)"
100.42.181.200 - - [27/Feb/2026:17:40:40 -0500] "GET /shop/?add-to-cart=7113&product_view=grid&product_order=asc&product_orderby=price&product_count=36 HTTP/1.1" 200 4232 "-" "Mozilla/5.0 (compatible; MJ12bot/v1.4.8; http://mj12bot.com/)"
185.191.171.8 - - [27/Feb/2026:17:40:43 -0500] "GET /events/tag/opening/list/?eventDisplay=past&tribe-bar-date=2026-09-09 HTTP/1.1" 200 4232 "-" "Mozilla/5.0 (compatible; SemrushBot/7~bl; +http://www.semrush.com/bot.html)"
100.42.181.200 - - [27/Feb/2026:17:40:44 -0500] "GET /shop/?add-to-cart=7113&product_view=grid&product_order=asc&product_orderby=rating&product_count=12 HTTP/1.1" 200 4232 "-" "Mozilla/5.0 (compatible; MJ12bot/v1.4.8; http://mj12bot.com/)"
100.42.181.200 - - [27/Feb/2026:17:40:48 -0500] "GET /shop/?add-to-cart=7113&product_view=grid&product_order=asc&product_orderby=rating&product_count=24 HTTP/1.1" 200 4232 "-" "Mozilla/5.0 (compatible; MJ12bot/v1.4.8; http://mj12bot.com/)"
100.42.181.200 - - [27/Feb/2026:17:40:51 -0500] "GET /shop/?add-to-cart=7113&product_view=grid&product_order=asc&product_orderby=rating&product_count=36 HTTP/1.1" 200 4232 "-" "Mozilla/5.0 (compatible; MJ12bot/v1.4.8; http://mj12bot.com/)"
100.42.181.200 - - [27/Feb/2026:17:40:55 -0500] "GET /shop/?add-to-cart=7113&product_view=grid&product_orderby=date&product_order=asc&product_count=12 HTTP/1.1" 200 4232 "-" "Mozilla/5.0 (compatible; MJ12bot/v1.4.8; http://mj12bot.com/)"
100.42.181.200 - - [27/Feb/2026:17:40:59 -0500] "GET /shop/?add-to-cart=7113&product_view=grid&product_orderby=date&product_order=asc&product_count=24 HTTP/1.1" 200 4232 "-" "Mozilla/5.0 (compatible; MJ12bot/v1.4.8; http://mj12bot.com/)"
100.42.181.200 - - [27/Feb/2026:17:41:03 -0500] "GET /shop/?add-to-cart=7113&product_view=grid&product_orderby=date&product_order=asc&product_count=36 HTTP/1.1" 200 4232 "-" "Mozilla/5.0 (compatible; MJ12bot/v1.4.8; http://mj12bot.com/)"
100.42.181.200 - - [27/Feb/2026:17:41:07 -0500] "GET /shop/?add-to-cart=7113&product_view=grid&product_orderby=date&product_order=desc&product_count=12 HTTP/1.1" 200 4232 "-" "Mozilla/5.0 (compatible; MJ12bot/v1.4.8; http://mj12bot.com/)"
100.42.181.200 - - [27/Feb/2026:17:41:11 -0500] "GET /shop/?add-to-cart=7113&product_view=grid&product_orderby=date&product_order=desc&product_count=24 HTTP/1.1" 200 4232 "-" "Mozilla/5.0 (compatible; MJ12bot/v1.4.8; http://mj12bot.com/)"
185.191.171.4 - - [27/Feb/2026:17:41:11 -0500] "GET /events/tag/art/list/?eventDisplay=past&tribe-bar-date=2025-02-05 HTTP/1.1" 200 4232 "-" "Mozilla/5.0 (compatible; SemrushBot/7~bl; +http://www.semrush.com/bot.html)"
100.42.181.200 - - [27/Feb/2026:17:41:14 -0500] "GET /shop/?add-to-cart=7113&product_view=grid&product_orderby=default&product_order=asc&product_count=12 HTTP/1.1" 200 4232 "-" "Mozilla/5.0 (compatible; MJ12bot/v1.4.8; http://mj12bot.com/)"
100.42.181.200 - - [27/Feb/2026:17:41:18 -0500] "GET /shop/?add-to-cart=7113&product_view=grid&product_orderby=default&product_order=asc&product_count=24 HTTP/1.1" 200 4232 "-" "Mozilla/5.0 (compatible; MJ12bot/v1.4.8; http://mj12bot.com/)"
100.42.181.200 - - [27/Feb/2026:17:41:22 -0500] "GET /shop/?add-to-cart=7113&product_view=grid&product_orderby=name&product_order=asc&product_count=12 HTTP/1.1" 200 4232 "-" "Mozilla/5.0 (compatible; MJ12bot/v1.4.8; http://mj12bot.com/)"
185.191.171.8 - - [27/Feb/2026:17:41:23 -0500] "GET /events/tag/art/list/?eventDisplay=past&tribe-bar-date=2028-03-27 HTTP/1.1" 200 4232 "-" "Mozilla/5.0 (compatible; SemrushBot/7~bl; +http://www.semrush.com/bot.html)"
100.42.181.200 - - [27/Feb/2026:17:41:26 -0500] "GET /shop/?add-to-cart=7113&product_view=grid&product_orderby=name&product_order=asc&product_count=24 HTTP/1.1" 200 4232 "-" "Mozilla/5.0 (compatible; MJ12bot/v1.4.8; http://mj12bot.com/)"
100.42.181.200 - - [27/Feb/2026:17:41:30 -0500] "GET /shop/?add-to-cart=7113&product_view=grid&product_orderby=name&product_order=asc&product_count=36 HTTP/1.1" 200 4232 "-" "Mozilla/5.0 (compatible; MJ12bot/v1.4.8; http://mj12bot.com/)"
100.42.181.200 - - [27/Feb/2026:17:41:34 -0500] "GET /shop/?add-to-cart=7113&product_view=grid&product_orderby=popularity&product_order=desc&product_count=12 HTTP/1.1" 200 4232 "-" "Mozilla/5.0 (compatible; MJ12bot/v1.4.8; http://mj12bot.com/)"
100.42.181.200 - - [27/Feb/2026:17:41:38 -0500] "GET /shop/?add-to-cart=7113&product_view=grid&product_orderby=popularity&product_order=desc&product_count=24 HTTP/1.1" 200 4232 "-" "Mozilla/5.0 (compatible; MJ12bot/v1.4.8; http://mj12bot.com/)"
185.191.171.4 - - [27/Feb/2026:17:41:39 -0500] "GET /events/2027-03-07/ HTTP/1.1" 200 4232 "-" "Mozilla/5.0 (compatible; SemrushBot/7~bl; +http://www.semrush.com/bot.html)"
100.42.181.200 - - [27/Feb/2026:17:41:42 -0500] "GET /shop/?add-to-cart=7113&product_view=grid&product_orderby=popularity&product_order=desc&product_count=36 HTTP/1.1" 200 4232 "-" "Mozilla/5.0 (compatible; MJ12bot/v1.4.8; http://mj12bot.com/)"
100.42.181.200 - - [27/Feb/2026:17:41:45 -0500] "GET /shop/?add-to-cart=7113&product_view=grid&product_orderby=price&product_order=asc&product_count=12 HTTP/1.1" 200 4232 "-" "Mozilla/5.0 (compatible; MJ12bot/v1.4.8; http://mj12bot.com/)"
100.42.181.200 - - [27/Feb/2026:17:41:49 -0500] "GET /shop/?add-to-cart=7113&product_view=grid&product_orderby=price&product_order=asc&product_count=24 HTTP/1.1" 200 4232 "-" "Mozilla/5.0 (compatible; MJ12bot/v1.4.8; http://mj12bot.com/)"
85.208.96.205 - - [27/Feb/2026:17:41:53 -0500] "GET /events/tag/exhibition/list/?tribe-bar-date=2021-10-24 HTTP/1.1" 200 4232 "-" "Mozilla/5.0 (compatible; SemrushBot/7~bl; +http://www.semrush.com/bot.html)"
15.235.96.2 - - [27/Feb/2026:17:41:58 -0500] "GET /product-category/paintings/coffe-and-ashes/?product_orderby=popularity&product_view=grid&product_order=asc&product_count=24 HTTP/1.1" 200 4232 "-" "Mozilla/5.0 (compatible; AhrefsBot/7.0; +http://ahrefs.com/robot/)"
114.119.163.186 - - [27/Feb/2026:17:42:04 -0500] "GET /product-tag/tania-riera/?product_orderby=date&product_order=asc&product_count=24 HTTP/1.1" 200 4232 "https://clavo.space/product-tag/tania-riera/?product_orderby=date&product_order=asc" "Mozilla/5.0 (Linux; Android 7.0;) AppleWebKit/537.36 (KHTML, like Gecko) Mobile Safari/537.36 (compatible; PetalBot;+https://webmaster.petalsearch.com/site/petalbot)"
185.191.171.12 - - [27/Feb/2026:17:42:27 -0500] "GET /events/tag/clavo-space/list/?eventDisplay=past&tribe-bar-date=2023-03-07 HTTP/1.1" 200 4232 "-" "Mozilla/5.0 (compatible; SemrushBot/7~bl; +http://www.semrush.com/bot.html)"
114.119.151.197 - - [27/Feb/2026:17:43:25 -0500] "GET /product-tag/abel-adrian/page/3/?product_order=desc&product_count=24&product_orderby=popularity&paged=1 HTTP/1.1" 200 4232 "https://clavo.space/product-tag/abel-adrian/page/3/?product_order=desc&product_count=12&product_orderby=popularity" "Mozilla/5.0 (Linux; Android 7.0;) AppleWebKit/537.36 (KHTML, like Gecko) Mobile Safari/537.36 (compatible; PetalBot;+https://webmaster.petalsearch.com/site/petalbot)"
89.167.43.38 - - [27/Feb/2026:17:43:41 -0500] "POST /xmlrpc.php HTTP/1.1" 200 4232 "-" "Mozilla/5.0 (Windows NT 6.1; WOW64; Trident/7.0; MDDCJS; rv:11.0) like Gecko"
66.249.79.68 - - [27/Feb/2026:17:43:46 -0500] "GET /product-category/paintings/?add-to-cart=1940&product_orderby=date&product_view=grid&product_order=asc&product_count=24 HTTP/1.1" 200 4232 "-" "Mozilla/5.0 (Linux; Android 6.0.1; Nexus 5X Build/MMB29P) AppleWebKit/537.36 (KHTML, like Gecko) Chrome/144.0.7559.132 Mobile Safari/537.36 (compatible; Googlebot/2.1; +http://www.google.com/bot.html)"
89.167.43.38 - - [27/Feb/2026:17:43:46 -0500] "POST /xmlrpc.php HTTP/1.1" 200 4232 "-" "Mozilla/5.0 (Windows NT 6.1; WOW64; Trident/7.0; MDDCJS; rv:11.0) like Gecko"
89.167.43.38 - - [27/Feb/2026:17:43:54 -0500] "POST /xmlrpc.php HTTP/1.1" 200 4232 "-" "Mozilla/5.0 (Windows NT 6.1; WOW64; Trident/7.0; MDDCJS; rv:11.0) like Gecko"
