20.220.232.240 - - [27/Feb/2026:14:44:02 -0500] "GET /ty.php HTTP/1.1" 301 305 "-" "-"
45.61.184.67 - - [27/Feb/2026:14:44:02 -0500] "POST /wp-login.php HTTP/1.1" 200 7343 "-" "Mozilla/5.0 (iPhone; CPU iPhone OS 7_1_2 like Mac OS X) AppleWebKit/537.51.1 (KHTML, like Gecko) GSA/4.1.0.31802 Mobile/11D257 Safari/9537.53"
20.220.232.240 - - [27/Feb/2026:14:44:02 -0500] "GET /ty.php HTTP/1.1" 404 13533 "-" "-"
20.220.232.240 - - [27/Feb/2026:14:44:04 -0500] "GET /brc.php HTTP/1.1" 301 306 "-" "-"
20.220.232.240 - - [27/Feb/2026:14:44:04 -0500] "GET /brc.php HTTP/1.1" 404 13533 "-" "-"
20.220.232.240 - - [27/Feb/2026:14:44:06 -0500] "GET //koiy.php HTTP/1.1" 301 307 "-" "-"
20.220.232.240 - - [27/Feb/2026:14:44:06 -0500] "GET /koiy.php HTTP/1.1" 404 13538 "-" "-"
20.220.232.240 - - [27/Feb/2026:14:44:07 -0500] "GET /myfile.php HTTP/1.1" 301 309 "-" "-"
20.220.232.240 - - [27/Feb/2026:14:44:07 -0500] "GET /myfile.php HTTP/1.1" 404 13532 "-" "-"
20.220.232.240 - - [27/Feb/2026:14:44:08 -0500] "GET /fr/ms.php HTTP/1.1" 301 308 "-" "-"
20.220.232.240 - - [27/Feb/2026:14:44:08 -0500] "GET /fr/ms.php HTTP/1.1" 404 13535 "-" "-"
20.220.232.240 - - [27/Feb/2026:14:44:09 -0500] "GET /Ov-Simple1.php HTTP/1.1" 301 313 "-" "-"
20.220.232.240 - - [27/Feb/2026:14:44:09 -0500] "GET /Ov-Simple1.php HTTP/1.1" 404 13544 "-" "-"
20.220.232.240 - - [27/Feb/2026:14:44:11 -0500] "GET /gool.php HTTP/1.1" 301 307 "-" "-"
20.220.232.240 - - [27/Feb/2026:14:44:11 -0500] "GET /gool.php HTTP/1.1" 404 13536 "-" "-"
20.220.232.240 - - [27/Feb/2026:14:44:12 -0500] "GET /a1vx.php HTTP/1.1" 301 307 "-" "-"
20.220.232.240 - - [27/Feb/2026:14:44:12 -0500] "GET /a1vx.php HTTP/1.1" 404 13533 "-" "-"
20.220.232.240 - - [27/Feb/2026:14:44:13 -0500] "GET /mans.php HTTP/1.1" 301 307 "-" "-"
20.220.232.240 - - [27/Feb/2026:14:44:13 -0500] "GET /mans.php HTTP/1.1" 404 13535 "-" "-"
20.220.232.240 - - [27/Feb/2026:14:44:14 -0500] "GET /rum.php HTTP/1.1" 301 306 "-" "-"
20.220.232.240 - - [27/Feb/2026:14:44:14 -0500] "GET /rum.php HTTP/1.1" 404 13538 "-" "-"
20.220.232.240 - - [27/Feb/2026:14:44:15 -0500] "GET /sbhu.php HTTP/1.1" 301 307 "-" "-"
20.220.232.240 - - [27/Feb/2026:14:44:15 -0500] "GET /sbhu.php HTTP/1.1" 404 13535 "-" "-"
20.220.232.240 - - [27/Feb/2026:14:44:17 -0500] "GET /wio.php HTTP/1.1" 301 306 "-" "-"
20.220.232.240 - - [27/Feb/2026:14:44:17 -0500] "GET /wio.php HTTP/1.1" 404 13530 "-" "-"
20.220.232.240 - - [27/Feb/2026:14:44:18 -0500] "GET /clasa99.php HTTP/1.1" 301 310 "-" "-"
20.220.232.240 - - [27/Feb/2026:14:44:18 -0500] "GET /clasa99.php HTTP/1.1" 404 13531 "-" "-"
20.220.232.240 - - [27/Feb/2026:14:44:19 -0500] "GET /alfa-rex.php7 HTTP/1.1" 301 312 "-" "-"
20.220.232.240 - - [27/Feb/2026:14:44:19 -0500] "GET /alfa-rex.php7 HTTP/1.1" 404 13539 "-" "-"
20.220.232.240 - - [27/Feb/2026:14:44:20 -0500] "GET /ws62.php HTTP/1.1" 301 307 "-" "-"
20.220.232.240 - - [27/Feb/2026:14:44:20 -0500] "GET /ws62.php HTTP/1.1" 404 13522 "-" "-"
20.220.232.240 - - [27/Feb/2026:14:44:21 -0500] "GET /new4.php HTTP/1.1" 301 307 "-" "-"
20.220.232.240 - - [27/Feb/2026:14:44:21 -0500] "GET /new4.php HTTP/1.1" 404 13532 "-" "-"
20.220.232.240 - - [27/Feb/2026:14:44:23 -0500] "GET /666.php HTTP/1.1" 301 306 "-" "-"
20.220.232.240 - - [27/Feb/2026:14:44:23 -0500] "GET /666.php HTTP/1.1" 404 13532 "-" "-"
20.220.232.240 - - [27/Feb/2026:14:44:24 -0500] "GET /co.php HTTP/1.1" 301 305 "-" "-"
20.220.232.240 - - [27/Feb/2026:14:44:24 -0500] "GET /co.php HTTP/1.1" 404 13530 "-" "-"
20.220.232.240 - - [27/Feb/2026:14:44:25 -0500] "GET /cxc.php HTTP/1.1" 301 306 "-" "-"
20.220.232.240 - - [27/Feb/2026:14:44:25 -0500] "GET /cxc.php HTTP/1.1" 404 13534 "-" "-"
20.220.232.240 - - [27/Feb/2026:14:44:26 -0500] "GET /gjm.php HTTP/1.1" 301 306 "-" "-"
20.220.232.240 - - [27/Feb/2026:14:44:26 -0500] "GET /gjm.php HTTP/1.1" 404 13520 "-" "-"
20.220.232.240 - - [27/Feb/2026:14:44:27 -0500] "GET /ex.php HTTP/1.1" 301 305 "-" "-"
20.220.232.240 - - [27/Feb/2026:14:44:27 -0500] "GET /ex.php HTTP/1.1" 404 13531 "-" "-"
20.220.232.240 - - [27/Feb/2026:14:44:29 -0500] "GET /post.php HTTP/1.1" 301 307 "-" "-"
20.220.232.240 - - [27/Feb/2026:14:44:29 -0500] "GET /post.php HTTP/1.1" 404 13531 "-" "-"
20.220.232.240 - - [27/Feb/2026:14:44:30 -0500] "GET /wpo.php HTTP/1.1" 301 306 "-" "-"
20.220.232.240 - - [27/Feb/2026:14:44:30 -0500] "GET /wpo.php HTTP/1.1" 404 13533 "-" "-"
20.220.232.240 - - [27/Feb/2026:14:44:31 -0500] "GET /jq.php HTTP/1.1" 301 305 "-" "-"
20.220.232.240 - - [27/Feb/2026:14:44:31 -0500] "GET /jq.php HTTP/1.1" 404 13522 "-" "-"
20.220.232.240 - - [27/Feb/2026:14:44:32 -0500] "GET /x7.php HTTP/1.1" 301 305 "-" "-"
162.253.224.18 - - [27/Feb/2026:14:44:34 -0500] "POST /wp-cron.php?doing_wp_cron=1772221474.0998890399932861328125 HTTP/1.1" 200 - "-" "WordPress/6.9.1; https://clavo.space"
20.220.232.240 - - [27/Feb/2026:14:44:32 -0500] "GET /x7.php HTTP/1.1" 404 13530 "-" "-"
20.220.232.240 - - [27/Feb/2026:14:44:34 -0500] "GET /bes.php HTTP/1.1" 301 306 "-" "-"
20.220.232.240 - - [27/Feb/2026:14:44:34 -0500] "GET /bes.php HTTP/1.1" 404 13531 "-" "-"
20.220.232.240 - - [27/Feb/2026:14:44:36 -0500] "GET /sadd.php HTTP/1.1" 301 307 "-" "-"
20.220.232.240 - - [27/Feb/2026:14:44:36 -0500] "GET /sadd.php HTTP/1.1" 404 13532 "-" "-"
20.220.232.240 - - [27/Feb/2026:14:44:37 -0500] "GET /vgtyu.php HTTP/1.1" 301 308 "-" "-"
20.220.232.240 - - [27/Feb/2026:14:44:37 -0500] "GET /vgtyu.php HTTP/1.1" 404 13532 "-" "-"
20.220.232.240 - - [27/Feb/2026:14:44:38 -0500] "GET /166.php HTTP/1.1" 301 306 "-" "-"
20.220.232.240 - - [27/Feb/2026:14:44:38 -0500] "GET /166.php HTTP/1.1" 404 13534 "-" "-"
20.220.232.240 - - [27/Feb/2026:14:44:40 -0500] "GET /fs.php HTTP/1.1" 301 305 "-" "-"
20.220.232.240 - - [27/Feb/2026:14:44:40 -0500] "GET /fs.php HTTP/1.1" 404 13537 "-" "-"
20.220.232.240 - - [27/Feb/2026:14:44:41 -0500] "GET /c4.php HTTP/1.1" 301 305 "-" "-"
20.220.232.240 - - [27/Feb/2026:14:44:41 -0500] "GET /c4.php HTTP/1.1" 404 13523 "-" "-"
20.220.232.240 - - [27/Feb/2026:14:44:42 -0500] "GET /eauu.php HTTP/1.1" 301 307 "-" "-"
20.220.232.240 - - [27/Feb/2026:14:44:42 -0500] "GET /eauu.php HTTP/1.1" 404 13528 "-" "-"
20.220.232.240 - - [27/Feb/2026:14:44:43 -0500] "GET /fasx.php HTTP/1.1" 301 307 "-" "-"
20.220.232.240 - - [27/Feb/2026:14:44:43 -0500] "GET /fasx.php HTTP/1.1" 404 13539 "-" "-"
20.220.232.240 - - [27/Feb/2026:14:44:44 -0500] "GET /opts.php HTTP/1.1" 301 307 "-" "-"
20.220.232.240 - - [27/Feb/2026:14:44:44 -0500] "GET /opts.php HTTP/1.1" 404 13532 "-" "-"
20.220.232.240 - - [27/Feb/2026:14:44:46 -0500] "GET /nzv.php HTTP/1.1" 301 306 "-" "-"
20.220.232.240 - - [27/Feb/2026:14:44:46 -0500] "GET /nzv.php HTTP/1.1" 404 13536 "-" "-"
20.220.232.240 - - [27/Feb/2026:14:44:47 -0500] "GET /grsiuk.php HTTP/1.1" 301 309 "-" "-"
20.220.232.240 - - [27/Feb/2026:14:44:47 -0500] "GET /grsiuk.php HTTP/1.1" 404 13539 "-" "-"
20.220.232.240 - - [27/Feb/2026:14:44:48 -0500] "GET /byp8.php HTTP/1.1" 301 307 "-" "-"
20.220.232.240 - - [27/Feb/2026:14:44:48 -0500] "GET /byp8.php HTTP/1.1" 404 13520 "-" "-"
20.220.232.240 - - [27/Feb/2026:14:44:49 -0500] "GET /nhr.php HTTP/1.1" 301 306 "-" "-"
20.220.232.240 - - [27/Feb/2026:14:44:49 -0500] "GET /nhr.php HTTP/1.1" 404 13531 "-" "-"
20.220.232.240 - - [27/Feb/2026:14:44:51 -0500] "GET /wp-access.php HTTP/1.1" 301 312 "-" "-"
20.220.232.240 - - [27/Feb/2026:14:44:51 -0500] "GET /wp-access.php HTTP/1.1" 404 13539 "-" "-"
20.220.232.240 - - [27/Feb/2026:14:44:52 -0500] "GET /ws79.php HTTP/1.1" 301 307 "-" "-"
20.220.232.240 - - [27/Feb/2026:14:44:52 -0500] "GET /ws79.php HTTP/1.1" 404 13526 "-" "-"
20.220.232.240 - - [27/Feb/2026:14:44:53 -0500] "GET /1061.php HTTP/1.1" 301 307 "-" "-"
20.220.232.240 - - [27/Feb/2026:14:44:53 -0500] "GET /1061.php HTTP/1.1" 404 13534 "-" "-"
20.220.232.240 - - [27/Feb/2026:14:44:55 -0500] "GET /zwq13.php HTTP/1.1" 301 308 "-" "-"
20.220.232.240 - - [27/Feb/2026:14:44:55 -0500] "GET /zwq13.php HTTP/1.1" 404 13539 "-" "-"
20.220.232.240 - - [27/Feb/2026:14:44:56 -0500] "GET /hello.php HTTP/1.1" 301 308 "-" "-"
20.220.232.240 - - [27/Feb/2026:14:44:56 -0500] "GET /hello.php HTTP/1.1" 404 13523 "-" "-"
20.220.232.240 - - [27/Feb/2026:14:44:57 -0500] "GET /05.php HTTP/1.1" 301 305 "-" "-"
20.220.232.240 - - [27/Feb/2026:14:44:57 -0500] "GET /05.php HTTP/1.1" 404 13523 "-" "-"
20.220.232.240 - - [27/Feb/2026:14:44:59 -0500] "GET /zxin.php HTTP/1.1" 301 307 "-" "-"
20.220.232.240 - - [27/Feb/2026:14:44:59 -0500] "GET /zxin.php HTTP/1.1" 404 13535 "-" "-"
20.220.232.240 - - [27/Feb/2026:14:45:00 -0500] "GET /fff.php HTTP/1.1" 301 306 "-" "-"
20.220.232.240 - - [27/Feb/2026:14:45:00 -0500] "GET /fff.php HTTP/1.1" 404 13530 "-" "-"
20.220.232.240 - - [27/Feb/2026:14:45:01 -0500] "GET /wp5.php HTTP/1.1" 301 306 "-" "-"
20.220.232.240 - - [27/Feb/2026:14:45:01 -0500] "GET /wp5.php HTTP/1.1" 404 13535 "-" "-"
20.220.232.240 - - [27/Feb/2026:14:45:02 -0500] "GET /wp-good.php HTTP/1.1" 301 310 "-" "-"
20.220.232.240 - - [27/Feb/2026:14:45:02 -0500] "GET /wp-good.php HTTP/1.1" 404 13537 "-" "-"
20.220.232.240 - - [27/Feb/2026:14:45:03 -0500] "GET /iko.php HTTP/1.1" 301 306 "-" "-"
20.220.232.240 - - [27/Feb/2026:14:45:03 -0500] "GET /iko.php HTTP/1.1" 404 13533 "-" "-"
20.220.232.240 - - [27/Feb/2026:14:45:05 -0500] "GET /xmy.php HTTP/1.1" 301 306 "-" "-"
20.220.232.240 - - [27/Feb/2026:14:45:05 -0500] "GET /xmy.php HTTP/1.1" 404 13534 "-" "-"
20.220.232.240 - - [27/Feb/2026:14:45:06 -0500] "GET /fun.php HTTP/1.1" 301 306 "-" "-"
20.220.232.240 - - [27/Feb/2026:14:45:06 -0500] "GET /fun.php HTTP/1.1" 404 13526 "-" "-"
20.220.232.240 - - [27/Feb/2026:14:45:07 -0500] "GET /end.php HTTP/1.1" 301 306 "-" "-"
20.220.232.240 - - [27/Feb/2026:14:45:07 -0500] "GET /end.php HTTP/1.1" 404 13533 "-" "-"
20.220.232.240 - - [27/Feb/2026:14:45:08 -0500] "GET /ah25.php HTTP/1.1" 301 307 "-" "-"
20.220.232.240 - - [27/Feb/2026:14:45:08 -0500] "GET /ah25.php HTTP/1.1" 404 13534 "-" "-"
20.220.232.240 - - [27/Feb/2026:14:45:10 -0500] "GET /scx.php7 HTTP/1.1" 301 307 "-" "-"
20.220.232.240 - - [27/Feb/2026:14:45:10 -0500] "GET /scx.php7 HTTP/1.1" 404 13530 "-" "-"
20.220.232.240 - - [27/Feb/2026:14:45:11 -0500] "GET /error1.php HTTP/1.1" 301 309 "-" "-"
114.119.153.245 - - [27/Feb/2026:14:45:10 -0500] "GET /product-tag/abel-adrian/page/3/?product_orderby=name&product_view=grid&product_count=36&paged=1 HTTP/1.1" 301 - "https://clavo.space/product-tag/abel-adrian/page/3/?product_orderby=name&product_view=grid" "Mozilla/5.0 (Linux; Android 7.0;) AppleWebKit/537.36 (KHTML, like Gecko) Mobile Safari/537.36 (compatible; PetalBot;+https://webmaster.petalsearch.com/site/petalbot)"
20.220.232.240 - - [27/Feb/2026:14:45:11 -0500] "GET /error1.php HTTP/1.1" 404 13537 "-" "-"
20.220.232.240 - - [27/Feb/2026:14:45:13 -0500] "GET /thui.php HTTP/1.1" 301 307 "-" "-"
20.220.232.240 - - [27/Feb/2026:14:45:13 -0500] "GET /thui.php HTTP/1.1" 404 13534 "-" "-"
20.220.232.240 - - [27/Feb/2026:14:45:15 -0500] "GET /ff1.php HTTP/1.1" 301 306 "-" "-"
114.119.153.245 - - [27/Feb/2026:14:45:13 -0500] "GET /portfolio-item/abel-adrian/?product_orderby=name&product_view=grid&product_count=36&paged=1 HTTP/1.1" 301 - "https://clavo.space/product-tag/abel-adrian/page/3/?product_orderby=name&product_view=grid" "Mozilla/5.0 (Linux; Android 7.0;) AppleWebKit/537.36 (KHTML, like Gecko) Mobile Safari/537.36 (compatible; PetalBot;+https://webmaster.petalsearch.com/site/petalbot)"
20.220.232.240 - - [27/Feb/2026:14:45:15 -0500] "GET /ff1.php HTTP/1.1" 404 13542 "-" "-"
20.220.232.240 - - [27/Feb/2026:14:45:16 -0500] "GET /wp-admin/sc.php HTTP/1.1" 301 314 "-" "-"
20.220.232.240 - - [27/Feb/2026:14:45:16 -0500] "GET /wp-admin/sc.php HTTP/1.1" 404 65971 "-" "-"
20.220.232.240 - - [27/Feb/2026:14:45:18 -0500] "GET /wp-act.php HTTP/1.1" 301 309 "-" "-"
114.119.153.245 - - [27/Feb/2026:14:45:17 -0500] "GET /portfolio-item/abel-adrian/?product_orderby=name&product_view=grid&product_count=36 HTTP/1.1" 200 21326 "https://clavo.space/product-tag/abel-adrian/page/3/?product_orderby=name&product_view=grid" "Mozilla/5.0 (Linux; Android 7.0;) AppleWebKit/537.36 (KHTML, like Gecko) Mobile Safari/537.36 (compatible; PetalBot;+https://webmaster.petalsearch.com/site/petalbot)"
20.220.232.240 - - [27/Feb/2026:14:45:18 -0500] "GET /wp-act.php HTTP/1.1" 404 13538 "-" "-"
20.220.232.240 - - [27/Feb/2026:14:45:21 -0500] "GET /wp-the.php HTTP/1.1" 301 309 "-" "-"
20.220.232.240 - - [27/Feb/2026:14:45:21 -0500] "GET /wp-the.php HTTP/1.1" 404 13523 "-" "-"
20.220.232.240 - - [27/Feb/2026:14:45:22 -0500] "GET /rpk.php HTTP/1.1" 301 306 "-" "-"
20.220.232.240 - - [27/Feb/2026:14:45:22 -0500] "GET /rpk.php HTTP/1.1" 404 13536 "-" "-"
20.220.232.240 - - [27/Feb/2026:14:45:24 -0500] "GET /ms.php HTTP/1.1" 301 305 "-" "-"
20.220.232.240 - - [27/Feb/2026:14:45:24 -0500] "GET /ms.php HTTP/1.1" 404 13533 "-" "-"
20.220.232.240 - - [27/Feb/2026:14:45:25 -0500] "GET /155.php HTTP/1.1" 301 306 "-" "-"
20.220.232.240 - - [27/Feb/2026:14:45:25 -0500] "GET /155.php HTTP/1.1" 404 13533 "-" "-"
20.220.232.240 - - [27/Feb/2026:14:45:26 -0500] "GET /e.php HTTP/1.1" 301 304 "-" "-"
20.220.232.240 - - [27/Feb/2026:14:45:26 -0500] "GET /e.php HTTP/1.1" 404 13517 "-" "-"
20.220.232.240 - - [27/Feb/2026:14:45:27 -0500] "GET /forbidals.php HTTP/1.1" 301 312 "-" "-"
20.220.232.240 - - [27/Feb/2026:14:45:27 -0500] "GET /forbidals.php HTTP/1.1" 404 13529 "-" "-"
20.220.232.240 - - [27/Feb/2026:14:45:29 -0500] "GET /X7x.php HTTP/1.1" 301 306 "-" "-"
20.220.232.240 - - [27/Feb/2026:14:45:29 -0500] "GET /X7x.php HTTP/1.1" 404 13533 "-" "-"
20.220.232.240 - - [27/Feb/2026:14:45:30 -0500] "GET /ccou.php HTTP/1.1" 301 307 "-" "-"
20.220.232.240 - - [27/Feb/2026:14:45:30 -0500] "GET /ccou.php HTTP/1.1" 404 13540 "-" "-"
20.220.232.240 - - [27/Feb/2026:14:45:31 -0500] "GET /get.php HTTP/1.1" 301 306 "-" "-"
20.220.232.240 - - [27/Feb/2026:14:45:31 -0500] "GET /get.php HTTP/1.1" 404 13538 "-" "-"
20.220.232.240 - - [27/Feb/2026:14:45:33 -0500] "GET /koiy.php HTTP/1.1" 301 307 "-" "-"
162.253.224.18 - - [27/Feb/2026:14:45:34 -0500] "POST /wp-cron.php?doing_wp_cron=1772221534.2455360889434814453125 HTTP/1.1" 200 - "-" "WordPress/6.9.1; https://clavo.space"
20.220.232.240 - - [27/Feb/2026:14:45:33 -0500] "GET /koiy.php HTTP/1.1" 404 13535 "-" "-"
20.220.232.240 - - [27/Feb/2026:14:45:34 -0500] "GET //ms.php HTTP/1.1" 301 305 "-" "-"
20.220.232.240 - - [27/Feb/2026:14:45:34 -0500] "GET /ms.php HTTP/1.1" 404 13537 "-" "-"
20.220.232.240 - - [27/Feb/2026:14:45:37 -0500] "GET /plugins.php HTTP/1.1" 301 310 "-" "-"
20.220.232.240 - - [27/Feb/2026:14:45:37 -0500] "GET /plugins.php HTTP/1.1" 404 13529 "-" "-"
20.220.232.240 - - [27/Feb/2026:14:45:38 -0500] "GET /raw.php HTTP/1.1" 301 306 "-" "-"
20.220.232.240 - - [27/Feb/2026:14:45:38 -0500] "GET /raw.php HTTP/1.1" 404 13535 "-" "-"
20.220.232.240 - - [27/Feb/2026:14:45:40 -0500] "GET /mini.php HTTP/1.1" 301 307 "-" "-"
20.220.232.240 - - [27/Feb/2026:14:45:40 -0500] "GET /mini.php HTTP/1.1" 404 13535 "-" "-"
20.220.232.240 - - [27/Feb/2026:14:45:41 -0500] "GET /rtx.php HTTP/1.1" 301 306 "-" "-"
20.220.232.240 - - [27/Feb/2026:14:45:41 -0500] "GET /rtx.php HTTP/1.1" 404 13538 "-" "-"
20.220.232.240 - - [27/Feb/2026:14:45:42 -0500] "GET /xda.php HTTP/1.1" 301 306 "-" "-"
20.220.232.240 - - [27/Feb/2026:14:45:42 -0500] "GET /xda.php HTTP/1.1" 404 13527 "-" "-"
20.220.232.240 - - [27/Feb/2026:14:45:43 -0500] "GET /erty.php HTTP/1.1" 301 307 "-" "-"
20.220.232.240 - - [27/Feb/2026:14:45:43 -0500] "GET /erty.php HTTP/1.1" 404 13539 "-" "-"
20.220.232.240 - - [27/Feb/2026:14:45:45 -0500] "GET /0.php HTTP/1.1" 301 304 "-" "-"
20.220.232.240 - - [27/Feb/2026:14:45:45 -0500] "GET /0.php HTTP/1.1" 404 13532 "-" "-"
20.220.232.240 - - [27/Feb/2026:14:45:46 -0500] "GET /moon.php HTTP/1.1" 301 307 "-" "-"
85.208.96.207 - - [27/Feb/2026:14:45:46 -0500] "GET /events/list/?eventDisplay=past&tribe-bar-date=2021-01-30 HTTP/1.1" 200 20433 "-" "Mozilla/5.0 (compatible; SemrushBot/7~bl; +http://www.semrush.com/bot.html)"
20.220.232.240 - - [27/Feb/2026:14:45:46 -0500] "GET /moon.php HTTP/1.1" 404 13535 "-" "-"
20.220.232.240 - - [27/Feb/2026:14:45:48 -0500] "GET /8.php HTTP/1.1" 301 304 "-" "-"
20.220.232.240 - - [27/Feb/2026:14:45:48 -0500] "GET /8.php HTTP/1.1" 404 13537 "-" "-"
20.220.232.240 - - [27/Feb/2026:14:45:50 -0500] "GET /gec.php HTTP/1.1" 301 306 "-" "-"
20.220.232.240 - - [27/Feb/2026:14:45:50 -0500] "GET /gec.php HTTP/1.1" 404 13539 "-" "-"
20.220.232.240 - - [27/Feb/2026:14:45:51 -0500] "GET /sxdfrt.php HTTP/1.1" 301 309 "-" "-"
20.220.232.240 - - [27/Feb/2026:14:45:51 -0500] "GET /sxdfrt.php HTTP/1.1" 404 13522 "-" "-"
20.220.232.240 - - [27/Feb/2026:14:45:52 -0500] "GET /tt.php HTTP/1.1" 301 305 "-" "-"
20.220.232.240 - - [27/Feb/2026:14:45:52 -0500] "GET /tt.php HTTP/1.1" 404 13535 "-" "-"
20.220.232.240 - - [27/Feb/2026:14:45:53 -0500] "GET /kj.php HTTP/1.1" 301 305 "-" "-"
20.220.232.240 - - [27/Feb/2026:14:45:53 -0500] "GET /kj.php HTTP/1.1" 404 13530 "-" "-"
20.220.232.240 - - [27/Feb/2026:14:45:54 -0500] "GET /f6.php HTTP/1.1" 301 305 "-" "-"
20.220.232.240 - - [27/Feb/2026:14:45:54 -0500] "GET /f6.php HTTP/1.1" 404 13537 "-" "-"
20.220.232.240 - - [27/Feb/2026:14:45:55 -0500] "GET /ocxla.php HTTP/1.1" 301 308 "-" "-"
20.220.232.240 - - [27/Feb/2026:14:45:55 -0500] "GET /ocxla.php HTTP/1.1" 404 13537 "-" "-"
20.220.232.240 - - [27/Feb/2026:14:45:57 -0500] "GET /god.php HTTP/1.1" 301 306 "-" "-"
20.220.232.240 - - [27/Feb/2026:14:45:57 -0500] "GET /god.php HTTP/1.1" 404 13540 "-" "-"
20.220.232.240 - - [27/Feb/2026:14:45:58 -0500] "GET /cu.php HTTP/1.1" 301 305 "-" "-"
20.220.232.240 - - [27/Feb/2026:14:45:58 -0500] "GET /cu.php HTTP/1.1" 404 13531 "-" "-"
20.220.232.240 - - [27/Feb/2026:14:45:59 -0500] "GET /zz.php HTTP/1.1" 301 305 "-" "-"
20.220.232.240 - - [27/Feb/2026:14:45:59 -0500] "GET /zz.php HTTP/1.1" 404 13535 "-" "-"
20.220.232.240 - - [27/Feb/2026:14:46:00 -0500] "GET /xqq.php HTTP/1.1" 301 306 "-" "-"
20.220.232.240 - - [27/Feb/2026:14:46:00 -0500] "GET /xqq.php HTTP/1.1" 404 13541 "-" "-"
20.220.232.240 - - [27/Feb/2026:14:46:02 -0500] "GET /sdsa.php HTTP/1.1" 301 307 "-" "-"
20.220.232.240 - - [27/Feb/2026:14:46:02 -0500] "GET /sdsa.php HTTP/1.1" 404 13531 "-" "-"
20.220.232.240 - - [27/Feb/2026:14:46:03 -0500] "GET /ms-edit.php HTTP/1.1" 301 310 "-" "-"
20.220.232.240 - - [27/Feb/2026:14:46:03 -0500] "GET /ms-edit.php HTTP/1.1" 404 13535 "-" "-"
20.220.232.240 - - [27/Feb/2026:14:46:04 -0500] "GET /wp-conflg.php HTTP/1.1" 301 312 "-" "-"
20.220.232.240 - - [27/Feb/2026:14:46:04 -0500] "GET /wp-conflg.php HTTP/1.1" 404 13530 "-" "-"
20.220.232.240 - - [27/Feb/2026:14:46:05 -0500] "GET /un.php HTTP/1.1" 301 305 "-" "-"
20.220.232.240 - - [27/Feb/2026:14:46:05 -0500] "GET /un.php HTTP/1.1" 404 13535 "-" "-"
20.220.232.240 - - [27/Feb/2026:14:46:07 -0500] "GET /100.kb.php HTTP/1.1" 301 309 "-" "-"
20.220.232.240 - - [27/Feb/2026:14:46:07 -0500] "GET /100.kb.php HTTP/1.1" 404 13534 "-" "-"
20.220.232.240 - - [27/Feb/2026:14:46:08 -0500] "GET /sid3.php HTTP/1.1" 301 307 "-" "-"
20.220.232.240 - - [27/Feb/2026:14:46:08 -0500] "GET /sid3.php HTTP/1.1" 404 13533 "-" "-"
162.253.224.18 - - [27/Feb/2026:14:46:36 -0500] "POST /wp-cron.php?doing_wp_cron=1772221596.4903299808502197265625 HTTP/1.1" 200 - "-" "WordPress/6.9.1; https://clavo.space"
114.119.153.245 - - [27/Feb/2026:14:46:35 -0500] "GET /product-tag/abel-adrian/page/2/?product_count=36&product_orderby=rating&product_order=desc&paged=1 HTTP/1.1" 301 - "https://clavo.space/product-tag/abel-adrian/page/2/?product_count=12&product_orderby=rating&product_order=desc" "Mozilla/5.0 (Linux; Android 7.0;) AppleWebKit/537.36 (KHTML, like Gecko) Mobile Safari/537.36 (compatible; PetalBot;+https://webmaster.petalsearch.com/site/petalbot)"
114.119.153.245 - - [27/Feb/2026:14:46:37 -0500] "GET /portfolio-item/abel-adrian/?product_count=36&product_orderby=rating&product_order=desc&paged=1 HTTP/1.1" 301 - "https://clavo.space/product-tag/abel-adrian/page/2/?product_count=12&product_orderby=rating&product_order=desc" "Mozilla/5.0 (Linux; Android 7.0;) AppleWebKit/537.36 (KHTML, like Gecko) Mobile Safari/537.36 (compatible; PetalBot;+https://webmaster.petalsearch.com/site/petalbot)"
114.119.153.245 - - [27/Feb/2026:14:46:39 -0500] "GET /portfolio-item/abel-adrian/?product_count=36&product_orderby=rating&product_order=desc HTTP/1.1" 200 21327 "https://clavo.space/product-tag/abel-adrian/page/2/?product_count=12&product_orderby=rating&product_order=desc" "Mozilla/5.0 (Linux; Android 7.0;) AppleWebKit/537.36 (KHTML, like Gecko) Mobile Safari/537.36 (compatible; PetalBot;+https://webmaster.petalsearch.com/site/petalbot)"
85.208.96.200 - - [27/Feb/2026:14:46:46 -0500] "GET /events/list/?tribe-bar-date=2026-08-16 HTTP/1.1" 200 19462 "-" "Mozilla/5.0 (compatible; SemrushBot/7~bl; +http://www.semrush.com/bot.html)"
85.208.96.200 - - [27/Feb/2026:14:46:52 -0500] "GET /events/tag/art/list/?tribe-bar-date=2023-05-24 HTTP/1.1" 200 19715 "-" "Mozilla/5.0 (compatible; SemrushBot/7~bl; +http://www.semrush.com/bot.html)"
216.73.216.223 - - [27/Feb/2026:14:47:11 -0500] "GET /robots.txt HTTP/1.1" 304 - "-" "Mozilla/5.0 AppleWebKit/537.36 (KHTML, like Gecko; compatible; ClaudeBot/1.0; +claudebot@anthropic.com)"
216.73.216.223 - - [27/Feb/2026:14:47:11 -0500] "GET /index.php/sitemap.xml HTTP/1.1" 200 269 "-" "Mozilla/5.0 AppleWebKit/537.36 (KHTML, like Gecko; compatible; ClaudeBot/1.0; +claudebot@anthropic.com)"
72.14.199.138 - - [27/Feb/2026:14:47:13 -0500] "GET /?h=eztd2ihoi2h32fy HTTP/1.1" 301 - "-" "Mozilla/5.0 (X11; Linux x86_64) AppleWebKit/537.36 (KHTML, like Gecko) Chrome/144.0.7559.132 Safari/537.36"
72.14.199.132 - - [27/Feb/2026:14:47:14 -0500] "GET /?h=eztd2ihoi2h32fy HTTP/1.1" 200 30753 "-" "Mozilla/5.0 (X11; Linux x86_64) AppleWebKit/537.36 (KHTML, like Gecko) Chrome/144.0.7559.132 Safari/537.36"
54.39.203.254 - - [27/Feb/2026:14:47:16 -0500] "GET /product-category/paintings/coffe-and-ashes/?product_orderby=price&product_view=grid&product_order=asc&product_count=24 HTTP/1.1" 404 13557 "-" "Mozilla/5.0 (compatible; AhrefsBot/7.0; +http://ahrefs.com/robot/)"
72.14.199.131 - - [27/Feb/2026:14:47:20 -0500] "POST /wp-admin/admin-ajax.php HTTP/1.1" 200 95 "https://clavo.space/?h=eztd2ihoi2h32fy" "Mozilla/5.0 (X11; Linux x86_64) AppleWebKit/537.36 (KHTML, like Gecko) Chrome/144.0.7559.132 Safari/537.36"
162.253.224.18 - - [27/Feb/2026:14:47:37 -0500] "POST /wp-cron.php?doing_wp_cron=1772221657.6459050178527832031250 HTTP/1.1" 200 - "-" "WordPress/6.9.1; https://clavo.space"
185.191.171.13 - - [27/Feb/2026:14:47:35 -0500] "GET /events/tag/art/list/?eventDisplay=past&tribe-bar-date=2022-02-27 HTTP/1.1" 200 20691 "-" "Mozilla/5.0 (compatible; SemrushBot/7~bl; +http://www.semrush.com/bot.html)"
5.182.33.60 - - [27/Feb/2026:14:47:42 -0500] "GET /wp-login.php HTTP/1.1" 200 2093 "-" "Mozilla/5.0 (Windows NT 6.3; WOW64; Trident/7.0; rv:11.0) like Gecko"
5.182.33.60 - - [27/Feb/2026:14:47:44 -0500] "POST /wp-login.php HTTP/1.1" 200 2224 "https://212productions.net/wp-login.php" "Mozilla/5.0 (Windows NT 6.3; WOW64; Trident/7.0; rv:11.0) like Gecko"
217.216.72.111 - - [27/Feb/2026:14:47:53 -0500] "POST /xmlrpc.php HTTP/1.1" 200 225 "-" "Mozilla/5.0 (Windows NT 6.1; WOW64; Trident/7.0; MALC; rv:11.0) like Gecko"
114.119.163.186 - - [27/Feb/2026:14:47:58 -0500] "GET /product-tag/abel-adrian/page/1/?product_count=12&product_orderby=price&product_order=asc HTTP/1.1" 301 - "https://clavo.space/product-tag/abel-adrian/page/3/?product_count=12&product_orderby=price&product_order=asc" "Mozilla/5.0 (Linux; Android 7.0;) AppleWebKit/537.36 (KHTML, like Gecko) Mobile Safari/537.36 (compatible; PetalBot;+https://webmaster.petalsearch.com/site/petalbot)"
114.119.163.186 - - [27/Feb/2026:14:48:00 -0500] "GET /portfolio-item/abel-adrian/?product_count=12&product_orderby=price&product_order=asc HTTP/1.1" 200 21334 "https://clavo.space/product-tag/abel-adrian/page/3/?product_count=12&product_orderby=price&product_order=asc" "Mozilla/5.0 (Linux; Android 7.0;) AppleWebKit/537.36 (KHTML, like Gecko) Mobile Safari/537.36 (compatible; PetalBot;+https://webmaster.petalsearch.com/site/petalbot)"
85.208.96.193 - - [27/Feb/2026:14:48:04 -0500] "GET /events/month/2025-09/ HTTP/1.1" 200 14419 "-" "Mozilla/5.0 (compatible; SemrushBot/7~bl; +http://www.semrush.com/bot.html)"
162.253.224.18 - - [27/Feb/2026:14:48:51 -0500] "POST /wp-cron.php?doing_wp_cron=1772221731.3713779449462890625000 HTTP/1.1" 200 - "-" "WordPress/6.9.1; https://clavo.space"
205.185.115.27 - - [27/Feb/2026:14:48:50 -0500] "GET /wp-login.php HTTP/1.1" 200 6864 "-" "Mozilla/5.0 (Windows NT 6.1; rv:24.0) Gecko/20100101 Firefox/24.0"
85.208.96.205 - - [27/Feb/2026:14:48:51 -0500] "GET /events/category/exhibition/list/?tribe-bar-date=2022-01-05 HTTP/1.1" 200 19756 "-" "Mozilla/5.0 (compatible; SemrushBot/7~bl; +http://www.semrush.com/bot.html)"
205.185.115.27 - - [27/Feb/2026:14:48:55 -0500] "POST /wp-login.php HTTP/1.1" 200 7348 "-" "Mozilla/5.0 (Windows NT 6.1; rv:24.0) Gecko/20100101 Firefox/24.0"
209.141.47.190 - - [27/Feb/2026:14:49:09 -0500] "GET /wp-login.php HTTP/1.1" 200 6864 "-" "Mozilla/5.0 (iPhone; CPU iPhone OS 7_0_4 like Mac OS X) AppleWebKit/537.51.1 (KHTML, like Gecko) Version/7.0 Mobile/11B554a Safari/9537.53"
209.141.47.190 - - [27/Feb/2026:14:49:10 -0500] "POST /wp-login.php HTTP/1.1" 200 7344 "-" "Mozilla/5.0 (iPhone; CPU iPhone OS 7_0_4 like Mac OS X) AppleWebKit/537.51.1 (KHTML, like Gecko) Version/7.0 Mobile/11B554a Safari/9537.53"
114.119.136.13 - - [27/Feb/2026:14:49:21 -0500] "GET /product-tag/abel-adrian/page/1/?product_count=12&product_order=desc&product_view=grid&product_orderby=date HTTP/1.1" 301 - "https://clavo.space/product-tag/abel-adrian/page/3/?product_count=12&product_order=desc&product_view=grid&product_orderby=date" "Mozilla/5.0 (Linux; Android 7.0;) AppleWebKit/537.36 (KHTML, like Gecko) Mobile Safari/537.36 (compatible; PetalBot;+https://webmaster.petalsearch.com/site/petalbot)"
114.119.136.13 - - [27/Feb/2026:14:49:24 -0500] "GET /portfolio-item/abel-adrian/?product_count=12&product_order=desc&product_view=grid&product_orderby=date HTTP/1.1" 200 21325 "https://clavo.space/product-tag/abel-adrian/page/3/?product_count=12&product_order=desc&product_view=grid&product_orderby=date" "Mozilla/5.0 (Linux; Android 7.0;) AppleWebKit/537.36 (KHTML, like Gecko) Mobile Safari/537.36 (compatible; PetalBot;+https://webmaster.petalsearch.com/site/petalbot)"
162.253.224.18 - - [27/Feb/2026:14:49:35 -0500] "POST /wp-cron.php?doing_wp_cron=1772221775.9015300273895263671875 HTTP/1.1" 200 - "-" "WordPress/6.9.1; https://clavo.space"
185.191.171.4 - - [27/Feb/2026:14:49:34 -0500] "GET /events/tag/opening/list/?tribe-bar-date=2023-11-11 HTTP/1.1" 200 19718 "-" "Mozilla/5.0 (compatible; SemrushBot/7~bl; +http://www.semrush.com/bot.html)"
40.77.167.30 - - [27/Feb/2026:14:50:13 -0500] "GET /wp/wp-content/uploads/2023/11/lab3-1024x497.webp HTTP/1.1" 200 110654 "-" "Mozilla/5.0 AppleWebKit/537.36 (KHTML, like Gecko; compatible; bingbot/2.0; +http://www.bing.com/bingbot.htm) Chrome/116.0.1938.76 Safari/537.36"
185.191.171.16 - - [27/Feb/2026:14:50:16 -0500] "GET /events/list/?eventDisplay=past&tribe-bar-date=2026-07-23 HTTP/1.1" 200 20428 "-" "Mozilla/5.0 (compatible; SemrushBot/7~bl; +http://www.semrush.com/bot.html)"
185.191.171.2 - - [27/Feb/2026:14:50:28 -0500] "GET /events/tag/clavo-space/list/?eventDisplay=past&tribe-bar-date=2024-12-03 HTTP/1.1" 200 20684 "-" "Mozilla/5.0 (compatible; SemrushBot/7~bl; +http://www.semrush.com/bot.html)"
162.253.224.18 - - [27/Feb/2026:14:50:37 -0500] "POST /wp-cron.php?doing_wp_cron=1772221837.4854879379272460937500 HTTP/1.1" 200 - "-" "WordPress/6.9.1; https://clavo.space"
185.191.171.16 - - [27/Feb/2026:14:50:36 -0500] "GET /events/tag/clavo-space/list/?eventDisplay=past&tribe-bar-date=2024-09-17 HTTP/1.1" 200 20690 "-" "Mozilla/5.0 (compatible; SemrushBot/7~bl; +http://www.semrush.com/bot.html)"
162.253.224.18 - - [27/Feb/2026:14:50:49 -0500] "POST /wp-cron.php?doing_wp_cron=1772221849.8383030891418457031250 HTTP/1.1" 200 - "-" "WordPress/6.9.1; https://clavo.space"
114.119.132.131 - - [27/Feb/2026:14:50:48 -0500] "GET /product-tag/abel-adrian/page/1/?product_count=12&product_order=desc&product_orderby=rating&product_view=list HTTP/1.1" 301 - "https://clavo.space/product-tag/abel-adrian/page/2/?product_count=12&product_order=desc&product_orderby=rating&product_view=list" "Mozilla/5.0 (Linux; Android 7.0;) AppleWebKit/537.36 (KHTML, like Gecko) Mobile Safari/537.36 (compatible; PetalBot;+https://webmaster.petalsearch.com/site/petalbot)"
185.191.171.16 - - [27/Feb/2026:14:50:48 -0500] "GET /events/list/?tribe-bar-date=2021-06-22 HTTP/1.1" 200 19455 "-" "Mozilla/5.0 (compatible; SemrushBot/7~bl; +http://www.semrush.com/bot.html)"
114.119.132.131 - - [27/Feb/2026:14:50:51 -0500] "GET /portfolio-item/abel-adrian/?product_count=12&product_order=desc&product_orderby=rating&product_view=list HTTP/1.1" 200 21334 "https://clavo.space/product-tag/abel-adrian/page/2/?product_count=12&product_order=desc&product_orderby=rating&product_view=list" "Mozilla/5.0 (Linux; Android 7.0;) AppleWebKit/537.36 (KHTML, like Gecko) Mobile Safari/537.36 (compatible; PetalBot;+https://webmaster.petalsearch.com/site/petalbot)"
51.75.54.138 - - [27/Feb/2026:14:51:09 -0500] "POST /wp-login.php HTTP/1.1" 200 2258 "-" "Mozilla/5.0 (Windows NT 10.0; WOW64) AppleWebKit/537.36 (KHTML, like Gecko) Chrome/138.0.0.0 Safari/537.36"
209.141.32.218 - - [27/Feb/2026:14:51:18 -0500] "GET /wp-login.php HTTP/1.1" 200 6864 "-" "Mozilla/5.0 (Windows NT 6.1) AppleWebKit/537.36 (KHTML, like Gecko) Chrome/36.0.1985.143 Safari/537.36"
209.141.32.218 - - [27/Feb/2026:14:51:19 -0500] "POST /wp-login.php HTTP/1.1" 200 7348 "-" "Mozilla/5.0 (Windows NT 6.1) AppleWebKit/537.36 (KHTML, like Gecko) Chrome/36.0.1985.143 Safari/537.36"
85.208.96.199 - - [27/Feb/2026:14:51:24 -0500] "GET /events/list/?tribe-bar-date=2023-10-19 HTTP/1.1" 200 19467 "-" "Mozilla/5.0 (compatible; SemrushBot/7~bl; +http://www.semrush.com/bot.html)"
162.253.224.18 - - [27/Feb/2026:14:51:35 -0500] "POST /wp-cron.php?doing_wp_cron=1772221895.0136029720306396484375 HTTP/1.1" 200 - "-" "WordPress/6.9.1; https://clavo.space"
209.141.32.218 - - [27/Feb/2026:14:51:33 -0500] "GET /wp-login.php HTTP/1.1" 200 6864 "-" "Mozilla/5.0 (X11; Linux x86_64) AppleWebKit/537.36 (KHTML, like Gecko) Chrome/36.0.1985.143 Safari/537.36"
209.141.32.218 - - [27/Feb/2026:14:51:35 -0500] "POST /wp-login.php HTTP/1.1" 200 7348 "-" "Mozilla/5.0 (X11; Linux x86_64) AppleWebKit/537.36 (KHTML, like Gecko) Chrome/36.0.1985.143 Safari/537.36"
57.128.2.15 - - [27/Feb/2026:14:51:40 -0500] "GET /wp-login.php HTTP/1.1" 200 2093 "-" "Mozilla/5.0 (Windows NT 6.3; Win64; x64; Trident/7.0; MALNJS; rv:11.0) like Gecko"
57.128.2.15 - - [27/Feb/2026:14:51:41 -0500] "POST /wp-login.php HTTP/1.1" 200 2224 "https://212productions.net/wp-login.php" "Mozilla/5.0 (Windows NT 6.3; Win64; x64; Trident/7.0; MALNJS; rv:11.0) like Gecko"
188.130.27.116 - - [27/Feb/2026:14:51:45 -0500] "POST /xmlrpc.php HTTP/1.1" 200 225 "-" "Mozilla/5.0 (compatible; MSIE 10.0; Windows NT 6.2; Trident/7.0)"
85.208.96.199 - - [27/Feb/2026:14:52:07 -0500] "GET /events/tag/exhibition/list/?eventDisplay=past&tribe-bar-date=2020-03-10 HTTP/1.1" 200 20695 "-" "Mozilla/5.0 (compatible; SemrushBot/7~bl; +http://www.semrush.com/bot.html)"
114.119.153.245 - - [27/Feb/2026:14:52:09 -0500] "GET /product-tag/abel-adrian/page/1/?product_count=12&product_order=desc&product_orderby=name&product_view=grid HTTP/1.1" 301 - "https://clavo.space/product-tag/abel-adrian/page/2/?product_count=12&product_order=desc&product_orderby=name&product_view=grid" "Mozilla/5.0 (Linux; Android 7.0;) AppleWebKit/537.36 (KHTML, like Gecko) Mobile Safari/537.36 (compatible; PetalBot;+https://webmaster.petalsearch.com/site/petalbot)"
114.119.153.245 - - [27/Feb/2026:14:52:12 -0500] "GET /portfolio-item/abel-adrian/?product_count=12&product_order=desc&product_orderby=name&product_view=grid HTTP/1.1" 200 21331 "https://clavo.space/product-tag/abel-adrian/page/2/?product_count=12&product_order=desc&product_orderby=name&product_view=grid" "Mozilla/5.0 (Linux; Android 7.0;) AppleWebKit/537.36 (KHTML, like Gecko) Mobile Safari/537.36 (compatible; PetalBot;+https://webmaster.petalsearch.com/site/petalbot)"
185.191.171.15 - - [27/Feb/2026:14:52:28 -0500] "GET /events/list/?tribe-bar-date=2023-02-01 HTTP/1.1" 200 19466 "-" "Mozilla/5.0 (compatible; SemrushBot/7~bl; +http://www.semrush.com/bot.html)"
162.253.224.18 - - [27/Feb/2026:14:52:37 -0500] "POST /wp-cron.php?doing_wp_cron=1772221957.6181859970092773437500 HTTP/1.1" 200 - "-" "WordPress/6.9.1; https://clavo.space"
209.141.58.17 - - [27/Feb/2026:14:52:36 -0500] "GET /wp-login.php HTTP/1.1" 200 6864 "-" "Mozilla/5.0 (Windows NT 10.0; Win64; x64)"
209.141.58.17 - - [27/Feb/2026:14:52:37 -0500] "POST /wp-login.php HTTP/1.1" 200 7350 "-" "Mozilla/5.0 (Windows NT 10.0; Win64; x64)"
85.208.96.197 - - [27/Feb/2026:14:52:39 -0500] "GET /events/tag/art/list/?eventDisplay=past&tribe-bar-date=2027-09-25 HTTP/1.1" 200 20701 "-" "Mozilla/5.0 (compatible; SemrushBot/7~bl; +http://www.semrush.com/bot.html)"
205.185.120.134 - - [27/Feb/2026:14:53:22 -0500] "GET /wp-login.php HTTP/1.1" 200 6864 "-" "Mozilla/5.0 (Windows NT 6.1; rv:31.0) Gecko/20100101 Firefox/31.0"
205.185.120.134 - - [27/Feb/2026:14:53:23 -0500] "POST /wp-login.php HTTP/1.1" 200 7337 "-" "Mozilla/5.0 (Windows NT 6.1; rv:31.0) Gecko/20100101 Firefox/31.0"
162.253.224.18 - - [27/Feb/2026:14:53:37 -0500] "POST /wp-cron.php?doing_wp_cron=1772222017.4545130729675292968750 HTTP/1.1" 200 - "-" "WordPress/6.9.1; https://clavo.space"
114.119.132.131 - - [27/Feb/2026:14:53:36 -0500] "GET /product-tag/abel-adrian/?product_view=list&product_orderby=default HTTP/1.1" 301 - "https://clavo.space/product-tag/abel-adrian/?product_view=list&product_orderby=price" "Mozilla/5.0 (Linux; Android 7.0;) AppleWebKit/537.36 (KHTML, like Gecko) Mobile Safari/537.36 (compatible; PetalBot;+https://webmaster.petalsearch.com/site/petalbot)"
114.119.132.131 - - [27/Feb/2026:14:53:40 -0500] "GET /portfolio-item/abel-adrian/?product_view=list&product_orderby=default HTTP/1.1" 200 21334 "https://clavo.space/product-tag/abel-adrian/?product_view=list&product_orderby=price" "Mozilla/5.0 (Linux; Android 7.0;) AppleWebKit/537.36 (KHTML, like Gecko) Mobile Safari/537.36 (compatible; PetalBot;+https://webmaster.petalsearch.com/site/petalbot)"
66.249.79.67 - - [27/Feb/2026:14:53:52 -0500] "GET /page/2/?h=enj4gk7qw47huho_gkind14524010 HTTP/1.1" 200 30452 "-" "Mozilla/5.0 (Linux; Android 6.0.1; Nexus 5X Build/MMB29P) AppleWebKit/537.36 (KHTML, like Gecko) Chrome/144.0.7559.132 Mobile Safari/537.36 (compatible; Googlebot/2.1; +http://www.google.com/bot.html)"
85.208.96.212 - - [27/Feb/2026:14:53:58 -0500] "GET /events/tag/opening/list/?tribe-bar-date=2022-10-17 HTTP/1.1" 200 19714 "-" "Mozilla/5.0 (compatible; SemrushBot/7~bl; +http://www.semrush.com/bot.html)"
185.191.171.5 - - [27/Feb/2026:14:54:08 -0500] "GET /events/category/exhibition/list/?eventDisplay=past&tribe-bar-date=2023-01-30 HTTP/1.1" 200 20709 "-" "Mozilla/5.0 (compatible; SemrushBot/7~bl; +http://www.semrush.com/bot.html)"
66.249.79.69 - - [27/Feb/2026:14:54:08 -0500] "GET /page/2/?h=eguaf7igvrig94z HTTP/1.1" 200 30446 "-" "Mozilla/5.0 (Linux; Android 6.0.1; Nexus 5X Build/MMB29P) AppleWebKit/537.36 (KHTML, like Gecko) Chrome/144.0.7559.132 Mobile Safari/537.36 (compatible; GoogleOther)"
185.191.171.16 - - [27/Feb/2026:14:54:18 -0500] "GET /events/tag/exhibition/list/?tribe-bar-date=2020-03-30 HTTP/1.1" 200 19716 "-" "Mozilla/5.0 (compatible; SemrushBot/7~bl; +http://www.semrush.com/bot.html)"
40.77.167.27 - - [27/Feb/2026:14:54:44 -0500] "GET /wp/wp-content/uploads/2021/03/xxbotellabel5-768x1059.png HTTP/1.1" 200 225631 "-" "Mozilla/5.0 AppleWebKit/537.36 (KHTML, like Gecko; compatible; bingbot/2.0; +http://www.bing.com/bingbot.htm) Chrome/116.0.1938.76 Safari/537.36"
162.253.224.18 - - [27/Feb/2026:14:54:58 -0500] "POST /wp-cron.php?doing_wp_cron=1772222098.7388610839843750000000 HTTP/1.1" 200 - "-" "WordPress/6.9.1; https://clavo.space"
114.119.151.197 - - [27/Feb/2026:14:54:57 -0500] "GET /product-tag/abel-adrian/?product_view=list&product_order=asc&product_orderby=rating&product_count=24 HTTP/1.1" 301 - "https://clavo.space/product-tag/abel-adrian/?product_view=list&product_order=asc&product_orderby=default&product_count=24" "Mozilla/5.0 (Linux; Android 7.0;) AppleWebKit/537.36 (KHTML, like Gecko) Mobile Safari/537.36 (compatible; PetalBot;+https://webmaster.petalsearch.com/site/petalbot)"
114.119.151.197 - - [27/Feb/2026:14:54:59 -0500] "GET /portfolio-item/abel-adrian/?product_view=list&product_order=asc&product_orderby=rating&product_count=24 HTTP/1.1" 200 21332 "https://clavo.space/product-tag/abel-adrian/?product_view=list&product_order=asc&product_orderby=default&product_count=24" "Mozilla/5.0 (Linux; Android 7.0;) AppleWebKit/537.36 (KHTML, like Gecko) Mobile Safari/537.36 (compatible; PetalBot;+https://webmaster.petalsearch.com/site/petalbot)"
209.141.47.105 - - [27/Feb/2026:14:55:04 -0500] "GET /wp-login.php HTTP/1.1" 200 6864 "-" "Mozilla/5.0 (X11; Linux x86_64; rv:30.0) Gecko/20100101 Firefox/30.0"
209.141.47.105 - - [27/Feb/2026:14:55:05 -0500] "POST /wp-login.php HTTP/1.1" 200 7350 "-" "Mozilla/5.0 (X11; Linux x86_64; rv:30.0) Gecko/20100101 Firefox/30.0"
51.222.168.231 - - [27/Feb/2026:14:55:21 -0500] "GET /product-category/paintings/coffe-and-ashes/?product_orderby=rating&product_view=grid&product_order=asc&product_count=36 HTTP/1.1" 404 13547 "-" "Mozilla/5.0 (compatible; AhrefsBot/7.0; +http://ahrefs.com/robot/)"
162.253.224.18 - - [27/Feb/2026:14:55:56 -0500] "POST /wp-cron.php?doing_wp_cron=1772222156.7966721057891845703125 HTTP/1.1" 200 - "-" "WordPress/6.9.1; https://clavo.space"
153.153.154.61 - - [27/Feb/2026:14:55:55 -0500] "POST /xmlrpc.php HTTP/1.1" 200 225 "-" "Mozilla/5.0 (Macintosh; Intel Mac OS X 10_12) AppleWebKit/602.1.38 (KHTML, like Gecko) Version/10.0 Safari/602.1.38"
114.119.151.197 - - [27/Feb/2026:14:56:20 -0500] "GET /product-tag/abel-adrian/?product_view=list&product_count=12&product_order=desc&product_orderby=price HTTP/1.1" 301 - "https://clavo.space/product-tag/abel-adrian/page/1/?product_view=list&product_count=12&product_order=desc&product_orderby=price" "Mozilla/5.0 (Linux; Android 7.0;) AppleWebKit/537.36 (KHTML, like Gecko) Mobile Safari/537.36 (compatible; PetalBot;+https://webmaster.petalsearch.com/site/petalbot)"
114.119.151.197 - - [27/Feb/2026:14:56:23 -0500] "GET /portfolio-item/abel-adrian/?product_view=list&product_count=12&product_order=desc&product_orderby=price HTTP/1.1" 200 21331 "https://clavo.space/product-tag/abel-adrian/page/1/?product_view=list&product_count=12&product_order=desc&product_orderby=price" "Mozilla/5.0 (Linux; Android 7.0;) AppleWebKit/537.36 (KHTML, like Gecko) Mobile Safari/537.36 (compatible; PetalBot;+https://webmaster.petalsearch.com/site/petalbot)"
66.249.79.67 - - [27/Feb/2026:14:56:28 -0500] "GET /page/3/?h=ex59eutouetf6ra HTTP/1.1" 200 30619 "-" "Mozilla/5.0 (Linux; Android 6.0.1; Nexus 5X Build/MMB29P) AppleWebKit/537.36 (KHTML, like Gecko) Chrome/144.0.7559.132 Mobile Safari/537.36 (compatible; GoogleOther)"
142.93.68.12 - - [27/Feb/2026:14:56:31 -0500] "GET /wp-login.php HTTP/1.1" 200 2093 "-" "Mozilla/5.0 (Windows NT 10.0; WOW64; Trident/7.0; Touch; MDDCJS; rv:11.0) like Gecko"
162.253.224.18 - - [27/Feb/2026:14:56:35 -0500] "POST /wp-cron.php?doing_wp_cron=1772222195.7358019351959228515625 HTTP/1.1" 200 - "-" "WordPress/6.9.1; https://clavo.space"
142.93.68.12 - - [27/Feb/2026:14:56:34 -0500] "POST /wp-login.php HTTP/1.1" 200 2224 "https://212productions.net/wp-login.php" "Mozilla/5.0 (Windows NT 10.0; WOW64; Trident/7.0; Touch; MDDCJS; rv:11.0) like Gecko"
185.191.171.15 - - [27/Feb/2026:14:56:41 -0500] "GET /events/category/exhibition/list/?eventDisplay=past&tribe-bar-date=2027-02-25 HTTP/1.1" 200 20718 "-" "Mozilla/5.0 (compatible; SemrushBot/7~bl; +http://www.semrush.com/bot.html)"
209.141.32.211 - - [27/Feb/2026:14:56:45 -0500] "GET /wp-login.php HTTP/1.1" 200 6864 "-" "Mozilla/5.0 (Macintosh; Intel Mac OS X 10.6; rv:31.0) Gecko/20100101 Firefox/31.0"
209.141.32.211 - - [27/Feb/2026:14:56:46 -0500] "POST /wp-login.php HTTP/1.1" 200 7350 "-" "Mozilla/5.0 (Macintosh; Intel Mac OS X 10.6; rv:31.0) Gecko/20100101 Firefox/31.0"
85.208.96.203 - - [27/Feb/2026:14:56:59 -0500] "GET /events/list/?eventDisplay=past&tribe-bar-date=2027-09-05 HTTP/1.1" 200 20444 "-" "Mozilla/5.0 (compatible; SemrushBot/7~bl; +http://www.semrush.com/bot.html)"
162.253.224.18 - - [27/Feb/2026:14:57:45 -0500] "POST /wp-cron.php?doing_wp_cron=1772222265.8254010677337646484375 HTTP/1.1" 200 - "-" "WordPress/6.9.1; https://clavo.space"
114.119.158.196 - - [27/Feb/2026:14:57:44 -0500] "GET /shop/page/7/?product_order=asc&product_view=grid&product_count=12&product_orderby=date HTTP/1.1" 404 13535 "https://clavo.space/shop/page/3/?product_order=asc&product_view=grid&product_count=12&product_orderby=date" "Mozilla/5.0 (Linux; Android 7.0;) AppleWebKit/537.36 (KHTML, like Gecko) Mobile Safari/537.36 (compatible; PetalBot;+https://webmaster.petalsearch.com/site/petalbot)"
185.191.171.15 - - [27/Feb/2026:14:57:47 -0500] "GET /events/tag/exhibition/day/2028-12-12/ HTTP/1.1" 200 14443 "-" "Mozilla/5.0 (compatible; SemrushBot/7~bl; +http://www.semrush.com/bot.html)"
85.208.96.199 - - [27/Feb/2026:14:57:51 -0500] "GET /events/category/exhibition/list/?tribe-bar-date=2020-06-12 HTTP/1.1" 200 19743 "-" "Mozilla/5.0 (compatible; SemrushBot/7~bl; +http://www.semrush.com/bot.html)"
185.191.171.16 - - [27/Feb/2026:14:58:05 -0500] "GET /events/list/?eventDisplay=past&tribe-bar-date=2026-03-15 HTTP/1.1" 200 20441 "-" "Mozilla/5.0 (compatible; SemrushBot/7~bl; +http://www.semrush.com/bot.html)"
85.208.96.208 - - [27/Feb/2026:14:58:12 -0500] "GET /events/category/exhibition/day/2025-10-19/ HTTP/1.1" 200 14466 "-" "Mozilla/5.0 (compatible; SemrushBot/7~bl; +http://www.semrush.com/bot.html)"
162.253.224.18 - - [27/Feb/2026:14:59:08 -0500] "POST /wp-cron.php?doing_wp_cron=1772222348.1334760189056396484375 HTTP/1.1" 200 - "-" "WordPress/6.9.1; https://clavo.space"
114.119.132.131 - - [27/Feb/2026:14:59:06 -0500] "GET /shop/page/4?product_order=asc&product_view=grid&product_count=24&product_orderby=name HTTP/1.1" 404 13532 "-" "Mozilla/5.0 (Linux; Android 7.0;) AppleWebKit/537.36 (KHTML, like Gecko) Mobile Safari/537.36 (compatible; PetalBot;+https://webmaster.petalsearch.com/site/petalbot)"
66.249.79.67 - - [27/Feb/2026:14:59:11 -0500] "GET /page/2/?h=el0eldoc1xom1a5_gkind14524010 HTTP/1.1" 200 30455 "-" "Mozilla/5.0 (Linux; Android 6.0.1; Nexus 5X Build/MMB29P) AppleWebKit/537.36 (KHTML, like Gecko) Chrome/144.0.7559.132 Mobile Safari/537.36 (compatible; GoogleOther)"
162.253.224.18 - - [27/Feb/2026:14:59:43 -0500] "POST /wp-cron.php?doing_wp_cron=1772222383.6412920951843261718750 HTTP/1.1" 200 - "-" "WordPress/6.9.1; https://clavo.space"
185.191.171.15 - - [27/Feb/2026:14:59:42 -0500] "GET /events/list/?eventDisplay=past&tribe-bar-date=2026-09-07 HTTP/1.1" 200 20441 "-" "Mozilla/5.0 (compatible; SemrushBot/7~bl; +http://www.semrush.com/bot.html)"
162.253.224.18 - - [27/Feb/2026:15:00:35 -0500] "POST /wp-cron.php?doing_wp_cron=1772222435.7996110916137695312500 HTTP/1.1" 200 - "-" "WordPress/6.9.1; https://clavo.space"
114.119.158.196 - - [27/Feb/2026:15:00:34 -0500] "GET /shop/page/3?product_count=12&product_orderby=popularity&product_order=desc HTTP/1.1" 404 13542 "https://clavo.space/shop/page/4?product_count=12&product_orderby=popularity&product_order=desc" "Mozilla/5.0 (Linux; Android 7.0;) AppleWebKit/537.36 (KHTML, like Gecko) Mobile Safari/537.36 (compatible; PetalBot;+https://webmaster.petalsearch.com/site/petalbot)"
198.20.177.178 - - [27/Feb/2026:15:00:39 -0500] "GET /wp-login.php HTTP/1.1" 200 2093 "-" "Mozilla/5.0 (Windows NT 6.1; WOW64; Trident/7.0; BOIE9;ENUS; rv:11.0) like Gecko"
198.20.177.178 - - [27/Feb/2026:15:00:41 -0500] "POST /wp-login.php HTTP/1.1" 200 2224 "https://212productions.net/wp-login.php" "Mozilla/5.0 (Windows NT 6.1; WOW64; Trident/7.0; BOIE9;ENUS; rv:11.0) like Gecko"
185.191.171.16 - - [27/Feb/2026:15:00:45 -0500] "GET /events/category/exhibition/list/?tribe-bar-date=2024-02-18 HTTP/1.1" 200 19750 "-" "Mozilla/5.0 (compatible; SemrushBot/7~bl; +http://www.semrush.com/bot.html)"
185.191.171.6 - - [27/Feb/2026:15:01:05 -0500] "GET /events/category/exhibition/list/?eventDisplay=past&tribe-bar-date=2021-08-07 HTTP/1.1" 200 20724 "-" "Mozilla/5.0 (compatible; SemrushBot/7~bl; +http://www.semrush.com/bot.html)"
185.191.171.2 - - [27/Feb/2026:15:01:31 -0500] "GET /events/tag/opening/list/?tribe-bar-date=2024-07-22 HTTP/1.1" 200 19715 "-" "Mozilla/5.0 (compatible; SemrushBot/7~bl; +http://www.semrush.com/bot.html)"
162.253.224.18 - - [27/Feb/2026:15:01:55 -0500] "POST /wp-cron.php?doing_wp_cron=1772222515.2599740028381347656250 HTTP/1.1" 200 - "-" "WordPress/6.9.1; https://clavo.space"
114.119.151.197 - - [27/Feb/2026:15:01:54 -0500] "GET /shop/page/2?product_count=24&product_orderby=popularity&product_view=list HTTP/1.1" 404 13538 "https://clavo.space/shop?product_count=24&product_orderby=popularity&product_view=list" "Mozilla/5.0 (Linux; Android 7.0;) AppleWebKit/537.36 (KHTML, like Gecko) Mobile Safari/537.36 (compatible; PetalBot;+https://webmaster.petalsearch.com/site/petalbot)"
185.191.171.8 - - [27/Feb/2026:15:02:00 -0500] "GET /events/tag/art/list/?eventDisplay=past&tribe-bar-date=2023-11-24 HTTP/1.1" 200 20689 "-" "Mozilla/5.0 (compatible; SemrushBot/7~bl; +http://www.semrush.com/bot.html)"
85.208.96.211 - - [27/Feb/2026:15:02:04 -0500] "GET /events/tag/exhibition/list/?tribe-bar-date=2020-10-17 HTTP/1.1" 200 19709 "-" "Mozilla/5.0 (compatible; SemrushBot/7~bl; +http://www.semrush.com/bot.html)"
185.191.171.14 - - [27/Feb/2026:15:02:10 -0500] "GET /events/list/?tribe-bar-date=2027-09-26 HTTP/1.1" 200 19469 "-" "Mozilla/5.0 (compatible; SemrushBot/7~bl; +http://www.semrush.com/bot.html)"
15.235.96.40 - - [27/Feb/2026:15:02:20 -0500] "GET /product-category/paintings/coffe-and-ashes/?product_orderby=name&product_view=grid&product_order=asc&product_count=12 HTTP/1.1" 404 13554 "-" "Mozilla/5.0 (compatible; AhrefsBot/7.0; +http://ahrefs.com/robot/)"
162.253.224.18 - - [27/Feb/2026:15:02:44 -0500] "POST /wp/wp-cron.php?doing_wp_cron=1772222564.0348460674285888671875 HTTP/1.1" 200 - "-" "WordPress/6.9.1; https://212productions.net/wp"
185.191.171.15 - - [27/Feb/2026:15:02:42 -0500] "GET /wp/author/admin/page/10/ HTTP/1.1" 200 15066 "-" "Mozilla/5.0 (compatible; SemrushBot/7~bl; +http://www.semrush.com/bot.html)"
162.253.224.18 - - [27/Feb/2026:15:02:59 -0500] "POST /wp-cron.php?doing_wp_cron=1772222579.9182949066162109375000 HTTP/1.1" 200 - "-" "WordPress/6.9.1; https://clavo.space"
185.191.171.16 - - [27/Feb/2026:15:02:58 -0500] "GET /events/tag/exhibition/list/?eventDisplay=past&tribe-bar-date=2025-03-24 HTTP/1.1" 200 20689 "-" "Mozilla/5.0 (compatible; SemrushBot/7~bl; +http://www.semrush.com/bot.html)"
66.249.79.69 - - [27/Feb/2026:15:03:18 -0500] "GET /product-category/paintings/?add-to-cart=1972&product_orderby=name&product_order=desc&product_view=grid&product_count=24 HTTP/1.1" 404 13551 "-" "Mozilla/5.0 (Linux; Android 6.0.1; Nexus 5X Build/MMB29P) AppleWebKit/537.36 (KHTML, like Gecko) Chrome/144.0.7559.132 Mobile Safari/537.36 (compatible; Googlebot/2.1; +http://www.google.com/bot.html)"
114.119.136.13 - - [27/Feb/2026:15:03:20 -0500] "GET /shop/page/1/?product_orderby=popularity&product_view=list&product_count=24&product_order=asc HTTP/1.1" 404 13539 "https://clavo.space/shop/page/2/?product_orderby=popularity&product_view=list&product_count=24&product_order=asc" "Mozilla/5.0 (Linux; Android 7.0;) AppleWebKit/537.36 (KHTML, like Gecko) Mobile Safari/537.36 (compatible; PetalBot;+https://webmaster.petalsearch.com/site/petalbot)"
162.253.224.18 - - [27/Feb/2026:15:03:38 -0500] "POST /wp-cron.php?doing_wp_cron=1772222618.2260959148406982421875 HTTP/1.1" 200 - "-" "WordPress/6.9.1; https://clavo.space"
85.208.96.194 - - [27/Feb/2026:15:03:36 -0500] "GET /events/list/?tribe-bar-date=2023-07-13 HTTP/1.1" 200 19464 "-" "Mozilla/5.0 (compatible; SemrushBot/7~bl; +http://www.semrush.com/bot.html)"
185.191.171.10 - - [27/Feb/2026:15:03:41 -0500] "GET /events/tag/art/list/?eventDisplay=past&tribe-bar-date=2029-02-15 HTTP/1.1" 200 20683 "-" "Mozilla/5.0 (compatible; SemrushBot/7~bl; +http://www.semrush.com/bot.html)"
185.191.171.17 - - [27/Feb/2026:15:03:50 -0500] "GET /events/tag/clavo-space/list/?eventDisplay=past&tribe-bar-date=2022-01-20 HTTP/1.1" 200 20689 "-" "Mozilla/5.0 (compatible; SemrushBot/7~bl; +http://www.semrush.com/bot.html)"
43.153.54.14 - - [27/Feb/2026:15:04:10 -0500] "GET /wp/broken-film/ HTTP/1.1" 301 326 "http://m.brokendocumentary.info" "Mozilla/5.0 (iPhone; CPU iPhone OS 13_2_3 like Mac OS X) AppleWebKit/605.1.15 (KHTML, like Gecko) Version/13.0.3 Mobile/15E148 Safari/604.1"
43.153.54.14 - - [27/Feb/2026:15:04:11 -0500] "GET /wp/broken-film/ HTTP/1.1" 301 - "http://www.212productions.net/wp/broken-film/" "Mozilla/5.0 (iPhone; CPU iPhone OS 13_2_3 like Mac OS X) AppleWebKit/605.1.15 (KHTML, like Gecko) Version/13.0.3 Mobile/15E148 Safari/604.1"
43.153.54.14 - - [27/Feb/2026:15:04:13 -0500] "GET /wp/broken-film/ HTTP/1.1" 200 17260 "https://www.212productions.net/wp/broken-film/" "Mozilla/5.0 (iPhone; CPU iPhone OS 13_2_3 like Mac OS X) AppleWebKit/605.1.15 (KHTML, like Gecko) Version/13.0.3 Mobile/15E148 Safari/604.1"
54.206.20.150 - - [27/Feb/2026:15:04:24 -0500] "POST /xmlrpc.php HTTP/1.1" 200 225 "-" "Mozilla/5.0 (Windows NT 6.3; WOW64; Trident/7.0; Touch; SMJB; rv:11.0) like Gecko"
162.253.224.18 - - [27/Feb/2026:15:04:44 -0500] "POST /wp-cron.php?doing_wp_cron=1772222684.0068058967590332031250 HTTP/1.1" 200 - "-" "WordPress/6.9.1; https://clavo.space"
