72.14.199.131 - - [27/Feb/2026:13:46:09 -0500] "GET /wp-content/uploads/2021/03/1-1.jpg HTTP/1.1" 304 - "https://clavo.space/?h=etm5jnarz7akmkr" "Mozilla/5.0 (X11; Linux x86_64) AppleWebKit/537.36 (KHTML, like Gecko) Chrome/144.0.7559.132 Safari/537.36"
72.14.199.131 - - [27/Feb/2026:13:46:09 -0500] "GET /wp-content/plugins/fusion-builder/assets/js/min/general/fusion-animations.js HTTP/1.1" 304 - "https://clavo.space/?h=etm5jnarz7akmkr" "Mozilla/5.0 (X11; Linux x86_64) AppleWebKit/537.36 (KHTML, like Gecko) Chrome/144.0.7559.132 Safari/537.36"
45.141.233.210 - - [27/Feb/2026:13:46:07 -0500] "GET /wp-admin/index.php HTTP/1.1" 302 - "https://clavo.space/wp-login.php" "Mozilla/5.0 (Macintosh; Intel Mac OS X 10_15_7) AppleWebKit/605.1.15 (KHTML, like Gecko) Version/17.1 Safari/605.1.15"
72.14.199.131 - - [27/Feb/2026:13:46:09 -0500] "GET /wp-content/themes/Avada/includes/lib/assets/min/js/library/vimeoPlayer.js HTTP/1.1" 304 - "https://clavo.space/?h=etm5jnarz7akmkr" "Mozilla/5.0 (X11; Linux x86_64) AppleWebKit/537.36 (KHTML, like Gecko) Chrome/144.0.7559.132 Safari/537.36"
72.14.199.131 - - [27/Feb/2026:13:46:09 -0500] "GET /wp-content/uploads/2025/11/ian-post-200x150.webp HTTP/1.1" 200 3211 "https://clavo.space/?h=etm5jnarz7akmkr" "Mozilla/5.0 (X11; Linux x86_64) AppleWebKit/537.36 (KHTML, like Gecko) Chrome/144.0.7559.132 Safari/537.36"
72.14.199.131 - - [27/Feb/2026:13:46:10 -0500] "GET /wp-content/plugins/fusion-builder/assets/js/min/general/fusion-video.js HTTP/1.1" 304 - "https://clavo.space/?h=etm5jnarz7akmkr" "Mozilla/5.0 (X11; Linux x86_64) AppleWebKit/537.36 (KHTML, like Gecko) Chrome/144.0.7559.132 Safari/537.36"
72.14.199.131 - - [27/Feb/2026:13:46:10 -0500] "GET /wp-content/themes/Avada/assets/min/js/library/bootstrap.scrollspy.js HTTP/1.1" 304 - "https://clavo.space/?h=etm5jnarz7akmkr" "Mozilla/5.0 (X11; Linux x86_64) AppleWebKit/537.36 (KHTML, like Gecko) Chrome/144.0.7559.132 Safari/537.36"
45.141.233.210 - - [27/Feb/2026:13:46:09 -0500] "GET /wp-login.php?redirect_to=https%3A%2F%2Fclavo.space%2Fwp-admin%2Findex.php&reauth=1 HTTP/1.1" 200 2098 "https://clavo.space/wp-login.php" "Mozilla/5.0 (Macintosh; Intel Mac OS X 10_15_7) AppleWebKit/605.1.15 (KHTML, like Gecko) Version/17.1 Safari/605.1.15"
72.14.199.131 - - [27/Feb/2026:13:46:10 -0500] "GET /wp-content/themes/Avada/includes/lib/assets/min/js/general/fusion-flexslider.js HTTP/1.1" 304 - "https://clavo.space/?h=etm5jnarz7akmkr" "Mozilla/5.0 (X11; Linux x86_64) AppleWebKit/537.36 (KHTML, like Gecko) Chrome/144.0.7559.132 Safari/537.36"
72.14.199.131 - - [27/Feb/2026:13:46:10 -0500] "GET /wp-content/plugins/fusion-builder/assets/js/min/general/fusion-toggles.js HTTP/1.1" 304 - "https://clavo.space/?h=etm5jnarz7akmkr" "Mozilla/5.0 (X11; Linux x86_64) AppleWebKit/537.36 (KHTML, like Gecko) Chrome/144.0.7559.132 Safari/537.36"
72.14.199.131 - - [27/Feb/2026:13:46:11 -0500] "GET /wp-content/themes/Avada/includes/lib/assets/min/js/general/fusion-sharing-box.js HTTP/1.1" 304 - "https://clavo.space/?h=etm5jnarz7akmkr" "Mozilla/5.0 (X11; Linux x86_64) AppleWebKit/537.36 (KHTML, like Gecko) Chrome/144.0.7559.132 Safari/537.36"
72.14.199.131 - - [27/Feb/2026:13:46:11 -0500] "GET /wp-content/themes/Avada/includes/lib/assets/min/js/general/fusion-tooltip.js HTTP/1.1" 200 323 "https://clavo.space/?h=etm5jnarz7akmkr" "Mozilla/5.0 (X11; Linux x86_64) AppleWebKit/537.36 (KHTML, like Gecko) Chrome/144.0.7559.132 Safari/537.36"
72.14.199.131 - - [27/Feb/2026:13:46:11 -0500] "GET /wp-content/themes/Avada/assets/min/js/general/avada-general-footer.js HTTP/1.1" 304 - "https://clavo.space/?h=etm5jnarz7akmkr" "Mozilla/5.0 (X11; Linux x86_64) AppleWebKit/537.36 (KHTML, like Gecko) Chrome/144.0.7559.132 Safari/537.36"
45.141.233.210 - - [27/Feb/2026:13:46:10 -0500] "POST /wp-login.php HTTP/1.1" 200 2252 "https://clavo.space/wp-login.php" "Mozilla/5.0 (Macintosh; Intel Mac OS X 10_15_7; rv:120.0) Gecko/20100101 Firefox/120.0"
72.14.199.131 - - [27/Feb/2026:13:46:12 -0500] "GET /wp-content/themes/Avada/assets/min/js/general/avada-drop-down.js HTTP/1.1" 304 - "https://clavo.space/?h=etm5jnarz7akmkr" "Mozilla/5.0 (X11; Linux x86_64) AppleWebKit/537.36 (KHTML, like Gecko) Chrome/144.0.7559.132 Safari/537.36"
72.14.199.131 - - [27/Feb/2026:13:46:12 -0500] "GET /wp-content/themes/Avada/assets/min/js/general/avada-tabs-widget.js HTTP/1.1" 304 - "https://clavo.space/?h=etm5jnarz7akmkr" "Mozilla/5.0 (X11; Linux x86_64) AppleWebKit/537.36 (KHTML, like Gecko) Chrome/144.0.7559.132 Safari/537.36"
72.14.199.131 - - [27/Feb/2026:13:46:12 -0500] "GET /wp-content/themes/Avada/assets/min/js/general/avada-header.js HTTP/1.1" 304 - "https://clavo.space/?h=etm5jnarz7akmkr" "Mozilla/5.0 (X11; Linux x86_64) AppleWebKit/537.36 (KHTML, like Gecko) Chrome/144.0.7559.132 Safari/537.36"
72.14.199.131 - - [27/Feb/2026:13:46:12 -0500] "GET /wp-content/themes/Avada/assets/min/js/general/avada-scrollspy.js HTTP/1.1" 304 - "https://clavo.space/?h=etm5jnarz7akmkr" "Mozilla/5.0 (X11; Linux x86_64) AppleWebKit/537.36 (KHTML, like Gecko) Chrome/144.0.7559.132 Safari/537.36"
72.14.199.131 - - [27/Feb/2026:13:46:13 -0500] "GET /wp-content/plugins/fusion-builder/assets/js/min/general/fusion-form.js HTTP/1.1" 304 - "https://clavo.space/?h=etm5jnarz7akmkr" "Mozilla/5.0 (X11; Linux x86_64) AppleWebKit/537.36 (KHTML, like Gecko) Chrome/144.0.7559.132 Safari/537.36"
72.14.199.131 - - [27/Feb/2026:13:46:13 -0500] "GET /wp-content/plugins/fusion-builder/assets/js/min/general/fusion-form-logics.js HTTP/1.1" 304 - "https://clavo.space/?h=etm5jnarz7akmkr" "Mozilla/5.0 (X11; Linux x86_64) AppleWebKit/537.36 (KHTML, like Gecko) Chrome/144.0.7559.132 Safari/537.36"
72.14.199.131 - - [27/Feb/2026:13:46:13 -0500] "GET /wp-content/themes/Avada/includes/lib/assets/min/js/general/fusion-scroll-to-anchor.js HTTP/1.1" 304 - "https://clavo.space/?h=etm5jnarz7akmkr" "Mozilla/5.0 (X11; Linux x86_64) AppleWebKit/537.36 (KHTML, like Gecko) Chrome/144.0.7559.132 Safari/537.36"
72.14.199.131 - - [27/Feb/2026:13:46:13 -0500] "GET /wp-content/plugins/gtranslate/js/base.js HTTP/1.1" 304 - "https://clavo.space/?h=etm5jnarz7akmkr" "Mozilla/5.0 (X11; Linux x86_64) AppleWebKit/537.36 (KHTML, like Gecko) Chrome/144.0.7559.132 Safari/537.36"
72.14.199.131 - - [27/Feb/2026:13:46:14 -0500] "GET /wp-content/themes/Avada/assets/min/js/general/avada-menu.js HTTP/1.1" 304 - "https://clavo.space/?h=etm5jnarz7akmkr" "Mozilla/5.0 (X11; Linux x86_64) AppleWebKit/537.36 (KHTML, like Gecko) Chrome/144.0.7559.132 Safari/537.36"
72.14.199.131 - - [27/Feb/2026:13:46:14 -0500] "GET /wp-content/themes/Avada/assets/min/js/general/avada-crossfade-images.js HTTP/1.1" 304 - "https://clavo.space/?h=etm5jnarz7akmkr" "Mozilla/5.0 (X11; Linux x86_64) AppleWebKit/537.36 (KHTML, like Gecko) Chrome/144.0.7559.132 Safari/537.36"
72.14.199.131 - - [27/Feb/2026:13:46:14 -0500] "GET /wp-content/themes/Avada/includes/lib/assets/min/js/library/fusion-youtube.js HTTP/1.1" 304 - "https://clavo.space/?h=etm5jnarz7akmkr" "Mozilla/5.0 (X11; Linux x86_64) AppleWebKit/537.36 (KHTML, like Gecko) Chrome/144.0.7559.132 Safari/537.36"
185.191.171.7 - - [27/Feb/2026:13:46:11 -0500] "GET /events/list/?eventDisplay=past&tribe-bar-date=2022-05-31 HTTP/1.1" 200 20437 "-" "Mozilla/5.0 (compatible; SemrushBot/7~bl; +http://www.semrush.com/bot.html)"
72.14.199.131 - - [27/Feb/2026:13:46:14 -0500] "GET /wp-content/themes/Avada/assets/min/js/general/avada-sidebars.js HTTP/1.1" 304 - "https://clavo.space/?h=etm5jnarz7akmkr" "Mozilla/5.0 (X11; Linux x86_64) AppleWebKit/537.36 (KHTML, like Gecko) Chrome/144.0.7559.132 Safari/537.36"
45.141.233.210 - - [27/Feb/2026:13:46:11 -0500] "GET /wp-admin/index.php HTTP/1.1" 302 - "https://clavo.space/wp-login.php" "Mozilla/5.0 (Windows NT 10.0; Win64; x64; rv:121.0) Gecko/20100101 Firefox/121.0"
72.14.199.131 - - [27/Feb/2026:13:46:15 -0500] "GET /wp-content/uploads/2025/12/invita-700x441.jpeg HTTP/1.1" 304 - "https://clavo.space/?h=etm5jnarz7akmkr" "Mozilla/5.0 (X11; Linux x86_64) AppleWebKit/537.36 (KHTML, like Gecko) Chrome/144.0.7559.132 Safari/537.36"
72.14.199.131 - - [27/Feb/2026:13:46:15 -0500] "GET /wp-content/plugins/fusion-builder/assets/js/min/general/fusion-title.js HTTP/1.1" 304 - "https://clavo.space/?h=etm5jnarz7akmkr" "Mozilla/5.0 (X11; Linux x86_64) AppleWebKit/537.36 (KHTML, like Gecko) Chrome/144.0.7559.132 Safari/537.36"
54.37.252.46 - - [27/Feb/2026:13:46:12 -0500] "GET /shop/?add-to-cart=1973&product_count=24 HTTP/1.1" 404 13530 "-" "Mozilla/5.0 (compatible; MJ12bot/v1.4.8; http://mj12bot.com/)"
72.14.199.131 - - [27/Feb/2026:13:46:15 -0500] "GET /wp-content/themes/Avada/includes/lib/assets/min/js/general/fusion-button.js HTTP/1.1" 304 - "https://clavo.space/?h=etm5jnarz7akmkr" "Mozilla/5.0 (X11; Linux x86_64) AppleWebKit/537.36 (KHTML, like Gecko) Chrome/144.0.7559.132 Safari/537.36"
72.14.199.131 - - [27/Feb/2026:13:46:16 -0500] "GET /wp-content/themes/Avada/assets/min/js/general/avada-quantity.js HTTP/1.1" 304 - "https://clavo.space/?h=etm5jnarz7akmkr" "Mozilla/5.0 (X11; Linux x86_64) AppleWebKit/537.36 (KHTML, like Gecko) Chrome/144.0.7559.132 Safari/537.36"
72.14.199.131 - - [27/Feb/2026:13:46:16 -0500] "GET /wp-content/uploads/2021/03/apple-touch-icon-72x72-1.png HTTP/1.1" 304 - "https://clavo.space/?h=etm5jnarz7akmkr" "Mozilla/5.0 (X11; Linux x86_64) AppleWebKit/537.36 (KHTML, like Gecko) Chrome/144.0.7559.132 Safari/537.36"
45.141.233.210 - - [27/Feb/2026:13:46:15 -0500] "GET /wp-login.php?redirect_to=https%3A%2F%2Fclavo.space%2Fwp-admin%2Findex.php&reauth=1 HTTP/1.1" 200 2098 "https://clavo.space/wp-login.php" "Mozilla/5.0 (Windows NT 10.0; Win64; x64; rv:121.0) Gecko/20100101 Firefox/121.0"
72.14.199.131 - - [27/Feb/2026:13:46:16 -0500] "GET /wp-content/themes/Avada/includes/lib/assets/min/js/general/fusion-responsive-typography.js HTTP/1.1" 304 - "https://clavo.space/?h=etm5jnarz7akmkr" "Mozilla/5.0 (X11; Linux x86_64) AppleWebKit/537.36 (KHTML, like Gecko) Chrome/144.0.7559.132 Safari/537.36"
72.14.199.131 - - [27/Feb/2026:13:46:16 -0500] "GET /wp-content/themes/Avada/includes/lib/assets/min/js/general/fusion-blog.js HTTP/1.1" 304 - "https://clavo.space/?h=etm5jnarz7akmkr" "Mozilla/5.0 (X11; Linux x86_64) AppleWebKit/537.36 (KHTML, like Gecko) Chrome/144.0.7559.132 Safari/537.36"
72.14.199.131 - - [27/Feb/2026:13:46:17 -0500] "GET /wp-content/uploads/2025/11/IAN-700x441.jpeg HTTP/1.1" 304 - "https://clavo.space/?h=etm5jnarz7akmkr" "Mozilla/5.0 (X11; Linux x86_64) AppleWebKit/537.36 (KHTML, like Gecko) Chrome/144.0.7559.132 Safari/537.36"
72.14.199.131 - - [27/Feb/2026:13:46:17 -0500] "GET /wp-content/uploads/2025/10/5-200x133.jpg HTTP/1.1" 304 - "https://clavo.space/?h=etm5jnarz7akmkr" "Mozilla/5.0 (X11; Linux x86_64) AppleWebKit/537.36 (KHTML, like Gecko) Chrome/144.0.7559.132 Safari/537.36"
45.141.233.210 - - [27/Feb/2026:13:46:16 -0500] "POST /wp-login.php HTTP/1.1" 200 2247 "https://clavo.space/wp-login.php" "Mozilla/5.0 (X11; Ubuntu; Linux x86_64) AppleWebKit/537.36 (KHTML, like Gecko) Chrome/118.0.0.0 Safari/537.36"
72.14.199.131 - - [27/Feb/2026:13:46:17 -0500] "GET /wp-content/uploads/2021/03/autopsia2-tienda-producto.jpg HTTP/1.1" 304 - "https://clavo.space/?h=etm5jnarz7akmkr" "Mozilla/5.0 (X11; Linux x86_64) AppleWebKit/537.36 (KHTML, like Gecko) Chrome/144.0.7559.132 Safari/537.36"
72.14.199.131 - - [27/Feb/2026:13:46:17 -0500] "GET /wp-content/uploads/2019/03/footer-bg-scaled.jpg HTTP/1.1" 304 - "https://clavo.space/wp-content/uploads/fusion-styles/029a45d2228098d0ce036738a70632ee.min.css?ver=3.8.1" "Mozilla/5.0 (X11; Linux x86_64) AppleWebKit/537.36 (KHTML, like Gecko) Chrome/144.0.7559.132 Safari/537.36"
72.14.199.131 - - [27/Feb/2026:13:46:18 -0500] "GET /wp-content/uploads/2019/03/testimonial-bg.jpg HTTP/1.1" 304 - "https://clavo.space/?h=etm5jnarz7akmkr" "Mozilla/5.0 (X11; Linux x86_64) AppleWebKit/537.36 (KHTML, like Gecko) Chrome/144.0.7559.132 Safari/537.36"
72.14.199.131 - - [27/Feb/2026:13:46:18 -0500] "GET /wp-content/themes/Avada/includes/lib/assets/fonts/fontawesome/webfonts/fa-solid-900.woff2 HTTP/1.1" 200 78083 "https://clavo.space/wp-content/uploads/fusion-styles/029a45d2228098d0ce036738a70632ee.min.css?ver=3.8.1" "Mozilla/5.0 (X11; Linux x86_64) AppleWebKit/537.36 (KHTML, like Gecko) Chrome/144.0.7559.132 Safari/537.36"
72.14.199.131 - - [27/Feb/2026:13:46:18 -0500] "GET /wp-content/uploads/2021/03/noeliasCC.jpg HTTP/1.1" 304 - "https://clavo.space/?h=etm5jnarz7akmkr" "Mozilla/5.0 (X11; Linux x86_64) AppleWebKit/537.36 (KHTML, like Gecko) Chrome/144.0.7559.132 Safari/537.36"
45.141.233.210 - - [27/Feb/2026:13:46:17 -0500] "GET /wp-admin/index.php HTTP/1.1" 302 - "https://clavo.space/wp-login.php" "Mozilla/5.0 (X11; Linux x86_64) AppleWebKit/537.36 (KHTML, like Gecko) Chrome/119.0.0.0 Safari/537.36"
72.14.199.131 - - [27/Feb/2026:13:46:18 -0500] "GET /wp-content/themes/Avada/includes/lib/assets/fonts/icomoon/awb-icons.woff HTTP/1.1" 304 - "https://clavo.space/wp-content/uploads/fusion-styles/029a45d2228098d0ce036738a70632ee.min.css?ver=3.8.1" "Mozilla/5.0 (X11; Linux x86_64) AppleWebKit/537.36 (KHTML, like Gecko) Chrome/144.0.7559.132 Safari/537.36"
72.14.199.131 - - [27/Feb/2026:13:46:19 -0500] "GET /wp-content/themes/Avada/includes/lib/assets/min/js/general/fusion-sharing-box.js HTTP/1.1" 200 363 "https://clavo.space/?h=edxmialvyuljx72" "Mozilla/5.0 (X11; Linux x86_64) AppleWebKit/537.36 (KHTML, like Gecko) Chrome/144.0.7559.132 Safari/537.36"
72.14.199.131 - - [27/Feb/2026:13:46:19 -0500] "GET /wp-content/themes/Avada/includes/lib/assets/min/js/general/fusion-flexslider.js HTTP/1.1" 200 1448 "https://clavo.space/?h=edxmialvyuljx72" "Mozilla/5.0 (X11; Linux x86_64) AppleWebKit/537.36 (KHTML, like Gecko) Chrome/144.0.7559.132 Safari/537.36"
72.14.199.131 - - [27/Feb/2026:13:46:20 -0500] "GET /wp-content/uploads/2021/03/apple-touch-icon-120x120-1.png HTTP/1.1" 304 - "https://clavo.space/?h=etm5jnarz7akmkr" "Mozilla/5.0 (X11; Linux x86_64) AppleWebKit/537.36 (KHTML, like Gecko) Chrome/144.0.7559.132 Safari/537.36"
72.14.199.131 - - [27/Feb/2026:13:46:20 -0500] "GET /wp-content/plugins/gtranslate/flags/24/es-mx.png HTTP/1.1" 304 - "https://clavo.space/?h=edxmialvyuljx72" "Mozilla/5.0 (X11; Linux x86_64) AppleWebKit/537.36 (KHTML, like Gecko) Chrome/144.0.7559.132 Safari/537.36"
72.14.199.131 - - [27/Feb/2026:13:46:20 -0500] "GET /wp-content/plugins/gtranslate/flags/24/en-us.png HTTP/1.1" 304 - "https://clavo.space/?h=edxmialvyuljx72" "Mozilla/5.0 (X11; Linux x86_64) AppleWebKit/537.36 (KHTML, like Gecko) Chrome/144.0.7559.132 Safari/537.36"
45.141.233.210 - - [27/Feb/2026:13:46:18 -0500] "GET /wp-login.php?redirect_to=https%3A%2F%2Fclavo.space%2Fwp-admin%2Findex.php&reauth=1 HTTP/1.1" 200 2098 "https://clavo.space/wp-login.php" "Mozilla/5.0 (X11; Linux x86_64) AppleWebKit/537.36 (KHTML, like Gecko) Chrome/119.0.0.0 Safari/537.36"
54.37.252.46 - - [27/Feb/2026:13:46:19 -0500] "GET /shop/?add-to-cart=1973&product_count=24&product_order=desc HTTP/1.1" 404 13529 "-" "Mozilla/5.0 (compatible; MJ12bot/v1.4.8; http://mj12bot.com/)"
72.14.199.131 - - [27/Feb/2026:13:46:19 -0500] "POST /wp-admin/admin-ajax.php HTTP/1.1" 200 95 "https://clavo.space/?h=etm5jnarz7akmkr" "Mozilla/5.0 (X11; Linux x86_64) AppleWebKit/537.36 (KHTML, like Gecko) Chrome/144.0.7559.132 Safari/537.36"
72.14.199.131 - - [27/Feb/2026:13:46:20 -0500] "POST /wp-admin/admin-ajax.php HTTP/1.1" 200 95 "https://clavo.space/?h=edxmialvyuljx72" "Mozilla/5.0 (X11; Linux x86_64) AppleWebKit/537.36 (KHTML, like Gecko) Chrome/144.0.7559.132 Safari/537.36"
45.141.233.210 - - [27/Feb/2026:13:46:21 -0500] "POST /wp-login.php HTTP/1.1" 200 2188 "https://clavo.space/wp-login.php" "Mozilla/5.0 (Macintosh; Intel Mac OS X 10_15_7) AppleWebKit/537.36 (KHTML, like Gecko) Chrome/119.0.0.0 Safari/537.36"
167.114.139.219 - - [27/Feb/2026:13:46:24 -0500] "GET /product-category/paintings/oil-painting/?product_count=36&product_orderby=date&product_order=desc&product_view=grid HTTP/1.1" 404 13549 "-" "Mozilla/5.0 (compatible; AhrefsBot/7.0; +http://ahrefs.com/robot/)"
45.141.233.210 - - [27/Feb/2026:13:46:25 -0500] "GET /wp-admin/index.php HTTP/1.1" 302 - "https://clavo.space/wp-login.php" "Mozilla/5.0 (Windows NT 10.0; Win64; x64; rv:119.0) Gecko/20100101 Firefox/119.0"
54.37.252.46 - - [27/Feb/2026:13:46:26 -0500] "GET /shop/?add-to-cart=1973&product_count=24&product_order=desc&product_orderby=default HTTP/1.1" 404 13527 "-" "Mozilla/5.0 (compatible; MJ12bot/v1.4.8; http://mj12bot.com/)"
45.141.233.210 - - [27/Feb/2026:13:46:27 -0500] "GET /wp-login.php?redirect_to=https%3A%2F%2Fclavo.space%2Fwp-admin%2Findex.php&reauth=1 HTTP/1.1" 200 2098 "https://clavo.space/wp-login.php" "Mozilla/5.0 (Windows NT 10.0; Win64; x64; rv:119.0) Gecko/20100101 Firefox/119.0"
45.141.233.210 - - [27/Feb/2026:13:46:29 -0500] "POST /wp-login.php HTTP/1.1" 200 2253 "https://clavo.space/wp-login.php" "Mozilla/5.0 (Windows NT 10.0; Win64; x64; rv:120.0) Gecko/20100101 Firefox/120.0"
185.191.171.9 - - [27/Feb/2026:13:46:29 -0500] "GET /events/tag/exhibition/list/?tribe-bar-date=2027-08-22 HTTP/1.1" 200 19711 "-" "Mozilla/5.0 (compatible; SemrushBot/7~bl; +http://www.semrush.com/bot.html)"
45.141.233.210 - - [27/Feb/2026:13:46:30 -0500] "GET /wp-admin/index.php HTTP/1.1" 302 - "https://clavo.space/wp-login.php" "Mozilla/5.0 (Windows NT 11.0; Win64; x64; rv:119.0) Gecko/20100101 Firefox/119.0"
162.253.224.18 - - [27/Feb/2026:13:46:34 -0500] "POST /wp-cron.php?doing_wp_cron=1772217994.3561360836029052734375 HTTP/1.1" 200 - "-" "WordPress/6.9.1; https://clavo.space"
54.37.252.46 - - [27/Feb/2026:13:46:32 -0500] "GET /shop/?add-to-cart=1973&product_count=24&product_order=desc&product_orderby=name HTTP/1.1" 404 13521 "-" "Mozilla/5.0 (compatible; MJ12bot/v1.4.8; http://mj12bot.com/)"
45.141.233.210 - - [27/Feb/2026:13:46:33 -0500] "GET /wp-login.php?redirect_to=https%3A%2F%2Fclavo.space%2Fwp-admin%2Findex.php&reauth=1 HTTP/1.1" 200 2098 "https://clavo.space/wp-login.php" "Mozilla/5.0 (Windows NT 11.0; Win64; x64; rv:119.0) Gecko/20100101 Firefox/119.0"
45.141.233.210 - - [27/Feb/2026:13:46:35 -0500] "POST /wp-login.php HTTP/1.1" 200 2246 "https://clavo.space/wp-login.php" "Mozilla/5.0 (Macintosh; Intel Mac OS X 13_6_1) AppleWebKit/537.36 (KHTML, like Gecko) Chrome/121.0.0.0 Safari/537.36"
85.208.96.211 - - [27/Feb/2026:13:46:35 -0500] "GET /events/tag/exhibition/list/?eventDisplay=past&tribe-bar-date=2023-02-16 HTTP/1.1" 200 20688 "-" "Mozilla/5.0 (compatible; SemrushBot/7~bl; +http://www.semrush.com/bot.html)"
104.244.72.189 - - [27/Feb/2026:13:46:37 -0500] "GET /wp-login.php HTTP/1.1" 200 6864 "-" "Mozilla/5.0 (Macintosh; Intel Mac OS X 10_9_3) AppleWebKit/537.36 (KHTML, like Gecko) Chrome/35.0.1916.153 Safari/537.36"
45.141.233.210 - - [27/Feb/2026:13:46:37 -0500] "GET /wp-admin/index.php HTTP/1.1" 302 - "https://clavo.space/wp-login.php" "Mozilla/5.0 (Macintosh; Intel Mac OS X 13_6_1; rv:121.0) Gecko/20100101 Firefox/121.0"
54.37.252.46 - - [27/Feb/2026:13:46:37 -0500] "GET /shop/?add-to-cart=1973&product_count=24&product_order=desc&product_orderby=popularity HTTP/1.1" 404 13530 "-" "Mozilla/5.0 (compatible; MJ12bot/v1.4.8; http://mj12bot.com/)"
45.141.233.210 - - [27/Feb/2026:13:46:41 -0500] "GET /wp-login.php?redirect_to=https%3A%2F%2Fclavo.space%2Fwp-admin%2Findex.php&reauth=1 HTTP/1.1" 200 2098 "https://clavo.space/wp-login.php" "Mozilla/5.0 (Macintosh; Intel Mac OS X 13_6_1; rv:121.0) Gecko/20100101 Firefox/121.0"
45.141.233.210 - - [27/Feb/2026:13:46:42 -0500] "POST /wp-login.php HTTP/1.1" 200 2247 "https://clavo.space/wp-login.php" "Mozilla/5.0 (Windows NT 11.0; Win64; x64) AppleWebKit/537.36 (KHTML, like Gecko) Chrome/121.0.0.0 Safari/537.36"
104.244.72.189 - - [27/Feb/2026:13:46:43 -0500] "POST /wp-login.php HTTP/1.1" 200 7312 "-" "Mozilla/5.0 (Macintosh; Intel Mac OS X 10_9_3) AppleWebKit/537.36 (KHTML, like Gecko) Chrome/35.0.1916.153 Safari/537.36"
114.119.132.131 - - [27/Feb/2026:13:46:43 -0500] "GET /product-tag/abel-adrian/page/2/?product_orderby=default&product_count=36&paged=1 HTTP/1.1" 301 - "https://clavo.space/product-tag/abel-adrian/page/2/?product_orderby=default" "Mozilla/5.0 (Linux; Android 7.0;) AppleWebKit/537.36 (KHTML, like Gecko) Mobile Safari/537.36 (compatible; PetalBot;+https://webmaster.petalsearch.com/site/petalbot)"
45.141.233.210 - - [27/Feb/2026:13:46:44 -0500] "GET /wp-admin/index.php HTTP/1.1" 302 - "https://clavo.space/wp-login.php" "Mozilla/5.0 (Windows NT 11.0; Win64; x64; rv:120.0) Gecko/20100101 Firefox/120.0"
54.37.252.46 - - [27/Feb/2026:13:46:44 -0500] "GET /shop/?add-to-cart=1973&product_count=24&product_order=desc&product_orderby=price HTTP/1.1" 404 13525 "-" "Mozilla/5.0 (compatible; MJ12bot/v1.4.8; http://mj12bot.com/)"
45.141.233.210 - - [27/Feb/2026:13:46:47 -0500] "GET /wp-login.php?redirect_to=https%3A%2F%2Fclavo.space%2Fwp-admin%2Findex.php&reauth=1 HTTP/1.1" 200 2098 "https://clavo.space/wp-login.php" "Mozilla/5.0 (Windows NT 11.0; Win64; x64; rv:120.0) Gecko/20100101 Firefox/120.0"
85.208.96.200 - - [27/Feb/2026:13:46:48 -0500] "GET /events/tag/clavo-space/list/?eventDisplay=past&tribe-bar-date=2025-10-02 HTTP/1.1" 200 20691 "-" "Mozilla/5.0 (compatible; SemrushBot/7~bl; +http://www.semrush.com/bot.html)"
45.141.233.210 - - [27/Feb/2026:13:46:49 -0500] "POST /wp-login.php HTTP/1.1" 200 2248 "https://clavo.space/wp-login.php" "Mozilla/5.0 (Macintosh; Intel Mac OS X 13_6_1) AppleWebKit/537.36 (KHTML, like Gecko) Chrome/119.0.0.0 Safari/537.36"
114.119.132.131 - - [27/Feb/2026:13:46:50 -0500] "GET /portfolio-item/abel-adrian/?product_orderby=default&product_count=36&paged=1 HTTP/1.1" 301 - "https://clavo.space/product-tag/abel-adrian/page/2/?product_orderby=default" "Mozilla/5.0 (Linux; Android 7.0;) AppleWebKit/537.36 (KHTML, like Gecko) Mobile Safari/537.36 (compatible; PetalBot;+https://webmaster.petalsearch.com/site/petalbot)"
54.37.252.46 - - [27/Feb/2026:13:46:51 -0500] "GET /shop/?add-to-cart=1973&product_count=24&product_order=desc&product_orderby=rating HTTP/1.1" 404 13525 "-" "Mozilla/5.0 (compatible; MJ12bot/v1.4.8; http://mj12bot.com/)"
45.141.233.210 - - [27/Feb/2026:13:46:52 -0500] "GET /wp-admin/index.php HTTP/1.1" 302 - "https://clavo.space/wp-login.php" "Mozilla/5.0 (Macintosh; Intel Mac OS X 13_6_1) AppleWebKit/605.1.15 (KHTML, like Gecko) Version/16.6 Safari/605.1.15"
45.141.233.210 - - [27/Feb/2026:13:46:54 -0500] "GET /wp-login.php?redirect_to=https%3A%2F%2Fclavo.space%2Fwp-admin%2Findex.php&reauth=1 HTTP/1.1" 200 2098 "https://clavo.space/wp-login.php" "Mozilla/5.0 (Macintosh; Intel Mac OS X 13_6_1) AppleWebKit/605.1.15 (KHTML, like Gecko) Version/16.6 Safari/605.1.15"
45.141.233.210 - - [27/Feb/2026:13:46:55 -0500] "POST /wp-login.php HTTP/1.1" 200 2254 "https://clavo.space/wp-login.php" "Mozilla/5.0 (Windows NT 10.0; Win64; x64) AppleWebKit/537.36 (KHTML, like Gecko) Chrome/118.0.0.0 Safari/537.36"
114.119.132.131 - - [27/Feb/2026:13:46:55 -0500] "GET /portfolio-item/abel-adrian/?product_orderby=default&product_count=36 HTTP/1.1" 200 21334 "https://clavo.space/product-tag/abel-adrian/page/2/?product_orderby=default" "Mozilla/5.0 (Linux; Android 7.0;) AppleWebKit/537.36 (KHTML, like Gecko) Mobile Safari/537.36 (compatible; PetalBot;+https://webmaster.petalsearch.com/site/petalbot)"
45.141.233.210 - - [27/Feb/2026:13:46:58 -0500] "GET /wp-admin/index.php HTTP/1.1" 302 - "https://clavo.space/wp-login.php" "Mozilla/5.0 (Macintosh; Intel Mac OS X 10_15_7) AppleWebKit/537.36 (KHTML, like Gecko) Chrome/119.0.0.0 Safari/537.36"
54.37.252.46 - - [27/Feb/2026:13:46:58 -0500] "GET /shop/?add-to-cart=1973&product_count=24&product_order=desc&product_view=grid HTTP/1.1" 404 13525 "-" "Mozilla/5.0 (compatible; MJ12bot/v1.4.8; http://mj12bot.com/)"
45.141.233.210 - - [27/Feb/2026:13:47:00 -0500] "GET /wp-login.php?redirect_to=https%3A%2F%2Fclavo.space%2Fwp-admin%2Findex.php&reauth=1 HTTP/1.1" 200 2098 "https://clavo.space/wp-login.php" "Mozilla/5.0 (Macintosh; Intel Mac OS X 10_15_7) AppleWebKit/537.36 (KHTML, like Gecko) Chrome/119.0.0.0 Safari/537.36"
45.141.233.210 - - [27/Feb/2026:13:47:01 -0500] "POST /wp-login.php HTTP/1.1" 200 2246 "https://clavo.space/wp-login.php" "Mozilla/5.0 (X11; Linux x86_64) AppleWebKit/537.36 (KHTML, like Gecko) Chrome/121.0.0.0 Safari/537.36"
45.141.233.210 - - [27/Feb/2026:13:47:02 -0500] "GET /wp-admin/index.php HTTP/1.1" 302 - "https://clavo.space/wp-login.php" "Mozilla/5.0 (Windows NT 10.0; Win64; x64) AppleWebKit/537.36 (KHTML, like Gecko) Chrome/118.0.0.0 Safari/537.36"
45.141.233.210 - - [27/Feb/2026:13:47:04 -0500] "GET /wp-login.php?redirect_to=https%3A%2F%2Fclavo.space%2Fwp-admin%2Findex.php&reauth=1 HTTP/1.1" 200 2098 "https://clavo.space/wp-login.php" "Mozilla/5.0 (Windows NT 10.0; Win64; x64) AppleWebKit/537.36 (KHTML, like Gecko) Chrome/118.0.0.0 Safari/537.36"
54.37.252.46 - - [27/Feb/2026:13:47:04 -0500] "GET /shop/?add-to-cart=1973&product_count=24&product_order=desc&product_view=list HTTP/1.1" 404 13523 "-" "Mozilla/5.0 (compatible; MJ12bot/v1.4.8; http://mj12bot.com/)"
45.141.233.210 - - [27/Feb/2026:13:47:06 -0500] "POST /wp-login.php HTTP/1.1" 200 2246 "https://clavo.space/wp-login.php" "Mozilla/5.0 (X11; Linux x86_64) AppleWebKit/537.36 (KHTML, like Gecko) Chrome/120.0.0.0 Safari/537.36"
179.108.84.136 - - [27/Feb/2026:13:47:06 -0500] "GET /wp-login.php HTTP/1.1" 200 2093 "-" "Mozilla/5.0 (Windows NT 10.0; WOW64; Trident/7.0; MANM; rv:11.0) like Gecko"
45.141.233.210 - - [27/Feb/2026:13:47:08 -0500] "GET /wp-admin/index.php HTTP/1.1" 302 - "https://clavo.space/wp-login.php" "Mozilla/5.0 (X11; Linux x86_64) AppleWebKit/537.36 (KHTML, like Gecko) Chrome/119.0.0.0 Safari/537.36"
179.108.84.136 - - [27/Feb/2026:13:47:09 -0500] "POST /wp-login.php HTTP/1.1" 200 2224 "https://212productions.net/wp-login.php" "Mozilla/5.0 (Windows NT 10.0; WOW64; Trident/7.0; MANM; rv:11.0) like Gecko"
54.37.252.46 - - [27/Feb/2026:13:47:09 -0500] "GET /shop/?add-to-cart=1973&product_count=24&product_orderby=date HTTP/1.1" 404 13526 "-" "Mozilla/5.0 (compatible; MJ12bot/v1.4.8; http://mj12bot.com/)"
45.141.233.210 - - [27/Feb/2026:13:47:10 -0500] "GET /wp-login.php?redirect_to=https%3A%2F%2Fclavo.space%2Fwp-admin%2Findex.php&reauth=1 HTTP/1.1" 200 2098 "https://clavo.space/wp-login.php" "Mozilla/5.0 (X11; Linux x86_64) AppleWebKit/537.36 (KHTML, like Gecko) Chrome/119.0.0.0 Safari/537.36"
45.141.233.210 - - [27/Feb/2026:13:47:13 -0500] "POST /wp-login.php HTTP/1.1" 200 2247 "https://clavo.space/wp-login.php" "Mozilla/5.0 (Windows NT 10.0; Win64; x64; rv:119.0) Gecko/20100101 Firefox/119.0"
45.141.233.210 - - [27/Feb/2026:13:47:14 -0500] "GET /wp-admin/index.php HTTP/1.1" 302 - "https://clavo.space/wp-login.php" "Mozilla/5.0 (Windows NT 11.0; Win64; x64) AppleWebKit/537.36 (KHTML, like Gecko) Chrome/121.0.0.0 Safari/537.36"
45.141.233.210 - - [27/Feb/2026:13:47:15 -0500] "GET /wp-login.php?redirect_to=https%3A%2F%2Fclavo.space%2Fwp-admin%2Findex.php&reauth=1 HTTP/1.1" 200 2098 "https://clavo.space/wp-login.php" "Mozilla/5.0 (Windows NT 11.0; Win64; x64) AppleWebKit/537.36 (KHTML, like Gecko) Chrome/121.0.0.0 Safari/537.36"
85.208.96.196 - - [27/Feb/2026:13:47:15 -0500] "GET /events/tag/clavo-space/list/?tribe-bar-date=2023-02-21 HTTP/1.1" 200 19715 "-" "Mozilla/5.0 (compatible; SemrushBot/7~bl; +http://www.semrush.com/bot.html)"
54.37.252.46 - - [27/Feb/2026:13:47:16 -0500] "GET /shop/?add-to-cart=1973&product_count=24&product_orderby=date&product_order=asc HTTP/1.1" 404 13530 "-" "Mozilla/5.0 (compatible; MJ12bot/v1.4.8; http://mj12bot.com/)"
45.141.233.210 - - [27/Feb/2026:13:47:18 -0500] "POST /wp-login.php HTTP/1.1" 200 2245 "https://clavo.space/wp-login.php" "Mozilla/5.0 (Windows NT 10.0; Win64; x64; rv:121.0) Gecko/20100101 Firefox/121.0"
45.141.233.210 - - [27/Feb/2026:13:47:20 -0500] "GET /wp-admin/index.php HTTP/1.1" 302 - "https://clavo.space/wp-login.php" "Mozilla/5.0 (Macintosh; Intel Mac OS X 10_15_7) AppleWebKit/537.36 (KHTML, like Gecko) Chrome/121.0.0.0 Safari/537.36"
45.141.233.210 - - [27/Feb/2026:13:47:21 -0500] "GET /wp-login.php?redirect_to=https%3A%2F%2Fclavo.space%2Fwp-admin%2Findex.php&reauth=1 HTTP/1.1" 200 2098 "https://clavo.space/wp-login.php" "Mozilla/5.0 (Macintosh; Intel Mac OS X 10_15_7) AppleWebKit/537.36 (KHTML, like Gecko) Chrome/121.0.0.0 Safari/537.36"
45.141.233.210 - - [27/Feb/2026:13:47:22 -0500] "POST /wp-login.php HTTP/1.1" 200 2247 "https://clavo.space/wp-login.php" "Mozilla/5.0 (X11; Linux x86_64) AppleWebKit/537.36 (KHTML, like Gecko) Chrome/120.0.0.0 Safari/537.36"
54.37.252.46 - - [27/Feb/2026:13:47:23 -0500] "GET /shop/?add-to-cart=1973&product_count=24&product_orderby=date&product_view=grid HTTP/1.1" 404 13532 "-" "Mozilla/5.0 (compatible; MJ12bot/v1.4.8; http://mj12bot.com/)"
45.141.233.210 - - [27/Feb/2026:13:47:23 -0500] "GET /wp-admin/index.php HTTP/1.1" 302 - "https://clavo.space/wp-login.php" "Mozilla/5.0 (Windows NT 10.0; Win64; x64) AppleWebKit/537.36 (KHTML, like Gecko) Chrome/119.0.0.0 Safari/537.36"
185.191.171.10 - - [27/Feb/2026:13:47:23 -0500] "GET /events/tag/exhibition/list/?tribe-bar-date=2025-12-15 HTTP/1.1" 200 19711 "-" "Mozilla/5.0 (compatible; SemrushBot/7~bl; +http://www.semrush.com/bot.html)"
45.141.233.210 - - [27/Feb/2026:13:47:26 -0500] "GET /wp-login.php?redirect_to=https%3A%2F%2Fclavo.space%2Fwp-admin%2Findex.php&reauth=1 HTTP/1.1" 200 2098 "https://clavo.space/wp-login.php" "Mozilla/5.0 (Windows NT 10.0; Win64; x64) AppleWebKit/537.36 (KHTML, like Gecko) Chrome/119.0.0.0 Safari/537.36"
45.141.233.210 - - [27/Feb/2026:13:47:27 -0500] "POST /wp-login.php HTTP/1.1" 200 2253 "https://clavo.space/wp-login.php" "Mozilla/5.0 (Macintosh; Intel Mac OS X 13_6_1) AppleWebKit/605.1.15 (KHTML, like Gecko) Version/17.0 Safari/605.1.15"
45.141.233.210 - - [27/Feb/2026:13:47:29 -0500] "GET /wp-admin/index.php HTTP/1.1" 302 - "https://clavo.space/wp-login.php" "Mozilla/5.0 (Macintosh; Intel Mac OS X 13_6_1) AppleWebKit/537.36 (KHTML, like Gecko) Chrome/119.0.0.0 Safari/537.36"
54.37.252.46 - - [27/Feb/2026:13:47:29 -0500] "GET /shop/?add-to-cart=1973&product_count=24&product_orderby=date&product_view=list HTTP/1.1" 404 13528 "-" "Mozilla/5.0 (compatible; MJ12bot/v1.4.8; http://mj12bot.com/)"
45.141.233.210 - - [27/Feb/2026:13:47:30 -0500] "GET /wp-login.php?redirect_to=https%3A%2F%2Fclavo.space%2Fwp-admin%2Findex.php&reauth=1 HTTP/1.1" 200 2098 "https://clavo.space/wp-login.php" "Mozilla/5.0 (Macintosh; Intel Mac OS X 13_6_1) AppleWebKit/537.36 (KHTML, like Gecko) Chrome/119.0.0.0 Safari/537.36"
162.253.224.18 - - [27/Feb/2026:13:47:33 -0500] "POST /wp-cron.php?doing_wp_cron=1772218053.4139780998229980468750 HTTP/1.1" 200 - "-" "WordPress/6.9.1; https://clavo.space"
45.141.233.210 - - [27/Feb/2026:13:47:32 -0500] "POST /wp-login.php HTTP/1.1" 200 2254 "https://clavo.space/wp-login.php" "Mozilla/5.0 (Macintosh; Intel Mac OS X 10_15_7) AppleWebKit/537.36 (KHTML, like Gecko) Chrome/121.0.0.0 Safari/537.36"
45.141.233.210 - - [27/Feb/2026:13:47:33 -0500] "GET /wp-admin/index.php HTTP/1.1" 302 - "https://clavo.space/wp-login.php" "Mozilla/5.0 (Macintosh; Intel Mac OS X 10_15_7) AppleWebKit/537.36 (KHTML, like Gecko) Chrome/121.0.0.0 Safari/537.36"
45.141.233.210 - - [27/Feb/2026:13:47:35 -0500] "GET /wp-login.php?redirect_to=https%3A%2F%2Fclavo.space%2Fwp-admin%2Findex.php&reauth=1 HTTP/1.1" 200 2098 "https://clavo.space/wp-login.php" "Mozilla/5.0 (Macintosh; Intel Mac OS X 10_15_7) AppleWebKit/537.36 (KHTML, like Gecko) Chrome/121.0.0.0 Safari/537.36"
45.141.233.210 - - [27/Feb/2026:13:47:36 -0500] "POST /wp-login.php HTTP/1.1" 200 2245 "https://clavo.space/wp-login.php" "Mozilla/5.0 (Macintosh; Intel Mac OS X 13_6_1) AppleWebKit/537.36 (KHTML, like Gecko) Chrome/119.0.0.0 Safari/537.36"
45.141.233.210 - - [27/Feb/2026:13:47:38 -0500] "GET /wp-admin/index.php HTTP/1.1" 302 - "https://clavo.space/wp-login.php" "Mozilla/5.0 (Windows NT 11.0; Win64; x64; rv:119.0) Gecko/20100101 Firefox/119.0"
45.141.233.210 - - [27/Feb/2026:13:47:39 -0500] "GET /wp-login.php?redirect_to=https%3A%2F%2Fclavo.space%2Fwp-admin%2Findex.php&reauth=1 HTTP/1.1" 200 2098 "https://clavo.space/wp-login.php" "Mozilla/5.0 (Windows NT 11.0; Win64; x64; rv:119.0) Gecko/20100101 Firefox/119.0"
45.141.233.210 - - [27/Feb/2026:13:47:40 -0500] "GET /wp-admin/index.php HTTP/1.1" 302 - "https://clavo.space/wp-login.php" "Mozilla/5.0 (X11; Ubuntu; Linux x86_64) AppleWebKit/537.36 (KHTML, like Gecko) Chrome/119.0.0.0 Safari/537.36"
45.141.233.210 - - [27/Feb/2026:13:47:41 -0500] "GET /wp-login.php?redirect_to=https%3A%2F%2Fclavo.space%2Fwp-admin%2Findex.php&reauth=1 HTTP/1.1" 200 2098 "https://clavo.space/wp-login.php" "Mozilla/5.0 (X11; Ubuntu; Linux x86_64) AppleWebKit/537.36 (KHTML, like Gecko) Chrome/119.0.0.0 Safari/537.36"
45.141.233.210 - - [27/Feb/2026:13:47:43 -0500] "GET /wp-admin/index.php HTTP/1.1" 302 - "https://clavo.space/wp-login.php" "Mozilla/5.0 (Macintosh; Intel Mac OS X 10_15_7) AppleWebKit/605.1.15 (KHTML, like Gecko) Version/17.1 Safari/605.1.15"
45.141.233.210 - - [27/Feb/2026:13:47:44 -0500] "GET /wp-login.php?redirect_to=https%3A%2F%2Fclavo.space%2Fwp-admin%2Findex.php&reauth=1 HTTP/1.1" 200 2098 "https://clavo.space/wp-login.php" "Mozilla/5.0 (Macintosh; Intel Mac OS X 10_15_7) AppleWebKit/605.1.15 (KHTML, like Gecko) Version/17.1 Safari/605.1.15"
45.141.233.210 - - [27/Feb/2026:13:47:45 -0500] "GET /wp-admin/index.php HTTP/1.1" 302 - "https://clavo.space/wp-login.php" "Mozilla/5.0 (Windows NT 10.0; Win64; x64) AppleWebKit/537.36 (KHTML, like Gecko) Chrome/121.0.0.0 Safari/537.36"
45.141.233.210 - - [27/Feb/2026:13:47:46 -0500] "GET /wp-login.php?redirect_to=https%3A%2F%2Fclavo.space%2Fwp-admin%2Findex.php&reauth=1 HTTP/1.1" 200 2098 "https://clavo.space/wp-login.php" "Mozilla/5.0 (Windows NT 10.0; Win64; x64) AppleWebKit/537.36 (KHTML, like Gecko) Chrome/121.0.0.0 Safari/537.36"
45.141.233.210 - - [27/Feb/2026:13:47:47 -0500] "POST /wp-login.php HTTP/1.1" 200 2247 "https://clavo.space/wp-login.php" "Mozilla/5.0 (X11; Ubuntu; Linux x86_64) AppleWebKit/537.36 (KHTML, like Gecko) Chrome/119.0.0.0 Safari/537.36"
216.244.66.226 - - [27/Feb/2026:13:47:48 -0500] "GET /shop/?add-to-cart=7085&product_count=24&product_view=list&product_order=desc HTTP/1.1" 404 65914 "-" "Mozilla/5.0 (compatible; DotBot/1.2; +https://opensiteexplorer.org/dotbot; help@moz.com)"
45.141.233.210 - - [27/Feb/2026:13:47:49 -0500] "GET /wp-admin/index.php HTTP/1.1" 302 - "https://clavo.space/wp-login.php" "Mozilla/5.0 (Macintosh; Intel Mac OS X 10_15_7) AppleWebKit/605.1.15 (KHTML, like Gecko) Version/17.1 Safari/605.1.15"
45.141.233.210 - - [27/Feb/2026:13:47:52 -0500] "GET /wp-login.php?redirect_to=https%3A%2F%2Fclavo.space%2Fwp-admin%2Findex.php&reauth=1 HTTP/1.1" 200 2098 "https://clavo.space/wp-login.php" "Mozilla/5.0 (Macintosh; Intel Mac OS X 10_15_7) AppleWebKit/605.1.15 (KHTML, like Gecko) Version/17.1 Safari/605.1.15"
45.141.233.210 - - [27/Feb/2026:13:47:53 -0500] "POST /wp-login.php HTTP/1.1" 200 2251 "https://clavo.space/wp-login.php" "Mozilla/5.0 (Windows NT 10.0; Win64; x64) AppleWebKit/537.36 (KHTML, like Gecko) Chrome/118.0.0.0 Safari/537.36"
45.141.233.210 - - [27/Feb/2026:13:47:54 -0500] "GET /wp-admin/index.php HTTP/1.1" 302 - "https://clavo.space/wp-login.php" "Mozilla/5.0 (Windows NT 10.0; Win64; x64; rv:120.0) Gecko/20100101 Firefox/120.0"
45.141.233.210 - - [27/Feb/2026:13:47:55 -0500] "GET /wp-login.php?redirect_to=https%3A%2F%2Fclavo.space%2Fwp-admin%2Findex.php&reauth=1 HTTP/1.1" 200 2098 "https://clavo.space/wp-login.php" "Mozilla/5.0 (Windows NT 10.0; Win64; x64; rv:120.0) Gecko/20100101 Firefox/120.0"
45.141.233.210 - - [27/Feb/2026:13:47:56 -0500] "POST /wp-login.php HTTP/1.1" 200 2247 "https://clavo.space/wp-login.php" "Mozilla/5.0 (Windows NT 10.0; Win64; x64; rv:118.0) Gecko/20100101 Firefox/118.0"
45.141.233.210 - - [27/Feb/2026:13:47:58 -0500] "GET /wp-admin/index.php HTTP/1.1" 302 - "https://clavo.space/wp-login.php" "Mozilla/5.0 (Macintosh; Intel Mac OS X 13_6_1) AppleWebKit/537.36 (KHTML, like Gecko) Chrome/121.0.0.0 Safari/537.36"
144.91.97.38 - - [27/Feb/2026:13:47:59 -0500] "GET /wp-login.php HTTP/1.1" 301 301 "-" "Mozilla/5.0 (WordPress CMS Scanner)"
45.141.233.210 - - [27/Feb/2026:13:47:59 -0500] "GET /wp-login.php?redirect_to=https%3A%2F%2Fclavo.space%2Fwp-admin%2Findex.php&reauth=1 HTTP/1.1" 200 2098 "https://clavo.space/wp-login.php" "Mozilla/5.0 (Macintosh; Intel Mac OS X 13_6_1) AppleWebKit/537.36 (KHTML, like Gecko) Chrome/121.0.0.0 Safari/537.36"
45.141.233.210 - - [27/Feb/2026:13:48:00 -0500] "POST /wp-login.php HTTP/1.1" 200 2250 "https://clavo.space/wp-login.php" "Mozilla/5.0 (X11; Ubuntu; Linux x86_64) AppleWebKit/537.36 (KHTML, like Gecko) Chrome/118.0.0.0 Safari/537.36"
45.141.233.210 - - [27/Feb/2026:13:48:01 -0500] "GET /wp-admin/index.php HTTP/1.1" 302 - "https://clavo.space/wp-login.php" "Mozilla/5.0 (X11; Ubuntu; Linux x86_64) AppleWebKit/537.36 (KHTML, like Gecko) Chrome/118.0.0.0 Safari/537.36"
45.141.233.210 - - [27/Feb/2026:13:48:02 -0500] "GET /wp-login.php?redirect_to=https%3A%2F%2Fclavo.space%2Fwp-admin%2Findex.php&reauth=1 HTTP/1.1" 200 2098 "https://clavo.space/wp-login.php" "Mozilla/5.0 (X11; Ubuntu; Linux x86_64) AppleWebKit/537.36 (KHTML, like Gecko) Chrome/118.0.0.0 Safari/537.36"
45.141.233.210 - - [27/Feb/2026:13:48:04 -0500] "POST /wp-login.php HTTP/1.1" 200 2249 "https://clavo.space/wp-login.php" "Mozilla/5.0 (Macintosh; Intel Mac OS X 10_15_7) AppleWebKit/537.36 (KHTML, like Gecko) Chrome/118.0.0.0 Safari/537.36"
144.91.97.38 - - [27/Feb/2026:13:48:04 -0500] "GET /wp-login.php HTTP/1.1" 200 2093 "-" "Mozilla/5.0 (WordPress CMS Scanner)"
45.141.233.210 - - [27/Feb/2026:13:48:05 -0500] "GET /wp-admin/index.php HTTP/1.1" 302 - "https://clavo.space/wp-login.php" "Mozilla/5.0 (Macintosh; Intel Mac OS X 10_15_7; rv:121.0) Gecko/20100101 Firefox/121.0"
114.119.132.131 - - [27/Feb/2026:13:48:05 -0500] "GET /product-tag/abel-adrian/page/1/?product_orderby=name&product_view=grid&product_order=asc&product_count=12 HTTP/1.1" 301 - "https://clavo.space/product-tag/abel-adrian/page/3/?product_orderby=name&product_view=grid&product_order=asc&product_count=12" "Mozilla/5.0 (Linux; Android 7.0;) AppleWebKit/537.36 (KHTML, like Gecko) Mobile Safari/537.36 (compatible; PetalBot;+https://webmaster.petalsearch.com/site/petalbot)"
45.141.233.210 - - [27/Feb/2026:13:48:08 -0500] "GET /wp-login.php?redirect_to=https%3A%2F%2Fclavo.space%2Fwp-admin%2Findex.php&reauth=1 HTTP/1.1" 200 2098 "https://clavo.space/wp-login.php" "Mozilla/5.0 (Macintosh; Intel Mac OS X 10_15_7; rv:121.0) Gecko/20100101 Firefox/121.0"
45.141.233.210 - - [27/Feb/2026:13:48:09 -0500] "POST /wp-login.php HTTP/1.1" 200 2244 "https://clavo.space/wp-login.php" "Mozilla/5.0 (Macintosh; Intel Mac OS X 13_6_1) AppleWebKit/537.36 (KHTML, like Gecko) Chrome/120.0.0.0 Safari/537.36"
114.119.132.131 - - [27/Feb/2026:13:48:09 -0500] "GET /portfolio-item/abel-adrian/?product_orderby=name&product_view=grid&product_order=asc&product_count=12 HTTP/1.1" 200 21332 "https://clavo.space/product-tag/abel-adrian/page/3/?product_orderby=name&product_view=grid&product_order=asc&product_count=12" "Mozilla/5.0 (Linux; Android 7.0;) AppleWebKit/537.36 (KHTML, like Gecko) Mobile Safari/537.36 (compatible; PetalBot;+https://webmaster.petalsearch.com/site/petalbot)"
45.141.233.210 - - [27/Feb/2026:13:48:11 -0500] "GET /wp-admin/index.php HTTP/1.1" 302 - "https://clavo.space/wp-login.php" "Mozilla/5.0 (Windows NT 10.0; Win64; x64; rv:119.0) Gecko/20100101 Firefox/119.0"
45.141.233.210 - - [27/Feb/2026:13:48:12 -0500] "GET /wp-login.php?redirect_to=https%3A%2F%2Fclavo.space%2Fwp-admin%2Findex.php&reauth=1 HTTP/1.1" 200 2098 "https://clavo.space/wp-login.php" "Mozilla/5.0 (Windows NT 10.0; Win64; x64; rv:119.0) Gecko/20100101 Firefox/119.0"
45.141.233.210 - - [27/Feb/2026:13:48:13 -0500] "POST /wp-login.php HTTP/1.1" 200 2253 "https://clavo.space/wp-login.php" "Mozilla/5.0 (Windows NT 10.0; Win64; x64) AppleWebKit/537.36 (KHTML, like Gecko) Chrome/118.0.0.0 Safari/537.36"
45.141.233.210 - - [27/Feb/2026:13:48:15 -0500] "GET /wp-admin/index.php HTTP/1.1" 302 - "https://clavo.space/wp-login.php" "Mozilla/5.0 (Windows NT 11.0; Win64; x64) AppleWebKit/537.36 (KHTML, like Gecko) Chrome/121.0.0.0 Safari/537.36"
45.141.233.210 - - [27/Feb/2026:13:48:16 -0500] "GET /wp-login.php?redirect_to=https%3A%2F%2Fclavo.space%2Fwp-admin%2Findex.php&reauth=1 HTTP/1.1" 200 2098 "https://clavo.space/wp-login.php" "Mozilla/5.0 (Windows NT 11.0; Win64; x64) AppleWebKit/537.36 (KHTML, like Gecko) Chrome/121.0.0.0 Safari/537.36"
45.141.233.210 - - [27/Feb/2026:13:48:17 -0500] "POST /wp-login.php HTTP/1.1" 200 2250 "https://clavo.space/wp-login.php" "Mozilla/5.0 (Macintosh; Intel Mac OS X 10_15_7) AppleWebKit/605.1.15 (KHTML, like Gecko) Version/17.1 Safari/605.1.15"
45.141.233.210 - - [27/Feb/2026:13:48:18 -0500] "GET /wp-admin/index.php HTTP/1.1" 302 - "https://clavo.space/wp-login.php" "Mozilla/5.0 (Windows NT 11.0; Win64; x64; rv:121.0) Gecko/20100101 Firefox/121.0"
45.141.233.210 - - [27/Feb/2026:13:48:19 -0500] "GET /wp-login.php?redirect_to=https%3A%2F%2Fclavo.space%2Fwp-admin%2Findex.php&reauth=1 HTTP/1.1" 200 2098 "https://clavo.space/wp-login.php" "Mozilla/5.0 (Windows NT 11.0; Win64; x64; rv:121.0) Gecko/20100101 Firefox/121.0"
45.141.233.210 - - [27/Feb/2026:13:48:21 -0500] "POST /wp-login.php HTTP/1.1" 200 2248 "https://clavo.space/wp-login.php" "Mozilla/5.0 (Macintosh; Intel Mac OS X 10_15_7) AppleWebKit/605.1.15 (KHTML, like Gecko) Version/17.0 Safari/605.1.15"
45.141.233.210 - - [27/Feb/2026:13:48:22 -0500] "GET /wp-admin/index.php HTTP/1.1" 302 - "https://clavo.space/wp-login.php" "Mozilla/5.0 (Windows NT 11.0; Win64; x64; rv:118.0) Gecko/20100101 Firefox/118.0"
45.141.233.210 - - [27/Feb/2026:13:48:23 -0500] "GET /wp-login.php?redirect_to=https%3A%2F%2Fclavo.space%2Fwp-admin%2Findex.php&reauth=1 HTTP/1.1" 200 2098 "https://clavo.space/wp-login.php" "Mozilla/5.0 (Windows NT 11.0; Win64; x64; rv:118.0) Gecko/20100101 Firefox/118.0"
45.141.233.210 - - [27/Feb/2026:13:48:24 -0500] "POST /wp-login.php HTTP/1.1" 200 2244 "https://clavo.space/wp-login.php" "Mozilla/5.0 (Windows NT 11.0; Win64; x64; rv:120.0) Gecko/20100101 Firefox/120.0"
45.141.233.210 - - [27/Feb/2026:13:48:25 -0500] "GET /wp-admin/index.php HTTP/1.1" 302 - "https://clavo.space/wp-login.php" "Mozilla/5.0 (Macintosh; Intel Mac OS X 10_15_7) AppleWebKit/537.36 (KHTML, like Gecko) Chrome/120.0.0.0 Safari/537.36"
185.191.171.15 - - [27/Feb/2026:13:48:25 -0500] "GET /events/tag/clavo-space/list/?tribe-bar-date=2025-10-28 HTTP/1.1" 200 19734 "-" "Mozilla/5.0 (compatible; SemrushBot/7~bl; +http://www.semrush.com/bot.html)"
45.141.233.210 - - [27/Feb/2026:13:48:27 -0500] "GET /wp-login.php?redirect_to=https%3A%2F%2Fclavo.space%2Fwp-admin%2Findex.php&reauth=1 HTTP/1.1" 200 2098 "https://clavo.space/wp-login.php" "Mozilla/5.0 (Macintosh; Intel Mac OS X 10_15_7) AppleWebKit/537.36 (KHTML, like Gecko) Chrome/120.0.0.0 Safari/537.36"
45.141.233.210 - - [27/Feb/2026:13:48:29 -0500] "GET /wp-admin/index.php HTTP/1.1" 302 - "https://clavo.space/wp-login.php" "Mozilla/5.0 (Macintosh; Intel Mac OS X 10_15_7) AppleWebKit/605.1.15 (KHTML, like Gecko) Version/17.0 Safari/605.1.15"
45.141.233.210 - - [27/Feb/2026:13:48:30 -0500] "GET /wp-login.php?redirect_to=https%3A%2F%2Fclavo.space%2Fwp-admin%2Findex.php&reauth=1 HTTP/1.1" 200 2098 "https://clavo.space/wp-login.php" "Mozilla/5.0 (Macintosh; Intel Mac OS X 10_15_7) AppleWebKit/605.1.15 (KHTML, like Gecko) Version/17.0 Safari/605.1.15"
45.141.233.210 - - [27/Feb/2026:13:48:31 -0500] "GET /wp-admin/index.php HTTP/1.1" 302 - "https://clavo.space/wp-login.php" "Mozilla/5.0 (Macintosh; Intel Mac OS X 10_15_7; rv:120.0) Gecko/20100101 Firefox/120.0"
162.253.224.18 - - [27/Feb/2026:13:48:34 -0500] "POST /wp-cron.php?doing_wp_cron=1772218113.9942150115966796875000 HTTP/1.1" 200 - "-" "WordPress/6.9.1; https://clavo.space"
45.141.233.210 - - [27/Feb/2026:13:48:33 -0500] "GET /wp-login.php?redirect_to=https%3A%2F%2Fclavo.space%2Fwp-admin%2Findex.php&reauth=1 HTTP/1.1" 200 2098 "https://clavo.space/wp-login.php" "Mozilla/5.0 (Macintosh; Intel Mac OS X 10_15_7; rv:120.0) Gecko/20100101 Firefox/120.0"
45.141.233.210 - - [27/Feb/2026:13:48:34 -0500] "GET /wp-admin/index.php HTTP/1.1" 302 - "https://clavo.space/wp-login.php" "Mozilla/5.0 (Macintosh; Intel Mac OS X 13_6_1; rv:118.0) Gecko/20100101 Firefox/118.0"
45.141.233.210 - - [27/Feb/2026:13:48:36 -0500] "GET /wp-login.php?redirect_to=https%3A%2F%2Fclavo.space%2Fwp-admin%2Findex.php&reauth=1 HTTP/1.1" 200 2098 "https://clavo.space/wp-login.php" "Mozilla/5.0 (Macintosh; Intel Mac OS X 13_6_1; rv:118.0) Gecko/20100101 Firefox/118.0"
45.141.233.210 - - [27/Feb/2026:13:48:37 -0500] "GET /wp-admin/index.php HTTP/1.1" 302 - "https://clavo.space/wp-login.php" "Mozilla/5.0 (X11; Ubuntu; Linux x86_64) AppleWebKit/537.36 (KHTML, like Gecko) Chrome/119.0.0.0 Safari/537.36"
45.141.233.210 - - [27/Feb/2026:13:48:38 -0500] "GET /wp-login.php?redirect_to=https%3A%2F%2Fclavo.space%2Fwp-admin%2Findex.php&reauth=1 HTTP/1.1" 200 2098 "https://clavo.space/wp-login.php" "Mozilla/5.0 (X11; Ubuntu; Linux x86_64) AppleWebKit/537.36 (KHTML, like Gecko) Chrome/119.0.0.0 Safari/537.36"
45.141.233.210 - - [27/Feb/2026:13:48:39 -0500] "GET /wp-admin/index.php HTTP/1.1" 302 - "https://clavo.space/wp-login.php" "Mozilla/5.0 (Windows NT 11.0; Win64; x64; rv:120.0) Gecko/20100101 Firefox/120.0"
45.141.233.210 - - [27/Feb/2026:13:48:41 -0500] "GET /wp-login.php?redirect_to=https%3A%2F%2Fclavo.space%2Fwp-admin%2Findex.php&reauth=1 HTTP/1.1" 200 2098 "https://clavo.space/wp-login.php" "Mozilla/5.0 (Windows NT 11.0; Win64; x64; rv:120.0) Gecko/20100101 Firefox/120.0"
45.141.233.210 - - [27/Feb/2026:13:48:42 -0500] "GET /wp-admin/index.php HTTP/1.1" 302 - "https://clavo.space/wp-login.php" "Mozilla/5.0 (Macintosh; Intel Mac OS X 10_15_7) AppleWebKit/537.36 (KHTML, like Gecko) Chrome/119.0.0.0 Safari/537.36"
45.141.233.210 - - [27/Feb/2026:13:48:43 -0500] "GET /wp-login.php?redirect_to=https%3A%2F%2Fclavo.space%2Fwp-admin%2Findex.php&reauth=1 HTTP/1.1" 200 2098 "https://clavo.space/wp-login.php" "Mozilla/5.0 (Macintosh; Intel Mac OS X 10_15_7) AppleWebKit/537.36 (KHTML, like Gecko) Chrome/119.0.0.0 Safari/537.36"
45.141.233.210 - - [27/Feb/2026:13:48:44 -0500] "GET /wp-admin/index.php HTTP/1.1" 302 - "https://clavo.space/wp-login.php" "Mozilla/5.0 (Macintosh; Intel Mac OS X 13_6_1) AppleWebKit/605.1.15 (KHTML, like Gecko) Version/16.6 Safari/605.1.15"
45.141.233.210 - - [27/Feb/2026:13:48:46 -0500] "GET /wp-login.php?redirect_to=https%3A%2F%2Fclavo.space%2Fwp-admin%2Findex.php&reauth=1 HTTP/1.1" 200 2098 "https://clavo.space/wp-login.php" "Mozilla/5.0 (Macintosh; Intel Mac OS X 13_6_1) AppleWebKit/605.1.15 (KHTML, like Gecko) Version/16.6 Safari/605.1.15"
185.191.171.12 - - [27/Feb/2026:13:48:46 -0500] "GET /events/category/exhibition/list/?eventDisplay=past&tribe-bar-date=2024-04-17 HTTP/1.1" 200 20718 "-" "Mozilla/5.0 (compatible; SemrushBot/7~bl; +http://www.semrush.com/bot.html)"
45.141.233.210 - - [27/Feb/2026:13:48:48 -0500] "POST /wp-login.php HTTP/1.1" 200 2217 "https://clavo.space/wp-login.php" "Mozilla/5.0 (Windows NT 10.0; Win64; x64) AppleWebKit/537.36 (KHTML, like Gecko) Chrome/119.0.0.0 Safari/537.36"
45.141.233.210 - - [27/Feb/2026:13:48:49 -0500] "GET /wp-admin/index.php HTTP/1.1" 302 - "https://clavo.space/wp-login.php" "Mozilla/5.0 (Macintosh; Intel Mac OS X 13_6_1) AppleWebKit/537.36 (KHTML, like Gecko) Chrome/119.0.0.0 Safari/537.36"
45.141.233.210 - - [27/Feb/2026:13:48:50 -0500] "GET /wp-login.php?redirect_to=https%3A%2F%2Fclavo.space%2Fwp-admin%2Findex.php&reauth=1 HTTP/1.1" 200 2098 "https://clavo.space/wp-login.php" "Mozilla/5.0 (Macintosh; Intel Mac OS X 13_6_1) AppleWebKit/537.36 (KHTML, like Gecko) Chrome/119.0.0.0 Safari/537.36"
45.141.233.210 - - [27/Feb/2026:13:48:51 -0500] "POST /wp-login.php HTTP/1.1" 200 2217 "https://clavo.space/wp-login.php" "Mozilla/5.0 (Macintosh; Intel Mac OS X 13_6_1) AppleWebKit/537.36 (KHTML, like Gecko) Chrome/118.0.0.0 Safari/537.36"
45.141.233.210 - - [27/Feb/2026:13:48:53 -0500] "GET /wp-admin/index.php HTTP/1.1" 302 - "https://clavo.space/wp-login.php" "Mozilla/5.0 (Windows NT 10.0; Win64; x64) AppleWebKit/537.36 (KHTML, like Gecko) Chrome/119.0.0.0 Safari/537.36"
45.141.233.210 - - [27/Feb/2026:13:48:54 -0500] "GET /wp-login.php?redirect_to=https%3A%2F%2Fclavo.space%2Fwp-admin%2Findex.php&reauth=1 HTTP/1.1" 200 2098 "https://clavo.space/wp-login.php" "Mozilla/5.0 (Windows NT 10.0; Win64; x64) AppleWebKit/537.36 (KHTML, like Gecko) Chrome/119.0.0.0 Safari/537.36"
45.141.233.210 - - [27/Feb/2026:13:48:55 -0500] "POST /wp-login.php HTTP/1.1" 200 2217 "https://clavo.space/wp-login.php" "Mozilla/5.0 (Windows NT 11.0; Win64; x64; rv:120.0) Gecko/20100101 Firefox/120.0"
45.141.233.210 - - [27/Feb/2026:13:48:56 -0500] "GET /wp-admin/index.php HTTP/1.1" 302 - "https://clavo.space/wp-login.php" "Mozilla/5.0 (Windows NT 10.0; Win64; x64; rv:120.0) Gecko/20100101 Firefox/120.0"
45.141.233.210 - - [27/Feb/2026:13:48:57 -0500] "GET /wp-login.php?redirect_to=https%3A%2F%2Fclavo.space%2Fwp-admin%2Findex.php&reauth=1 HTTP/1.1" 200 2098 "https://clavo.space/wp-login.php" "Mozilla/5.0 (Windows NT 10.0; Win64; x64; rv:120.0) Gecko/20100101 Firefox/120.0"
45.141.233.210 - - [27/Feb/2026:13:48:58 -0500] "POST /wp-login.php HTTP/1.1" 200 2217 "https://clavo.space/wp-login.php" "Mozilla/5.0 (Windows NT 10.0; Win64; x64) AppleWebKit/537.36 (KHTML, like Gecko) Chrome/121.0.0.0 Safari/537.36"
45.141.233.210 - - [27/Feb/2026:13:48:59 -0500] "GET /wp-admin/index.php HTTP/1.1" 302 - "https://clavo.space/wp-login.php" "Mozilla/5.0 (Macintosh; Intel Mac OS X 13_6_1; rv:119.0) Gecko/20100101 Firefox/119.0"
45.141.233.210 - - [27/Feb/2026:13:49:01 -0500] "GET /wp-login.php?redirect_to=https%3A%2F%2Fclavo.space%2Fwp-admin%2Findex.php&reauth=1 HTTP/1.1" 200 2098 "https://clavo.space/wp-login.php" "Mozilla/5.0 (Macintosh; Intel Mac OS X 13_6_1; rv:119.0) Gecko/20100101 Firefox/119.0"
