20.104.16.102 - - [27/Feb/2026:07:39:51 -0500] "GET /tews.php HTTP/1.1" 301 297 "-" "-"
147.135.213.32 - - [27/Feb/2026:07:39:50 -0500] "GET /shop/?add-to-cart=1920&product_orderby=name&product_count=24&product_view=list HTTP/1.1" 404 13534 "-" "Mozilla/5.0 (compatible; MJ12bot/v1.4.8; http://mj12bot.com/)"
20.104.16.102 - - [27/Feb/2026:07:39:52 -0500] "GET /tews.php HTTP/1.1" 404 13529 "-" "-"
20.104.16.102 - - [27/Feb/2026:07:39:55 -0500] "GET /wpp.php HTTP/1.1" 301 296 "-" "-"
20.104.16.102 - - [27/Feb/2026:07:39:55 -0500] "GET /wpp.php HTTP/1.1" 404 13535 "-" "-"
20.104.16.102 - - [27/Feb/2026:07:39:56 -0500] "GET /wc49.php HTTP/1.1" 301 297 "-" "-"
20.104.16.102 - - [27/Feb/2026:07:39:56 -0500] "GET /wc49.php HTTP/1.1" 404 13534 "-" "-"
20.104.16.102 - - [27/Feb/2026:07:40:00 -0500] "GET /TL.php HTTP/1.1" 301 295 "-" "-"
147.135.213.32 - - [27/Feb/2026:07:39:57 -0500] "GET /shop/?add-to-cart=1920&product_orderby=name&product_count=36&product_order=desc HTTP/1.1" 404 13523 "-" "Mozilla/5.0 (compatible; MJ12bot/v1.4.8; http://mj12bot.com/)"
20.104.16.102 - - [27/Feb/2026:07:40:00 -0500] "GET /TL.php HTTP/1.1" 404 13531 "-" "-"
20.104.16.102 - - [27/Feb/2026:07:40:03 -0500] "GET //sys.php HTTP/1.1" 301 296 "-" "-"
20.104.16.102 - - [27/Feb/2026:07:40:03 -0500] "GET /sys.php HTTP/1.1" 404 13531 "-" "-"
20.104.16.102 - - [27/Feb/2026:07:40:05 -0500] "GET //fck.php HTTP/1.1" 301 296 "-" "-"
216.244.66.226 - - [27/Feb/2026:07:40:06 -0500] "GET /robots.txt HTTP/1.1" 301 299 "-" "Mozilla/5.0 (compatible; DotBot/1.2; +https://opensiteexplorer.org/dotbot; help@moz.com)"
216.244.66.226 - - [27/Feb/2026:07:40:06 -0500] "GET /robots.txt HTTP/1.1" 200 111 "-" "Mozilla/5.0 (compatible; DotBot/1.2; +https://opensiteexplorer.org/dotbot; help@moz.com)"
147.135.213.32 - - [27/Feb/2026:07:40:04 -0500] "GET /shop/?add-to-cart=1920&product_orderby=name&product_count=36&product_view=grid HTTP/1.1" 404 13522 "-" "Mozilla/5.0 (compatible; MJ12bot/v1.4.8; http://mj12bot.com/)"
20.104.16.102 - - [27/Feb/2026:07:40:05 -0500] "GET /fck.php HTTP/1.1" 404 13526 "-" "-"
20.104.16.102 - - [27/Feb/2026:07:40:08 -0500] "GET /x123x.php HTTP/1.1" 301 298 "-" "-"
20.104.16.102 - - [27/Feb/2026:07:40:08 -0500] "GET /x123x.php HTTP/1.1" 404 13531 "-" "-"
20.104.16.102 - - [27/Feb/2026:07:40:10 -0500] "GET /wp-michan.php HTTP/1.1" 301 302 "-" "-"
20.104.16.102 - - [27/Feb/2026:07:40:10 -0500] "GET /wp-michan.php HTTP/1.1" 404 13532 "-" "-"
20.104.16.102 - - [27/Feb/2026:07:40:13 -0500] "GET /nw2.php HTTP/1.1" 301 296 "-" "-"
147.135.213.32 - - [27/Feb/2026:07:40:11 -0500] "GET /shop/?add-to-cart=1920&product_orderby=popularity&product_count=12&product_order=asc HTTP/1.1" 404 13530 "-" "Mozilla/5.0 (compatible; MJ12bot/v1.4.8; http://mj12bot.com/)"
20.104.16.102 - - [27/Feb/2026:07:40:13 -0500] "GET /nw2.php HTTP/1.1" 404 13530 "-" "-"
20.104.16.102 - - [27/Feb/2026:07:40:15 -0500] "GET /blackmini.php HTTP/1.1" 301 302 "-" "-"
20.104.16.102 - - [27/Feb/2026:07:40:16 -0500] "GET /blackmini.php HTTP/1.1" 404 13523 "-" "-"
20.104.16.102 - - [27/Feb/2026:07:40:18 -0500] "GET /gssdd.php HTTP/1.1" 301 298 "-" "-"
20.104.16.102 - - [27/Feb/2026:07:40:18 -0500] "GET /gssdd.php HTTP/1.1" 404 13533 "-" "-"
20.104.16.102 - - [27/Feb/2026:07:40:21 -0500] "GET /F19.php HTTP/1.1" 301 296 "-" "-"
147.135.213.32 - - [27/Feb/2026:07:40:18 -0500] "GET /shop/?add-to-cart=1920&product_orderby=popularity&product_count=12&product_view=grid HTTP/1.1" 404 13534 "-" "Mozilla/5.0 (compatible; MJ12bot/v1.4.8; http://mj12bot.com/)"
20.104.16.102 - - [27/Feb/2026:07:40:21 -0500] "GET /F19.php HTTP/1.1" 404 13529 "-" "-"
20.104.16.102 - - [27/Feb/2026:07:40:23 -0500] "GET /F1.php HTTP/1.1" 301 295 "-" "-"
114.119.153.245 - - [27/Feb/2026:07:40:24 -0500] "GET /wp-content/uploads/2021/03/pasion-tienda-producto.jpg HTTP/1.1" 200 210193 "https://clavo.space/product/passion-passion-i-ii/" "Mozilla/5.0 (Linux; Android 7.0;) AppleWebKit/537.36 (KHTML, like Gecko) Mobile Safari/537.36 (compatible; PetalBot;+https://webmaster.petalsearch.com/site/petalbot)"
20.104.16.102 - - [27/Feb/2026:07:40:23 -0500] "GET /F1.php HTTP/1.1" 404 13519 "-" "-"
20.104.16.102 - - [27/Feb/2026:07:40:25 -0500] "GET /fff.php HTTP/1.1" 301 296 "-" "-"
20.104.16.102 - - [27/Feb/2026:07:40:25 -0500] "GET /fff.php HTTP/1.1" 404 13529 "-" "-"
20.104.16.102 - - [27/Feb/2026:07:40:29 -0500] "GET /R57.php HTTP/1.1" 301 296 "-" "-"
147.135.213.32 - - [27/Feb/2026:07:40:25 -0500] "GET /shop/?add-to-cart=1920&product_orderby=popularity&product_count=24&product_order=asc HTTP/1.1" 404 13530 "-" "Mozilla/5.0 (compatible; MJ12bot/v1.4.8; http://mj12bot.com/)"
20.104.16.102 - - [27/Feb/2026:07:40:29 -0500] "GET /R57.php HTTP/1.1" 404 13533 "-" "-"
20.104.16.102 - - [27/Feb/2026:07:40:30 -0500] "GET /4h.php HTTP/1.1" 301 295 "-" "-"
43.155.27.244 - - [27/Feb/2026:07:40:31 -0500] "GET /wp/wp-content/uploads/2025/11/4a-ana-machado.webp HTTP/1.1" 200 492856 "-" "Mozilla/5.0 (iPhone; CPU iPhone OS 13_2_3 like Mac OS X) AppleWebKit/605.1.15 (KHTML, like Gecko) Version/13.0.3 Mobile/15E148 Safari/604.1"
20.104.16.102 - - [27/Feb/2026:07:40:30 -0500] "GET /4h.php HTTP/1.1" 404 13531 "-" "-"
20.104.16.102 - - [27/Feb/2026:07:40:31 -0500] "GET /yussef.php HTTP/1.1" 301 299 "-" "-"
162.253.224.18 - - [27/Feb/2026:07:40:33 -0500] "POST /wp-cron.php?doing_wp_cron=1772196033.3385300636291503906250 HTTP/1.1" 200 - "-" "WordPress/6.9.1; https://clavo.space"
20.104.16.102 - - [27/Feb/2026:07:40:31 -0500] "GET /yussef.php HTTP/1.1" 404 13533 "-" "-"
20.104.16.102 - - [27/Feb/2026:07:40:33 -0500] "GET /bal.php HTTP/1.1" 301 296 "-" "-"
147.135.213.32 - - [27/Feb/2026:07:40:32 -0500] "GET /shop/?add-to-cart=1920&product_orderby=popularity&product_count=36&product_order=asc HTTP/1.1" 404 13524 "-" "Mozilla/5.0 (compatible; MJ12bot/v1.4.8; http://mj12bot.com/)"
20.104.16.102 - - [27/Feb/2026:07:40:33 -0500] "GET /bal.php HTTP/1.1" 404 13520 "-" "-"
20.104.16.102 - - [27/Feb/2026:07:40:36 -0500] "GET /bengi.php HTTP/1.1" 301 298 "-" "-"
20.104.16.102 - - [27/Feb/2026:07:40:36 -0500] "GET /bengi.php HTTP/1.1" 404 13529 "-" "-"
20.104.16.102 - - [27/Feb/2026:07:40:38 -0500] "GET /lb.php HTTP/1.1" 301 295 "-" "-"
20.104.16.102 - - [27/Feb/2026:07:40:38 -0500] "GET /lb.php HTTP/1.1" 404 13530 "-" "-"
20.104.16.102 - - [27/Feb/2026:07:40:40 -0500] "GET /samfa.php HTTP/1.1" 301 298 "-" "-"
85.208.96.201 - - [27/Feb/2026:07:40:38 -0500] "GET /events/tag/opening/list/?tribe-bar-date=2022-03-10 HTTP/1.1" 200 19711 "-" "Mozilla/5.0 (compatible; SemrushBot/7~bl; +http://www.semrush.com/bot.html)"
147.135.213.32 - - [27/Feb/2026:07:40:39 -0500] "GET /shop/?add-to-cart=1920&product_orderby=popularity&product_order=asc&product_count=12 HTTP/1.1" 404 13524 "-" "Mozilla/5.0 (compatible; MJ12bot/v1.4.8; http://mj12bot.com/)"
20.104.16.102 - - [27/Feb/2026:07:40:40 -0500] "GET /samfa.php HTTP/1.1" 404 13533 "-" "-"
20.104.16.102 - - [27/Feb/2026:07:40:43 -0500] "GET /boots.php HTTP/1.1" 301 298 "-" "-"
20.104.16.102 - - [27/Feb/2026:07:40:43 -0500] "GET /boots.php HTTP/1.1" 404 13521 "-" "-"
20.104.16.102 - - [27/Feb/2026:07:40:45 -0500] "GET /logi.php HTTP/1.1" 301 297 "-" "-"
20.104.16.102 - - [27/Feb/2026:07:40:45 -0500] "GET /logi.php HTTP/1.1" 404 13529 "-" "-"
147.135.213.32 - - [27/Feb/2026:07:40:46 -0500] "GET /shop/?add-to-cart=1920&product_orderby=popularity&product_order=asc&product_count=24 HTTP/1.1" 404 13524 "-" "Mozilla/5.0 (compatible; MJ12bot/v1.4.8; http://mj12bot.com/)"
147.135.213.32 - - [27/Feb/2026:07:40:52 -0500] "GET /shop/?add-to-cart=1920&product_orderby=popularity&product_order=asc&product_count=36 HTTP/1.1" 404 13525 "-" "Mozilla/5.0 (compatible; MJ12bot/v1.4.8; http://mj12bot.com/)"
185.191.171.13 - - [27/Feb/2026:07:40:53 -0500] "GET /events/list/?tribe-bar-date=2024-07-22 HTTP/1.1" 200 19465 "-" "Mozilla/5.0 (compatible; SemrushBot/7~bl; +http://www.semrush.com/bot.html)"
147.135.213.32 - - [27/Feb/2026:07:40:58 -0500] "GET /shop/?add-to-cart=1920&product_orderby=popularity&product_view=grid&product_count=12 HTTP/1.1" 404 13517 "-" "Mozilla/5.0 (compatible; MJ12bot/v1.4.8; http://mj12bot.com/)"
147.135.213.32 - - [27/Feb/2026:07:41:04 -0500] "GET /shop/?add-to-cart=1920&product_orderby=popularity&product_view=grid&product_count=24 HTTP/1.1" 404 13529 "-" "Mozilla/5.0 (compatible; MJ12bot/v1.4.8; http://mj12bot.com/)"
147.135.213.32 - - [27/Feb/2026:07:41:10 -0500] "GET /shop/?add-to-cart=1920&product_orderby=popularity&product_view=grid&product_count=36 HTTP/1.1" 404 13530 "-" "Mozilla/5.0 (compatible; MJ12bot/v1.4.8; http://mj12bot.com/)"
85.208.96.204 - - [27/Feb/2026:07:41:14 -0500] "GET /events/tag/exhibition/list/?tribe-bar-date=2023-12-06 HTTP/1.1" 200 19705 "-" "Mozilla/5.0 (compatible; SemrushBot/7~bl; +http://www.semrush.com/bot.html)"
147.135.213.32 - - [27/Feb/2026:07:41:15 -0500] "GET /shop/?add-to-cart=1920&product_orderby=popularity&product_view=list&product_count=12 HTTP/1.1" 404 13523 "-" "Mozilla/5.0 (compatible; MJ12bot/v1.4.8; http://mj12bot.com/)"
85.208.96.198 - - [27/Feb/2026:07:41:19 -0500] "GET /events/list/?eventDisplay=past&tribe-bar-date=2022-09-20 HTTP/1.1" 200 20445 "-" "Mozilla/5.0 (compatible; SemrushBot/7~bl; +http://www.semrush.com/bot.html)"
147.135.213.32 - - [27/Feb/2026:07:41:21 -0500] "GET /shop/?add-to-cart=1920&product_orderby=popularity&product_view=list&product_count=24 HTTP/1.1" 404 13515 "-" "Mozilla/5.0 (compatible; MJ12bot/v1.4.8; http://mj12bot.com/)"
185.191.171.8 - - [27/Feb/2026:07:41:25 -0500] "GET /events/tag/exhibition/list/?tribe-bar-date=2025-10-31 HTTP/1.1" 200 19711 "-" "Mozilla/5.0 (compatible; SemrushBot/7~bl; +http://www.semrush.com/bot.html)"
147.135.213.32 - - [27/Feb/2026:07:41:27 -0500] "GET /shop/?add-to-cart=1920&product_orderby=popularity&product_view=list&product_count=36 HTTP/1.1" 404 13519 "-" "Mozilla/5.0 (compatible; MJ12bot/v1.4.8; http://mj12bot.com/)"
162.253.224.18 - - [27/Feb/2026:07:41:39 -0500] "POST /wp-cron.php?doing_wp_cron=1772196099.8280351161956787109375 HTTP/1.1" 200 - "-" "WordPress/6.9.1; https://clavo.space"
147.135.213.32 - - [27/Feb/2026:07:41:32 -0500] "GET /shop/?add-to-cart=1920&product_orderby=price&product_count=12&product_order=desc HTTP/1.1" 404 13527 "-" "Mozilla/5.0 (compatible; MJ12bot/v1.4.8; http://mj12bot.com/)"
114.119.151.197 - - [27/Feb/2026:07:41:42 -0500] "GET /shop?product_orderby=default&product_order=asc&product_count=36&product_view=list HTTP/1.1" 404 13535 "https://clavo.space/shop?product_orderby=popularity&product_order=asc&product_count=36&product_view=list" "Mozilla/5.0 (Linux; Android 7.0;) AppleWebKit/537.36 (KHTML, like Gecko) Mobile Safari/537.36 (compatible; PetalBot;+https://webmaster.petalsearch.com/site/petalbot)"
147.135.213.32 - - [27/Feb/2026:07:41:43 -0500] "GET /shop/?add-to-cart=1920&product_orderby=price&product_count=24&product_order=desc HTTP/1.1" 404 13528 "-" "Mozilla/5.0 (compatible; MJ12bot/v1.4.8; http://mj12bot.com/)"
46.250.160.45 - - [27/Feb/2026:07:41:45 -0500] "GET /shop/page/5/?product_orderby=popularity&product_count=24&product_order=asc&product_view=grid&paged=1 HTTP/1.1" 404 13529 "https://clavo.space/shop/page/5/?product_orderby=popularity&product_count=24&product_order=asc&product_view=grid&paged=1" "Mozilla/5.0 (Macintosh; Intel Mac OS X 10_15_7) AppleWebKit/537.36 (KHTML, like Gecko) Chrome/119.0.0.0 Safari/537.36"
43.166.132.142 - - [27/Feb/2026:07:41:52 -0500] "GET /wp/broken-film/ HTTP/1.1" 301 326 "http://brokendocumentary.info" "Mozilla/5.0 (iPhone; CPU iPhone OS 13_2_3 like Mac OS X) AppleWebKit/605.1.15 (KHTML, like Gecko) Version/13.0.3 Mobile/15E148 Safari/604.1"
147.135.213.32 - - [27/Feb/2026:07:41:50 -0500] "GET /shop/?add-to-cart=1920&product_orderby=price&product_count=36&product_order=desc HTTP/1.1" 404 13518 "-" "Mozilla/5.0 (compatible; MJ12bot/v1.4.8; http://mj12bot.com/)"
51.75.236.141 - - [27/Feb/2026:07:41:51 -0500] "GET /product-tag/burn/?product_view=grid&product_orderby=price&product_count=36&product_order=desc HTTP/1.1" 404 13532 "-" "Mozilla/5.0 (compatible; AhrefsBot/7.0; +http://ahrefs.com/robot/)"
43.166.132.142 - - [27/Feb/2026:07:41:52 -0500] "GET /wp/broken-film/ HTTP/1.1" 301 - "http://www.212productions.net/wp/broken-film/" "Mozilla/5.0 (iPhone; CPU iPhone OS 13_2_3 like Mac OS X) AppleWebKit/605.1.15 (KHTML, like Gecko) Version/13.0.3 Mobile/15E148 Safari/604.1"
43.166.132.142 - - [27/Feb/2026:07:41:56 -0500] "GET /wp/broken-film/ HTTP/1.1" 200 17247 "https://www.212productions.net/wp/broken-film/" "Mozilla/5.0 (iPhone; CPU iPhone OS 13_2_3 like Mac OS X) AppleWebKit/605.1.15 (KHTML, like Gecko) Version/13.0.3 Mobile/15E148 Safari/604.1"
147.135.213.32 - - [27/Feb/2026:07:41:57 -0500] "GET /shop/?add-to-cart=1920&product_orderby=price&product_view=list&product_count=12 HTTP/1.1" 404 13528 "-" "Mozilla/5.0 (compatible; MJ12bot/v1.4.8; http://mj12bot.com/)"
147.135.213.32 - - [27/Feb/2026:07:42:03 -0500] "GET /shop/?add-to-cart=1920&product_orderby=price&product_view=list&product_count=24 HTTP/1.1" 404 13529 "-" "Mozilla/5.0 (compatible; MJ12bot/v1.4.8; http://mj12bot.com/)"
85.208.96.198 - - [27/Feb/2026:07:42:05 -0500] "GET /events/category/exhibition/day/2022-06-01/ HTTP/1.1" 200 14467 "-" "Mozilla/5.0 (compatible; SemrushBot/7~bl; +http://www.semrush.com/bot.html)"
147.135.213.32 - - [27/Feb/2026:07:42:09 -0500] "GET /shop/?add-to-cart=1920&product_orderby=price&product_view=list&product_count=36 HTTP/1.1" 404 13527 "-" "Mozilla/5.0 (compatible; MJ12bot/v1.4.8; http://mj12bot.com/)"
147.135.213.32 - - [27/Feb/2026:07:42:15 -0500] "GET /shop/?add-to-cart=1920&product_orderby=rating&product_count=12&product_order=asc HTTP/1.1" 404 13530 "-" "Mozilla/5.0 (compatible; MJ12bot/v1.4.8; http://mj12bot.com/)"
147.135.213.32 - - [27/Feb/2026:07:42:21 -0500] "GET /shop/?add-to-cart=1920&product_orderby=rating&product_count=24&product_order=asc HTTP/1.1" 404 13530 "-" "Mozilla/5.0 (compatible; MJ12bot/v1.4.8; http://mj12bot.com/)"
147.135.213.32 - - [27/Feb/2026:07:42:26 -0500] "GET /shop/?add-to-cart=1920&product_orderby=rating&product_count=24&product_order=asc&product_view=grid HTTP/1.1" 404 13531 "-" "Mozilla/5.0 (compatible; MJ12bot/v1.4.8; http://mj12bot.com/)"
162.253.224.18 - - [27/Feb/2026:07:42:34 -0500] "POST /wp-cron.php?doing_wp_cron=1772196154.2407290935516357421875 HTTP/1.1" 200 - "-" "WordPress/6.9.1; https://clavo.space"
216.244.66.226 - - [27/Feb/2026:07:42:31 -0500] "GET /product-tag/abel-adrian/?add-to-cart=6584&product_count=24 HTTP/1.1" 301 - "-" "Mozilla/5.0 (compatible; DotBot/1.2; +https://opensiteexplorer.org/dotbot; help@moz.com)"
147.135.213.32 - - [27/Feb/2026:07:42:32 -0500] "GET /shop/?add-to-cart=1920&product_orderby=rating&product_count=36&product_order=asc HTTP/1.1" 404 13523 "-" "Mozilla/5.0 (compatible; MJ12bot/v1.4.8; http://mj12bot.com/)"
216.244.66.226 - - [27/Feb/2026:07:42:36 -0500] "GET /product-tag/abel-adrian/?add-to-cart=1970&product_orderby=rating HTTP/1.1" 301 - "-" "Mozilla/5.0 (compatible; DotBot/1.2; +https://opensiteexplorer.org/dotbot; help@moz.com)"
147.135.213.32 - - [27/Feb/2026:07:42:39 -0500] "GET /shop/?add-to-cart=1920&product_orderby=rating&product_order=asc&product_count=12 HTTP/1.1" 404 13531 "-" "Mozilla/5.0 (compatible; MJ12bot/v1.4.8; http://mj12bot.com/)"
216.244.66.226 - - [27/Feb/2026:07:42:41 -0500] "GET /shop/?add-to-cart=7015&product_count=12&product_orderby=name&product_view=list&product_order=desc HTTP/1.1" 404 65894 "-" "Mozilla/5.0 (compatible; DotBot/1.2; +https://opensiteexplorer.org/dotbot; help@moz.com)"
147.135.213.32 - - [27/Feb/2026:07:42:44 -0500] "GET /shop/?add-to-cart=1920&product_orderby=rating&product_order=asc&product_count=24 HTTP/1.1" 404 13526 "-" "Mozilla/5.0 (compatible; MJ12bot/v1.4.8; http://mj12bot.com/)"
147.135.213.32 - - [27/Feb/2026:07:42:49 -0500] "GET /shop/?add-to-cart=1920&product_orderby=rating&product_order=asc&product_count=36 HTTP/1.1" 404 13515 "-" "Mozilla/5.0 (compatible; MJ12bot/v1.4.8; http://mj12bot.com/)"
147.135.213.32 - - [27/Feb/2026:07:42:55 -0500] "GET /shop/?add-to-cart=1920&product_orderby=rating&product_view=grid&product_count=12 HTTP/1.1" 404 13529 "-" "Mozilla/5.0 (compatible; MJ12bot/v1.4.8; http://mj12bot.com/)"
85.208.96.208 - - [27/Feb/2026:07:43:00 -0500] "GET /events/tag/opening/list/?eventDisplay=past&tribe-bar-date=2025-07-19 HTTP/1.1" 200 20698 "-" "Mozilla/5.0 (compatible; SemrushBot/7~bl; +http://www.semrush.com/bot.html)"
147.135.213.32 - - [27/Feb/2026:07:43:00 -0500] "GET /shop/?add-to-cart=1920&product_orderby=rating&product_view=grid&product_count=24 HTTP/1.1" 404 13534 "-" "Mozilla/5.0 (compatible; MJ12bot/v1.4.8; http://mj12bot.com/)"
147.135.213.32 - - [27/Feb/2026:07:43:07 -0500] "GET /shop/?add-to-cart=1920&product_orderby=rating&product_view=grid&product_count=36 HTTP/1.1" 404 13529 "-" "Mozilla/5.0 (compatible; MJ12bot/v1.4.8; http://mj12bot.com/)"
185.191.171.19 - - [27/Feb/2026:07:43:07 -0500] "GET /events/tag/art/day/2028-06-16/ HTTP/1.1" 200 14441 "-" "Mozilla/5.0 (compatible; SemrushBot/7~bl; +http://www.semrush.com/bot.html)"
114.119.163.186 - - [27/Feb/2026:07:43:10 -0500] "GET /shop?product_order=asc&product_view=grid&product_count=36&product_orderby=date HTTP/1.1" 404 13533 "https://clavo.space/shop?product_order=asc&product_view=grid&product_count=36&product_orderby=rating" "Mozilla/5.0 (Linux; Android 7.0;) AppleWebKit/537.36 (KHTML, like Gecko) Mobile Safari/537.36 (compatible; PetalBot;+https://webmaster.petalsearch.com/site/petalbot)"
147.135.213.32 - - [27/Feb/2026:07:43:13 -0500] "GET /shop/?add-to-cart=1920&product_orderby=rating&product_view=list&product_count=12 HTTP/1.1" 404 13523 "-" "Mozilla/5.0 (compatible; MJ12bot/v1.4.8; http://mj12bot.com/)"
185.191.171.9 - - [27/Feb/2026:07:43:17 -0500] "GET /events/2024-02-26/ HTTP/1.1" 200 14435 "-" "Mozilla/5.0 (compatible; SemrushBot/7~bl; +http://www.semrush.com/bot.html)"
147.135.213.32 - - [27/Feb/2026:07:43:18 -0500] "GET /shop/?add-to-cart=1920&product_orderby=rating&product_view=list&product_count=24 HTTP/1.1" 404 13529 "-" "Mozilla/5.0 (compatible; MJ12bot/v1.4.8; http://mj12bot.com/)"
63.143.44.106 - - [27/Feb/2026:07:43:20 -0500] "POST /xmlrpc.php HTTP/1.1" 200 225 "-" "Mozilla/5.0 (Windows NT 10.0; WOW64) AppleWebKit/537.36 (KHTML, like Gecko) Chrome/66.0.3359.117 Safari/537.36"
209.141.47.105 - - [27/Feb/2026:07:43:23 -0500] "GET /wp-login.php HTTP/1.1" 200 6864 "-" "Mozilla/5.0 (Macintosh; Intel Mac OS X 10_10) AppleWebKit/600.1.3 (KHTML, like Gecko) Version/8.0 Safari/600.1.3"
209.141.54.133 - - [27/Feb/2026:07:43:23 -0500] "GET /wp-login.php HTTP/1.1" 200 6864 "-" "Mozilla/5.0 (X11; Linux x86_64; rv:30.0) Gecko/20100101 Firefox/30.0"
147.135.213.32 - - [27/Feb/2026:07:43:26 -0500] "GET /shop/?add-to-cart=1920&product_orderby=rating&product_view=list&product_count=36 HTTP/1.1" 404 13516 "-" "Mozilla/5.0 (compatible; MJ12bot/v1.4.8; http://mj12bot.com/)"
209.141.47.105 - - [27/Feb/2026:07:43:27 -0500] "POST /wp-login.php HTTP/1.1" 200 7343 "-" "Mozilla/5.0 (Macintosh; Intel Mac OS X 10_10) AppleWebKit/600.1.3 (KHTML, like Gecko) Version/8.0 Safari/600.1.3"
209.141.54.133 - - [27/Feb/2026:07:43:27 -0500] "POST /wp-login.php HTTP/1.1" 200 7312 "-" "Mozilla/5.0 (X11; Linux x86_64; rv:30.0) Gecko/20100101 Firefox/30.0"
162.253.224.18 - - [27/Feb/2026:07:43:36 -0500] "POST /wp-cron.php?doing_wp_cron=1772196216.1796228885650634765625 HTTP/1.1" 200 - "-" "WordPress/6.9.1; https://clavo.space"
147.135.213.32 - - [27/Feb/2026:07:43:34 -0500] "GET /shop/?add-to-cart=1920&product_view=grid&product_orderby=popularity&product_count=12 HTTP/1.1" 404 13525 "-" "Mozilla/5.0 (compatible; MJ12bot/v1.4.8; http://mj12bot.com/)"
147.135.213.32 - - [27/Feb/2026:07:43:39 -0500] "GET /shop/?add-to-cart=1920&product_view=grid&product_orderby=popularity&product_count=24 HTTP/1.1" 404 13523 "-" "Mozilla/5.0 (compatible; MJ12bot/v1.4.8; http://mj12bot.com/)"
147.135.213.32 - - [27/Feb/2026:07:43:45 -0500] "GET /shop/?add-to-cart=1920&product_view=grid&product_orderby=popularity&product_count=36 HTTP/1.1" 404 13525 "-" "Mozilla/5.0 (compatible; MJ12bot/v1.4.8; http://mj12bot.com/)"
185.191.171.5 - - [27/Feb/2026:07:43:46 -0500] "GET /events/tag/exhibition/day/2030-02-24/ HTTP/1.1" 200 14449 "-" "Mozilla/5.0 (compatible; SemrushBot/7~bl; +http://www.semrush.com/bot.html)"
147.135.213.32 - - [27/Feb/2026:07:43:51 -0500] "GET /shop/?add-to-cart=1920&product_view=grid&product_orderby=price&product_count=12 HTTP/1.1" 404 13530 "-" "Mozilla/5.0 (compatible; MJ12bot/v1.4.8; http://mj12bot.com/)"
147.135.213.32 - - [27/Feb/2026:07:43:57 -0500] "GET /shop/?add-to-cart=1920&product_view=grid&product_orderby=price&product_count=24 HTTP/1.1" 404 13528 "-" "Mozilla/5.0 (compatible; MJ12bot/v1.4.8; http://mj12bot.com/)"
147.135.213.32 - - [27/Feb/2026:07:44:03 -0500] "GET /shop/?add-to-cart=1920&product_view=grid&product_orderby=price&product_count=36 HTTP/1.1" 404 13528 "-" "Mozilla/5.0 (compatible; MJ12bot/v1.4.8; http://mj12bot.com/)"
147.135.213.32 - - [27/Feb/2026:07:44:09 -0500] "GET /shop/?add-to-cart=1920&product_view=grid&product_orderby=rating&product_count=12 HTTP/1.1" 404 13532 "-" "Mozilla/5.0 (compatible; MJ12bot/v1.4.8; http://mj12bot.com/)"
147.135.213.32 - - [27/Feb/2026:07:44:14 -0500] "GET /shop/?add-to-cart=1920&product_view=grid&product_orderby=rating&product_count=24 HTTP/1.1" 404 13530 "-" "Mozilla/5.0 (compatible; MJ12bot/v1.4.8; http://mj12bot.com/)"
147.135.213.32 - - [27/Feb/2026:07:44:20 -0500] "GET /shop/?add-to-cart=1920&product_view=grid&product_orderby=rating&product_count=36 HTTP/1.1" 404 13531 "-" "Mozilla/5.0 (compatible; MJ12bot/v1.4.8; http://mj12bot.com/)"
147.135.213.32 - - [27/Feb/2026:07:44:25 -0500] "GET /shop/?add-to-cart=1920&product_view=list&product_order=desc&product_count=12 HTTP/1.1" 404 13530 "-" "Mozilla/5.0 (compatible; MJ12bot/v1.4.8; http://mj12bot.com/)"
216.244.66.226 - - [27/Feb/2026:07:44:28 -0500] "GET /cgi-sys/suspendedpage.cgi?add-to-cart=7140&product_order=desc&product_view=list&product_orderby=popularity HTTP/1.1" 200 7616 "-" "Mozilla/5.0 (compatible; DotBot/1.2; +https://opensiteexplorer.org/dotbot; help@moz.com)"
147.135.213.32 - - [27/Feb/2026:07:44:31 -0500] "GET /shop/?add-to-cart=1920&product_view=list&product_order=desc&product_count=24 HTTP/1.1" 404 13533 "-" "Mozilla/5.0 (compatible; MJ12bot/v1.4.8; http://mj12bot.com/)"
162.253.224.18 - - [27/Feb/2026:07:44:37 -0500] "POST /wp-cron.php?doing_wp_cron=1772196277.3556358814239501953125 HTTP/1.1" 200 - "-" "WordPress/6.9.1; https://clavo.space"
114.119.158.196 - - [27/Feb/2026:07:44:35 -0500] "GET /shop/page/7?product_view=grid&product_order=asc&product_orderby=name&product_count=12 HTTP/1.1" 404 13538 "https://clavo.space/shop/page/7?product_view=list&product_order=asc&product_orderby=name&product_count=12" "Mozilla/5.0 (Linux; Android 7.0;) AppleWebKit/537.36 (KHTML, like Gecko) Mobile Safari/537.36 (compatible; PetalBot;+https://webmaster.petalsearch.com/site/petalbot)"
147.135.213.32 - - [27/Feb/2026:07:44:36 -0500] "GET /shop/?add-to-cart=1920&product_view=list&product_order=desc&product_count=36 HTTP/1.1" 404 13529 "-" "Mozilla/5.0 (compatible; MJ12bot/v1.4.8; http://mj12bot.com/)"
147.135.213.32 - - [27/Feb/2026:07:44:42 -0500] "GET /shop/?add-to-cart=1920&product_view=list&product_orderby=date&product_count=12 HTTP/1.1" 404 13527 "-" "Mozilla/5.0 (compatible; MJ12bot/v1.4.8; http://mj12bot.com/)"
43.166.226.186 - - [27/Feb/2026:07:44:44 -0500] "GET /wp/broken-film/ HTTP/1.1" 301 326 "http://www.brokendocumentary.film" "Mozilla/5.0 (iPhone; CPU iPhone OS 13_2_3 like Mac OS X) AppleWebKit/605.1.15 (KHTML, like Gecko) Version/13.0.3 Mobile/15E148 Safari/604.1"
43.166.226.186 - - [27/Feb/2026:07:44:45 -0500] "GET /wp/broken-film/ HTTP/1.1" 301 - "http://www.212productions.net/wp/broken-film/" "Mozilla/5.0 (iPhone; CPU iPhone OS 13_2_3 like Mac OS X) AppleWebKit/605.1.15 (KHTML, like Gecko) Version/13.0.3 Mobile/15E148 Safari/604.1"
43.166.226.186 - - [27/Feb/2026:07:44:47 -0500] "GET /wp/broken-film/ HTTP/1.1" 200 17252 "https://www.212productions.net/wp/broken-film/" "Mozilla/5.0 (iPhone; CPU iPhone OS 13_2_3 like Mac OS X) AppleWebKit/605.1.15 (KHTML, like Gecko) Version/13.0.3 Mobile/15E148 Safari/604.1"
147.135.213.32 - - [27/Feb/2026:07:44:46 -0500] "GET /shop/?add-to-cart=1920&product_view=list&product_orderby=date&product_count=24 HTTP/1.1" 404 13528 "-" "Mozilla/5.0 (compatible; MJ12bot/v1.4.8; http://mj12bot.com/)"
20.111.27.83 - - [27/Feb/2026:07:44:51 -0500] "GET /wp/wp-content/uploads/2021/06/rankin_reforma_CULTURA.png HTTP/1.1" 200 999413 "-" "Mozilla/5.0 (compatible; BingIndexCrawler/1.0)"
147.135.213.32 - - [27/Feb/2026:07:44:53 -0500] "GET /shop/?add-to-cart=1920&product_view=list&product_orderby=date&product_count=36 HTTP/1.1" 404 13533 "-" "Mozilla/5.0 (compatible; MJ12bot/v1.4.8; http://mj12bot.com/)"
147.135.213.32 - - [27/Feb/2026:07:44:58 -0500] "GET /shop/?add-to-cart=1920&product_view=list&product_orderby=default&product_count=12 HTTP/1.1" 404 13527 "-" "Mozilla/5.0 (compatible; MJ12bot/v1.4.8; http://mj12bot.com/)"
147.135.213.32 - - [27/Feb/2026:07:45:04 -0500] "GET /shop/?add-to-cart=1920&product_view=list&product_orderby=default&product_count=24 HTTP/1.1" 404 13524 "-" "Mozilla/5.0 (compatible; MJ12bot/v1.4.8; http://mj12bot.com/)"
147.135.213.32 - - [27/Feb/2026:07:45:09 -0500] "GET /shop/?add-to-cart=1920&product_view=list&product_orderby=default&product_count=36 HTTP/1.1" 404 13529 "-" "Mozilla/5.0 (compatible; MJ12bot/v1.4.8; http://mj12bot.com/)"
37.59.204.144 - - [27/Feb/2026:07:45:12 -0500] "GET /product-tag/burn/?product_view=grid&product_orderby=price&product_count=12&product_order=desc HTTP/1.1" 404 13533 "-" "Mozilla/5.0 (compatible; AhrefsBot/7.0; +http://ahrefs.com/robot/)"
147.135.213.32 - - [27/Feb/2026:07:45:15 -0500] "GET /shop/?add-to-cart=1920&product_view=list&product_orderby=name&product_count=12 HTTP/1.1" 404 13528 "-" "Mozilla/5.0 (compatible; MJ12bot/v1.4.8; http://mj12bot.com/)"
185.191.171.16 - - [27/Feb/2026:07:45:16 -0500] "GET /events/list/?tribe-bar-date=2027-06-05 HTTP/1.1" 200 19468 "-" "Mozilla/5.0 (compatible; SemrushBot/7~bl; +http://www.semrush.com/bot.html)"
147.135.213.32 - - [27/Feb/2026:07:45:21 -0500] "GET /shop/?add-to-cart=1920&product_view=list&product_orderby=name&product_count=24 HTTP/1.1" 404 13528 "-" "Mozilla/5.0 (compatible; MJ12bot/v1.4.8; http://mj12bot.com/)"
40.77.167.25 - - [27/Feb/2026:07:45:24 -0500] "GET /wp/wp-content/uploads/2021/06/uru3-800x532.jpg HTTP/1.1" 200 64773 "-" "Mozilla/5.0 AppleWebKit/537.36 (KHTML, like Gecko; compatible; bingbot/2.0; +http://www.bing.com/bingbot.htm) Chrome/116.0.1938.76 Safari/537.36"
147.135.213.32 - - [27/Feb/2026:07:45:26 -0500] "GET /shop/?add-to-cart=1920&product_view=list&product_orderby=name&product_count=36 HTTP/1.1" 404 13529 "-" "Mozilla/5.0 (compatible; MJ12bot/v1.4.8; http://mj12bot.com/)"
66.249.79.69 - - [27/Feb/2026:07:45:26 -0500] "GET /product-category/paintings/?add-to-cart=1957&product_count=36&product_order=desc&product_orderby=default HTTP/1.1" 404 13538 "-" "Mozilla/5.0 (Linux; Android 6.0.1; Nexus 5X Build/MMB29P) AppleWebKit/537.36 (KHTML, like Gecko) Chrome/144.0.7559.132 Mobile Safari/537.36 (compatible; Googlebot/2.1; +http://www.google.com/bot.html)"
162.253.224.18 - - [27/Feb/2026:07:45:34 -0500] "POST /wp-cron.php?doing_wp_cron=1772196334.0438449382781982421875 HTTP/1.1" 200 - "-" "WordPress/6.9.1; https://clavo.space"
147.135.213.32 - - [27/Feb/2026:07:45:32 -0500] "GET /shop/?add-to-cart=1920&product_view=list&product_orderby=popularity&product_count=12 HTTP/1.1" 404 13530 "-" "Mozilla/5.0 (compatible; MJ12bot/v1.4.8; http://mj12bot.com/)"
147.135.213.32 - - [27/Feb/2026:07:45:37 -0500] "GET /shop/?add-to-cart=1920&product_view=list&product_orderby=popularity&product_count=24 HTTP/1.1" 404 13519 "-" "Mozilla/5.0 (compatible; MJ12bot/v1.4.8; http://mj12bot.com/)"
147.135.213.32 - - [27/Feb/2026:07:45:42 -0500] "GET /shop/?add-to-cart=1920&product_view=list&product_orderby=popularity&product_count=36 HTTP/1.1" 404 13521 "-" "Mozilla/5.0 (compatible; MJ12bot/v1.4.8; http://mj12bot.com/)"
147.135.213.32 - - [27/Feb/2026:07:45:47 -0500] "GET /shop/?add-to-cart=1920&product_view=list&product_orderby=price&product_count=12 HTTP/1.1" 404 13527 "-" "Mozilla/5.0 (compatible; MJ12bot/v1.4.8; http://mj12bot.com/)"
114.119.158.196 - - [27/Feb/2026:07:45:52 -0500] "GET /shop/page/6?product_count=12&product_orderby=popularity&product_view=grid HTTP/1.1" 404 13531 "https://clavo.space/shop/page/6?product_count=12&product_orderby=popularity&product_view=grid" "Mozilla/5.0 (Linux; Android 7.0;) AppleWebKit/537.36 (KHTML, like Gecko) Mobile Safari/537.36 (compatible; PetalBot;+https://webmaster.petalsearch.com/site/petalbot)"
147.135.213.32 - - [27/Feb/2026:07:45:53 -0500] "GET /shop/?add-to-cart=1920&product_view=list&product_orderby=price&product_count=24 HTTP/1.1" 404 13521 "-" "Mozilla/5.0 (compatible; MJ12bot/v1.4.8; http://mj12bot.com/)"
147.135.213.32 - - [27/Feb/2026:07:45:58 -0500] "GET /shop/?add-to-cart=1920&product_view=list&product_orderby=price&product_count=36 HTTP/1.1" 404 13525 "-" "Mozilla/5.0 (compatible; MJ12bot/v1.4.8; http://mj12bot.com/)"
147.135.213.32 - - [27/Feb/2026:07:46:03 -0500] "GET /shop/?add-to-cart=1920&product_view=list&product_orderby=rating&product_count=12 HTTP/1.1" 404 13526 "-" "Mozilla/5.0 (compatible; MJ12bot/v1.4.8; http://mj12bot.com/)"
147.135.213.32 - - [27/Feb/2026:07:46:09 -0500] "GET /shop/?add-to-cart=1920&product_view=list&product_orderby=rating&product_count=24 HTTP/1.1" 404 13528 "-" "Mozilla/5.0 (compatible; MJ12bot/v1.4.8; http://mj12bot.com/)"
85.208.96.203 - - [27/Feb/2026:07:46:13 -0500] "GET /events/list/?tribe-bar-date=2026-06-01 HTTP/1.1" 200 19456 "-" "Mozilla/5.0 (compatible; SemrushBot/7~bl; +http://www.semrush.com/bot.html)"
147.135.213.32 - - [27/Feb/2026:07:46:15 -0500] "GET /shop/?add-to-cart=1920&product_view=list&product_orderby=rating&product_count=36 HTTP/1.1" 404 13520 "-" "Mozilla/5.0 (compatible; MJ12bot/v1.4.8; http://mj12bot.com/)"
147.135.213.32 - - [27/Feb/2026:07:46:21 -0500] "GET /shop/?add-to-cart=1921&product_order=asc&product_count=36&product_orderby=date HTTP/1.1" 404 13528 "-" "Mozilla/5.0 (compatible; MJ12bot/v1.4.8; http://mj12bot.com/)"
147.135.213.32 - - [27/Feb/2026:07:46:26 -0500] "GET /shop/?add-to-cart=1921&product_order=asc&product_count=36&product_view=grid HTTP/1.1" 404 13533 "-" "Mozilla/5.0 (compatible; MJ12bot/v1.4.8; http://mj12bot.com/)"
162.253.224.18 - - [27/Feb/2026:07:46:34 -0500] "POST /wp-cron.php?doing_wp_cron=1772196394.1324639320373535156250 HTTP/1.1" 200 - "-" "WordPress/6.9.1; https://clavo.space"
147.135.213.32 - - [27/Feb/2026:07:46:31 -0500] "GET /shop/?add-to-cart=1921&product_order=asc&product_count=36&product_view=list HTTP/1.1" 404 13525 "-" "Mozilla/5.0 (compatible; MJ12bot/v1.4.8; http://mj12bot.com/)"
172.96.172.67 - - [27/Feb/2026:07:46:34 -0500] "GET /wp-login.php HTTP/1.1" 200 2093 "-" "Mozilla/5.0 (Windows NT 6.1; WOW64; Trident/7.0; EIE10;ENGBWOL; rv:11.0) like Gecko"
172.96.172.67 - - [27/Feb/2026:07:46:36 -0500] "POST /wp-login.php HTTP/1.1" 200 2224 "https://212productions.net/wp-login.php" "Mozilla/5.0 (Windows NT 6.1; WOW64; Trident/7.0; EIE10;ENGBWOL; rv:11.0) like Gecko"
147.135.213.32 - - [27/Feb/2026:07:46:37 -0500] "GET /shop/?add-to-cart=1921&product_order=asc&product_orderby=date&product_count=12 HTTP/1.1" 404 13527 "-" "Mozilla/5.0 (compatible; MJ12bot/v1.4.8; http://mj12bot.com/)"
185.191.171.11 - - [27/Feb/2026:07:46:37 -0500] "GET /events/tag/opening/list/?eventDisplay=past&tribe-bar-date=2028-10-18 HTTP/1.1" 200 20689 "-" "Mozilla/5.0 (compatible; SemrushBot/7~bl; +http://www.semrush.com/bot.html)"
147.135.213.32 - - [27/Feb/2026:07:46:44 -0500] "GET /shop/?add-to-cart=1921&product_order=asc&product_orderby=date&product_count=12&product_view=grid HTTP/1.1" 404 13529 "-" "Mozilla/5.0 (compatible; MJ12bot/v1.4.8; http://mj12bot.com/)"
147.135.213.32 - - [27/Feb/2026:07:46:49 -0500] "GET /shop/?add-to-cart=1921&product_order=asc&product_orderby=date&product_count=24 HTTP/1.1" 404 13528 "-" "Mozilla/5.0 (compatible; MJ12bot/v1.4.8; http://mj12bot.com/)"
147.135.213.32 - - [27/Feb/2026:07:46:55 -0500] "GET /shop/?add-to-cart=1921&product_order=asc&product_orderby=date&product_count=36 HTTP/1.1" 404 13523 "-" "Mozilla/5.0 (compatible; MJ12bot/v1.4.8; http://mj12bot.com/)"
147.135.213.32 - - [27/Feb/2026:07:47:00 -0500] "GET /shop/?add-to-cart=1921&product_order=asc&product_orderby=price&product_count=12 HTTP/1.1" 404 13527 "-" "Mozilla/5.0 (compatible; MJ12bot/v1.4.8; http://mj12bot.com/)"
147.135.213.32 - - [27/Feb/2026:07:47:05 -0500] "GET /shop/?add-to-cart=1921&product_order=asc&product_view=list&product_count=36&product_orderby=date HTTP/1.1" 404 13525 "-" "Mozilla/5.0 (compatible; MJ12bot/v1.4.8; http://mj12bot.com/)"
147.135.213.32 - - [27/Feb/2026:07:47:11 -0500] "GET /shop/?add-to-cart=1921&product_order=asc&product_view=list&product_count=36&product_orderby=default HTTP/1.1" 404 13525 "-" "Mozilla/5.0 (compatible; MJ12bot/v1.4.8; http://mj12bot.com/)"
147.135.213.32 - - [27/Feb/2026:07:47:17 -0500] "GET /shop/?add-to-cart=1921&product_order=asc&product_view=list&product_count=36&product_orderby=name HTTP/1.1" 404 13525 "-" "Mozilla/5.0 (compatible; MJ12bot/v1.4.8; http://mj12bot.com/)"
114.119.149.252 - - [27/Feb/2026:07:47:19 -0500] "GET /shop/page/5?product_order=desc&product_view=list&product_orderby=date HTTP/1.1" 404 13546 "https://clavo.space/shop/page/5?product_order=desc&product_view=grid&product_orderby=date" "Mozilla/5.0 (Linux; Android 7.0;) AppleWebKit/537.36 (KHTML, like Gecko) Mobile Safari/537.36 (compatible; PetalBot;+https://webmaster.petalsearch.com/site/petalbot)"
147.135.213.32 - - [27/Feb/2026:07:47:22 -0500] "GET /shop/?add-to-cart=1921&product_order=asc&product_view=list&product_count=36&product_orderby=popularity HTTP/1.1" 404 13523 "-" "Mozilla/5.0 (compatible; MJ12bot/v1.4.8; http://mj12bot.com/)"
142.93.120.13 - - [27/Feb/2026:07:47:25 -0500] "POST /xmlrpc.php HTTP/1.1" 200 225 "-" "Mozilla/5.0 (X11; Ubuntu; Linux x86_64; rv:61.0) Gecko/20100101 Firefox/61.0"
147.135.213.32 - - [27/Feb/2026:07:47:28 -0500] "GET /shop/?add-to-cart=1921&product_order=asc&product_view=list&product_count=36&product_orderby=rating HTTP/1.1" 404 13523 "-" "Mozilla/5.0 (compatible; MJ12bot/v1.4.8; http://mj12bot.com/)"
85.208.96.211 - - [27/Feb/2026:07:47:31 -0500] "GET /robots.txt HTTP/1.1" 200 111 "-" "Mozilla/5.0 (compatible; SemrushBot/7~bl; +http://www.semrush.com/bot.html)"
162.253.224.18 - - [27/Feb/2026:07:47:33 -0500] "POST /wp-cron.php?doing_wp_cron=1772196453.2448370456695556640625 HTTP/1.1" 200 - "-" "WordPress/6.9.1; https://clavo.space"
85.208.96.212 - - [27/Feb/2026:07:47:30 -0500] "GET /events/tag/exhibition/list/?eventDisplay=past&tribe-bar-date=2022-08-18 HTTP/1.1" 200 20694 "-" "Mozilla/5.0 (compatible; SemrushBot/7~bl; +http://www.semrush.com/bot.html)"
185.191.171.7 - - [27/Feb/2026:07:47:31 -0500] "GET /wp/especial-acapulco/ HTTP/1.1" 200 18315 "-" "Mozilla/5.0 (compatible; SemrushBot/7~bl; +http://www.semrush.com/bot.html)"
147.135.213.32 - - [27/Feb/2026:07:47:33 -0500] "GET /shop/?add-to-cart=1921&product_order=desc&product_count=12&product_view=grid HTTP/1.1" 404 13524 "-" "Mozilla/5.0 (compatible; MJ12bot/v1.4.8; http://mj12bot.com/)"
147.135.213.32 - - [27/Feb/2026:07:47:41 -0500] "GET /shop/?add-to-cart=1921&product_order=desc&product_count=36&product_view=grid HTTP/1.1" 404 13518 "-" "Mozilla/5.0 (compatible; MJ12bot/v1.4.8; http://mj12bot.com/)"
147.135.213.32 - - [27/Feb/2026:07:47:46 -0500] "GET /shop/?add-to-cart=1921&product_order=desc&product_orderby=default&product_count=12 HTTP/1.1" 404 13531 "-" "Mozilla/5.0 (compatible; MJ12bot/v1.4.8; http://mj12bot.com/)"
147.135.213.32 - - [27/Feb/2026:07:47:53 -0500] "GET /shop/?add-to-cart=1921&product_order=desc&product_orderby=default&product_count=24 HTTP/1.1" 404 13524 "-" "Mozilla/5.0 (compatible; MJ12bot/v1.4.8; http://mj12bot.com/)"
147.135.213.32 - - [27/Feb/2026:07:47:58 -0500] "GET /shop/?add-to-cart=1921&product_order=desc&product_orderby=default&product_count=36 HTTP/1.1" 404 13525 "-" "Mozilla/5.0 (compatible; MJ12bot/v1.4.8; http://mj12bot.com/)"
147.135.213.32 - - [27/Feb/2026:07:48:02 -0500] "GET /shop/?add-to-cart=1921&product_orderby=date&product_count=12&product_view=list HTTP/1.1" 404 13520 "-" "Mozilla/5.0 (compatible; MJ12bot/v1.4.8; http://mj12bot.com/)"
147.135.213.32 - - [27/Feb/2026:07:48:07 -0500] "GET /shop/?add-to-cart=1921&product_orderby=date&product_count=24&product_view=grid HTTP/1.1" 404 13522 "-" "Mozilla/5.0 (compatible; MJ12bot/v1.4.8; http://mj12bot.com/)"
147.135.213.32 - - [27/Feb/2026:07:48:12 -0500] "GET /shop/?add-to-cart=1921&product_orderby=date&product_order=asc&product_count=12&product_view=grid HTTP/1.1" 404 13525 "-" "Mozilla/5.0 (compatible; MJ12bot/v1.4.8; http://mj12bot.com/)"
85.208.96.211 - - [27/Feb/2026:07:48:13 -0500] "GET /events/tag/opening/list/?tribe-bar-date=2028-06-18 HTTP/1.1" 200 19713 "-" "Mozilla/5.0 (compatible; SemrushBot/7~bl; +http://www.semrush.com/bot.html)"
147.135.213.32 - - [27/Feb/2026:07:48:18 -0500] "GET /shop/?add-to-cart=1921&product_orderby=date&product_order=asc&product_count=12&product_view=list HTTP/1.1" 404 13519 "-" "Mozilla/5.0 (compatible; MJ12bot/v1.4.8; http://mj12bot.com/)"
185.191.171.5 - - [27/Feb/2026:07:48:18 -0500] "GET /events/tag/art/today/ HTTP/1.1" 200 19486 "-" "Mozilla/5.0 (compatible; SemrushBot/7~bl; +http://www.semrush.com/bot.html)"
147.135.213.32 - - [27/Feb/2026:07:48:23 -0500] "GET /shop/?add-to-cart=1921&product_orderby=date&product_order=asc&product_count=36&product_view=grid HTTP/1.1" 404 13523 "-" "Mozilla/5.0 (compatible; MJ12bot/v1.4.8; http://mj12bot.com/)"
147.135.213.32 - - [27/Feb/2026:07:48:28 -0500] "GET /shop/?add-to-cart=1921&product_orderby=date&product_view=list&product_count=12 HTTP/1.1" 404 13531 "-" "Mozilla/5.0 (compatible; MJ12bot/v1.4.8; http://mj12bot.com/)"
162.253.224.18 - - [27/Feb/2026:07:48:34 -0500] "POST /wp-cron.php?doing_wp_cron=1772196514.4523410797119140625000 HTTP/1.1" 200 - "-" "WordPress/6.9.1; https://clavo.space"
147.135.213.32 - - [27/Feb/2026:07:48:33 -0500] "GET /shop/?add-to-cart=1921&product_orderby=default&product_order=asc&product_count=12 HTTP/1.1" 404 13529 "-" "Mozilla/5.0 (compatible; MJ12bot/v1.4.8; http://mj12bot.com/)"
147.135.213.32 - - [27/Feb/2026:07:48:38 -0500] "GET /shop/?add-to-cart=1921&product_orderby=default&product_order=desc&product_count=12&product_view=grid HTTP/1.1" 404 13528 "-" "Mozilla/5.0 (compatible; MJ12bot/v1.4.8; http://mj12bot.com/)"
114.119.158.196 - - [27/Feb/2026:07:48:40 -0500] "GET /shop/page/5/?product_count=12&product_order=asc&product_orderby=rating HTTP/1.1" 404 13544 "https://clavo.space/shop/page/5/?product_count=12&product_order=asc&product_orderby=price" "Mozilla/5.0 (Linux; Android 7.0;) AppleWebKit/537.36 (KHTML, like Gecko) Mobile Safari/537.36 (compatible; PetalBot;+https://webmaster.petalsearch.com/site/petalbot)"
66.249.79.193 - - [27/Feb/2026:07:48:42 -0500] "GET /wp/broken-film/ HTTP/1.1" 301 326 "-" "Mozilla/5.0 (Linux; Android 6.0.1; Nexus 5X Build/MMB29P) AppleWebKit/537.36 (KHTML, like Gecko) Chrome/144.0.7559.132 Mobile Safari/537.36 (compatible; Googlebot/2.1; +http://www.google.com/bot.html)"
66.249.79.193 - - [27/Feb/2026:07:48:42 -0500] "GET /wp/broken-film/ HTTP/1.1" 301 - "-" "Mozilla/5.0 (Linux; Android 6.0.1; Nexus 5X Build/MMB29P) AppleWebKit/537.36 (KHTML, like Gecko) Chrome/144.0.7559.132 Mobile Safari/537.36 (compatible; Googlebot/2.1; +http://www.google.com/bot.html)"
66.249.79.74 - - [27/Feb/2026:07:48:43 -0500] "GET /wp/broken-film/ HTTP/1.1" 200 17256 "-" "Mozilla/5.0 (Linux; Android 6.0.1; Nexus 5X Build/MMB29P) AppleWebKit/537.36 (KHTML, like Gecko) Chrome/144.0.7559.132 Mobile Safari/537.36 (compatible; Googlebot/2.1; +http://www.google.com/bot.html)"
147.135.213.32 - - [27/Feb/2026:07:48:42 -0500] "GET /shop/?add-to-cart=1921&product_orderby=default&product_order=desc&product_count=24&product_view=grid HTTP/1.1" 404 13527 "-" "Mozilla/5.0 (compatible; MJ12bot/v1.4.8; http://mj12bot.com/)"
147.135.213.32 - - [27/Feb/2026:07:48:48 -0500] "GET /shop/?add-to-cart=1921&product_orderby=default&product_order=desc&product_count=36&product_view=grid HTTP/1.1" 404 13524 "-" "Mozilla/5.0 (compatible; MJ12bot/v1.4.8; http://mj12bot.com/)"
51.75.236.144 - - [27/Feb/2026:07:48:50 -0500] "GET /product-tag/burn/?product_view=grid&product_orderby=name&product_count=36&product_order=desc HTTP/1.1" 404 13524 "-" "Mozilla/5.0 (compatible; AhrefsBot/7.0; +http://ahrefs.com/robot/)"
147.135.213.32 - - [27/Feb/2026:07:48:53 -0500] "GET /shop/?add-to-cart=1921&product_orderby=default&product_order=desc&product_count=36&product_view=list HTTP/1.1" 404 13523 "-" "Mozilla/5.0 (compatible; MJ12bot/v1.4.8; http://mj12bot.com/)"
147.135.213.32 - - [27/Feb/2026:07:48:58 -0500] "GET /shop/?add-to-cart=1921&product_orderby=default&product_view=grid&product_count=12&product_order=desc HTTP/1.1" 404 13515 "-" "Mozilla/5.0 (compatible; MJ12bot/v1.4.8; http://mj12bot.com/)"
147.135.213.32 - - [27/Feb/2026:07:49:02 -0500] "GET /shop/?add-to-cart=1921&product_orderby=default&product_view=grid&product_count=24&product_order=desc HTTP/1.1" 404 13522 "-" "Mozilla/5.0 (compatible; MJ12bot/v1.4.8; http://mj12bot.com/)"
147.135.213.32 - - [27/Feb/2026:07:49:07 -0500] "GET /shop/?add-to-cart=1921&product_orderby=default&product_view=grid&product_count=36&product_order=desc HTTP/1.1" 404 13522 "-" "Mozilla/5.0 (compatible; MJ12bot/v1.4.8; http://mj12bot.com/)"
147.135.213.32 - - [27/Feb/2026:07:49:12 -0500] "GET /shop/?add-to-cart=1921&product_orderby=default&product_view=list&product_count=12&product_order=desc HTTP/1.1" 404 13526 "-" "Mozilla/5.0 (compatible; MJ12bot/v1.4.8; http://mj12bot.com/)"
147.135.213.32 - - [27/Feb/2026:07:49:16 -0500] "GET /shop/?add-to-cart=1921&product_orderby=default&product_view=list&product_count=36 HTTP/1.1" 404 13524 "-" "Mozilla/5.0 (compatible; MJ12bot/v1.4.8; http://mj12bot.com/)"
45.61.184.67 - - [27/Feb/2026:07:49:17 -0500] "GET /wp-login.php HTTP/1.1" 200 6864 "-" "Mozilla/5.0 (Windows NT 6.1) AppleWebKit/537.36 (KHTML, like Gecko) Chrome/35.0.1916.153 Safari/537.36"
43.153.49.151 - - [27/Feb/2026:07:49:19 -0500] "GET /wp/broken-film/ HTTP/1.1" 301 326 "http://m.brokendocumentary.film" "Mozilla/5.0 (iPhone; CPU iPhone OS 13_2_3 like Mac OS X) AppleWebKit/605.1.15 (KHTML, like Gecko) Version/13.0.3 Mobile/15E148 Safari/604.1"
45.61.184.67 - - [27/Feb/2026:07:49:19 -0500] "POST /wp-login.php HTTP/1.1" 200 7343 "-" "Mozilla/5.0 (Windows NT 6.1) AppleWebKit/537.36 (KHTML, like Gecko) Chrome/35.0.1916.153 Safari/537.36"
43.153.49.151 - - [27/Feb/2026:07:49:20 -0500] "GET /wp/broken-film/ HTTP/1.1" 301 - "http://www.212productions.net/wp/broken-film/" "Mozilla/5.0 (iPhone; CPU iPhone OS 13_2_3 like Mac OS X) AppleWebKit/605.1.15 (KHTML, like Gecko) Version/13.0.3 Mobile/15E148 Safari/604.1"
43.153.49.151 - - [27/Feb/2026:07:49:22 -0500] "GET /wp/broken-film/ HTTP/1.1" 200 17260 "https://www.212productions.net/wp/broken-film/" "Mozilla/5.0 (iPhone; CPU iPhone OS 13_2_3 like Mac OS X) AppleWebKit/605.1.15 (KHTML, like Gecko) Version/13.0.3 Mobile/15E148 Safari/604.1"
147.135.213.32 - - [27/Feb/2026:07:49:22 -0500] "GET /shop/?add-to-cart=1921&product_orderby=name&product_count=24&product_order=desc HTTP/1.1" 404 13529 "-" "Mozilla/5.0 (compatible; MJ12bot/v1.4.8; http://mj12bot.com/)"
205.185.115.27 - - [27/Feb/2026:07:49:25 -0500] "GET /wp-login.php HTTP/1.1" 200 6864 "-" "Mozilla/5.0 (Macintosh; Intel Mac OS X 10_9_2) AppleWebKit/537.75.14 (KHTML, like Gecko) Version/7.0.3 Safari/537.75.14"
147.135.213.32 - - [27/Feb/2026:07:49:27 -0500] "GET /shop/?add-to-cart=1921&product_orderby=name&product_order=desc&product_count=12 HTTP/1.1" 404 13525 "-" "Mozilla/5.0 (compatible; MJ12bot/v1.4.8; http://mj12bot.com/)"
205.185.115.27 - - [27/Feb/2026:07:49:28 -0500] "POST /wp-login.php HTTP/1.1" 200 7350 "-" "Mozilla/5.0 (Macintosh; Intel Mac OS X 10_9_2) AppleWebKit/537.75.14 (KHTML, like Gecko) Version/7.0.3 Safari/537.75.14"
162.253.224.18 - - [27/Feb/2026:07:49:33 -0500] "POST /wp-cron.php?doing_wp_cron=1772196573.9347140789031982421875 HTTP/1.1" 200 - "-" "WordPress/6.9.1; https://clavo.space"
147.135.213.32 - - [27/Feb/2026:07:49:32 -0500] "GET /shop/?add-to-cart=1921&product_orderby=name&product_order=desc&product_count=12&product_view=grid HTTP/1.1" 404 13520 "-" "Mozilla/5.0 (compatible; MJ12bot/v1.4.8; http://mj12bot.com/)"
147.135.213.32 - - [27/Feb/2026:07:49:37 -0500] "GET /shop/?add-to-cart=1921&product_orderby=name&product_order=desc&product_count=24 HTTP/1.1" 404 13529 "-" "Mozilla/5.0 (compatible; MJ12bot/v1.4.8; http://mj12bot.com/)"
147.135.213.32 - - [27/Feb/2026:07:49:42 -0500] "GET /shop/?add-to-cart=1921&product_orderby=name&product_order=desc&product_count=24&product_view=grid HTTP/1.1" 404 13528 "-" "Mozilla/5.0 (compatible; MJ12bot/v1.4.8; http://mj12bot.com/)"
66.249.79.73 - - [27/Feb/2026:07:49:45 -0500] "GET /?h=e2ak7bymnvy8z8f HTTP/1.1" 301 - "-" "Mozilla/5.0 (Linux; Android 6.0.1; Nexus 5X Build/MMB29P) AppleWebKit/537.36 (KHTML, like Gecko) Chrome/144.0.7559.132 Mobile Safari/537.36 (compatible; Googlebot/2.1; +http://www.google.com/bot.html)"
147.135.213.32 - - [27/Feb/2026:07:49:46 -0500] "GET /shop/?add-to-cart=1921&product_orderby=name&product_order=desc&product_count=24&product_view=list HTTP/1.1" 404 13527 "-" "Mozilla/5.0 (compatible; MJ12bot/v1.4.8; http://mj12bot.com/)"
66.249.79.67 - - [27/Feb/2026:07:49:46 -0500] "GET /?h=e2ak7bymnvy8z8f HTTP/1.1" 200 30758 "-" "Mozilla/5.0 (Linux; Android 6.0.1; Nexus 5X Build/MMB29P) AppleWebKit/537.36 (KHTML, like Gecko) Chrome/144.0.7559.132 Mobile Safari/537.36 (compatible; Googlebot/2.1; +http://www.google.com/bot.html)"
147.135.213.32 - - [27/Feb/2026:07:49:52 -0500] "GET /shop/?add-to-cart=1921&product_orderby=name&product_order=desc&product_count=36 HTTP/1.1" 404 13531 "-" "Mozilla/5.0 (compatible; MJ12bot/v1.4.8; http://mj12bot.com/)"
147.135.213.32 - - [27/Feb/2026:07:49:57 -0500] "GET /shop/?add-to-cart=1921&product_orderby=name&product_order=desc&product_count=36&product_view=grid HTTP/1.1" 404 13529 "-" "Mozilla/5.0 (compatible; MJ12bot/v1.4.8; http://mj12bot.com/)"
147.135.213.32 - - [27/Feb/2026:07:50:02 -0500] "GET /shop/?add-to-cart=1921&product_orderby=name&product_order=desc&product_count=36&product_view=list HTTP/1.1" 404 13530 "-" "Mozilla/5.0 (compatible; MJ12bot/v1.4.8; http://mj12bot.com/)"
85.208.96.204 - - [27/Feb/2026:07:50:04 -0500] "GET /events/tag/clavo-space/list/?eventDisplay=past&tribe-bar-date=2024-08-03 HTTP/1.1" 200 20693 "-" "Mozilla/5.0 (compatible; SemrushBot/7~bl; +http://www.semrush.com/bot.html)"
114.119.151.197 - - [27/Feb/2026:07:50:05 -0500] "GET /shop/page/4?product_orderby=rating&product_order=desc&product_count=12&product_view=grid HTTP/1.1" 404 13538 "https://clavo.space/shop/page/4?product_orderby=rating&product_order=desc&product_count=12&product_view=grid" "Mozilla/5.0 (Linux; Android 7.0;) AppleWebKit/537.36 (KHTML, like Gecko) Mobile Safari/537.36 (compatible; PetalBot;+https://webmaster.petalsearch.com/site/petalbot)"
147.135.213.32 - - [27/Feb/2026:07:50:06 -0500] "GET /shop/?add-to-cart=1921&product_orderby=name&product_view=grid&product_count=12 HTTP/1.1" 404 13530 "-" "Mozilla/5.0 (compatible; MJ12bot/v1.4.8; http://mj12bot.com/)"
85.208.96.203 - - [27/Feb/2026:07:50:09 -0500] "GET /events/list/?eventDisplay=past&tribe-bar-date=2020-12-09 HTTP/1.1" 200 20426 "-" "Mozilla/5.0 (compatible; SemrushBot/7~bl; +http://www.semrush.com/bot.html)"
147.135.213.32 - - [27/Feb/2026:07:50:11 -0500] "GET /shop/?add-to-cart=1921&product_orderby=name&product_view=grid&product_count=12&product_order=desc HTTP/1.1" 404 13530 "-" "Mozilla/5.0 (compatible; MJ12bot/v1.4.8; http://mj12bot.com/)"
66.249.79.74 - - [27/Feb/2026:07:50:15 -0500] "GET /wp/wp-content/uploads/fusion-styles/b5ea37b1cdda2ec594965a2bd0e910fd.min.css HTTP/1.1" 200 181028 "https://212productions.net/wp/broken-film/" "Mozilla/5.0 (Linux; Android 6.0.1; Nexus 5X Build/MMB29P) AppleWebKit/537.36 (KHTML, like Gecko) Chrome/144.0.7559.132 Mobile Safari/537.36 (compatible; Googlebot/2.1; +http://www.google.com/bot.html)"
66.249.79.72 - - [27/Feb/2026:07:50:16 -0500] "GET /wp/wp-includes/js/mediaelement/mediaelementplayer-legacy.min.css HTTP/1.1" 200 2592 "https://212productions.net/wp/broken-film/" "Mozilla/5.0 (Linux; Android 6.0.1; Nexus 5X Build/MMB29P) AppleWebKit/537.36 (KHTML, like Gecko) Chrome/144.0.7559.132 Mobile Safari/537.36 (compatible; Googlebot/2.1; +http://www.google.com/bot.html)"
66.249.79.73 - - [27/Feb/2026:07:50:16 -0500] "GET /wp/wp-includes/js/mediaelement/mediaelement-migrate.min.js HTTP/1.1" 200 540 "https://212productions.net/wp/broken-film/" "Mozilla/5.0 (Linux; Android 6.0.1; Nexus 5X Build/MMB29P) AppleWebKit/537.36 (KHTML, like Gecko) Chrome/144.0.7559.132 Mobile Safari/537.36 (compatible; Googlebot/2.1; +http://www.google.com/bot.html)"
66.249.79.73 - - [27/Feb/2026:07:50:16 -0500] "GET /wp/wp-includes/js/mediaelement/wp-mediaelement.min.css HTTP/1.1" 200 1156 "https://212productions.net/wp/broken-film/" "Mozilla/5.0 (Linux; Android 6.0.1; Nexus 5X Build/MMB29P) AppleWebKit/537.36 (KHTML, like Gecko) Chrome/144.0.7559.132 Mobile Safari/537.36 (compatible; Googlebot/2.1; +http://www.google.com/bot.html)"
66.249.79.74 - - [27/Feb/2026:07:50:16 -0500] "GET /wp/wp-includes/js/mediaelement/mediaelement-and-player.min.js HTTP/1.1" 200 38789 "https://212productions.net/wp/broken-film/" "Mozilla/5.0 (Linux; Android 6.0.1; Nexus 5X Build/MMB29P) AppleWebKit/537.36 (KHTML, like Gecko) Chrome/144.0.7559.132 Mobile Safari/537.36 (compatible; Googlebot/2.1; +http://www.google.com/bot.html)"
