217.182.195.225 - - [27/Feb/2026:16:14:53 -0500] "GET /shop/?add-to-cart=1978&product_orderby=rating&product_view=list&product_count=12&product_order=asc HTTP/1.1" 200 4196 "-" "Mozilla/5.0 (compatible; MJ12bot/v1.4.8; http://mj12bot.com/)"
217.182.195.225 - - [27/Feb/2026:16:14:57 -0500] "GET /shop/?add-to-cart=1978&product_orderby=rating&product_view=list&product_count=24&product_order=asc HTTP/1.1" 200 4196 "-" "Mozilla/5.0 (compatible; MJ12bot/v1.4.8; http://mj12bot.com/)"
217.182.195.225 - - [27/Feb/2026:16:15:01 -0500] "GET /shop/?add-to-cart=1978&product_orderby=rating&product_view=list&product_count=36&product_order=asc HTTP/1.1" 200 4196 "-" "Mozilla/5.0 (compatible; MJ12bot/v1.4.8; http://mj12bot.com/)"
85.208.96.212 - - [27/Feb/2026:16:15:03 -0500] "GET /events/list/?tribe-bar-date=2020-05-20 HTTP/1.1" 200 4196 "-" "Mozilla/5.0 (compatible; SemrushBot/7~bl; +http://www.semrush.com/bot.html)"
217.182.195.225 - - [27/Feb/2026:16:15:08 -0500] "GET /shop/?add-to-cart=1978&product_view=grid&product_count=24 HTTP/1.1" 200 4196 "-" "Mozilla/5.0 (compatible; MJ12bot/v1.4.8; http://mj12bot.com/)"
217.182.195.225 - - [27/Feb/2026:16:15:12 -0500] "GET /shop/?add-to-cart=1978&product_view=grid&product_count=24&product_orderby=rating HTTP/1.1" 200 4196 "-" "Mozilla/5.0 (compatible; MJ12bot/v1.4.8; http://mj12bot.com/)"
85.208.96.210 - - [27/Feb/2026:16:15:13 -0500] "GET /events/tag/clavo-space/list/?tribe-bar-date=2027-12-25 HTTP/1.1" 200 4196 "-" "Mozilla/5.0 (compatible; SemrushBot/7~bl; +http://www.semrush.com/bot.html)"
217.182.195.225 - - [27/Feb/2026:16:15:15 -0500] "GET /shop/?add-to-cart=1978&product_view=grid&product_orderby=date&product_count=12&product_order=asc HTTP/1.1" 200 4196 "-" "Mozilla/5.0 (compatible; MJ12bot/v1.4.8; http://mj12bot.com/)"
217.182.195.225 - - [27/Feb/2026:16:15:20 -0500] "GET /shop/?add-to-cart=1978&product_view=grid&product_orderby=date&product_count=24&product_order=asc HTTP/1.1" 200 4196 "-" "Mozilla/5.0 (compatible; MJ12bot/v1.4.8; http://mj12bot.com/)"
217.182.195.225 - - [27/Feb/2026:16:15:30 -0500] "GET /shop/?add-to-cart=1978&product_view=grid&product_orderby=default&product_count=12&product_order=desc HTTP/1.1" 200 4196 "-" "Mozilla/5.0 (compatible; MJ12bot/v1.4.8; http://mj12bot.com/)"
217.182.195.225 - - [27/Feb/2026:16:15:35 -0500] "GET /shop/?add-to-cart=1978&product_view=grid&product_orderby=default&product_count=24&product_order=desc HTTP/1.1" 200 4196 "-" "Mozilla/5.0 (compatible; MJ12bot/v1.4.8; http://mj12bot.com/)"
217.182.195.225 - - [27/Feb/2026:16:15:39 -0500] "GET /shop/?add-to-cart=1978&product_view=grid&product_orderby=default&product_count=36&product_order=desc HTTP/1.1" 200 4196 "-" "Mozilla/5.0 (compatible; MJ12bot/v1.4.8; http://mj12bot.com/)"
114.119.148.154 - - [27/Feb/2026:16:15:42 -0500] "GET /shop/?product_count=12&product_order=desc&product_orderby=default HTTP/1.1" 200 4196 "https://clavo.space/shop/?product_count=24&product_order=desc&product_orderby=default" "Mozilla/5.0 (Linux; Android 7.0;) AppleWebKit/537.36 (KHTML, like Gecko) Mobile Safari/537.36 (compatible; PetalBot;+https://webmaster.petalsearch.com/site/petalbot)"
217.182.195.225 - - [27/Feb/2026:16:15:42 -0500] "GET /shop/?add-to-cart=1978&product_view=list&product_orderby=name&product_count=12&product_order=desc HTTP/1.1" 200 4196 "-" "Mozilla/5.0 (compatible; MJ12bot/v1.4.8; http://mj12bot.com/)"
217.182.195.225 - - [27/Feb/2026:16:15:46 -0500] "GET /shop/?add-to-cart=1978&product_view=list&product_orderby=name&product_count=24&product_order=desc HTTP/1.1" 200 4196 "-" "Mozilla/5.0 (compatible; MJ12bot/v1.4.8; http://mj12bot.com/)"
217.182.195.225 - - [27/Feb/2026:16:15:50 -0500] "GET /shop/?add-to-cart=1978&product_view=list&product_orderby=name&product_count=36&product_order=desc HTTP/1.1" 200 4196 "-" "Mozilla/5.0 (compatible; MJ12bot/v1.4.8; http://mj12bot.com/)"
217.182.195.225 - - [27/Feb/2026:16:16:00 -0500] "GET /shop/?add-to-cart=1978&product_view=list&product_orderby=popularity&product_count=12&product_order=asc HTTP/1.1" 200 4196 "-" "Mozilla/5.0 (compatible; MJ12bot/v1.4.8; http://mj12bot.com/)"
185.191.171.11 - - [27/Feb/2026:16:16:00 -0500] "GET /events/list/?eventDisplay=past&tribe-bar-date=2024-04-05 HTTP/1.1" 200 4196 "-" "Mozilla/5.0 (compatible; SemrushBot/7~bl; +http://www.semrush.com/bot.html)"
217.182.195.225 - - [27/Feb/2026:16:16:04 -0500] "GET /shop/?add-to-cart=1978&product_view=list&product_orderby=popularity&product_count=24&product_order=asc HTTP/1.1" 200 4196 "-" "Mozilla/5.0 (compatible; MJ12bot/v1.4.8; http://mj12bot.com/)"
35.231.94.127 - - [27/Feb/2026:16:16:05 -0500] "GET /wp-login.php HTTP/1.1" 200 4196 "-" "Mozilla/5.0 (Windows NT 6.1; WOW64; Trident/7.0; NP08; NP08; MAAU; rv:11.0) like Gecko"
85.208.96.210 - - [27/Feb/2026:16:16:05 -0500] "GET /events/category/exhibition/list/?tribe-bar-date=2021-10-10 HTTP/1.1" 200 4196 "-" "Mozilla/5.0 (compatible; SemrushBot/7~bl; +http://www.semrush.com/bot.html)"
217.182.195.225 - - [27/Feb/2026:16:16:08 -0500] "GET /shop/?add-to-cart=1978&product_view=list&product_orderby=popularity&product_count=36&product_order=asc HTTP/1.1" 200 4196 "-" "Mozilla/5.0 (compatible; MJ12bot/v1.4.8; http://mj12bot.com/)"
85.208.96.196 - - [27/Feb/2026:16:16:10 -0500] "GET /events/tag/exhibition/list/?tribe-bar-date=2028-11-13 HTTP/1.1" 200 4196 "-" "Mozilla/5.0 (compatible; SemrushBot/7~bl; +http://www.semrush.com/bot.html)"
217.182.195.225 - - [27/Feb/2026:16:16:12 -0500] "GET /shop/?add-to-cart=1978&product_view=list&product_orderby=price&product_count=12&product_order=desc HTTP/1.1" 200 4196 "-" "Mozilla/5.0 (compatible; MJ12bot/v1.4.8; http://mj12bot.com/)"
217.182.195.225 - - [27/Feb/2026:16:16:16 -0500] "GET /shop/?add-to-cart=1978&product_view=list&product_orderby=price&product_count=24&product_order=desc HTTP/1.1" 200 4196 "-" "Mozilla/5.0 (compatible; MJ12bot/v1.4.8; http://mj12bot.com/)"
217.182.195.225 - - [27/Feb/2026:16:16:20 -0500] "GET /shop/?add-to-cart=1978&product_view=list&product_orderby=price&product_count=36&product_order=desc HTTP/1.1" 200 4196 "-" "Mozilla/5.0 (compatible; MJ12bot/v1.4.8; http://mj12bot.com/)"
85.208.96.196 - - [27/Feb/2026:16:16:23 -0500] "GET /events/tag/art/list/?tribe-bar-date=2022-03-23 HTTP/1.1" 200 4196 "-" "Mozilla/5.0 (compatible; SemrushBot/7~bl; +http://www.semrush.com/bot.html)"
217.182.195.225 - - [27/Feb/2026:16:16:24 -0500] "GET /shop/?add-to-cart=1978&product_view=list&product_orderby=rating&product_count=24&product_order=asc HTTP/1.1" 200 4196 "-" "Mozilla/5.0 (compatible; MJ12bot/v1.4.8; http://mj12bot.com/)"
217.182.195.225 - - [27/Feb/2026:16:16:28 -0500] "GET /shop/?add-to-cart=223&product_order=desc&product_count=12 HTTP/1.1" 200 4196 "-" "Mozilla/5.0 (compatible; MJ12bot/v1.4.8; http://mj12bot.com/)"
217.182.195.225 - - [27/Feb/2026:16:16:32 -0500] "GET /shop/?add-to-cart=223&product_orderby=date&product_count=24&product_order=asc HTTP/1.1" 200 4196 "-" "Mozilla/5.0 (compatible; MJ12bot/v1.4.8; http://mj12bot.com/)"
217.182.195.225 - - [27/Feb/2026:16:16:36 -0500] "GET /shop/?add-to-cart=223&product_orderby=date&product_count=24&product_view=list HTTP/1.1" 200 4196 "-" "Mozilla/5.0 (compatible; MJ12bot/v1.4.8; http://mj12bot.com/)"
217.182.195.225 - - [27/Feb/2026:16:16:39 -0500] "GET /shop/?add-to-cart=223&product_orderby=default&product_count=24 HTTP/1.1" 200 4196 "-" "Mozilla/5.0 (compatible; MJ12bot/v1.4.8; http://mj12bot.com/)"
217.182.195.225 - - [27/Feb/2026:16:16:43 -0500] "GET /shop/?add-to-cart=223&product_orderby=rating&product_count=12 HTTP/1.1" 200 4196 "-" "Mozilla/5.0 (compatible; MJ12bot/v1.4.8; http://mj12bot.com/)"
217.182.195.225 - - [27/Feb/2026:16:16:47 -0500] "GET /shop/?add-to-cart=223&product_orderby=rating&product_count=12&product_order=asc HTTP/1.1" 200 4196 "-" "Mozilla/5.0 (compatible; MJ12bot/v1.4.8; http://mj12bot.com/)"
217.182.195.225 - - [27/Feb/2026:16:16:51 -0500] "GET /shop/?add-to-cart=223&product_orderby=rating&product_count=12&product_view=grid HTTP/1.1" 200 4196 "-" "Mozilla/5.0 (compatible; MJ12bot/v1.4.8; http://mj12bot.com/)"
217.182.195.225 - - [27/Feb/2026:16:16:55 -0500] "GET /shop/?add-to-cart=223&product_orderby=rating&product_count=12&product_view=list HTTP/1.1" 200 4196 "-" "Mozilla/5.0 (compatible; MJ12bot/v1.4.8; http://mj12bot.com/)"
217.182.195.225 - - [27/Feb/2026:16:16:58 -0500] "GET /shop/?add-to-cart=223&product_orderby=rating&product_count=24 HTTP/1.1" 200 4196 "-" "Mozilla/5.0 (compatible; MJ12bot/v1.4.8; http://mj12bot.com/)"
217.182.195.225 - - [27/Feb/2026:16:17:02 -0500] "GET /shop/?add-to-cart=223&product_orderby=rating&product_count=24&product_order=asc HTTP/1.1" 200 4196 "-" "Mozilla/5.0 (compatible; MJ12bot/v1.4.8; http://mj12bot.com/)"
114.119.158.196 - - [27/Feb/2026:16:17:06 -0500] "GET /product-tag/tania-riera/?product_orderby=popularity&product_count=12&product_view=grid&product_order=asc HTTP/1.1" 200 4196 "https://clavo.space/product-tag/tania-riera/?product_orderby=popularity&product_count=12&product_view=grid&product_order=asc" "Mozilla/5.0 (Linux; Android 7.0;) AppleWebKit/537.36 (KHTML, like Gecko) Mobile Safari/537.36 (compatible; PetalBot;+https://webmaster.petalsearch.com/site/petalbot)"
217.182.195.225 - - [27/Feb/2026:16:17:06 -0500] "GET /shop/?add-to-cart=223&product_orderby=rating&product_count=24&product_view=grid HTTP/1.1" 200 4196 "-" "Mozilla/5.0 (compatible; MJ12bot/v1.4.8; http://mj12bot.com/)"
217.182.195.225 - - [27/Feb/2026:16:17:10 -0500] "GET /shop/?add-to-cart=223&product_orderby=rating&product_count=24&product_view=list HTTP/1.1" 200 4196 "-" "Mozilla/5.0 (compatible; MJ12bot/v1.4.8; http://mj12bot.com/)"
216.73.216.223 - - [27/Feb/2026:16:17:12 -0500] "GET /wp/lachapelle-in-mexico-2024/ HTTP/1.1" 200 29221 "-" "Mozilla/5.0 AppleWebKit/537.36 (KHTML, like Gecko; compatible; ClaudeBot/1.0; +claudebot@anthropic.com)"
217.182.195.225 - - [27/Feb/2026:16:17:14 -0500] "GET /shop/?add-to-cart=223&product_orderby=rating&product_count=36 HTTP/1.1" 200 4196 "-" "Mozilla/5.0 (compatible; MJ12bot/v1.4.8; http://mj12bot.com/)"
217.182.195.225 - - [27/Feb/2026:16:17:18 -0500] "GET /shop/?add-to-cart=223&product_orderby=rating&product_count=36&product_order=asc HTTP/1.1" 200 4196 "-" "Mozilla/5.0 (compatible; MJ12bot/v1.4.8; http://mj12bot.com/)"
217.182.195.225 - - [27/Feb/2026:16:17:22 -0500] "GET /shop/?add-to-cart=4854&product_orderby=rating&product_count=12 HTTP/1.1" 200 4196 "-" "Mozilla/5.0 (compatible; MJ12bot/v1.4.8; http://mj12bot.com/)"
217.182.195.225 - - [27/Feb/2026:16:17:26 -0500] "GET /shop/?add-to-cart=4854&product_orderby=rating&product_count=24 HTTP/1.1" 200 4196 "-" "Mozilla/5.0 (compatible; MJ12bot/v1.4.8; http://mj12bot.com/)"
217.182.195.225 - - [27/Feb/2026:16:17:30 -0500] "GET /shop/?add-to-cart=4854&product_orderby=rating&product_count=36 HTTP/1.1" 200 4196 "-" "Mozilla/5.0 (compatible; MJ12bot/v1.4.8; http://mj12bot.com/)"
217.182.195.225 - - [27/Feb/2026:16:17:34 -0500] "GET /shop/?add-to-cart=4854&product_orderby=rating&product_count=36&product_view=grid HTTP/1.1" 200 4196 "-" "Mozilla/5.0 (compatible; MJ12bot/v1.4.8; http://mj12bot.com/)"
217.182.195.225 - - [27/Feb/2026:16:17:38 -0500] "GET /shop/?add-to-cart=5732&product_orderby=default&product_count=12 HTTP/1.1" 200 4196 "-" "Mozilla/5.0 (compatible; MJ12bot/v1.4.8; http://mj12bot.com/)"
217.182.195.225 - - [27/Feb/2026:16:17:42 -0500] "GET /shop/?add-to-cart=5732&product_orderby=default&product_count=24 HTTP/1.1" 200 4196 "-" "Mozilla/5.0 (compatible; MJ12bot/v1.4.8; http://mj12bot.com/)"
217.182.195.225 - - [27/Feb/2026:16:17:46 -0500] "GET /shop/?add-to-cart=5732&product_orderby=default&product_count=36 HTTP/1.1" 200 4196 "-" "Mozilla/5.0 (compatible; MJ12bot/v1.4.8; http://mj12bot.com/)"
217.182.195.225 - - [27/Feb/2026:16:17:49 -0500] "GET /shop/?add-to-cart=5945&product_orderby=rating&product_count=24 HTTP/1.1" 200 4196 "-" "Mozilla/5.0 (compatible; MJ12bot/v1.4.8; http://mj12bot.com/)"
114.119.135.182 - - [27/Feb/2026:16:17:51 -0500] "GET /wp/portfolio-items/san-lazaro-iluminado/?portfolioCats=46 HTTP/1.1" 200 22045 "https://212productions.net/wp/portfolio-items/san-lazaro-iluminado/?portfolioCats=46" "Mozilla/5.0 (Linux; Android 7.0;) AppleWebKit/537.36 (KHTML, like Gecko) Mobile Safari/537.36 (compatible; PetalBot;+https://webmaster.petalsearch.com/site/petalbot)"
217.182.195.225 - - [27/Feb/2026:16:17:53 -0500] "GET /shop/?add-to-cart=5945&product_view=list&product_count=24&product_order=desc HTTP/1.1" 200 4196 "-" "Mozilla/5.0 (compatible; MJ12bot/v1.4.8; http://mj12bot.com/)"
185.191.171.8 - - [27/Feb/2026:16:17:56 -0500] "GET /events/tag/opening/day/2028-07-18/ HTTP/1.1" 200 4196 "-" "Mozilla/5.0 (compatible; SemrushBot/7~bl; +http://www.semrush.com/bot.html)"
217.182.195.225 - - [27/Feb/2026:16:17:57 -0500] "GET /shop/?add-to-cart=6579&product_orderby=default&product_count=36 HTTP/1.1" 200 4196 "-" "Mozilla/5.0 (compatible; MJ12bot/v1.4.8; http://mj12bot.com/)"
217.182.195.225 - - [27/Feb/2026:16:18:01 -0500] "GET /shop/?add-to-cart=6590&product_order=asc&product_count=12&product_view=grid HTTP/1.1" 200 4196 "-" "Mozilla/5.0 (compatible; MJ12bot/v1.4.8; http://mj12bot.com/)"
217.182.195.225 - - [27/Feb/2026:16:18:05 -0500] "GET /shop/?add-to-cart=6590&product_order=desc&product_orderby=date&product_count=12&product_view=grid HTTP/1.1" 200 4196 "-" "Mozilla/5.0 (compatible; MJ12bot/v1.4.8; http://mj12bot.com/)"
217.182.195.225 - - [27/Feb/2026:16:18:09 -0500] "GET /shop/?add-to-cart=6590&product_order=desc&product_orderby=date&product_count=12&product_view=list HTTP/1.1" 200 4196 "-" "Mozilla/5.0 (compatible; MJ12bot/v1.4.8; http://mj12bot.com/)"
217.182.195.225 - - [27/Feb/2026:16:18:13 -0500] "GET /shop/?add-to-cart=6590&product_order=desc&product_orderby=date&product_count=36&product_view=list HTTP/1.1" 200 4196 "-" "Mozilla/5.0 (compatible; MJ12bot/v1.4.8; http://mj12bot.com/)"
217.182.195.225 - - [27/Feb/2026:16:18:17 -0500] "GET /shop/?add-to-cart=6590&product_orderby=date&product_count=12&product_order=desc HTTP/1.1" 200 4196 "-" "Mozilla/5.0 (compatible; MJ12bot/v1.4.8; http://mj12bot.com/)"
217.182.195.225 - - [27/Feb/2026:16:18:21 -0500] "GET /shop/?add-to-cart=6590&product_orderby=date&product_count=24&product_order=asc HTTP/1.1" 200 4196 "-" "Mozilla/5.0 (compatible; MJ12bot/v1.4.8; http://mj12bot.com/)"
217.182.195.225 - - [27/Feb/2026:16:18:25 -0500] "GET /shop/?add-to-cart=6590&product_orderby=date&product_count=36&product_order=asc HTTP/1.1" 200 4196 "-" "Mozilla/5.0 (compatible; MJ12bot/v1.4.8; http://mj12bot.com/)"
114.119.158.196 - - [27/Feb/2026:16:18:27 -0500] "GET /product-tag/sculpture/?product_order=desc&product_orderby=price&product_view=list&product_count=36 HTTP/1.1" 200 4196 "https://clavo.space/product-tag/sculpture/?product_order=desc&product_orderby=price&product_view=list" "Mozilla/5.0 (Linux; Android 7.0;) AppleWebKit/537.36 (KHTML, like Gecko) Mobile Safari/537.36 (compatible; PetalBot;+https://webmaster.petalsearch.com/site/petalbot)"
217.182.195.225 - - [27/Feb/2026:16:18:29 -0500] "GET /shop/?add-to-cart=6590&product_orderby=date&product_count=36&product_order=desc HTTP/1.1" 200 4196 "-" "Mozilla/5.0 (compatible; MJ12bot/v1.4.8; http://mj12bot.com/)"
217.182.195.225 - - [27/Feb/2026:16:18:33 -0500] "GET /shop/?add-to-cart=6590&product_orderby=default&product_count=12&product_view=list HTTP/1.1" 200 4196 "-" "Mozilla/5.0 (compatible; MJ12bot/v1.4.8; http://mj12bot.com/)"
185.191.171.4 - - [27/Feb/2026:16:18:34 -0500] "GET /events/tag/clavo-space/day/2022-03-06/ HTTP/1.1" 200 4196 "-" "Mozilla/5.0 (compatible; SemrushBot/7~bl; +http://www.semrush.com/bot.html)"
217.182.195.225 - - [27/Feb/2026:16:18:37 -0500] "GET /shop/?add-to-cart=6590&product_orderby=default&product_view=grid&product_count=36 HTTP/1.1" 200 4196 "-" "Mozilla/5.0 (compatible; MJ12bot/v1.4.8; http://mj12bot.com/)"
217.182.195.225 - - [27/Feb/2026:16:18:41 -0500] "GET /shop/?add-to-cart=6590&product_orderby=default&product_view=list&product_count=12 HTTP/1.1" 200 4196 "-" "Mozilla/5.0 (compatible; MJ12bot/v1.4.8; http://mj12bot.com/)"
217.182.195.225 - - [27/Feb/2026:16:18:45 -0500] "GET /shop/?add-to-cart=6590&product_orderby=name&product_count=12&product_order=desc HTTP/1.1" 200 4196 "-" "Mozilla/5.0 (compatible; MJ12bot/v1.4.8; http://mj12bot.com/)"
217.182.195.225 - - [27/Feb/2026:16:18:49 -0500] "GET /shop/?add-to-cart=6590&product_orderby=name&product_count=12&product_view=grid HTTP/1.1" 200 4196 "-" "Mozilla/5.0 (compatible; MJ12bot/v1.4.8; http://mj12bot.com/)"
217.182.195.225 - - [27/Feb/2026:16:18:53 -0500] "GET /shop/?add-to-cart=6590&product_orderby=name&product_count=12&product_view=list HTTP/1.1" 200 4196 "-" "Mozilla/5.0 (compatible; MJ12bot/v1.4.8; http://mj12bot.com/)"
217.182.195.225 - - [27/Feb/2026:16:18:57 -0500] "GET /shop/?add-to-cart=6590&product_orderby=name&product_count=24&product_order=asc HTTP/1.1" 200 4196 "-" "Mozilla/5.0 (compatible; MJ12bot/v1.4.8; http://mj12bot.com/)"
217.182.195.225 - - [27/Feb/2026:16:19:01 -0500] "GET /shop/?add-to-cart=6590&product_orderby=name&product_count=24&product_order=desc HTTP/1.1" 200 4196 "-" "Mozilla/5.0 (compatible; MJ12bot/v1.4.8; http://mj12bot.com/)"
217.182.195.225 - - [27/Feb/2026:16:19:04 -0500] "GET /shop/?add-to-cart=6590&product_orderby=name&product_count=24&product_view=grid HTTP/1.1" 200 4196 "-" "Mozilla/5.0 (compatible; MJ12bot/v1.4.8; http://mj12bot.com/)"
216.73.216.223 - - [27/Feb/2026:16:19:07 -0500] "GET /robots.txt HTTP/1.1" 200 111 "-" ""
216.73.216.223 - - [27/Feb/2026:16:19:07 -0500] "GET /wp/links-directos/ HTTP/1.1" 200 18032 "-" "Mozilla/5.0 AppleWebKit/537.36 (KHTML, like Gecko; compatible; ClaudeBot/1.0; +claudebot@anthropic.com)"
217.182.195.225 - - [27/Feb/2026:16:19:08 -0500] "GET /shop/?add-to-cart=6590&product_orderby=name&product_count=24&product_view=list HTTP/1.1" 200 4196 "-" "Mozilla/5.0 (compatible; MJ12bot/v1.4.8; http://mj12bot.com/)"
85.208.96.210 - - [27/Feb/2026:16:19:11 -0500] "GET /events/tag/art/list/?eventDisplay=past&tribe-bar-date=2022-10-10 HTTP/1.1" 200 4196 "-" "Mozilla/5.0 (compatible; SemrushBot/7~bl; +http://www.semrush.com/bot.html)"
217.182.195.225 - - [27/Feb/2026:16:19:12 -0500] "GET /shop/?add-to-cart=6590&product_orderby=name&product_count=36&product_order=asc HTTP/1.1" 200 4196 "-" "Mozilla/5.0 (compatible; MJ12bot/v1.4.8; http://mj12bot.com/)"
114.119.143.174 - - [27/Feb/2026:16:19:14 -0500] "GET /wp/wp-content/uploads/2025/11/gatering.webp HTTP/1.1" 200 562080 "https://212productions.net/wp/portfolio-items/clavo-space-hosted-by-casa-de-cultura-uc/?portfolioCats=46" "Mozilla/5.0 (Linux; Android 7.0;) AppleWebKit/537.36 (KHTML, like Gecko) Mobile Safari/537.36 (compatible; PetalBot;+https://webmaster.petalsearch.com/site/petalbot)"
217.182.195.225 - - [27/Feb/2026:16:19:16 -0500] "GET /shop/?add-to-cart=6590&product_orderby=name&product_count=36&product_view=grid HTTP/1.1" 200 4196 "-" "Mozilla/5.0 (compatible; MJ12bot/v1.4.8; http://mj12bot.com/)"
85.208.96.201 - - [27/Feb/2026:16:19:19 -0500] "GET /events/tag/exhibition/list/?tribe-bar-date=2027-06-01 HTTP/1.1" 200 4196 "-" "Mozilla/5.0 (compatible; SemrushBot/7~bl; +http://www.semrush.com/bot.html)"
217.182.195.225 - - [27/Feb/2026:16:19:20 -0500] "GET /shop/?add-to-cart=6590&product_orderby=name&product_count=36&product_view=list HTTP/1.1" 200 4196 "-" "Mozilla/5.0 (compatible; MJ12bot/v1.4.8; http://mj12bot.com/)"
185.191.171.11 - - [27/Feb/2026:16:19:23 -0500] "GET /events/tag/art/day/2027-10-09/ HTTP/1.1" 200 4196 "-" "Mozilla/5.0 (compatible; SemrushBot/7~bl; +http://www.semrush.com/bot.html)"
217.182.195.225 - - [27/Feb/2026:16:19:24 -0500] "GET /shop/?add-to-cart=6590&product_orderby=popularity&product_count=12&product_view=grid HTTP/1.1" 200 4196 "-" "Mozilla/5.0 (compatible; MJ12bot/v1.4.8; http://mj12bot.com/)"
217.182.195.225 - - [27/Feb/2026:16:19:28 -0500] "GET /shop/?add-to-cart=6590&product_orderby=popularity&product_count=12&product_view=list HTTP/1.1" 200 4196 "-" "Mozilla/5.0 (compatible; MJ12bot/v1.4.8; http://mj12bot.com/)"
185.191.171.13 - - [27/Feb/2026:16:19:29 -0500] "GET /events/tag/opening/list/?eventDisplay=past&tribe-bar-date=2028-04-19 HTTP/1.1" 200 4196 "-" "Mozilla/5.0 (compatible; SemrushBot/7~bl; +http://www.semrush.com/bot.html)"
217.182.195.225 - - [27/Feb/2026:16:19:32 -0500] "GET /shop/?add-to-cart=6590&product_orderby=popularity&product_count=24&product_order=asc HTTP/1.1" 200 4196 "-" "Mozilla/5.0 (compatible; MJ12bot/v1.4.8; http://mj12bot.com/)"
66.249.79.69 - - [27/Feb/2026:16:19:33 -0500] "GET /page/2/?h=en38ogri40rpud8 HTTP/1.1" 200 4196 "-" "Mozilla/5.0 (Linux; Android 6.0.1; Nexus 5X Build/MMB29P) AppleWebKit/537.36 (KHTML, like Gecko) Chrome/144.0.7559.132 Mobile Safari/537.36 (compatible; GoogleOther)"
217.182.195.225 - - [27/Feb/2026:16:19:35 -0500] "GET /shop/?add-to-cart=6590&product_orderby=popularity&product_count=24&product_view=grid HTTP/1.1" 200 4196 "-" "Mozilla/5.0 (compatible; MJ12bot/v1.4.8; http://mj12bot.com/)"
217.182.195.225 - - [27/Feb/2026:16:19:39 -0500] "GET /shop/?add-to-cart=6590&product_orderby=popularity&product_count=24&product_view=list HTTP/1.1" 200 4196 "-" "Mozilla/5.0 (compatible; MJ12bot/v1.4.8; http://mj12bot.com/)"
217.182.195.225 - - [27/Feb/2026:16:19:43 -0500] "GET /shop/?add-to-cart=6590&product_orderby=price&product_count=12&product_order=asc HTTP/1.1" 200 4196 "-" "Mozilla/5.0 (compatible; MJ12bot/v1.4.8; http://mj12bot.com/)"
217.182.195.225 - - [27/Feb/2026:16:19:47 -0500] "GET /shop/?add-to-cart=6590&product_orderby=price&product_count=12&product_order=desc HTTP/1.1" 200 4196 "-" "Mozilla/5.0 (compatible; MJ12bot/v1.4.8; http://mj12bot.com/)"
217.182.195.225 - - [27/Feb/2026:16:19:51 -0500] "GET /shop/?add-to-cart=6590&product_orderby=price&product_count=12&product_view=grid HTTP/1.1" 200 4196 "-" "Mozilla/5.0 (compatible; MJ12bot/v1.4.8; http://mj12bot.com/)"
114.119.151.197 - - [27/Feb/2026:16:19:52 -0500] "GET /product-tag/garret-suhrie/?product_view=grid&product_count=24 HTTP/1.1" 200 4196 "https://clavo.space/product-tag/garret-suhrie/?product_view=grid&product_count=12" "Mozilla/5.0 (Linux; Android 7.0;) AppleWebKit/537.36 (KHTML, like Gecko) Mobile Safari/537.36 (compatible; PetalBot;+https://webmaster.petalsearch.com/site/petalbot)"
217.182.195.225 - - [27/Feb/2026:16:19:55 -0500] "GET /shop/?add-to-cart=6590&product_orderby=rating&product_view=grid&product_count=36 HTTP/1.1" 200 4196 "-" "Mozilla/5.0 (compatible; MJ12bot/v1.4.8; http://mj12bot.com/)"
65.21.12.180 - - [27/Feb/2026:16:19:56 -0500] "GET /wp-login.php HTTP/1.1" 200 4196 "-" "Mozilla/5.0 (Windows NT 6.3; Win64; x64; Trident/7.0; Touch; MATBJS; rv:11.0) like Gecko"
65.21.12.180 - - [27/Feb/2026:16:19:57 -0500] "POST /wp-login.php HTTP/1.1" 200 4196 "https://212productions.net/wp-login.php" "Mozilla/5.0 (Windows NT 6.3; Win64; x64; Trident/7.0; Touch; MATBJS; rv:11.0) like Gecko"
185.191.171.5 - - [27/Feb/2026:16:20:19 -0500] "GET /events/category/exhibition/list/?tribe-bar-date=2023-02-02 HTTP/1.1" 200 4196 "-" "Mozilla/5.0 (compatible; SemrushBot/7~bl; +http://www.semrush.com/bot.html)"
185.191.171.11 - - [27/Feb/2026:16:20:25 -0500] "GET /events/list/?tribe-bar-date=2024-06-01 HTTP/1.1" 200 4196 "-" "Mozilla/5.0 (compatible; SemrushBot/7~bl; +http://www.semrush.com/bot.html)"
85.208.96.206 - - [27/Feb/2026:16:20:32 -0500] "GET /events/list/?eventDisplay=past&tribe-bar-date=2023-05-22 HTTP/1.1" 200 4196 "-" "Mozilla/5.0 (compatible; SemrushBot/7~bl; +http://www.semrush.com/bot.html)"
162.253.224.18 - - [27/Feb/2026:16:20:42 -0500] "POST /wp/wp-cron.php?doing_wp_cron=1772227242.6563580036163330078125 HTTP/1.1" 200 - "-" "WordPress/6.9.1; https://212productions.net/wp"
114.119.135.182 - - [27/Feb/2026:16:20:40 -0500] "GET /wp/author/admin/page/7 HTTP/1.1" 200 15104 "https://212productions.net/wp/author/admin/page/7" "Mozilla/5.0 (Linux; Android 7.0;) AppleWebKit/537.36 (KHTML, like Gecko) Mobile Safari/537.36 (compatible; PetalBot;+https://webmaster.petalsearch.com/site/petalbot)"
85.208.96.200 - - [27/Feb/2026:16:20:47 -0500] "GET /events/category/exhibition/list/?eventDisplay=past&tribe-bar-date=2026-05-27 HTTP/1.1" 200 4196 "-" "Mozilla/5.0 (compatible; SemrushBot/7~bl; +http://www.semrush.com/bot.html)"
192.176.172.166 - - [27/Feb/2026:16:21:05 -0500] "POST /xmlrpc.php HTTP/1.1" 200 4196 "-" "Mozilla/5.0 (Windows NT 6.1; Win64; x64) AppleWebKit/537.36 (KHTML, like Gecko) Chrome/58.0.3029.110 Safari/537.36 Edge/16.16299"
85.208.96.210 - - [27/Feb/2026:16:21:06 -0500] "GET /events/tag/exhibition/list/?tribe-bar-date=2026-02-26 HTTP/1.1" 200 4196 "-" "Mozilla/5.0 (compatible; SemrushBot/7~bl; +http://www.semrush.com/bot.html)"
192.176.172.166 - - [27/Feb/2026:16:21:07 -0500] "POST /xmlrpc.php HTTP/1.1" 200 4196 "-" "Mozilla/5.0 (Windows NT 6.1; Win64; x64) AppleWebKit/537.36 (KHTML, like Gecko) Chrome/58.0.3029.110 Safari/537.36 Edge/16.16299"
192.176.172.166 - - [27/Feb/2026:16:21:08 -0500] "POST /xmlrpc.php HTTP/1.1" 200 4196 "-" "Mozilla/5.0 (Windows NT 6.1; Win64; x64) AppleWebKit/537.36 (KHTML, like Gecko) Chrome/58.0.3029.110 Safari/537.36 Edge/16.16299"
114.119.132.131 - - [27/Feb/2026:16:21:20 -0500] "GET /product-tag/garret-suhrie/?product_orderby=popularity&product_view=list&product_order=desc&product_count=12 HTTP/1.1" 200 4196 "https://clavo.space/product-tag/garret-suhrie/?product_orderby=popularity&product_view=list&product_order=desc&product_count=12" "Mozilla/5.0 (Linux; Android 7.0;) AppleWebKit/537.36 (KHTML, like Gecko) Mobile Safari/537.36 (compatible; PetalBot;+https://webmaster.petalsearch.com/site/petalbot)"
85.208.96.197 - - [27/Feb/2026:16:21:41 -0500] "GET /events/tag/exhibition/list/?tribe-bar-date=2020-03-12 HTTP/1.1" 200 4196 "-" "Mozilla/5.0 (compatible; SemrushBot/7~bl; +http://www.semrush.com/bot.html)"
66.249.79.69 - - [27/Feb/2026:16:21:53 -0500] "GET /page/2/?h=enhdq65t6q5r73m HTTP/1.1" 200 4196 "-" "Mozilla/5.0 (Linux; Android 6.0.1; Nexus 5X Build/MMB29P) AppleWebKit/537.36 (KHTML, like Gecko) Chrome/144.0.7559.132 Mobile Safari/537.36 (compatible; GoogleOther)"
85.208.96.199 - - [27/Feb/2026:16:22:18 -0500] "GET /events/list/?tribe-bar-date=2022-06-27 HTTP/1.1" 200 4196 "-" "Mozilla/5.0 (compatible; SemrushBot/7~bl; +http://www.semrush.com/bot.html)"
142.44.225.187 - - [27/Feb/2026:16:22:19 -0500] "GET /product-category/paintings/oil-painting/page/1/?product_view=grid&product_orderby=rating&product_order=desc&product_count=24 HTTP/1.1" 200 4196 "-" "Mozilla/5.0 (compatible; AhrefsBot/7.0; +http://ahrefs.com/robot/)"
114.119.136.13 - - [27/Feb/2026:16:22:41 -0500] "GET /product-tag/autopsy/?product_order=asc&product_orderby=rating&product_count=36&product_view=grid HTTP/1.1" 200 4196 "https://clavo.space/product-tag/autopsy/?product_order=asc&product_orderby=rating&product_count=24&product_view=grid" "Mozilla/5.0 (Linux; Android 7.0;) AppleWebKit/537.36 (KHTML, like Gecko) Mobile Safari/537.36 (compatible; PetalBot;+https://webmaster.petalsearch.com/site/petalbot)"
169.224.125.143 - - [27/Feb/2026:16:22:45 -0500] "GET /wp/selected-press-david-lachapelle-acsi/ HTTP/1.1" 200 19810 "-" "Mozilla/5.0 (Macintosh; Intel Mac OS X 10_10) AppleWebKit/537.36 (KHTML, like Gecko) Chrome/108.0.5163.147 Safari/537.36"
216.73.216.223 - - [27/Feb/2026:16:22:53 -0500] "GET /index.php/sitemap.xml HTTP/1.1" 200 4196 "-" "Mozilla/5.0 AppleWebKit/537.36 (KHTML, like Gecko; compatible; ClaudeBot/1.0; +claudebot@anthropic.com)"
85.208.96.206 - - [27/Feb/2026:16:23:28 -0500] "GET /events/list/?eventDisplay=past&tribe-bar-date=2021-08-18 HTTP/1.1" 200 4196 "-" "Mozilla/5.0 (compatible; SemrushBot/7~bl; +http://www.semrush.com/bot.html)"
85.208.96.200 - - [27/Feb/2026:16:23:33 -0500] "GET /events/tag/opening/list/?tribe-bar-date=2026-04-30 HTTP/1.1" 200 4196 "-" "Mozilla/5.0 (compatible; SemrushBot/7~bl; +http://www.semrush.com/bot.html)"
85.208.96.199 - - [27/Feb/2026:16:23:36 -0500] "GET /events/tag/exhibition/list/?eventDisplay=past&tribe-bar-date=2025-01-15 HTTP/1.1" 200 4196 "-" "Mozilla/5.0 (compatible; SemrushBot/7~bl; +http://www.semrush.com/bot.html)"
85.208.96.196 - - [27/Feb/2026:16:23:40 -0500] "GET /events/tag/art/list/?tribe-bar-date=2023-12-11 HTTP/1.1" 200 4196 "-" "Mozilla/5.0 (compatible; SemrushBot/7~bl; +http://www.semrush.com/bot.html)"
114.119.132.131 - - [27/Feb/2026:16:24:01 -0500] "GET /product-tag/archival-pigment-print/?product_order=desc&product_orderby=price&product_view=grid&product_count=12 HTTP/1.1" 200 4196 "https://clavo.space/product-tag/archival-pigment-print/?product_order=desc&product_orderby=price&product_view=grid&product_count=36" "Mozilla/5.0 (Linux; Android 7.0;) AppleWebKit/537.36 (KHTML, like Gecko) Mobile Safari/537.36 (compatible; PetalBot;+https://webmaster.petalsearch.com/site/petalbot)"
51.178.41.153 - - [27/Feb/2026:16:24:06 -0500] "GET /wp-login.php HTTP/1.1" 200 4196 "-" "Mozilla/4.0 (compatible; MSIE 7.0; Windows NT 6.1; Trident/7.0; SLCC2; .NET CLR 2.0.50727; .NET CLR 3.5.30729; .NET CLR 3.0.30729; Media Center PC 6.0; .NET4.0C; .NET4.0E)"
51.178.41.153 - - [27/Feb/2026:16:24:08 -0500] "POST /wp-login.php HTTP/1.1" 200 4196 "https://212productions.net/wp-login.php" "Mozilla/4.0 (compatible; MSIE 7.0; Windows NT 6.1; Trident/7.0; SLCC2; .NET CLR 2.0.50727; .NET CLR 3.5.30729; .NET CLR 3.0.30729; Media Center PC 6.0; .NET4.0C; .NET4.0E)"
81.29.142.100 - - [27/Feb/2026:16:24:23 -0500] "GET / HTTP/1.1" 301 303 "-" "Mozilla/5.0 (Windows NT 10.0; Win64; x64) AppleWebKit/537.36 (KHTML, like Gecko) Chrome/88.0.4324.41 YaBrowser/21.2.0.1097 Yowser/2.5 Safari/537.36"
81.29.142.100 - - [27/Feb/2026:16:24:23 -0500] "GET / HTTP/1.1" 301 289 "-" "Mozilla/5.0 (Windows NT 6.1; Win64; x64; rv:88.0) Gecko/20100101 Firefox/88.0"
81.29.142.100 - - [27/Feb/2026:16:24:27 -0500] "GET / HTTP/1.1" 200 4196 "-" "Mozilla/5.0 (Windows NT 10.0; Win64; x64) AppleWebKit/537.36 (KHTML, like Gecko) Chrome/88.0.4324.41 YaBrowser/21.2.0.1097 Yowser/2.5 Safari/537.36"
81.29.142.100 - - [27/Feb/2026:16:24:28 -0500] "GET / HTTP/1.1" 200 4196 "-" "Mozilla/5.0 (Windows NT 6.1; Win64; x64; rv:88.0) Gecko/20100101 Firefox/88.0"
81.29.142.100 - - [27/Feb/2026:16:24:29 -0500] "GET / HTTP/1.1" 200 4196 "-" "Mozilla/5.0 (Windows NT 10.0; Win64; x64) AppleWebKit/537.36 (KHTML, like Gecko) Chrome/91.0.4472.164 YaBrowser/21.6.4.786 Yowser/2.5 Safari/537.36"
81.29.142.100 - - [27/Feb/2026:16:24:29 -0500] "GET / HTTP/1.1" 200 4196 "-" "Mozilla/5.0 (Windows NT 10.0; Win64; x64; rv:89.0) Gecko/20100101 Firefox/89.0"
81.29.142.100 - - [27/Feb/2026:16:24:29 -0500] "GET /favicon.ico HTTP/1.1" 200 4196 "-" "Mozilla/5.0 (Windows NT 6.1; Win64; x64; rv:88.0) Gecko/20100101 Firefox/88.0"
81.29.142.100 - - [27/Feb/2026:16:24:30 -0500] "GET /favicon.ico HTTP/1.1" 200 4196 "-" "Mozilla/5.0 (Windows NT 10.0; Win64; x64) AppleWebKit/537.36 (KHTML, like Gecko) Chrome/88.0.4324.41 YaBrowser/21.2.0.1097 Yowser/2.5 Safari/537.36"
81.29.142.100 - - [27/Feb/2026:16:24:31 -0500] "GET /favicon.ico HTTP/1.1" 200 4196 "-" "Mozilla/5.0 (Windows NT 10.0; Win64; x64) AppleWebKit/537.36 (KHTML, like Gecko) Chrome/91.0.4472.164 YaBrowser/21.6.4.786 Yowser/2.5 Safari/537.36"
81.29.142.100 - - [27/Feb/2026:16:24:31 -0500] "GET /favicon.ico HTTP/1.1" 200 4196 "-" "Mozilla/5.0 (Windows NT 10.0; Win64; x64; rv:89.0) Gecko/20100101 Firefox/89.0"
81.29.142.100 - - [27/Feb/2026:16:24:32 -0500] "GET /.well-known/security.txt HTTP/1.1" 200 65129 "-" "Mozilla/5.0 (Windows NT 6.1; Win64; x64; rv:88.0) Gecko/20100101 Firefox/88.0"
81.29.142.100 - - [27/Feb/2026:16:24:34 -0500] "GET /.well-known/security.txt HTTP/1.1" 200 65129 "-" "Mozilla/5.0 (Windows NT 10.0; Win64; x64) AppleWebKit/537.36 (KHTML, like Gecko) Chrome/91.0.4472.164 YaBrowser/21.6.4.786 Yowser/2.5 Safari/537.36"
81.29.142.100 - - [27/Feb/2026:16:24:35 -0500] "GET /.well-known/security.txt HTTP/1.1" 200 65129 "-" "Mozilla/5.0 (Windows NT 10.0; Win64; x64; rv:89.0) Gecko/20100101 Firefox/89.0"
81.29.142.100 - - [27/Feb/2026:16:24:36 -0500] "GET /.well-known/security.txt HTTP/1.1" 200 65129 "-" "Mozilla/5.0 (Windows NT 10.0; Win64; x64) AppleWebKit/537.36 (KHTML, like Gecko) Chrome/88.0.4324.41 YaBrowser/21.2.0.1097 Yowser/2.5 Safari/537.36"
81.29.142.100 - - [27/Feb/2026:16:24:38 -0500] "GET /security.txt HTTP/1.1" 200 4196 "-" "Mozilla/5.0 (Windows NT 6.1; Win64; x64; rv:88.0) Gecko/20100101 Firefox/88.0"
81.29.142.100 - - [27/Feb/2026:16:24:39 -0500] "GET /security.txt HTTP/1.1" 200 4196 "-" "Mozilla/5.0 (Windows NT 10.0; Win64; x64) AppleWebKit/537.36 (KHTML, like Gecko) Chrome/91.0.4472.164 YaBrowser/21.6.4.786 Yowser/2.5 Safari/537.36"
185.191.171.17 - - [27/Feb/2026:16:24:40 -0500] "GET /events/tag/clavo-space/list/?eventDisplay=past&tribe-bar-date=2023-04-15 HTTP/1.1" 200 4196 "-" "Mozilla/5.0 (compatible; SemrushBot/7~bl; +http://www.semrush.com/bot.html)"
81.29.142.100 - - [27/Feb/2026:16:24:46 -0500] "GET /security.txt HTTP/1.1" 200 4196 "-" "Mozilla/5.0 (Windows NT 10.0; Win64; x64) AppleWebKit/537.36 (KHTML, like Gecko) Chrome/88.0.4324.41 YaBrowser/21.2.0.1097 Yowser/2.5 Safari/537.36"
81.29.142.100 - - [27/Feb/2026:16:24:47 -0500] "GET /security.txt HTTP/1.1" 200 4196 "-" "Mozilla/5.0 (Windows NT 10.0; Win64; x64; rv:89.0) Gecko/20100101 Firefox/89.0"
63.143.44.106 - - [27/Feb/2026:16:25:10 -0500] "POST /xmlrpc.php HTTP/1.1" 200 4196 "-" "Mozilla/5.0 (Windows NT 10.0; WOW64; Trident/7.0; TNJB; rv:11.0) like Gecko"
63.143.44.106 - - [27/Feb/2026:16:25:11 -0500] "POST /xmlrpc.php HTTP/1.1" 200 4196 "-" "Mozilla/5.0 (Windows NT 10.0; WOW64; Trident/7.0; TNJB; rv:11.0) like Gecko"
63.143.44.106 - - [27/Feb/2026:16:25:13 -0500] "POST /xmlrpc.php HTTP/1.1" 200 4196 "-" "Mozilla/5.0 (Windows NT 10.0; WOW64; Trident/7.0; TNJB; rv:11.0) like Gecko"
185.191.171.10 - - [27/Feb/2026:16:25:25 -0500] "GET /events/tag/clavo-space/day/2028-05-26/ HTTP/1.1" 200 4196 "-" "Mozilla/5.0 (compatible; SemrushBot/7~bl; +http://www.semrush.com/bot.html)"
85.208.96.212 - - [27/Feb/2026:16:25:31 -0500] "GET /events/tag/clavo-space/list/?eventDisplay=past&tribe-bar-date=2027-08-30 HTTP/1.1" 200 4196 "-" "Mozilla/5.0 (compatible; SemrushBot/7~bl; +http://www.semrush.com/bot.html)"
114.119.148.154 - - [27/Feb/2026:16:25:37 -0500] "GET /product-tag/abel-adrian/page/3/?product_orderby=rating&product_view=list&product_count=36&paged=1 HTTP/1.1" 200 4196 "https://clavo.space/product-tag/abel-adrian/page/3/?product_orderby=rating&product_view=list&product_count=12" "Mozilla/5.0 (Linux; Android 7.0;) AppleWebKit/537.36 (KHTML, like Gecko) Mobile Safari/537.36 (compatible; PetalBot;+https://webmaster.petalsearch.com/site/petalbot)"
209.141.44.114 - - [27/Feb/2026:16:25:37 -0500] "GET /wp-login.php HTTP/1.1" 200 65129 "-" "Mozilla/5.0 (X11; Linux x86_64) AppleWebKit/537.36 (KHTML, like Gecko) Chrome/36.0.1985.125 Safari/537.36"
98.87.115.128 - - [27/Feb/2026:16:25:42 -0500] "GET /wp/pgp/ HTTP/1.1" 200 14490 "-" "Mozilla/5.0 (Windows NT 10.0; Win64; x64) AppleWebKit/537.36 (KHTML, like Gecko) Chrome/86.0.4240.193 Safari/537.36"
85.208.96.195 - - [27/Feb/2026:16:25:51 -0500] "GET /robots.txt HTTP/1.1" 200 111 "-" "Mozilla/5.0 (compatible; SemrushBot/7~bl; +http://www.semrush.com/bot.html)"
185.191.171.16 - - [27/Feb/2026:16:25:52 -0500] "GET /events/2027-09-04/ HTTP/1.1" 200 4196 "-" "Mozilla/5.0 (compatible; SemrushBot/7~bl; +http://www.semrush.com/bot.html)"
114.119.149.252 - - [27/Feb/2026:16:26:49 -0500] "GET /shop/page/7?product_order=desc&product_orderby=name&product_view=grid HTTP/1.1" 200 4196 "https://clavo.space/shop/page/7?product_order=desc&product_orderby=rating&product_view=grid" "Mozilla/5.0 (Linux; Android 7.0;) AppleWebKit/537.36 (KHTML, like Gecko) Mobile Safari/537.36 (compatible; PetalBot;+https://webmaster.petalsearch.com/site/petalbot)"
185.191.171.17 - - [27/Feb/2026:16:26:56 -0500] "GET /events/tag/exhibition/list/?tribe-bar-date=2026-01-24 HTTP/1.1" 200 4196 "-" "Mozilla/5.0 (compatible; SemrushBot/7~bl; +http://www.semrush.com/bot.html)"
81.29.142.6 - - [27/Feb/2026:16:26:58 -0500] "GET / HTTP/1.1" 200 4196 "-" "Mozilla/5.0 (Windows NT 6.1; WOW64) AppleWebKit/537.36 (KHTML, like Gecko) Chrome/90.0.4430.72 YaBrowser/21.5.1.355 Yowser/2.5 Safari/537.36"
81.29.142.6 - - [27/Feb/2026:16:26:58 -0500] "GET / HTTP/1.1" 200 4196 "-" "Mozilla/5.0 (Windows NT 6.1; Win64; x64) AppleWebKit/537.36 (KHTML, like Gecko) Chrome/90.0.4430.85 Safari/537.36"
81.29.142.6 - - [27/Feb/2026:16:26:58 -0500] "GET / HTTP/1.1" 200 4196 "-" "Mozilla/5.0 (Windows NT 10.0; WOW64) AppleWebKit/537.36 (KHTML, like Gecko) Chrome/91.0.4472.135 YaBrowser/21.6.2.854 Yowser/2.5 Safari/537.36"
81.29.142.6 - - [27/Feb/2026:16:26:59 -0500] "GET / HTTP/1.1" 200 4196 "-" "Mozilla/5.0 (Windows NT 10.0; Win64; x64) AppleWebKit/537.36 (KHTML, like Gecko) Chrome/92.0.4515.159 Safari/537.36"
81.29.142.6 - - [27/Feb/2026:16:27:01 -0500] "GET /favicon.ico HTTP/1.1" 200 4196 "-" "Mozilla/5.0 (Windows NT 10.0; WOW64) AppleWebKit/537.36 (KHTML, like Gecko) Chrome/91.0.4472.135 YaBrowser/21.6.2.854 Yowser/2.5 Safari/537.36"
81.29.142.6 - - [27/Feb/2026:16:27:01 -0500] "GET /favicon.ico HTTP/1.1" 200 4196 "-" "Mozilla/5.0 (Windows NT 10.0; Win64; x64) AppleWebKit/537.36 (KHTML, like Gecko) Chrome/92.0.4515.159 Safari/537.36"
81.29.142.6 - - [27/Feb/2026:16:27:01 -0500] "GET /favicon.ico HTTP/1.1" 200 4196 "-" "Mozilla/5.0 (Windows NT 6.1; WOW64) AppleWebKit/537.36 (KHTML, like Gecko) Chrome/90.0.4430.72 YaBrowser/21.5.1.355 Yowser/2.5 Safari/537.36"
81.29.142.6 - - [27/Feb/2026:16:27:03 -0500] "GET /.well-known/security.txt HTTP/1.1" 200 65129 "-" "Mozilla/5.0 (Windows NT 10.0; WOW64) AppleWebKit/537.36 (KHTML, like Gecko) Chrome/91.0.4472.135 YaBrowser/21.6.2.854 Yowser/2.5 Safari/537.36"
81.29.142.6 - - [27/Feb/2026:16:27:03 -0500] "GET /.well-known/security.txt HTTP/1.1" 200 65129 "-" "Mozilla/5.0 (Windows NT 10.0; Win64; x64) AppleWebKit/537.36 (KHTML, like Gecko) Chrome/92.0.4515.159 Safari/537.36"
81.29.142.6 - - [27/Feb/2026:16:27:04 -0500] "GET /.well-known/security.txt HTTP/1.1" 200 65129 "-" "Mozilla/5.0 (Windows NT 6.1; WOW64) AppleWebKit/537.36 (KHTML, like Gecko) Chrome/90.0.4430.72 YaBrowser/21.5.1.355 Yowser/2.5 Safari/537.36"
85.208.96.207 - - [27/Feb/2026:16:27:05 -0500] "GET /events/category/exhibition/list/?eventDisplay=past&tribe-bar-date=2025-04-12 HTTP/1.1" 200 4196 "-" "Mozilla/5.0 (compatible; SemrushBot/7~bl; +http://www.semrush.com/bot.html)"
81.29.142.6 - - [27/Feb/2026:16:27:06 -0500] "GET /security.txt HTTP/1.1" 200 4196 "-" "Mozilla/5.0 (Windows NT 10.0; WOW64) AppleWebKit/537.36 (KHTML, like Gecko) Chrome/91.0.4472.135 YaBrowser/21.6.2.854 Yowser/2.5 Safari/537.36"
81.29.142.6 - - [27/Feb/2026:16:27:07 -0500] "GET /security.txt HTTP/1.1" 200 4196 "-" "Mozilla/5.0 (Windows NT 10.0; Win64; x64) AppleWebKit/537.36 (KHTML, like Gecko) Chrome/92.0.4515.159 Safari/537.36"
81.29.142.6 - - [27/Feb/2026:16:27:07 -0500] "GET /security.txt HTTP/1.1" 200 4196 "-" "Mozilla/5.0 (Windows NT 6.1; WOW64) AppleWebKit/537.36 (KHTML, like Gecko) Chrome/90.0.4430.72 YaBrowser/21.5.1.355 Yowser/2.5 Safari/537.36"
81.29.142.6 - - [27/Feb/2026:16:27:08 -0500] "GET /favicon.ico HTTP/1.1" 200 4196 "-" "Mozilla/5.0 (Windows NT 6.1; Win64; x64) AppleWebKit/537.36 (KHTML, like Gecko) Chrome/90.0.4430.85 Safari/537.36"
69.171.249.118 - - [27/Feb/2026:16:27:11 -0500] "GET /wp/pgp/ HTTP/1.1" 301 310 "-" "facebookexternalhit/1.1 (+http://www.facebook.com/externalhit_uatext.php)"
81.29.142.6 - - [27/Feb/2026:16:27:10 -0500] "GET /.well-known/security.txt HTTP/1.1" 200 65129 "-" "Mozilla/5.0 (Windows NT 6.1; Win64; x64) AppleWebKit/537.36 (KHTML, like Gecko) Chrome/90.0.4430.85 Safari/537.36"
69.171.249.9 - - [27/Feb/2026:16:27:11 -0500] "GET /wp/pgp/ HTTP/1.1" 200 14483 "-" "facebookexternalhit/1.1 (+http://www.facebook.com/externalhit_uatext.php)"
173.252.87.114 - - [27/Feb/2026:16:27:13 -0500] "GET /wp/pgp/?fbclid=IwZXh0bgNhZW0CMTEAc3J0YwZhcHBfaWQMMjU2MjgxMDQwNTU4AAEeS8RWFLr0-p4v_-OOtcWtR7jQTIQjk3MGdcXgvsRSclLNfD4jnxADyvnYYIA_aem_E_px9nwvlZQzk-zgFWMJ1A HTTP/1.1" 301 458 "https://www.facebook.com/" "Mozilla/5.0 (Windows NT 10.0; Win64; x64) AppleWebKit/537.36 (KHTML, like Gecko) Chrome/139.0.0.0 Safari/537.36"
81.29.142.6 - - [27/Feb/2026:16:27:14 -0500] "GET /security.txt HTTP/1.1" 200 4196 "-" "Mozilla/5.0 (Windows NT 6.1; Win64; x64) AppleWebKit/537.36 (KHTML, like Gecko) Chrome/90.0.4430.85 Safari/537.36"
4.204.192.31 - - [27/Feb/2026:16:27:15 -0500] "GET /wp-content/plugins/hellopress/wp_filemanager.php HTTP/1.1" 301 347 "-" "-"
173.252.87.4 - - [27/Feb/2026:16:27:13 -0500] "GET /wp/pgp/?fbclid=IwZXh0bgNhZW0CMTEAc3J0YwZhcHBfaWQMMjU2MjgxMDQwNTU4AAEeS8RWFLr0-p4v_-OOtcWtR7jQTIQjk3MGdcXgvsRSclLNfD4jnxADyvnYYIA_aem_E_px9nwvlZQzk-zgFWMJ1A HTTP/1.1" 200 14482 "https://www.facebook.com/" "Mozilla/5.0 (Windows NT 10.0; Win64; x64) AppleWebKit/537.36 (KHTML, like Gecko) Chrome/139.0.0.0 Safari/537.36"
173.252.87.4 - - [27/Feb/2026:16:27:16 -0500] "GET /wp/wp-includes/js/jquery/jquery-migrate.min.js HTTP/1.1" 200 4872 "https://212productions.net/wp/pgp/?fbclid=IwZXh0bgNhZW0CMTEAc3J0YwZhcHBfaWQMMjU2MjgxMDQwNTU4AAEeS8RWFLr0-p4v_-OOtcWtR7jQTIQjk3MGdcXgvsRSclLNfD4jnxADyvnYYIA_aem_E_px9nwvlZQzk-zgFWMJ1A" "Mozilla/5.0 (Windows NT 10.0; Win64; x64) AppleWebKit/537.36 (KHTML, like Gecko) Chrome/139.0.0.0 Safari/537.36"
173.252.87.4 - - [27/Feb/2026:16:27:16 -0500] "GET /wp/wp-content/uploads/2025/11/insta.webp HTTP/1.1" 200 1401 "https://212productions.net/wp/pgp/?fbclid=IwZXh0bgNhZW0CMTEAc3J0YwZhcHBfaWQMMjU2MjgxMDQwNTU4AAEeS8RWFLr0-p4v_-OOtcWtR7jQTIQjk3MGdcXgvsRSclLNfD4jnxADyvnYYIA_aem_E_px9nwvlZQzk-zgFWMJ1A" "Mozilla/5.0 (Windows NT 10.0; Win64; x64) AppleWebKit/537.36 (KHTML, like Gecko) Chrome/139.0.0.0 Safari/537.36"
173.252.87.4 - - [27/Feb/2026:16:27:16 -0500] "GET /wp/wp-includes/js/jquery/jquery.min.js HTTP/1.1" 200 30368 "https://212productions.net/wp/pgp/?fbclid=IwZXh0bgNhZW0CMTEAc3J0YwZhcHBfaWQMMjU2MjgxMDQwNTU4AAEeS8RWFLr0-p4v_-OOtcWtR7jQTIQjk3MGdcXgvsRSclLNfD4jnxADyvnYYIA_aem_E_px9nwvlZQzk-zgFWMJ1A" "Mozilla/5.0 (Windows NT 10.0; Win64; x64) AppleWebKit/537.36 (KHTML, like Gecko) Chrome/139.0.0.0 Safari/537.36"
173.252.87.4 - - [27/Feb/2026:16:27:16 -0500] "GET /wp/wp-content/uploads/fusion-styles/279708ce017f47b820b625f936291a9b.min.css HTTP/1.1" 200 181109 "https://212productions.net/wp/pgp/?fbclid=IwZXh0bgNhZW0CMTEAc3J0YwZhcHBfaWQMMjU2MjgxMDQwNTU4AAEeS8RWFLr0-p4v_-OOtcWtR7jQTIQjk3MGdcXgvsRSclLNfD4jnxADyvnYYIA_aem_E_px9nwvlZQzk-zgFWMJ1A" "Mozilla/5.0 (Windows NT 10.0; Win64; x64) AppleWebKit/537.36 (KHTML, like Gecko) Chrome/139.0.0.0 Safari/537.36"
4.204.192.31 - - [27/Feb/2026:16:27:15 -0500] "GET /wp-content/plugins/hellopress/wp_filemanager.php HTTP/1.1" 200 4196 "-" "-"
4.204.192.31 - - [27/Feb/2026:16:27:16 -0500] "GET /asc.php HTTP/1.1" 301 306 "-" "-"
173.252.87.4 - - [27/Feb/2026:16:27:16 -0500] "GET /wp/wp-content/uploads/2025/11/7-gabriel-romo-400x351.webp HTTP/1.1" 200 23931 "https://212productions.net/wp/pgp/?fbclid=IwZXh0bgNhZW0CMTEAc3J0YwZhcHBfaWQMMjU2MjgxMDQwNTU4AAEeS8RWFLr0-p4v_-OOtcWtR7jQTIQjk3MGdcXgvsRSclLNfD4jnxADyvnYYIA_aem_E_px9nwvlZQzk-zgFWMJ1A" "Mozilla/5.0 (Windows NT 10.0; Win64; x64) AppleWebKit/537.36 (KHTML, like Gecko) Chrome/139.0.0.0 Safari/537.36"
173.252.87.4 - - [27/Feb/2026:16:27:16 -0500] "GET /wp/wp-content/uploads/2025/11/8-gabriela-silva-400x351.webp HTTP/1.1" 200 22105 "https://212productions.net/wp/pgp/?fbclid=IwZXh0bgNhZW0CMTEAc3J0YwZhcHBfaWQMMjU2MjgxMDQwNTU4AAEeS8RWFLr0-p4v_-OOtcWtR7jQTIQjk3MGdcXgvsRSclLNfD4jnxADyvnYYIA_aem_E_px9nwvlZQzk-zgFWMJ1A" "Mozilla/5.0 (Windows NT 10.0; Win64; x64) AppleWebKit/537.36 (KHTML, like Gecko) Chrome/139.0.0.0 Safari/537.36"
173.252.87.4 - - [27/Feb/2026:16:27:16 -0500] "GET /wp/wp-content/uploads/2025/11/8b-gabriela-silva-400x351.webp HTTP/1.1" 200 32164 "https://212productions.net/wp/pgp/?fbclid=IwZXh0bgNhZW0CMTEAc3J0YwZhcHBfaWQMMjU2MjgxMDQwNTU4AAEeS8RWFLr0-p4v_-OOtcWtR7jQTIQjk3MGdcXgvsRSclLNfD4jnxADyvnYYIA_aem_E_px9nwvlZQzk-zgFWMJ1A" "Mozilla/5.0 (Windows NT 10.0; Win64; x64) AppleWebKit/537.36 (KHTML, like Gecko) Chrome/139.0.0.0 Safari/537.36"
173.252.87.4 - - [27/Feb/2026:16:27:16 -0500] "GET /wp/wp-content/uploads/2025/11/9-gabriel-saldivar-400x351.webp HTTP/1.1" 200 27505 "https://212productions.net/wp/pgp/?fbclid=IwZXh0bgNhZW0CMTEAc3J0YwZhcHBfaWQMMjU2MjgxMDQwNTU4AAEeS8RWFLr0-p4v_-OOtcWtR7jQTIQjk3MGdcXgvsRSclLNfD4jnxADyvnYYIA_aem_E_px9nwvlZQzk-zgFWMJ1A" "Mozilla/5.0 (Windows NT 10.0; Win64; x64) AppleWebKit/537.36 (KHTML, like Gecko) Chrome/139.0.0.0 Safari/537.36"
173.252.87.4 - - [27/Feb/2026:16:27:16 -0500] "GET /wp/wp-content/plugins/fusion-builder/assets/js/min/library/gsap.js HTTP/1.1" 200 27099 "https://212productions.net/wp/pgp/?fbclid=IwZXh0bgNhZW0CMTEAc3J0YwZhcHBfaWQMMjU2MjgxMDQwNTU4AAEeS8RWFLr0-p4v_-OOtcWtR7jQTIQjk3MGdcXgvsRSclLNfD4jnxADyvnYYIA_aem_E_px9nwvlZQzk-zgFWMJ1A" "Mozilla/5.0 (Windows NT 10.0; Win64; x64) AppleWebKit/537.36 (KHTML, like Gecko) Chrome/139.0.0.0 Safari/537.36"
173.252.87.4 - - [27/Feb/2026:16:27:16 -0500] "GET /wp/wp-content/plugins/fusion-builder/assets/js/min/library/ScrollTrigger.js HTTP/1.1" 200 17430 "https://212productions.net/wp/pgp/?fbclid=IwZXh0bgNhZW0CMTEAc3J0YwZhcHBfaWQMMjU2MjgxMDQwNTU4AAEeS8RWFLr0-p4v_-OOtcWtR7jQTIQjk3MGdcXgvsRSclLNfD4jnxADyvnYYIA_aem_E_px9nwvlZQzk-zgFWMJ1A" "Mozilla/5.0 (Windows NT 10.0; Win64; x64) AppleWebKit/537.36 (KHTML, like Gecko) Chrome/139.0.0.0 Safari/537.36"
173.252.87.4 - - [27/Feb/2026:16:27:16 -0500] "GET /wp/wp-content/plugins/fusion-builder/assets/js/min/library/SplitType.js HTTP/1.1" 200 4331 "https://212productions.net/wp/pgp/?fbclid=IwZXh0bgNhZW0CMTEAc3J0YwZhcHBfaWQMMjU2MjgxMDQwNTU4AAEeS8RWFLr0-p4v_-OOtcWtR7jQTIQjk3MGdcXgvsRSclLNfD4jnxADyvnYYIA_aem_E_px9nwvlZQzk-zgFWMJ1A" "Mozilla/5.0 (Windows NT 10.0; Win64; x64) AppleWebKit/537.36 (KHTML, like Gecko) Chrome/139.0.0.0 Safari/537.36"
173.252.87.4 - - [27/Feb/2026:16:27:16 -0500] "GET /wp/wp-content/themes/Avada/includes/lib/assets/min/js/general/awb-tabs-widget.js HTTP/1.1" 200 261 "https://212productions.net/wp/pgp/?fbclid=IwZXh0bgNhZW0CMTEAc3J0YwZhcHBfaWQMMjU2MjgxMDQwNTU4AAEeS8RWFLr0-p4v_-OOtcWtR7jQTIQjk3MGdcXgvsRSclLNfD4jnxADyvnYYIA_aem_E_px9nwvlZQzk-zgFWMJ1A" "Mozilla/5.0 (Windows NT 10.0; Win64; x64) AppleWebKit/537.36 (KHTML, like Gecko) Chrome/139.0.0.0 Safari/537.36"
173.252.87.4 - - [27/Feb/2026:16:27:16 -0500] "GET /wp/wp-content/themes/Avada/includes/lib/assets/min/js/general/awb-vertical-menu-widget.js HTTP/1.1" 200 476 "https://212productions.net/wp/pgp/?fbclid=IwZXh0bgNhZW0CMTEAc3J0YwZhcHBfaWQMMjU2MjgxMDQwNTU4AAEeS8RWFLr0-p4v_-OOtcWtR7jQTIQjk3MGdcXgvsRSclLNfD4jnxADyvnYYIA_aem_E_px9nwvlZQzk-zgFWMJ1A" "Mozilla/5.0 (Windows NT 10.0; Win64; x64) AppleWebKit/537.36 (KHTML, like Gecko) Chrome/139.0.0.0 Safari/537.36"
173.252.87.4 - - [27/Feb/2026:16:27:16 -0500] "GET /wp/wp-content/uploads/fusion-gfonts/KFO7CnqEu92Fr1ME7kSn66aGLdTylUAMa3yUBA.woff2 HTTP/1.1" 200 40156 "https://212productions.net/wp/wp-content/uploads/fusion-styles/279708ce017f47b820b625f936291a9b.min.css?ver=3.13.3" "Mozilla/5.0 (Windows NT 10.0; Win64; x64) AppleWebKit/537.36 (KHTML, like Gecko) Chrome/139.0.0.0 Safari/537.36"
173.252.87.4 - - [27/Feb/2026:16:27:16 -0500] "GET /wp/wp-content/uploads/fusion-gfonts/MwQ5bhbm2POE2V9BPQ.woff2 HTTP/1.1" 200 9607 "https://212productions.net/wp/wp-content/uploads/fusion-styles/279708ce017f47b820b625f936291a9b.min.css?ver=3.13.3" "Mozilla/5.0 (Windows NT 10.0; Win64; x64) AppleWebKit/537.36 (KHTML, like Gecko) Chrome/139.0.0.0 Safari/537.36"
4.204.192.31 - - [27/Feb/2026:16:27:16 -0500] "GET /asc.php HTTP/1.1" 200 4196 "-" "-"
173.252.87.4 - - [27/Feb/2026:16:27:16 -0500] "GET /wp/wp-content/uploads/fusion-gfonts/jizfRExUiTo99u79B_mh0O6tLQ.woff2 HTTP/1.1" 200 47208 "https://212productions.net/wp/wp-content/uploads/fusion-styles/279708ce017f47b820b625f936291a9b.min.css?ver=3.13.3" "Mozilla/5.0 (Windows NT 10.0; Win64; x64) AppleWebKit/537.36 (KHTML, like Gecko) Chrome/139.0.0.0 Safari/537.36"
69.171.249.113 - - [27/Feb/2026:16:27:14 -0500] "GET /wp/author/admin/ HTTP/1.1" 200 14265 "-" "facebookexternalhit/1.1 (+http://www.facebook.com/externalhit_uatext.php)"
173.252.87.4 - - [27/Feb/2026:16:27:16 -0500] "GET /wp/wp-content/themes/Avada/includes/lib/assets/fonts/icomoon/awb-icons.woff HTTP/1.1" 200 13725 "https://212productions.net/wp/wp-content/uploads/fusion-styles/279708ce017f47b820b625f936291a9b.min.css?ver=3.13.3" "Mozilla/5.0 (Windows NT 10.0; Win64; x64) AppleWebKit/537.36 (KHTML, like Gecko) Chrome/139.0.0.0 Safari/537.36"
173.252.87.4 - - [27/Feb/2026:16:27:16 -0500] "GET /wp/wp-content/uploads/fusion-gfonts/KFO7CnqEu92Fr1ME7kSn66aGLdTylUAMaxKUBGEe.woff2 HTTP/1.1" 200 20431 "https://212productions.net/wp/wp-content/uploads/fusion-styles/279708ce017f47b820b625f936291a9b.min.css?ver=3.13.3" "Mozilla/5.0 (Windows NT 10.0; Win64; x64) AppleWebKit/537.36 (KHTML, like Gecko) Chrome/139.0.0.0 Safari/537.36"
173.252.87.4 - - [27/Feb/2026:16:27:16 -0500] "GET /wp/wp-content/themes/Avada/assets/images/patterns/pattern22.png HTTP/1.1" 200 102184 "https://212productions.net/wp/wp-content/uploads/fusion-styles/279708ce017f47b820b625f936291a9b.min.css?ver=3.13.3" "Mozilla/5.0 (Windows NT 10.0; Win64; x64) AppleWebKit/537.36 (KHTML, like Gecko) Chrome/139.0.0.0 Safari/537.36"
69.171.249.9 - - [27/Feb/2026:16:27:17 -0500] "GET /wp/wp-content/themes/Avada/includes/lib/assets/min/js/library/fusion-video-bg.js HTTP/1.1" 200 1675 "-" "facebookexternalhit/1.1 (+http://www.facebook.com/externalhit_uatext.php)"
69.171.249.118 - - [27/Feb/2026:16:27:17 -0500] "GET /wp/wp-content/themes/Avada/includes/lib/assets/min/js/general/fusion-flexslider.js HTTP/1.1" 200 1611 "-" "facebookexternalhit/1.1 (+http://www.facebook.com/externalhit_uatext.php)"
69.171.249.6 - - [27/Feb/2026:16:27:17 -0500] "GET /wp/wp-content/themes/Avada/includes/lib/assets/min/js/library/jquery.flexslider.js HTTP/1.1" 200 6444 "-" "facebookexternalhit/1.1 (+http://www.facebook.com/externalhit_uatext.php)"
