165.22.187.243 - - [27/Feb/2026:14:06:00 -0500] "GET /wp/wp-content/uploads/2018/04/p1-200x200.png%20200w,%20https://212productions.net/wp/wp-content/uploads/2018/04/p1-400x400.png%20400w,%20https://212productions.net/wp/wp-content/uploads/2018/04/p1-600x600.png%20600w,%20https://212productions.net/wp/wp-content/uploads/2018/04/p1-800x800.png%20800w,%20https://212productions.net/wp/wp-content/uploads/2018/04/p1-1200x1200.png%201200w,%20https://212productions.net/wp/wp-content/uploads/2018/04/p1.png%202056w HTTP/1.1" 301 - "https://212productions.net/" "Mozilla/5.0 (Windows NT 10.0; Win64; x64) AppleWebKit/537.36 (KHTML, like Gecko) Chrome/107.0.0.0 Safari/537.36"
155.117.163.90 - - [27/Feb/2026:14:06:00 -0500] "GET /wp/wp-content/uploads/2021/06/ACSI9-200x128.jpg%20200w,%20https://212productions.net/wp/wp-content/uploads/2021/06/ACSI9-400x256.jpg%20400w,%20https://212productions.net/wp/wp-content/uploads/2021/06/ACSI9-600x385.jpg%20600w,%20https://212productions.net/wp/wp-content/uploads/2021/06/ACSI9-800x513.jpg%20800w,%20https://212productions.net/wp/wp-content/uploads/2021/06/ACSI9.jpg%201200w HTTP/1.1" 301 - "https://212productions.net/" "Mozilla/5.0 (Windows NT 10.0; Win64; x64) AppleWebKit/537.36 (KHTML, like Gecko) Chrome/116.0.0.0 Safari/537.36"
167.71.203.64 - - [27/Feb/2026:14:06:01 -0500] "GET /wp/wp-content/uploads/2021/06/muex9-200x134.jpg%20200w,%20https://212productions.net/wp/wp-content/uploads/2021/06/muex9-400x268.jpg%20400w,%20https://212productions.net/wp/wp-content/uploads/2021/06/muex9-600x402.jpg%20600w,%20https://212productions.net/wp/wp-content/uploads/2021/06/muex9-800x536.jpg%20800w,%20https://212productions.net/wp/wp-content/uploads/2021/06/muex9.jpg%20837w HTTP/1.1" 301 - "https://212productions.net/" "Mozilla/5.0 (Windows NT 10.0; Win64; x64) AppleWebKit/537.36 (KHTML, like Gecko) Chrome/104.0.5112.81 Safari/537.36"
167.71.203.64 - - [27/Feb/2026:14:06:04 -0500] "GET /wp/wp-content/uploads/2021/06/muex9-200x134.jpg%20200w,%20https:/212productions.net/wp/wp-content/uploads/2021/06/muex9-400x268.jpg%20400w,%20https:/212productions.net/wp/wp-content/uploads/2021/06/muex9-600x402.jpg%20600w,%20https:/212productions.net/wp/wp-content/uploads/2021/06/muex9-800x536.jpg%20800w,%20https:/212productions.net/wp/wp-content/uploads/2021/06/muex9.jpg%20837w HTTP/1.1" 404 12326 "https://212productions.net/" "Mozilla/5.0 (Windows NT 10.0; Win64; x64) AppleWebKit/537.36 (KHTML, like Gecko) Chrome/104.0.5112.81 Safari/537.36"
155.117.163.131 - - [27/Feb/2026:14:06:05 -0500] "GET /wp/wp-content/uploads/2021/06/ACSI9-200x128.jpg%20200w,%20https:/212productions.net/wp/wp-content/uploads/2021/06/ACSI9-400x256.jpg%20400w,%20https:/212productions.net/wp/wp-content/uploads/2021/06/ACSI9-600x385.jpg%20600w,%20https:/212productions.net/wp/wp-content/uploads/2021/06/ACSI9-800x513.jpg%20800w,%20https:/212productions.net/wp/wp-content/uploads/2021/06/ACSI9.jpg%201200w HTTP/1.1" 404 12323 "https://212productions.net/" "Mozilla/5.0 (Windows NT 10.0; Win64; x64) AppleWebKit/537.36 (KHTML, like Gecko) Chrome/116.0.0.0 Safari/537.36"
165.22.187.243 - - [27/Feb/2026:14:06:05 -0500] "GET /wp/wp-content/uploads/2018/04/p1-200x200.png%20200w,%20https:/212productions.net/wp/wp-content/uploads/2018/04/p1-400x400.png%20400w,%20https:/212productions.net/wp/wp-content/uploads/2018/04/p1-600x600.png%20600w,%20https:/212productions.net/wp/wp-content/uploads/2018/04/p1-800x800.png%20800w,%20https:/212productions.net/wp/wp-content/uploads/2018/04/p1-1200x1200.png%201200w,%20https:/212productions.net/wp/wp-content/uploads/2018/04/p1.png%202056w HTTP/1.1" 404 12334 "https://212productions.net/" "Mozilla/5.0 (Windows NT 10.0; Win64; x64) AppleWebKit/537.36 (KHTML, like Gecko) Chrome/107.0.0.0 Safari/537.36"
123.28.180.227 - - [27/Feb/2026:14:06:08 -0500] "GET /wp/wp-content/uploads/2021/06/muex9-200x134.jpg%20200w,%20https://212productions.net/wp/wp-content/uploads/2021/06/muex9-400x268.jpg%20400w,%20https://212productions.net/wp/wp-content/uploads/2021/06/muex9-600x402.jpg%20600w,%20https://212productions.net/wp/wp-content/uploads/2021/06/muex9-800x536.jpg%20800w,%20https://212productions.net/wp/wp-content/uploads/2021/06/muex9.jpg%20837w HTTP/1.1" 301 - "https://212productions.net/" "Mozilla/5.0 (Windows NT 10.0; Win64; x64) AppleWebKit/537.36 (KHTML, like Gecko) Chrome/104.0.5112.81 Safari/537.36"
45.189.109.1 - - [27/Feb/2026:14:06:09 -0500] "GET /wp/wp-content/uploads/2021/06/ACSI9-200x128.jpg%20200w,%20https://212productions.net/wp/wp-content/uploads/2021/06/ACSI9-400x256.jpg%20400w,%20https://212productions.net/wp/wp-content/uploads/2021/06/ACSI9-600x385.jpg%20600w,%20https://212productions.net/wp/wp-content/uploads/2021/06/ACSI9-800x513.jpg%20800w,%20https://212productions.net/wp/wp-content/uploads/2021/06/ACSI9.jpg%201200w HTTP/1.1" 301 - "https://212productions.net/" "Mozilla/5.0 (Windows NT 10.0; Win64; x64) AppleWebKit/537.36 (KHTML, like Gecko) Chrome/116.0.0.0 Safari/537.36"
113.191.178.152 - - [27/Feb/2026:14:06:09 -0500] "GET /wp/wp-content/uploads/2018/04/p1-200x200.png%20200w,%20https://212productions.net/wp/wp-content/uploads/2018/04/p1-400x400.png%20400w,%20https://212productions.net/wp/wp-content/uploads/2018/04/p1-600x600.png%20600w,%20https://212productions.net/wp/wp-content/uploads/2018/04/p1-800x800.png%20800w,%20https://212productions.net/wp/wp-content/uploads/2018/04/p1-1200x1200.png%201200w,%20https://212productions.net/wp/wp-content/uploads/2018/04/p1.png%202056w HTTP/1.1" 301 - "https://212productions.net/" "Mozilla/5.0 (Windows NT 10.0; Win64; x64) AppleWebKit/537.36 (KHTML, like Gecko) Chrome/107.0.0.0 Safari/537.36"
114.119.149.252 - - [27/Feb/2026:14:06:11 -0500] "GET /product-tag/abel-adrian/page/1/?product_count=36&product_orderby=rating HTTP/1.1" 301 - "https://clavo.space/product-tag/abel-adrian/page/1/?product_count=36&product_orderby=default" "Mozilla/5.0 (Linux; Android 7.0;) AppleWebKit/537.36 (KHTML, like Gecko) Mobile Safari/537.36 (compatible; PetalBot;+https://webmaster.petalsearch.com/site/petalbot)"
45.178.2.252 - - [27/Feb/2026:14:06:12 -0500] "GET /wp/wp-content/uploads/2021/06/muex9-200x134.jpg%20200w,%20https:/212productions.net/wp/wp-content/uploads/2021/06/muex9-400x268.jpg%20400w,%20https:/212productions.net/wp/wp-content/uploads/2021/06/muex9-600x402.jpg%20600w,%20https:/212productions.net/wp/wp-content/uploads/2021/06/muex9-800x536.jpg%20800w,%20https:/212productions.net/wp/wp-content/uploads/2021/06/muex9.jpg%20837w HTTP/1.1" 404 12326 "https://212productions.net/" "Mozilla/5.0 (Windows NT 10.0; Win64; x64) AppleWebKit/537.36 (KHTML, like Gecko) Chrome/104.0.5112.81 Safari/537.36"
196.65.57.12 - - [27/Feb/2026:14:06:14 -0500] "GET /wp/wp-content/uploads/2018/04/p1-200x200.png%20200w,%20https:/212productions.net/wp/wp-content/uploads/2018/04/p1-400x400.png%20400w,%20https:/212productions.net/wp/wp-content/uploads/2018/04/p1-600x600.png%20600w,%20https:/212productions.net/wp/wp-content/uploads/2018/04/p1-800x800.png%20800w,%20https:/212productions.net/wp/wp-content/uploads/2018/04/p1-1200x1200.png%201200w,%20https:/212productions.net/wp/wp-content/uploads/2018/04/p1.png%202056w HTTP/1.1" 404 12338 "https://212productions.net/" "Mozilla/5.0 (Windows NT 10.0; Win64; x64) AppleWebKit/537.36 (KHTML, like Gecko) Chrome/107.0.0.0 Safari/537.36"
114.119.149.252 - - [27/Feb/2026:14:06:14 -0500] "GET /portfolio-item/abel-adrian/?product_count=36&product_orderby=rating HTTP/1.1" 200 21325 "https://clavo.space/product-tag/abel-adrian/page/1/?product_count=36&product_orderby=default" "Mozilla/5.0 (Linux; Android 7.0;) AppleWebKit/537.36 (KHTML, like Gecko) Mobile Safari/537.36 (compatible; PetalBot;+https://webmaster.petalsearch.com/site/petalbot)"
102.216.85.5 - - [27/Feb/2026:14:06:19 -0500] "GET /wp/wp-content/uploads/2021/06/ACSI9-200x128.jpg%20200w,%20https:/212productions.net/wp/wp-content/uploads/2021/06/ACSI9-400x256.jpg%20400w,%20https:/212productions.net/wp/wp-content/uploads/2021/06/ACSI9-600x385.jpg%20600w,%20https:/212productions.net/wp/wp-content/uploads/2021/06/ACSI9-800x513.jpg%20800w,%20https:/212productions.net/wp/wp-content/uploads/2021/06/ACSI9.jpg%201200w HTTP/1.1" 404 12331 "https://212productions.net/" "Mozilla/5.0 (Windows NT 10.0; Win64; x64) AppleWebKit/537.36 (KHTML, like Gecko) Chrome/116.0.0.0 Safari/537.36"
162.253.224.18 - - [27/Feb/2026:14:06:48 -0500] "POST /wp-cron.php?doing_wp_cron=1772219208.3788681030273437500000 HTTP/1.1" 200 - "-" "WordPress/6.9.1; https://clavo.space"
185.191.171.11 - - [27/Feb/2026:14:06:46 -0500] "GET /events/category/exhibition/list/?eventDisplay=past&tribe-bar-date=2023-08-29 HTTP/1.1" 200 20728 "-" "Mozilla/5.0 (compatible; SemrushBot/7~bl; +http://www.semrush.com/bot.html)"
134.122.117.133 - - [27/Feb/2026:14:06:50 -0500] "GET /wp-content/uploads/2021/03/semblanza-tienda-producto-66x66.jpg HTTP/1.1" 200 1652 "https://clavo.space/" "Mozilla/5.0 (Windows NT 10.0; Win64; x64) AppleWebKit/537.36 (KHTML, like Gecko) Chrome/116.0.0.0 Safari/537.36"
185.191.171.13 - - [27/Feb/2026:14:06:51 -0500] "GET /events/tag/opening/list/?eventDisplay=past&tribe-bar-date=2028-08-31 HTTP/1.1" 200 20684 "-" "Mozilla/5.0 (compatible; SemrushBot/7~bl; +http://www.semrush.com/bot.html)"
185.191.171.11 - - [27/Feb/2026:14:07:05 -0500] "GET /events/tag/art/list/?tribe-bar-date=2030-06-01 HTTP/1.1" 200 19714 "-" "Mozilla/5.0 (compatible; SemrushBot/7~bl; +http://www.semrush.com/bot.html)"
54.39.210.23 - - [27/Feb/2026:14:07:15 -0500] "GET /product-category/paintings/oil-painting/page/3/?product_orderby=price&product_view=grid&product_order=desc&product_count=12 HTTP/1.1" 404 13552 "-" "Mozilla/5.0 (compatible; AhrefsBot/7.0; +http://ahrefs.com/robot/)"
162.253.224.18 - - [27/Feb/2026:14:07:34 -0500] "POST /wp-cron.php?doing_wp_cron=1772219254.7723410129547119140625 HTTP/1.1" 200 - "-" "WordPress/6.9.1; https://clavo.space"
128.199.162.203 - - [27/Feb/2026:14:07:32 -0500] "GET /wp-content/uploads/2021/03/cima1-tienda-producto-h-66x66.jpg%2066w,%20https://clavo.space/wp-content/uploads/2021/03/cima1-tienda-producto-h-150x150.jpg%20150w HTTP/1.1" 301 - "https://clavo.space/" "Mozilla/5.0 (Windows NT 10.0; Win64; x64) AppleWebKit/537.36 (KHTML, like Gecko) Chrome/112.0.0.0 Safari/537.36"
128.199.162.203 - - [27/Feb/2026:14:07:36 -0500] "GET /wp-content/uploads/2021/03/cima1-tienda-producto-h-66x66.jpg%2066w,%20https:/clavo.space/wp-content/uploads/2021/03/cima1-tienda-producto-h-150x150.jpg%20150w HTTP/1.1" 404 13574 "https://clavo.space/" "Mozilla/5.0 (Windows NT 10.0; Win64; x64) AppleWebKit/537.36 (KHTML, like Gecko) Chrome/112.0.0.0 Safari/537.36"
114.119.149.252 - - [27/Feb/2026:14:07:36 -0500] "GET /product-tag/abel-adrian/page/1/?product_count=36&product_orderby=date HTTP/1.1" 301 - "https://clavo.space/product-tag/abel-adrian/page/1/?product_count=24&product_orderby=date" "Mozilla/5.0 (Linux; Android 7.0;) AppleWebKit/537.36 (KHTML, like Gecko) Mobile Safari/537.36 (compatible; PetalBot;+https://webmaster.petalsearch.com/site/petalbot)"
169.224.68.248 - - [27/Feb/2026:14:07:41 -0500] "GET /wp-content/uploads/2021/03/cima1-tienda-producto-h-66x66.jpg%2066w,%20https://clavo.space/wp-content/uploads/2021/03/cima1-tienda-producto-h-150x150.jpg%20150w HTTP/1.1" 301 - "https://clavo.space/" "Mozilla/5.0 (Windows NT 10.0; Win64; x64) AppleWebKit/537.36 (KHTML, like Gecko) Chrome/112.0.0.0 Safari/537.36"
114.119.149.252 - - [27/Feb/2026:14:07:41 -0500] "GET /portfolio-item/abel-adrian/?product_count=36&product_orderby=date HTTP/1.1" 200 21334 "https://clavo.space/product-tag/abel-adrian/page/1/?product_count=24&product_orderby=date" "Mozilla/5.0 (Linux; Android 7.0;) AppleWebKit/537.36 (KHTML, like Gecko) Mobile Safari/537.36 (compatible; PetalBot;+https://webmaster.petalsearch.com/site/petalbot)"
202.47.51.130 - - [27/Feb/2026:14:07:47 -0500] "GET /wp-content/uploads/2021/03/cima1-tienda-producto-h-66x66.jpg%2066w,%20https:/clavo.space/wp-content/uploads/2021/03/cima1-tienda-producto-h-150x150.jpg%20150w HTTP/1.1" 404 13566 "https://clavo.space/" "Mozilla/5.0 (Windows NT 10.0; Win64; x64) AppleWebKit/537.36 (KHTML, like Gecko) Chrome/112.0.0.0 Safari/537.36"
72.167.150.128 - - [27/Feb/2026:14:07:58 -0500] "GET /wp-login.php HTTP/1.1" 200 2093 "-" "Mozilla/5.0 (Macintosh; Intel Mac OS X 10_12_6) AppleWebKit/537.36 (KHTML, like Gecko) Chrome/67.0.3396.62 Safari/537.36"
72.167.150.128 - - [27/Feb/2026:14:07:59 -0500] "POST /wp-login.php HTTP/1.1" 200 2224 "https://212productions.net/wp-login.php" "Mozilla/5.0 (Macintosh; Intel Mac OS X 10_12_6) AppleWebKit/537.36 (KHTML, like Gecko) Chrome/67.0.3396.62 Safari/537.36"
209.141.45.17 - - [27/Feb/2026:14:08:24 -0500] "GET /wp-login.php HTTP/1.1" 200 6864 "-" "Mozilla/5.0 (Windows NT 6.1; rv:31.0) Gecko/20100101 Firefox/31.0"
209.141.45.17 - - [27/Feb/2026:14:08:25 -0500] "POST /wp-login.php HTTP/1.1" 200 7348 "-" "Mozilla/5.0 (Windows NT 6.1; rv:31.0) Gecko/20100101 Firefox/31.0"
185.191.171.19 - - [27/Feb/2026:14:08:30 -0500] "GET /events/tag/opening/list/?tribe-bar-date=2024-05-14 HTTP/1.1" 200 19711 "-" "Mozilla/5.0 (compatible; SemrushBot/7~bl; +http://www.semrush.com/bot.html)"
162.253.224.18 - - [27/Feb/2026:14:08:38 -0500] "POST /wp-cron.php?doing_wp_cron=1772219318.9048840999603271484375 HTTP/1.1" 200 - "-" "WordPress/6.9.1; https://clavo.space"
72.167.37.48 - - [27/Feb/2026:14:08:37 -0500] "POST /xmlrpc.php HTTP/1.1" 200 225 "-" "Mozilla/5.0 (X11; Linux x86_64) AppleWebKit/537.36 (KHTML, like Gecko) Chrome/66.0.3359.117 Safari/537.36"
45.61.184.67 - - [27/Feb/2026:14:08:46 -0500] "GET /wp-login.php HTTP/1.1" 200 6864 "-" "Mozilla/5.0 (compatible; MSIE 10.0; Windows NT 6.1; WOW64; Trident/6.0)"
45.61.184.67 - - [27/Feb/2026:14:08:47 -0500] "POST /wp-login.php HTTP/1.1" 200 7350 "-" "Mozilla/5.0 (compatible; MSIE 10.0; Windows NT 6.1; WOW64; Trident/6.0)"
114.119.148.154 - - [27/Feb/2026:14:09:02 -0500] "GET /product-tag/abel-adrian/page/1/?product_count=24&product_view=grid&product_order=asc&product_orderby=price HTTP/1.1" 301 - "https://clavo.space/product-tag/abel-adrian/page/2/?product_count=24&product_view=grid&product_order=asc&product_orderby=price" "Mozilla/5.0 (Linux; Android 7.0;) AppleWebKit/537.36 (KHTML, like Gecko) Mobile Safari/537.36 (compatible; PetalBot;+https://webmaster.petalsearch.com/site/petalbot)"
114.119.148.154 - - [27/Feb/2026:14:09:05 -0500] "GET /portfolio-item/abel-adrian/?product_count=24&product_view=grid&product_order=asc&product_orderby=price HTTP/1.1" 200 21330 "https://clavo.space/product-tag/abel-adrian/page/2/?product_count=24&product_view=grid&product_order=asc&product_orderby=price" "Mozilla/5.0 (Linux; Android 7.0;) AppleWebKit/537.36 (KHTML, like Gecko) Mobile Safari/537.36 (compatible; PetalBot;+https://webmaster.petalsearch.com/site/petalbot)"
162.253.224.18 - - [27/Feb/2026:14:09:40 -0500] "POST /wp-cron.php?doing_wp_cron=1772219380.1787741184234619140625 HTTP/1.1" 200 - "-" "WordPress/6.9.1; https://clavo.space"
185.191.171.3 - - [27/Feb/2026:14:09:38 -0500] "GET /events/list/?tribe-bar-date=2021-01-25 HTTP/1.1" 200 19466 "-" "Mozilla/5.0 (compatible; SemrushBot/7~bl; +http://www.semrush.com/bot.html)"
114.119.151.197 - - [27/Feb/2026:14:10:22 -0500] "GET /product-tag/abel-adrian/page/1/?product_count=24&product_orderby=default&product_view=grid&product_order=asc HTTP/1.1" 301 - "https://clavo.space/product-tag/abel-adrian/page/2/?product_count=24&product_orderby=default&product_view=grid&product_order=asc" "Mozilla/5.0 (Linux; Android 7.0;) AppleWebKit/537.36 (KHTML, like Gecko) Mobile Safari/537.36 (compatible; PetalBot;+https://webmaster.petalsearch.com/site/petalbot)"
114.119.151.197 - - [27/Feb/2026:14:10:25 -0500] "GET /portfolio-item/abel-adrian/?product_count=24&product_orderby=default&product_view=grid&product_order=asc HTTP/1.1" 200 21334 "https://clavo.space/product-tag/abel-adrian/page/2/?product_count=24&product_orderby=default&product_view=grid&product_order=asc" "Mozilla/5.0 (Linux; Android 7.0;) AppleWebKit/537.36 (KHTML, like Gecko) Mobile Safari/537.36 (compatible; PetalBot;+https://webmaster.petalsearch.com/site/petalbot)"
43.153.48.240 - - [27/Feb/2026:14:10:40 -0500] "GET /wp/broken-film/ HTTP/1.1" 301 326 "http://www.brokendocumentary.film" "Mozilla/5.0 (iPhone; CPU iPhone OS 13_2_3 like Mac OS X) AppleWebKit/605.1.15 (KHTML, like Gecko) Version/13.0.3 Mobile/15E148 Safari/604.1"
43.153.48.240 - - [27/Feb/2026:14:10:42 -0500] "GET /wp/broken-film/ HTTP/1.1" 301 - "http://www.212productions.net/wp/broken-film/" "Mozilla/5.0 (iPhone; CPU iPhone OS 13_2_3 like Mac OS X) AppleWebKit/605.1.15 (KHTML, like Gecko) Version/13.0.3 Mobile/15E148 Safari/604.1"
162.253.224.18 - - [27/Feb/2026:14:10:45 -0500] "POST /wp-cron.php?doing_wp_cron=1772219445.2033309936523437500000 HTTP/1.1" 200 - "-" "WordPress/6.9.1; https://clavo.space"
85.208.96.197 - - [27/Feb/2026:14:10:42 -0500] "GET /events/tag/opening/day/2021-05-17/ HTTP/1.1" 200 14434 "-" "Mozilla/5.0 (compatible; SemrushBot/7~bl; +http://www.semrush.com/bot.html)"
43.153.48.240 - - [27/Feb/2026:14:10:45 -0500] "GET /wp/broken-film/ HTTP/1.1" 200 17257 "https://www.212productions.net/wp/broken-film/" "Mozilla/5.0 (iPhone; CPU iPhone OS 13_2_3 like Mac OS X) AppleWebKit/605.1.15 (KHTML, like Gecko) Version/13.0.3 Mobile/15E148 Safari/604.1"
85.208.96.194 - - [27/Feb/2026:14:10:48 -0500] "GET /events/tag/opening/list/?eventDisplay=past&tribe-bar-date=2026-02-27 HTTP/1.1" 200 20691 "-" "Mozilla/5.0 (compatible; SemrushBot/7~bl; +http://www.semrush.com/bot.html)"
51.68.107.154 - - [27/Feb/2026:14:10:50 -0500] "GET /robots.txt HTTP/1.1" 200 111 "-" "Mozilla/5.0 (compatible; MJ12bot/v2.0.5; http://mj12bot.com/)"
51.68.107.154 - - [27/Feb/2026:14:10:50 -0500] "GET / HTTP/1.1" 200 30736 "-" "Mozilla/5.0 (compatible; MJ12bot/v2.0.5; http://mj12bot.com/)"
85.208.96.195 - - [27/Feb/2026:14:10:53 -0500] "GET /events/tag/opening/list/?tribe-bar-date=2025-01-16 HTTP/1.1" 200 19720 "-" "Mozilla/5.0 (compatible; SemrushBot/7~bl; +http://www.semrush.com/bot.html)"
85.208.96.194 - - [27/Feb/2026:14:10:57 -0500] "GET /events/category/exhibition/list/?eventDisplay=past&tribe-bar-date=2025-02-05 HTTP/1.1" 200 20723 "-" "Mozilla/5.0 (compatible; SemrushBot/7~bl; +http://www.semrush.com/bot.html)"
162.253.224.18 - - [27/Feb/2026:14:11:03 -0500] "POST /wp-cron.php?doing_wp_cron=1772219463.7560160160064697265625 HTTP/1.1" 200 - "-" "WordPress/6.9.1; https://clavo.space"
185.191.171.4 - - [27/Feb/2026:14:11:02 -0500] "GET /events/tag/clavo-space/list/?tribe-bar-date=2022-04-10 HTTP/1.1" 200 19726 "-" "Mozilla/5.0 (compatible; SemrushBot/7~bl; +http://www.semrush.com/bot.html)"
85.208.96.198 - - [27/Feb/2026:14:11:15 -0500] "GET /events/tag/exhibition/list/?tribe-bar-date=2028-11-24 HTTP/1.1" 200 19715 "-" "Mozilla/5.0 (compatible; SemrushBot/7~bl; +http://www.semrush.com/bot.html)"
85.208.96.209 - - [27/Feb/2026:14:11:20 -0500] "GET /events/tag/exhibition/list/?eventDisplay=past&tribe-bar-date=2022-04-14 HTTP/1.1" 200 20692 "-" "Mozilla/5.0 (compatible; SemrushBot/7~bl; +http://www.semrush.com/bot.html)"
134.209.116.242 - - [27/Feb/2026:14:11:44 -0500] "GET /wp-content/uploads/2021/03/cima1-tienda-producto-h-66x66.jpg HTTP/1.1" 200 1415 "https://clavo.space/" "Mozilla/5.0 (Windows NT 10.0; Win64; x64) AppleWebKit/537.36 (KHTML, like Gecko) Chrome/105.0.0.0 Safari/537.3"
162.253.224.18 - - [27/Feb/2026:14:11:46 -0500] "POST /wp-cron.php?doing_wp_cron=1772219505.9977281093597412109375 HTTP/1.1" 200 - "-" "WordPress/6.9.1; https://clavo.space"
161.35.13.6 - - [27/Feb/2026:14:11:44 -0500] "GET /wp-content/uploads/2021/03/semblanza-tienda-producto-66x66.jpg%2066w,%20https://clavo.space/wp-content/uploads/2021/03/semblanza-tienda-producto-150x150.jpg%20150w HTTP/1.1" 301 - "https://clavo.space/" "Mozilla/5.0 (Windows NT 10.0; Win64; x64) AppleWebKit/537.36 (KHTML, like Gecko) Chrome/120.0.0.0 Safari/537.36"
161.35.13.6 - - [27/Feb/2026:14:11:47 -0500] "GET /wp-content/uploads/2021/03/semblanza-tienda-producto-66x66.jpg%2066w,%20https:/clavo.space/wp-content/uploads/2021/03/semblanza-tienda-producto-150x150.jpg%20150w HTTP/1.1" 404 13567 "https://clavo.space/" "Mozilla/5.0 (Windows NT 10.0; Win64; x64) AppleWebKit/537.36 (KHTML, like Gecko) Chrome/120.0.0.0 Safari/537.36"
114.119.153.245 - - [27/Feb/2026:14:11:48 -0500] "GET /product-tag/abel-adrian/page/1/?product_count=12&product_orderby=rating&product_order=desc HTTP/1.1" 301 - "https://clavo.space/product-tag/abel-adrian/page/2/?product_count=12&product_orderby=rating&product_order=desc" "Mozilla/5.0 (Linux; Android 7.0;) AppleWebKit/537.36 (KHTML, like Gecko) Mobile Safari/537.36 (compatible; PetalBot;+https://webmaster.petalsearch.com/site/petalbot)"
114.119.153.245 - - [27/Feb/2026:14:11:51 -0500] "GET /portfolio-item/abel-adrian/?product_count=12&product_orderby=rating&product_order=desc HTTP/1.1" 200 21331 "https://clavo.space/product-tag/abel-adrian/page/2/?product_count=12&product_orderby=rating&product_order=desc" "Mozilla/5.0 (Linux; Android 7.0;) AppleWebKit/537.36 (KHTML, like Gecko) Mobile Safari/537.36 (compatible; PetalBot;+https://webmaster.petalsearch.com/site/petalbot)"
103.145.51.107 - - [27/Feb/2026:14:12:06 -0500] "GET /wp-login.php HTTP/1.1" 200 2093 "-" "Mozilla/4.0 (compatible; MSIE 7.0; Windows NT 6.1; WOW64; Trident/7.0; SLCC2; .NET CLR 2.0.50727; .NET CLR 3.5.30729; .NET CLR 3.0.30729; Media Center PC 6.0; .NET4.0C; .NET4.0E; MS-RTC LM 8; InfoPath.3)"
103.145.51.107 - - [27/Feb/2026:14:12:07 -0500] "POST /wp-login.php HTTP/1.1" 200 2224 "https://212productions.net/wp-login.php" "Mozilla/4.0 (compatible; MSIE 7.0; Windows NT 6.1; WOW64; Trident/7.0; SLCC2; .NET CLR 2.0.50727; .NET CLR 3.5.30729; .NET CLR 3.0.30729; Media Center PC 6.0; .NET4.0C; .NET4.0E; MS-RTC LM 8; InfoPath.3)"
85.208.96.195 - - [27/Feb/2026:14:12:12 -0500] "GET /events/tag/exhibition/list/?eventDisplay=past&tribe-bar-date=2023-05-27 HTTP/1.1" 200 20677 "-" "Mozilla/5.0 (compatible; SemrushBot/7~bl; +http://www.semrush.com/bot.html)"
167.114.139.158 - - [27/Feb/2026:14:12:17 -0500] "GET /product-category/paintings/oil-painting/page/1/?product_orderby=rating&product_view=grid&product_count=24 HTTP/1.1" 404 13551 "-" "Mozilla/5.0 (compatible; AhrefsBot/7.0; +http://ahrefs.com/robot/)"
66.249.79.69 - - [27/Feb/2026:14:12:28 -0500] "GET /page/2/?h=ef5neutouetfira HTTP/1.1" 200 30435 "-" "Mozilla/5.0 (Linux; Android 6.0.1; Nexus 5X Build/MMB29P) AppleWebKit/537.36 (KHTML, like Gecko) Chrome/144.0.7559.132 Mobile Safari/537.36 (compatible; GoogleOther)"
162.253.224.18 - - [27/Feb/2026:14:12:34 -0500] "POST /wp-cron.php?doing_wp_cron=1772219554.7413620948791503906250 HTTP/1.1" 200 - "-" "WordPress/6.9.1; https://clavo.space"
45.61.188.241 - - [27/Feb/2026:14:12:33 -0500] "GET /wp-login.php HTTP/1.1" 200 6864 "-" "Mozilla/5.0 (iPhone; CPU iPhone OS 7_1 like Mac OS X) AppleWebKit/537.51.2 (KHTML, like Gecko) Version/7.0 Mobile/11D167 Safari/9537.53"
45.61.188.241 - - [27/Feb/2026:14:12:34 -0500] "POST /wp-login.php HTTP/1.1" 200 7348 "-" "Mozilla/5.0 (iPhone; CPU iPhone OS 7_1 like Mac OS X) AppleWebKit/537.51.2 (KHTML, like Gecko) Version/7.0 Mobile/11D167 Safari/9537.53"
114.119.153.245 - - [27/Feb/2026:14:13:09 -0500] "GET /shop?product_orderby=date&product_count=12&product_order=desc&product_view=list HTTP/1.1" 404 13539 "https://clavo.space/shop?product_orderby=price&product_count=12&product_order=desc&product_view=list" "Mozilla/5.0 (Linux; Android 7.0;) AppleWebKit/537.36 (KHTML, like Gecko) Mobile Safari/537.36 (compatible; PetalBot;+https://webmaster.petalsearch.com/site/petalbot)"
104.244.77.51 - - [27/Feb/2026:14:13:10 -0500] "GET /wp-login.php HTTP/1.1" 200 6864 "-" "Mozilla/5.0 (Macintosh; Intel Mac OS X 10.8; rv:30.0) Gecko/20100101 Firefox/30.0"
104.244.77.51 - - [27/Feb/2026:14:13:12 -0500] "POST /wp-login.php HTTP/1.1" 200 7350 "-" "Mozilla/5.0 (Macintosh; Intel Mac OS X 10.8; rv:30.0) Gecko/20100101 Firefox/30.0"
66.116.207.52 - - [27/Feb/2026:14:13:14 -0500] "POST /xmlrpc.php HTTP/1.1" 200 225 "-" "Mozilla/5.0 (X11; Ubuntu; Linux x86_64; rv:60.0) Gecko/20100101 Firefox/60.0"
66.249.79.67 - - [27/Feb/2026:14:13:20 -0500] "GET /page/2/?h=emff0s3dgc31rpk HTTP/1.1" 200 30439 "-" "Mozilla/5.0 (Linux; Android 6.0.1; Nexus 5X Build/MMB29P) AppleWebKit/537.36 (KHTML, like Gecko) Chrome/144.0.7559.132 Mobile Safari/537.36 (compatible; GoogleOther)"
162.253.224.18 - - [27/Feb/2026:14:13:58 -0500] "POST /wp-cron.php?doing_wp_cron=1772219638.8250720500946044921875 HTTP/1.1" 200 - "-" "WordPress/6.9.1; https://clavo.space"
85.208.96.211 - - [27/Feb/2026:14:13:57 -0500] "GET /events/list/?tribe-bar-date=2024-07-24 HTTP/1.1" 200 19464 "-" "Mozilla/5.0 (compatible; SemrushBot/7~bl; +http://www.semrush.com/bot.html)"
85.208.96.210 - - [27/Feb/2026:14:14:22 -0500] "GET /events/tag/art/list/?tribe-bar-date=2025-12-09 HTTP/1.1" 200 19713 "-" "Mozilla/5.0 (compatible; SemrushBot/7~bl; +http://www.semrush.com/bot.html)"
162.253.224.18 - - [27/Feb/2026:14:14:35 -0500] "POST /wp-cron.php?doing_wp_cron=1772219675.8077840805053710937500 HTTP/1.1" 200 - "-" "WordPress/6.9.1; https://clavo.space"
114.119.153.245 - - [27/Feb/2026:14:14:34 -0500] "GET /shop/page/5/?product_view=grid&product_count=12&product_orderby=rating&product_order=desc HTTP/1.1" 404 13540 "https://clavo.space/shop/page/5/?product_view=grid&product_count=12&product_orderby=default&product_order=desc" "Mozilla/5.0 (Linux; Android 7.0;) AppleWebKit/537.36 (KHTML, like Gecko) Mobile Safari/537.36 (compatible; PetalBot;+https://webmaster.petalsearch.com/site/petalbot)"
185.191.171.5 - - [27/Feb/2026:14:14:46 -0500] "GET /events/tag/opening/day/2028-08-31/ HTTP/1.1" 200 14440 "-" "Mozilla/5.0 (compatible; SemrushBot/7~bl; +http://www.semrush.com/bot.html)"
185.191.171.2 - - [27/Feb/2026:14:14:50 -0500] "GET /events/list/?tribe-bar-date=2026-02-04 HTTP/1.1" 200 19463 "-" "Mozilla/5.0 (compatible; SemrushBot/7~bl; +http://www.semrush.com/bot.html)"
85.208.96.194 - - [27/Feb/2026:14:14:55 -0500] "GET /events/tag/art/day/2028-08-30/ HTTP/1.1" 200 14440 "-" "Mozilla/5.0 (compatible; SemrushBot/7~bl; +http://www.semrush.com/bot.html)"
45.141.233.210 - - [27/Feb/2026:14:14:56 -0500] "GET /wp-login.php HTTP/1.1" 200 2093 "" "Mozilla/5.0 (Macintosh; Intel Mac OS X 10_15_7) AppleWebKit/537.36 (KHTML, like Gecko) Chrome/118.0.0.0 Safari/537.36"
45.141.233.210 - - [27/Feb/2026:14:14:58 -0500] "GET /?author=1 HTTP/1.1" 301 - "https://t.co/" "Mozilla/5.0 (Windows NT 10.0; Win64; x64; rv:120.0) Gecko/20100101 Firefox/120.0"
45.141.233.210 - - [27/Feb/2026:14:15:00 -0500] "GET /author/clavo/ HTTP/1.1" 200 16257 "https://t.co/" "Mozilla/5.0 (Windows NT 10.0; Win64; x64; rv:120.0) Gecko/20100101 Firefox/120.0"
185.191.171.9 - - [27/Feb/2026:14:15:00 -0500] "GET /events/list/?eventDisplay=past&tribe-bar-date=2028-09-13 HTTP/1.1" 200 20448 "-" "Mozilla/5.0 (compatible; SemrushBot/7~bl; +http://www.semrush.com/bot.html)"
45.141.233.210 - - [27/Feb/2026:14:15:02 -0500] "GET /?author=2 HTTP/1.1" 200 13321 "" "Mozilla/5.0 (Macintosh; Intel Mac OS X 10_15_7) AppleWebKit/605.1.15 (KHTML, like Gecko) Version/17.1 Safari/605.1.15"
45.141.233.210 - - [27/Feb/2026:14:15:03 -0500] "GET /?author=3 HTTP/1.1" 200 13320 "https://www.google.com/" "Mozilla/5.0 (Macintosh; Intel Mac OS X 13_6_1) AppleWebKit/605.1.15 (KHTML, like Gecko) Version/17.1 Safari/605.1.15"
45.141.233.210 - - [27/Feb/2026:14:15:05 -0500] "GET /?author=4 HTTP/1.1" 200 13329 "https://t.co/" "Mozilla/5.0 (X11; Linux x86_64) AppleWebKit/537.36 (KHTML, like Gecko) Chrome/121.0.0.0 Safari/537.36"
185.191.171.12 - - [27/Feb/2026:14:15:06 -0500] "GET /events/tag/art/day/2021-12-20/ HTTP/1.1" 200 14442 "-" "Mozilla/5.0 (compatible; SemrushBot/7~bl; +http://www.semrush.com/bot.html)"
45.141.233.210 - - [27/Feb/2026:14:15:06 -0500] "GET /?author=5 HTTP/1.1" 200 13326 "https://www.bing.com/" "Mozilla/5.0 (Windows NT 11.0; Win64; x64; rv:121.0) Gecko/20100101 Firefox/121.0"
45.141.233.210 - - [27/Feb/2026:14:15:09 -0500] "GET /wp-json/wp/v2/users HTTP/1.1" 200 406 "https://www.google.com/" "Mozilla/5.0 (Windows NT 10.0; Win64; x64; rv:119.0) Gecko/20100101 Firefox/119.0"
45.141.233.210 - - [27/Feb/2026:14:15:10 -0500] "POST /wp-login.php HTTP/1.1" 200 2253 "https://CLAVO.SPACE/wp-login.php" "Mozilla/5.0 (Macintosh; Intel Mac OS X 13_6_1) AppleWebKit/537.36 (KHTML, like Gecko) Chrome/118.0.0.0 Safari/537.36"
45.141.233.210 - - [27/Feb/2026:14:15:11 -0500] "GET /wp-admin/index.php HTTP/1.1" 302 - "https://CLAVO.SPACE/wp-login.php" "Mozilla/5.0 (Macintosh; Intel Mac OS X 10_15_7; rv:120.0) Gecko/20100101 Firefox/120.0"
45.141.233.210 - - [27/Feb/2026:14:15:13 -0500] "GET /wp-login.php?redirect_to=https%3A%2F%2Fclavo.space%2Fwp-admin%2Findex.php&reauth=1 HTTP/1.1" 200 2098 "https://CLAVO.SPACE/wp-login.php" "Mozilla/5.0 (Macintosh; Intel Mac OS X 10_15_7; rv:120.0) Gecko/20100101 Firefox/120.0"
85.208.96.210 - - [27/Feb/2026:14:15:14 -0500] "GET /events/category/exhibition/list/?tribe-bar-date=2025-10-16 HTTP/1.1" 200 19756 "-" "Mozilla/5.0 (compatible; SemrushBot/7~bl; +http://www.semrush.com/bot.html)"
45.141.233.210 - - [27/Feb/2026:14:15:14 -0500] "POST /wp-login.php HTTP/1.1" 200 2257 "https://CLAVO.SPACE/wp-login.php" "Mozilla/5.0 (Windows NT 10.0; Win64; x64) AppleWebKit/537.36 (KHTML, like Gecko) Chrome/118.0.0.0 Safari/537.36"
45.141.233.210 - - [27/Feb/2026:14:15:16 -0500] "GET /wp-admin/index.php HTTP/1.1" 302 - "https://CLAVO.SPACE/wp-login.php" "Mozilla/5.0 (Macintosh; Intel Mac OS X 10_15_7; rv:118.0) Gecko/20100101 Firefox/118.0"
45.141.233.210 - - [27/Feb/2026:14:15:18 -0500] "GET /wp-login.php?redirect_to=https%3A%2F%2Fclavo.space%2Fwp-admin%2Findex.php&reauth=1 HTTP/1.1" 200 2098 "https://CLAVO.SPACE/wp-login.php" "Mozilla/5.0 (Macintosh; Intel Mac OS X 10_15_7; rv:118.0) Gecko/20100101 Firefox/118.0"
45.141.233.210 - - [27/Feb/2026:14:15:19 -0500] "POST /wp-login.php HTTP/1.1" 200 2252 "https://CLAVO.SPACE/wp-login.php" "Mozilla/5.0 (Macintosh; Intel Mac OS X 10_15_7) AppleWebKit/605.1.15 (KHTML, like Gecko) Version/17.2 Safari/605.1.15"
45.141.233.210 - - [27/Feb/2026:14:15:20 -0500] "GET /wp-admin/index.php HTTP/1.1" 302 - "https://CLAVO.SPACE/wp-login.php" "Mozilla/5.0 (X11; Linux x86_64) AppleWebKit/537.36 (KHTML, like Gecko) Chrome/120.0.0.0 Safari/537.36"
45.141.233.210 - - [27/Feb/2026:14:15:21 -0500] "GET /wp-login.php?redirect_to=https%3A%2F%2Fclavo.space%2Fwp-admin%2Findex.php&reauth=1 HTTP/1.1" 200 2098 "https://CLAVO.SPACE/wp-login.php" "Mozilla/5.0 (X11; Linux x86_64) AppleWebKit/537.36 (KHTML, like Gecko) Chrome/120.0.0.0 Safari/537.36"
45.141.233.210 - - [27/Feb/2026:14:15:22 -0500] "POST /wp-login.php HTTP/1.1" 200 2224 "https://CLAVO.SPACE/wp-login.php" "Mozilla/5.0 (Windows NT 10.0; Win64; x64; rv:119.0) Gecko/20100101 Firefox/119.0"
45.141.233.210 - - [27/Feb/2026:14:15:24 -0500] "GET /wp-admin/index.php HTTP/1.1" 302 - "https://CLAVO.SPACE/wp-login.php" "Mozilla/5.0 (Macintosh; Intel Mac OS X 13_6_1; rv:120.0) Gecko/20100101 Firefox/120.0"
45.141.233.210 - - [27/Feb/2026:14:15:25 -0500] "GET /wp-login.php?redirect_to=https%3A%2F%2Fclavo.space%2Fwp-admin%2Findex.php&reauth=1 HTTP/1.1" 200 2098 "https://CLAVO.SPACE/wp-login.php" "Mozilla/5.0 (Macintosh; Intel Mac OS X 13_6_1; rv:120.0) Gecko/20100101 Firefox/120.0"
45.141.233.210 - - [27/Feb/2026:14:15:26 -0500] "POST /wp-login.php HTTP/1.1" 200 2255 "https://CLAVO.SPACE/wp-login.php" "Mozilla/5.0 (Windows NT 11.0; Win64; x64) AppleWebKit/537.36 (KHTML, like Gecko) Chrome/121.0.0.0 Safari/537.36"
45.141.233.210 - - [27/Feb/2026:14:15:27 -0500] "GET /wp-admin/index.php HTTP/1.1" 302 - "https://CLAVO.SPACE/wp-login.php" "Mozilla/5.0 (Macintosh; Intel Mac OS X 10_15_7) AppleWebKit/537.36 (KHTML, like Gecko) Chrome/118.0.0.0 Safari/537.36"
45.141.233.210 - - [27/Feb/2026:14:15:29 -0500] "GET /wp-login.php?redirect_to=https%3A%2F%2Fclavo.space%2Fwp-admin%2Findex.php&reauth=1 HTTP/1.1" 200 2098 "https://CLAVO.SPACE/wp-login.php" "Mozilla/5.0 (Macintosh; Intel Mac OS X 10_15_7) AppleWebKit/537.36 (KHTML, like Gecko) Chrome/118.0.0.0 Safari/537.36"
45.141.233.210 - - [27/Feb/2026:14:15:30 -0500] "POST /wp-login.php HTTP/1.1" 200 2257 "https://CLAVO.SPACE/wp-login.php" "Mozilla/5.0 (Windows NT 11.0; Win64; x64) AppleWebKit/537.36 (KHTML, like Gecko) Chrome/119.0.0.0 Safari/537.36"
162.253.224.18 - - [27/Feb/2026:14:15:33 -0500] "POST /wp-cron.php?doing_wp_cron=1772219733.0493679046630859375000 HTTP/1.1" 200 - "-" "WordPress/6.9.1; https://clavo.space"
45.141.233.210 - - [27/Feb/2026:14:15:31 -0500] "GET /wp-admin/index.php HTTP/1.1" 302 - "https://CLAVO.SPACE/wp-login.php" "Mozilla/5.0 (Macintosh; Intel Mac OS X 13_6_1) AppleWebKit/537.36 (KHTML, like Gecko) Chrome/121.0.0.0 Safari/537.36"
45.141.233.210 - - [27/Feb/2026:14:15:33 -0500] "GET /wp-login.php?redirect_to=https%3A%2F%2Fclavo.space%2Fwp-admin%2Findex.php&reauth=1 HTTP/1.1" 200 2098 "https://CLAVO.SPACE/wp-login.php" "Mozilla/5.0 (Macintosh; Intel Mac OS X 13_6_1) AppleWebKit/537.36 (KHTML, like Gecko) Chrome/121.0.0.0 Safari/537.36"
45.141.233.210 - - [27/Feb/2026:14:15:35 -0500] "POST /wp-login.php HTTP/1.1" 200 2252 "https://CLAVO.SPACE/wp-login.php" "Mozilla/5.0 (X11; Ubuntu; Linux x86_64) AppleWebKit/537.36 (KHTML, like Gecko) Chrome/118.0.0.0 Safari/537.36"
45.141.233.210 - - [27/Feb/2026:14:15:37 -0500] "GET /wp-admin/index.php HTTP/1.1" 302 - "https://CLAVO.SPACE/wp-login.php" "Mozilla/5.0 (X11; Ubuntu; Linux x86_64) AppleWebKit/537.36 (KHTML, like Gecko) Chrome/121.0.0.0 Safari/537.36"
45.141.233.210 - - [27/Feb/2026:14:15:38 -0500] "GET /wp-login.php?redirect_to=https%3A%2F%2Fclavo.space%2Fwp-admin%2Findex.php&reauth=1 HTTP/1.1" 200 2098 "https://CLAVO.SPACE/wp-login.php" "Mozilla/5.0 (X11; Ubuntu; Linux x86_64) AppleWebKit/537.36 (KHTML, like Gecko) Chrome/121.0.0.0 Safari/537.36"
45.141.233.210 - - [27/Feb/2026:14:15:39 -0500] "POST /wp-login.php HTTP/1.1" 200 2258 "https://CLAVO.SPACE/wp-login.php" "Mozilla/5.0 (Macintosh; Intel Mac OS X 13_6_1; rv:121.0) Gecko/20100101 Firefox/121.0"
45.141.233.210 - - [27/Feb/2026:14:15:41 -0500] "GET /wp-admin/index.php HTTP/1.1" 302 - "https://CLAVO.SPACE/wp-login.php" "Mozilla/5.0 (Macintosh; Intel Mac OS X 10_15_7) AppleWebKit/605.1.15 (KHTML, like Gecko) Version/17.2 Safari/605.1.15"
185.191.171.6 - - [27/Feb/2026:14:15:41 -0500] "GET /events/tag/art/list/?eventDisplay=past&tribe-bar-date=2027-08-19 HTTP/1.1" 200 20698 "-" "Mozilla/5.0 (compatible; SemrushBot/7~bl; +http://www.semrush.com/bot.html)"
45.141.233.210 - - [27/Feb/2026:14:15:42 -0500] "GET /wp-login.php?redirect_to=https%3A%2F%2Fclavo.space%2Fwp-admin%2Findex.php&reauth=1 HTTP/1.1" 200 2098 "https://CLAVO.SPACE/wp-login.php" "Mozilla/5.0 (Macintosh; Intel Mac OS X 10_15_7) AppleWebKit/605.1.15 (KHTML, like Gecko) Version/17.2 Safari/605.1.15"
45.141.233.210 - - [27/Feb/2026:14:15:44 -0500] "POST /wp-login.php HTTP/1.1" 200 2252 "https://CLAVO.SPACE/wp-login.php" "Mozilla/5.0 (Macintosh; Intel Mac OS X 13_6_1) AppleWebKit/537.36 (KHTML, like Gecko) Chrome/121.0.0.0 Safari/537.36"
45.141.233.210 - - [27/Feb/2026:14:15:46 -0500] "GET /wp-admin/index.php HTTP/1.1" 302 - "https://CLAVO.SPACE/wp-login.php" "Mozilla/5.0 (Macintosh; Intel Mac OS X 10_15_7) AppleWebKit/605.1.15 (KHTML, like Gecko) Version/17.0 Safari/605.1.15"
45.141.233.210 - - [27/Feb/2026:14:15:47 -0500] "GET /wp-login.php?redirect_to=https%3A%2F%2Fclavo.space%2Fwp-admin%2Findex.php&reauth=1 HTTP/1.1" 200 2098 "https://CLAVO.SPACE/wp-login.php" "Mozilla/5.0 (Macintosh; Intel Mac OS X 10_15_7) AppleWebKit/605.1.15 (KHTML, like Gecko) Version/17.0 Safari/605.1.15"
45.141.233.210 - - [27/Feb/2026:14:15:48 -0500] "POST /wp-login.php HTTP/1.1" 200 2259 "https://CLAVO.SPACE/wp-login.php" "Mozilla/5.0 (Macintosh; Intel Mac OS X 10_15_7; rv:118.0) Gecko/20100101 Firefox/118.0"
45.141.233.210 - - [27/Feb/2026:14:15:49 -0500] "GET /wp-admin/index.php HTTP/1.1" 302 - "https://CLAVO.SPACE/wp-login.php" "Mozilla/5.0 (X11; Ubuntu; Linux x86_64) AppleWebKit/537.36 (KHTML, like Gecko) Chrome/118.0.0.0 Safari/537.36"
45.141.233.210 - - [27/Feb/2026:14:15:51 -0500] "GET /wp-login.php?redirect_to=https%3A%2F%2Fclavo.space%2Fwp-admin%2Findex.php&reauth=1 HTTP/1.1" 200 2098 "https://CLAVO.SPACE/wp-login.php" "Mozilla/5.0 (X11; Ubuntu; Linux x86_64) AppleWebKit/537.36 (KHTML, like Gecko) Chrome/118.0.0.0 Safari/537.36"
45.141.233.210 - - [27/Feb/2026:14:15:52 -0500] "POST /wp-login.php HTTP/1.1" 200 2260 "https://CLAVO.SPACE/wp-login.php" "Mozilla/5.0 (Windows NT 11.0; Win64; x64) AppleWebKit/537.36 (KHTML, like Gecko) Chrome/120.0.0.0 Safari/537.36"
45.141.233.210 - - [27/Feb/2026:14:15:53 -0500] "GET /wp-admin/index.php HTTP/1.1" 302 - "https://CLAVO.SPACE/wp-login.php" "Mozilla/5.0 (Macintosh; Intel Mac OS X 10_15_7) AppleWebKit/537.36 (KHTML, like Gecko) Chrome/119.0.0.0 Safari/537.36"
45.141.233.210 - - [27/Feb/2026:14:15:54 -0500] "GET /wp-login.php?redirect_to=https%3A%2F%2Fclavo.space%2Fwp-admin%2Findex.php&reauth=1 HTTP/1.1" 200 2098 "https://CLAVO.SPACE/wp-login.php" "Mozilla/5.0 (Macintosh; Intel Mac OS X 10_15_7) AppleWebKit/537.36 (KHTML, like Gecko) Chrome/119.0.0.0 Safari/537.36"
45.141.233.210 - - [27/Feb/2026:14:15:56 -0500] "POST /wp-login.php HTTP/1.1" 200 2261 "https://CLAVO.SPACE/wp-login.php" "Mozilla/5.0 (Macintosh; Intel Mac OS X 10_15_7) AppleWebKit/537.36 (KHTML, like Gecko) Chrome/119.0.0.0 Safari/537.36"
45.141.233.210 - - [27/Feb/2026:14:15:57 -0500] "GET /wp-admin/index.php HTTP/1.1" 302 - "https://CLAVO.SPACE/wp-login.php" "Mozilla/5.0 (Windows NT 11.0; Win64; x64; rv:120.0) Gecko/20100101 Firefox/120.0"
114.119.136.13 - - [27/Feb/2026:14:15:57 -0500] "GET /shop/page/5/?product_order=desc&product_view=grid&product_count=12&product_orderby=rating HTTP/1.1" 404 13541 "https://clavo.space/shop/page/5/?product_order=desc&product_view=grid&product_count=12&product_orderby=name" "Mozilla/5.0 (Linux; Android 7.0;) AppleWebKit/537.36 (KHTML, like Gecko) Mobile Safari/537.36 (compatible; PetalBot;+https://webmaster.petalsearch.com/site/petalbot)"
45.141.233.210 - - [27/Feb/2026:14:15:59 -0500] "GET /wp-login.php?redirect_to=https%3A%2F%2Fclavo.space%2Fwp-admin%2Findex.php&reauth=1 HTTP/1.1" 200 2098 "https://CLAVO.SPACE/wp-login.php" "Mozilla/5.0 (Windows NT 11.0; Win64; x64; rv:120.0) Gecko/20100101 Firefox/120.0"
45.141.233.210 - - [27/Feb/2026:14:16:00 -0500] "POST /wp-login.php HTTP/1.1" 200 2256 "https://CLAVO.SPACE/wp-login.php" "Mozilla/5.0 (Macintosh; Intel Mac OS X 13_6_1) AppleWebKit/605.1.15 (KHTML, like Gecko) Version/17.2 Safari/605.1.15"
45.141.233.210 - - [27/Feb/2026:14:16:02 -0500] "GET /wp-admin/index.php HTTP/1.1" 302 - "https://CLAVO.SPACE/wp-login.php" "Mozilla/5.0 (Windows NT 11.0; Win64; x64) AppleWebKit/537.36 (KHTML, like Gecko) Chrome/118.0.0.0 Safari/537.36"
45.141.233.210 - - [27/Feb/2026:14:16:03 -0500] "GET /wp-login.php?redirect_to=https%3A%2F%2Fclavo.space%2Fwp-admin%2Findex.php&reauth=1 HTTP/1.1" 200 2098 "https://CLAVO.SPACE/wp-login.php" "Mozilla/5.0 (Windows NT 11.0; Win64; x64) AppleWebKit/537.36 (KHTML, like Gecko) Chrome/118.0.0.0 Safari/537.36"
45.141.233.210 - - [27/Feb/2026:14:16:04 -0500] "POST /wp-login.php HTTP/1.1" 200 2254 "https://CLAVO.SPACE/wp-login.php" "Mozilla/5.0 (Macintosh; Intel Mac OS X 13_6_1) AppleWebKit/605.1.15 (KHTML, like Gecko) Version/17.0 Safari/605.1.15"
45.141.233.210 - - [27/Feb/2026:14:16:05 -0500] "GET /wp-admin/index.php HTTP/1.1" 302 - "https://CLAVO.SPACE/wp-login.php" "Mozilla/5.0 (Windows NT 11.0; Win64; x64) AppleWebKit/537.36 (KHTML, like Gecko) Chrome/118.0.0.0 Safari/537.36"
45.141.233.210 - - [27/Feb/2026:14:16:07 -0500] "GET /wp-login.php?redirect_to=https%3A%2F%2Fclavo.space%2Fwp-admin%2Findex.php&reauth=1 HTTP/1.1" 200 2098 "https://CLAVO.SPACE/wp-login.php" "Mozilla/5.0 (Windows NT 11.0; Win64; x64) AppleWebKit/537.36 (KHTML, like Gecko) Chrome/118.0.0.0 Safari/537.36"
188.130.27.116 - - [27/Feb/2026:14:16:07 -0500] "GET /wp-login.php HTTP/1.1" 200 2093 "-" "Mozilla/5.0 (Windows NT 6.3; WOW64; Trident/7.0; MANMJS; rv:11.0) like Gecko"
45.141.233.210 - - [27/Feb/2026:14:16:09 -0500] "POST /wp-login.php HTTP/1.1" 200 2257 "https://CLAVO.SPACE/wp-login.php" "Mozilla/5.0 (Macintosh; Intel Mac OS X 13_6_1) AppleWebKit/605.1.15 (KHTML, like Gecko) Version/17.0 Safari/605.1.15"
188.130.27.116 - - [27/Feb/2026:14:16:09 -0500] "POST /wp-login.php HTTP/1.1" 200 2224 "https://212productions.net/wp-login.php" "Mozilla/5.0 (Windows NT 6.3; WOW64; Trident/7.0; MANMJS; rv:11.0) like Gecko"
45.141.233.210 - - [27/Feb/2026:14:16:11 -0500] "GET /wp-admin/index.php HTTP/1.1" 302 - "https://CLAVO.SPACE/wp-login.php" "Mozilla/5.0 (Windows NT 10.0; Win64; x64) AppleWebKit/537.36 (KHTML, like Gecko) Chrome/121.0.0.0 Safari/537.36"
45.141.233.210 - - [27/Feb/2026:14:16:12 -0500] "GET /wp-login.php?redirect_to=https%3A%2F%2Fclavo.space%2Fwp-admin%2Findex.php&reauth=1 HTTP/1.1" 200 2098 "https://CLAVO.SPACE/wp-login.php" "Mozilla/5.0 (Windows NT 10.0; Win64; x64) AppleWebKit/537.36 (KHTML, like Gecko) Chrome/121.0.0.0 Safari/537.36"
45.141.233.210 - - [27/Feb/2026:14:16:13 -0500] "POST /wp-login.php HTTP/1.1" 200 2257 "https://CLAVO.SPACE/wp-login.php" "Mozilla/5.0 (Macintosh; Intel Mac OS X 10_15_7) AppleWebKit/537.36 (KHTML, like Gecko) Chrome/119.0.0.0 Safari/537.36"
45.141.233.210 - - [27/Feb/2026:14:16:15 -0500] "GET /wp-admin/index.php HTTP/1.1" 302 - "https://CLAVO.SPACE/wp-login.php" "Mozilla/5.0 (Macintosh; Intel Mac OS X 10_15_7) AppleWebKit/537.36 (KHTML, like Gecko) Chrome/120.0.0.0 Safari/537.36"
45.141.233.210 - - [27/Feb/2026:14:16:16 -0500] "GET /wp-login.php?redirect_to=https%3A%2F%2Fclavo.space%2Fwp-admin%2Findex.php&reauth=1 HTTP/1.1" 200 2098 "https://CLAVO.SPACE/wp-login.php" "Mozilla/5.0 (Macintosh; Intel Mac OS X 10_15_7) AppleWebKit/537.36 (KHTML, like Gecko) Chrome/120.0.0.0 Safari/537.36"
45.141.233.210 - - [27/Feb/2026:14:16:17 -0500] "POST /wp-login.php HTTP/1.1" 200 2252 "https://CLAVO.SPACE/wp-login.php" "Mozilla/5.0 (Windows NT 10.0; Win64; x64; rv:121.0) Gecko/20100101 Firefox/121.0"
45.141.233.210 - - [27/Feb/2026:14:16:18 -0500] "GET /wp-admin/index.php HTTP/1.1" 302 - "https://CLAVO.SPACE/wp-login.php" "Mozilla/5.0 (Macintosh; Intel Mac OS X 13_6_1) AppleWebKit/537.36 (KHTML, like Gecko) Chrome/119.0.0.0 Safari/537.36"
45.141.233.210 - - [27/Feb/2026:14:16:19 -0500] "GET /wp-login.php?redirect_to=https%3A%2F%2Fclavo.space%2Fwp-admin%2Findex.php&reauth=1 HTTP/1.1" 200 2098 "https://CLAVO.SPACE/wp-login.php" "Mozilla/5.0 (Macintosh; Intel Mac OS X 13_6_1) AppleWebKit/537.36 (KHTML, like Gecko) Chrome/119.0.0.0 Safari/537.36"
45.141.233.210 - - [27/Feb/2026:14:16:21 -0500] "POST /wp-login.php HTTP/1.1" 200 2254 "https://CLAVO.SPACE/wp-login.php" "Mozilla/5.0 (Macintosh; Intel Mac OS X 13_6_1) AppleWebKit/605.1.15 (KHTML, like Gecko) Version/16.6 Safari/605.1.15"
45.141.233.210 - - [27/Feb/2026:14:16:22 -0500] "GET /wp-admin/index.php HTTP/1.1" 302 - "https://CLAVO.SPACE/wp-login.php" "Mozilla/5.0 (Windows NT 11.0; Win64; x64; rv:120.0) Gecko/20100101 Firefox/120.0"
45.141.233.210 - - [27/Feb/2026:14:16:23 -0500] "GET /wp-login.php?redirect_to=https%3A%2F%2Fclavo.space%2Fwp-admin%2Findex.php&reauth=1 HTTP/1.1" 200 2098 "https://CLAVO.SPACE/wp-login.php" "Mozilla/5.0 (Windows NT 11.0; Win64; x64; rv:120.0) Gecko/20100101 Firefox/120.0"
185.191.171.13 - - [27/Feb/2026:14:16:24 -0500] "GET /events/tag/exhibition/list/?eventDisplay=past&tribe-bar-date=2028-03-26 HTTP/1.1" 200 20690 "-" "Mozilla/5.0 (compatible; SemrushBot/7~bl; +http://www.semrush.com/bot.html)"
45.141.233.210 - - [27/Feb/2026:14:16:25 -0500] "POST /wp-login.php HTTP/1.1" 200 2254 "https://CLAVO.SPACE/wp-login.php" "Mozilla/5.0 (X11; Linux x86_64) AppleWebKit/537.36 (KHTML, like Gecko) Chrome/120.0.0.0 Safari/537.36"
45.141.233.210 - - [27/Feb/2026:14:16:27 -0500] "GET /wp-admin/index.php HTTP/1.1" 302 - "https://CLAVO.SPACE/wp-login.php" "Mozilla/5.0 (Macintosh; Intel Mac OS X 10_15_7) AppleWebKit/605.1.15 (KHTML, like Gecko) Version/17.0 Safari/605.1.15"
45.141.233.210 - - [27/Feb/2026:14:16:28 -0500] "GET /wp-login.php?redirect_to=https%3A%2F%2Fclavo.space%2Fwp-admin%2Findex.php&reauth=1 HTTP/1.1" 200 2098 "https://CLAVO.SPACE/wp-login.php" "Mozilla/5.0 (Macintosh; Intel Mac OS X 10_15_7) AppleWebKit/605.1.15 (KHTML, like Gecko) Version/17.0 Safari/605.1.15"
45.141.233.210 - - [27/Feb/2026:14:16:30 -0500] "GET /wp-admin/index.php HTTP/1.1" 302 - "https://CLAVO.SPACE/wp-login.php" "Mozilla/5.0 (Macintosh; Intel Mac OS X 13_6_1) AppleWebKit/605.1.15 (KHTML, like Gecko) Version/16.6 Safari/605.1.15"
162.253.224.18 - - [27/Feb/2026:14:16:33 -0500] "POST /wp-cron.php?doing_wp_cron=1772219793.6884899139404296875000 HTTP/1.1" 200 - "-" "WordPress/6.9.1; https://clavo.space"
45.141.233.210 - - [27/Feb/2026:14:16:31 -0500] "GET /wp-login.php?redirect_to=https%3A%2F%2Fclavo.space%2Fwp-admin%2Findex.php&reauth=1 HTTP/1.1" 200 2098 "https://CLAVO.SPACE/wp-login.php" "Mozilla/5.0 (Macintosh; Intel Mac OS X 13_6_1) AppleWebKit/605.1.15 (KHTML, like Gecko) Version/16.6 Safari/605.1.15"
185.191.171.16 - - [27/Feb/2026:14:16:31 -0500] "GET /events/list/?tribe-bar-date=2022-07-23 HTTP/1.1" 200 19455 "-" "Mozilla/5.0 (compatible; SemrushBot/7~bl; +http://www.semrush.com/bot.html)"
45.141.233.210 - - [27/Feb/2026:14:16:34 -0500] "GET /wp-admin/index.php HTTP/1.1" 302 - "https://CLAVO.SPACE/wp-login.php" "Mozilla/5.0 (X11; Linux x86_64) AppleWebKit/537.36 (KHTML, like Gecko) Chrome/119.0.0.0 Safari/537.36"
45.141.233.210 - - [27/Feb/2026:14:16:36 -0500] "GET /wp-login.php?redirect_to=https%3A%2F%2Fclavo.space%2Fwp-admin%2Findex.php&reauth=1 HTTP/1.1" 200 2098 "https://CLAVO.SPACE/wp-login.php" "Mozilla/5.0 (X11; Linux x86_64) AppleWebKit/537.36 (KHTML, like Gecko) Chrome/119.0.0.0 Safari/537.36"
185.191.171.19 - - [27/Feb/2026:14:16:37 -0500] "GET /events/category/exhibition/list/?eventDisplay=past&tribe-bar-date=2022-07-26 HTTP/1.1" 200 20719 "-" "Mozilla/5.0 (compatible; SemrushBot/7~bl; +http://www.semrush.com/bot.html)"
45.141.233.210 - - [27/Feb/2026:14:16:37 -0500] "GET /wp-admin/index.php HTTP/1.1" 302 - "https://CLAVO.SPACE/wp-login.php" "Mozilla/5.0 (X11; Ubuntu; Linux x86_64) AppleWebKit/537.36 (KHTML, like Gecko) Chrome/120.0.0.0 Safari/537.36"
45.141.233.210 - - [27/Feb/2026:14:16:39 -0500] "GET /wp-login.php?redirect_to=https%3A%2F%2Fclavo.space%2Fwp-admin%2Findex.php&reauth=1 HTTP/1.1" 200 2098 "https://CLAVO.SPACE/wp-login.php" "Mozilla/5.0 (X11; Ubuntu; Linux x86_64) AppleWebKit/537.36 (KHTML, like Gecko) Chrome/120.0.0.0 Safari/537.36"
45.141.233.210 - - [27/Feb/2026:14:16:41 -0500] "GET /wp-admin/index.php HTTP/1.1" 302 - "https://CLAVO.SPACE/wp-login.php" "Mozilla/5.0 (X11; Linux x86_64) AppleWebKit/537.36 (KHTML, like Gecko) Chrome/120.0.0.0 Safari/537.36"
45.141.233.210 - - [27/Feb/2026:14:16:42 -0500] "GET /wp-login.php?redirect_to=https%3A%2F%2Fclavo.space%2Fwp-admin%2Findex.php&reauth=1 HTTP/1.1" 200 2098 "https://CLAVO.SPACE/wp-login.php" "Mozilla/5.0 (X11; Linux x86_64) AppleWebKit/537.36 (KHTML, like Gecko) Chrome/120.0.0.0 Safari/537.36"
85.208.96.197 - - [27/Feb/2026:14:16:42 -0500] "GET /events/tag/art/day/2028-08-25/ HTTP/1.1" 200 14440 "-" "Mozilla/5.0 (compatible; SemrushBot/7~bl; +http://www.semrush.com/bot.html)"
45.141.233.210 - - [27/Feb/2026:14:16:45 -0500] "GET /wp-admin/index.php HTTP/1.1" 302 - "https://CLAVO.SPACE/wp-login.php" "Mozilla/5.0 (Windows NT 10.0; Win64; x64) AppleWebKit/537.36 (KHTML, like Gecko) Chrome/118.0.0.0 Safari/537.36"
45.141.233.210 - - [27/Feb/2026:14:16:47 -0500] "GET /wp-login.php?redirect_to=https%3A%2F%2Fclavo.space%2Fwp-admin%2Findex.php&reauth=1 HTTP/1.1" 200 2098 "https://CLAVO.SPACE/wp-login.php" "Mozilla/5.0 (Windows NT 10.0; Win64; x64) AppleWebKit/537.36 (KHTML, like Gecko) Chrome/118.0.0.0 Safari/537.36"
45.141.233.210 - - [27/Feb/2026:14:16:50 -0500] "POST /wp-login.php HTTP/1.1" 200 2254 "https://CLAVO.SPACE/wp-login.php" "Mozilla/5.0 (Windows NT 10.0; Win64; x64; rv:121.0) Gecko/20100101 Firefox/121.0"
45.141.233.210 - - [27/Feb/2026:14:16:52 -0500] "GET /wp-admin/index.php HTTP/1.1" 302 - "https://CLAVO.SPACE/wp-login.php" "Mozilla/5.0 (Macintosh; Intel Mac OS X 10_15_7) AppleWebKit/605.1.15 (KHTML, like Gecko) Version/17.2 Safari/605.1.15"
45.141.233.210 - - [27/Feb/2026:14:16:53 -0500] "GET /wp-login.php?redirect_to=https%3A%2F%2Fclavo.space%2Fwp-admin%2Findex.php&reauth=1 HTTP/1.1" 200 2098 "https://CLAVO.SPACE/wp-login.php" "Mozilla/5.0 (Macintosh; Intel Mac OS X 10_15_7) AppleWebKit/605.1.15 (KHTML, like Gecko) Version/17.2 Safari/605.1.15"
45.141.233.210 - - [27/Feb/2026:14:16:54 -0500] "POST /wp-login.php HTTP/1.1" 200 2255 "https://CLAVO.SPACE/wp-login.php" "Mozilla/5.0 (Macintosh; Intel Mac OS X 13_6_1) AppleWebKit/605.1.15 (KHTML, like Gecko) Version/17.2 Safari/605.1.15"
85.208.96.201 - - [27/Feb/2026:14:16:55 -0500] "GET /events/tag/clavo-space/list/?eventDisplay=past&tribe-bar-date=2024-08-12 HTTP/1.1" 200 20696 "-" "Mozilla/5.0 (compatible; SemrushBot/7~bl; +http://www.semrush.com/bot.html)"
45.141.233.210 - - [27/Feb/2026:14:16:55 -0500] "GET /wp-admin/index.php HTTP/1.1" 302 - "https://CLAVO.SPACE/wp-login.php" "Mozilla/5.0 (Windows NT 11.0; Win64; x64) AppleWebKit/537.36 (KHTML, like Gecko) Chrome/118.0.0.0 Safari/537.36"
45.141.233.210 - - [27/Feb/2026:14:16:58 -0500] "GET /wp-login.php?redirect_to=https%3A%2F%2Fclavo.space%2Fwp-admin%2Findex.php&reauth=1 HTTP/1.1" 200 2098 "https://CLAVO.SPACE/wp-login.php" "Mozilla/5.0 (Windows NT 11.0; Win64; x64) AppleWebKit/537.36 (KHTML, like Gecko) Chrome/118.0.0.0 Safari/537.36"
45.141.233.210 - - [27/Feb/2026:14:16:59 -0500] "POST /wp-login.php HTTP/1.1" 200 2256 "https://CLAVO.SPACE/wp-login.php" "Mozilla/5.0 (Macintosh; Intel Mac OS X 10_15_7) AppleWebKit/537.36 (KHTML, like Gecko) Chrome/118.0.0.0 Safari/537.36"
