114.119.163.186 - - [27/Feb/2026:10:28:56 -0500] "GET /product-tag/sculpture/?product_count=36&product_orderby=price HTTP/1.1" 404 13535 "https://clavo.space/product-tag/sculpture/?product_count=36&product_orderby=name" "Mozilla/5.0 (Linux; Android 7.0;) AppleWebKit/537.36 (KHTML, like Gecko) Mobile Safari/537.36 (compatible; PetalBot;+https://webmaster.petalsearch.com/site/petalbot)"
205.185.119.65 - - [27/Feb/2026:10:28:56 -0500] "POST /wp-login.php HTTP/1.1" 200 7337 "-" "Mozilla/5.0 (Macintosh; Intel Mac OS X 10_10) AppleWebKit/600.1.3 (KHTML, like Gecko) Version/8.0 Safari/600.1.3"
85.208.96.202 - - [27/Feb/2026:10:28:57 -0500] "GET /events/tag/exhibition/list/?tribe-bar-date=2022-05-03 HTTP/1.1" 200 19708 "-" "Mozilla/5.0 (compatible; SemrushBot/7~bl; +http://www.semrush.com/bot.html)"
85.208.96.193 - - [27/Feb/2026:10:29:14 -0500] "GET /events/tag/exhibition/list/?eventDisplay=past&tribe-bar-date=2022-10-03 HTTP/1.1" 200 20684 "-" "Mozilla/5.0 (compatible; SemrushBot/7~bl; +http://www.semrush.com/bot.html)"
85.208.96.205 - - [27/Feb/2026:10:29:19 -0500] "GET /events/tag/opening/day/2024-05-19/ HTTP/1.1" 200 14445 "-" "Mozilla/5.0 (compatible; SemrushBot/7~bl; +http://www.semrush.com/bot.html)"
185.191.171.8 - - [27/Feb/2026:10:29:25 -0500] "GET /events/tag/art/list/?eventDisplay=past&tribe-bar-date=2022-03-12 HTTP/1.1" 200 20684 "-" "Mozilla/5.0 (compatible; SemrushBot/7~bl; +http://www.semrush.com/bot.html)"
162.253.224.18 - - [27/Feb/2026:10:29:56 -0500] "POST /wp-cron.php?doing_wp_cron=1772206196.9227409362792968750000 HTTP/1.1" 200 - "-" "WordPress/6.9.1; https://clavo.space"
85.208.96.199 - - [27/Feb/2026:10:29:54 -0500] "GET /events/category/exhibition/list/?tribe-bar-date=2022-07-28 HTTP/1.1" 200 19756 "-" "Mozilla/5.0 (compatible; SemrushBot/7~bl; +http://www.semrush.com/bot.html)"
114.119.136.13 - - [27/Feb/2026:10:30:15 -0500] "GET /product-tag/nature/?product_view=list&product_count=24&product_orderby=default HTTP/1.1" 404 13544 "https://clavo.space/product-tag/nature/?product_view=list&product_count=24&product_orderby=default" "Mozilla/5.0 (Linux; Android 7.0;) AppleWebKit/537.36 (KHTML, like Gecko) Mobile Safari/537.36 (compatible; PetalBot;+https://webmaster.petalsearch.com/site/petalbot)"
85.208.96.193 - - [27/Feb/2026:10:30:21 -0500] "GET /events/list/?tribe-bar-date=2024-12-22 HTTP/1.1" 200 19459 "-" "Mozilla/5.0 (compatible; SemrushBot/7~bl; +http://www.semrush.com/bot.html)"
185.191.171.8 - - [27/Feb/2026:10:30:26 -0500] "GET /events/tag/clavo-space/list/?eventDisplay=past&tribe-bar-date=2022-06-21 HTTP/1.1" 200 20691 "-" "Mozilla/5.0 (compatible; SemrushBot/7~bl; +http://www.semrush.com/bot.html)"
162.253.224.18 - - [27/Feb/2026:10:30:37 -0500] "POST /wp-cron.php?doing_wp_cron=1772206237.4209349155426025390625 HTTP/1.1" 200 - "-" "WordPress/6.9.1; https://clavo.space"
185.191.171.9 - - [27/Feb/2026:10:30:36 -0500] "GET /events/tag/opening/list/?eventDisplay=past&tribe-bar-date=2025-06-05 HTTP/1.1" 200 20686 "-" "Mozilla/5.0 (compatible; SemrushBot/7~bl; +http://www.semrush.com/bot.html)"
85.208.96.198 - - [27/Feb/2026:10:30:54 -0500] "GET /events/tag/opening/list/?tribe-bar-date=2023-06-01 HTTP/1.1" 200 19711 "-" "Mozilla/5.0 (compatible; SemrushBot/7~bl; +http://www.semrush.com/bot.html)"
185.191.171.17 - - [27/Feb/2026:10:31:03 -0500] "GET /events/tag/exhibition/list/?eventDisplay=past&tribe-bar-date=2020-04-14 HTTP/1.1" 200 20690 "-" "Mozilla/5.0 (compatible; SemrushBot/7~bl; +http://www.semrush.com/bot.html)"
85.208.96.211 - - [27/Feb/2026:10:31:08 -0500] "GET /events/tag/exhibition/day/2022-04-10/ HTTP/1.1" 200 14442 "-" "Mozilla/5.0 (compatible; SemrushBot/7~bl; +http://www.semrush.com/bot.html)"
185.191.171.14 - - [27/Feb/2026:10:31:13 -0500] "GET /events/tag/clavo-space/list/?eventDisplay=past&tribe-bar-date=2024-11-13 HTTP/1.1" 200 20696 "-" "Mozilla/5.0 (compatible; SemrushBot/7~bl; +http://www.semrush.com/bot.html)"
185.191.171.17 - - [27/Feb/2026:10:31:18 -0500] "GET /events/tag/exhibition/day/2024-03-18/ HTTP/1.1" 200 14443 "-" "Mozilla/5.0 (compatible; SemrushBot/7~bl; +http://www.semrush.com/bot.html)"
37.187.75.30 - - [27/Feb/2026:10:31:18 -0500] "POST /xmlrpc.php HTTP/1.1" 200 225 "-" "Mozilla/4.0 (compatible; MSIE 7.0; Windows NT 6.1; Trident/7.0; SLCC2; Media Center PC 6.0; .NET CLR 3.5.30729; .NET CLR 3.0.30729; .NET CLR 2.0.50727; .NET4.0C; .NET4.0E)"
162.253.224.18 - - [27/Feb/2026:10:31:42 -0500] "POST /wp-cron.php?doing_wp_cron=1772206302.9241390228271484375000 HTTP/1.1" 200 - "-" "WordPress/6.9.1; https://clavo.space"
114.119.148.154 - - [27/Feb/2026:10:31:41 -0500] "GET /product-tag/nature/?product_orderby=rating&product_count=24&product_view=list&product_order=desc HTTP/1.1" 404 13543 "https://clavo.space/product-tag/nature/?product_orderby=rating&product_count=24&product_view=list&product_order=asc" "Mozilla/5.0 (Linux; Android 7.0;) AppleWebKit/537.36 (KHTML, like Gecko) Mobile Safari/537.36 (compatible; PetalBot;+https://webmaster.petalsearch.com/site/petalbot)"
114.119.133.245 - - [27/Feb/2026:10:31:55 -0500] "GET /wp/portfolio-items/clavo-space-hosted-by-casa-de-cultura-uc/?portfolioCats=57,46,6,64,47,56,54,55 HTTP/1.1" 200 22884 "https://212productions.net/wp/portfolio-items/clavo-space-hosted-by-casa-de-cultura-uc/?portfolioCats=57%2C46%2C6%2C64%2C47%2C56%2C54%2C55" "Mozilla/5.0 (Linux; Android 7.0;) AppleWebKit/537.36 (KHTML, like Gecko) Mobile Safari/537.36 (compatible; PetalBot;+https://webmaster.petalsearch.com/site/petalbot)"
192.176.172.166 - - [27/Feb/2026:10:32:04 -0500] "GET /wp-login.php HTTP/1.1" 200 2093 "-" "Mozilla/5.0 (Windows NT 6.1; WOW64; Trident/7.0; Ypkch32; rv:11.0) like Gecko"
192.176.172.166 - - [27/Feb/2026:10:32:05 -0500] "POST /wp-login.php HTTP/1.1" 200 2224 "https://212productions.net/wp-login.php" "Mozilla/5.0 (Windows NT 6.1; WOW64; Trident/7.0; Ypkch32; rv:11.0) like Gecko"
207.46.13.6 - - [27/Feb/2026:10:32:08 -0500] "GET /2025/12/11/collaborating-to-see-differently/ HTTP/1.1" 200 27364 "-" "Mozilla/5.0 AppleWebKit/537.36 (KHTML, like Gecko; compatible; bingbot/2.0; +http://www.bing.com/bingbot.htm) Chrome/116.0.1938.76 Safari/537.36"
85.208.96.198 - - [27/Feb/2026:10:32:10 -0500] "GET /events/tag/exhibition/list/?eventDisplay=past&tribe-bar-date=2026-12-05 HTTP/1.1" 200 20686 "-" "Mozilla/5.0 (compatible; SemrushBot/7~bl; +http://www.semrush.com/bot.html)"
51.222.95.241 - - [27/Feb/2026:10:32:23 -0500] "GET /product-category/paintings/coffe-and-ashes/?product_orderby=default&product_view=grid&product_order=asc&product_count=24 HTTP/1.1" 404 13558 "-" "Mozilla/5.0 (compatible; AhrefsBot/7.0; +http://ahrefs.com/robot/)"
43.157.156.190 - - [27/Feb/2026:10:32:37 -0500] "GET /wp/wp-content/uploads/2025/11/5-monuna-1-1200x1053.webp HTTP/1.1" 200 114316 "-" "Mozilla/5.0 (iPhone; CPU iPhone OS 13_2_3 like Mac OS X) AppleWebKit/605.1.15 (KHTML, like Gecko) Version/13.0.3 Mobile/15E148 Safari/604.1"
162.253.224.18 - - [27/Feb/2026:10:32:43 -0500] "POST /wp-cron.php?doing_wp_cron=1772206363.5263559818267822265625 HTTP/1.1" 200 - "-" "WordPress/6.9.1; https://clavo.space"
185.191.171.9 - - [27/Feb/2026:10:32:42 -0500] "GET /events/tag/opening/list/?eventDisplay=past&tribe-bar-date=2024-04-14 HTTP/1.1" 200 20695 "-" "Mozilla/5.0 (compatible; SemrushBot/7~bl; +http://www.semrush.com/bot.html)"
185.191.171.9 - - [27/Feb/2026:10:32:48 -0500] "GET /events/tag/art/list/?eventDisplay=past&tribe-bar-date=2025-03-26 HTTP/1.1" 200 20692 "-" "Mozilla/5.0 (compatible; SemrushBot/7~bl; +http://www.semrush.com/bot.html)"
114.119.149.252 - - [27/Feb/2026:10:33:04 -0500] "GET /product-tag/nature/?product_orderby=date&product_order=desc&product_view=list&product_count=12 HTTP/1.1" 404 13543 "https://clavo.space/product-tag/nature/?product_orderby=date&product_order=desc&product_view=list&product_count=12" "Mozilla/5.0 (Linux; Android 7.0;) AppleWebKit/537.36 (KHTML, like Gecko) Mobile Safari/537.36 (compatible; PetalBot;+https://webmaster.petalsearch.com/site/petalbot)"
162.253.224.18 - - [27/Feb/2026:10:33:38 -0500] "POST /wp-cron.php?doing_wp_cron=1772206418.1009759902954101562500 HTTP/1.1" 200 - "-" "WordPress/6.9.1; https://clavo.space"
85.208.96.211 - - [27/Feb/2026:10:33:36 -0500] "GET /events/tag/exhibition/list/?eventDisplay=past&tribe-bar-date=2026-09-30 HTTP/1.1" 200 20683 "-" "Mozilla/5.0 (compatible; SemrushBot/7~bl; +http://www.semrush.com/bot.html)"
85.208.96.212 - - [27/Feb/2026:10:33:43 -0500] "GET /events/tag/exhibition/list/?tribe-bar-date=2028-01-09 HTTP/1.1" 200 19713 "-" "Mozilla/5.0 (compatible; SemrushBot/7~bl; +http://www.semrush.com/bot.html)"
188.239.56.104 - - [27/Feb/2026:10:34:25 -0500] "GET /product-category/paintings/?add-to-cart=1945&product_orderby=popularity&product_view=list&product_count=24 HTTP/1.1" 404 13540 "https://clavo.space/product-category/paintings/?add-to-cart=1945&product_orderby=popularity&product_view=list&product_count=24" "Mozilla/5.0 (Macintosh; Intel Mac OS X 10_15_7) AppleWebKit/537.36 (KHTML, like Gecko) Chrome/131.0.0.0 Safari/537.36"
114.119.163.186 - - [27/Feb/2026:10:34:31 -0500] "GET /product-tag/nature/?product_order=asc&product_view=grid&product_orderby=name HTTP/1.1" 404 13542 "https://clavo.space/product-tag/nature/?product_order=asc&product_view=list&product_orderby=name" "Mozilla/5.0 (Linux; Android 7.0;) AppleWebKit/537.36 (KHTML, like Gecko) Mobile Safari/537.36 (compatible; PetalBot;+https://webmaster.petalsearch.com/site/petalbot)"
162.253.224.18 - - [27/Feb/2026:10:34:48 -0500] "POST /wp-cron.php?doing_wp_cron=1772206488.8577339649200439453125 HTTP/1.1" 200 - "-" "WordPress/6.9.1; https://clavo.space"
85.208.96.211 - - [27/Feb/2026:10:34:47 -0500] "GET /events/2029-01-25/ HTTP/1.1" 200 14435 "-" "Mozilla/5.0 (compatible; SemrushBot/7~bl; +http://www.semrush.com/bot.html)"
185.191.171.17 - - [27/Feb/2026:10:35:09 -0500] "GET /events/tag/art/day/2030-07-31/ HTTP/1.1" 200 14443 "-" "Mozilla/5.0 (compatible; SemrushBot/7~bl; +http://www.semrush.com/bot.html)"
20.100.192.164 - - [27/Feb/2026:10:35:17 -0500] "GET /wp/wp-content/uploads/2021/07/buen-tonovinci1.png HTTP/1.1" 200 357823 "-" "Mozilla/5.0 (compatible; BingIndexCrawler/1.0)"
85.208.96.212 - - [27/Feb/2026:10:35:24 -0500] "GET /events/tag/exhibition/list/?tribe-bar-date=2022-05-02 HTTP/1.1" 200 19701 "-" "Mozilla/5.0 (compatible; SemrushBot/7~bl; +http://www.semrush.com/bot.html)"
85.208.96.196 - - [27/Feb/2026:10:35:28 -0500] "GET /events/tag/art/list/?tribe-bar-date=2028-06-17 HTTP/1.1" 200 19717 "-" "Mozilla/5.0 (compatible; SemrushBot/7~bl; +http://www.semrush.com/bot.html)"
162.253.224.18 - - [27/Feb/2026:10:35:37 -0500] "POST /wp-cron.php?doing_wp_cron=1772206537.0370879173278808593750 HTTP/1.1" 200 - "-" "WordPress/6.9.1; https://clavo.space"
185.191.171.8 - - [27/Feb/2026:10:35:34 -0500] "GET /events/list/?eventDisplay=past&tribe-bar-date=2021-05-10 HTTP/1.1" 200 20450 "-" "Mozilla/5.0 (compatible; SemrushBot/7~bl; +http://www.semrush.com/bot.html)"
88.99.141.188 - - [27/Feb/2026:10:35:34 -0500] "POST /xmlrpc.php HTTP/1.1" 200 225 "-" "Mozilla/5.0 (Windows NT 6.3; Win64; x64) AppleWebKit/537.36 (KHTML, like Gecko) Chrome/66.0.3359.181 Safari/537.36"
85.208.96.195 - - [27/Feb/2026:10:35:40 -0500] "GET /events/tag/art/list/?eventDisplay=past&tribe-bar-date=2023-02-20 HTTP/1.1" 200 20701 "-" "Mozilla/5.0 (compatible; SemrushBot/7~bl; +http://www.semrush.com/bot.html)"
114.119.132.131 - - [27/Feb/2026:10:35:48 -0500] "GET /product-tag/nature/?product_count=12&product_orderby=rating&product_order=asc HTTP/1.1" 404 13548 "https://clavo.space/product-tag/nature/?product_count=12&product_orderby=rating&product_order=desc" "Mozilla/5.0 (Linux; Android 7.0;) AppleWebKit/537.36 (KHTML, like Gecko) Mobile Safari/537.36 (compatible; PetalBot;+https://webmaster.petalsearch.com/site/petalbot)"
104.210.140.138 - - [27/Feb/2026:10:36:09 -0500] "GET /robots.txt HTTP/1.1" 200 111 "-" "Mozilla/5.0 (Macintosh; Intel Mac OS X 10_15_7) AppleWebKit/537.36 (KHTML, like Gecko) Chrome/131.0.0.0 Safari/537.36; compatible; OAI-SearchBot/1.0; +https://openai.com/searchbot"
66.249.79.68 - - [27/Feb/2026:10:36:15 -0500] "GET /page/2/?h=esvyswjg8gjtyt0 HTTP/1.1" 200 30440 "-" "Mozilla/5.0 (Linux; Android 6.0.1; Nexus 5X Build/MMB29P) AppleWebKit/537.36 (KHTML, like Gecko) Chrome/144.0.7559.132 Mobile Safari/537.36 (compatible; GoogleOther)"
162.253.224.18 - - [27/Feb/2026:10:36:33 -0500] "POST /wp-cron.php?doing_wp_cron=1772206593.9462599754333496093750 HTTP/1.1" 200 - "-" "WordPress/6.9.1; https://clavo.space"
69.57.172.96 - - [27/Feb/2026:10:36:32 -0500] "GET /wp-login.php HTTP/1.1" 200 2093 "-" "Mozilla/5.0 (Windows NT 10.0) AppleWebKit/537.36 (KHTML, like Gecko) Chrome/66.0.3359.139 Safari/537.36"
69.57.172.96 - - [27/Feb/2026:10:36:37 -0500] "POST /wp-login.php HTTP/1.1" 200 2224 "https://212productions.net/wp-login.php" "Mozilla/5.0 (Windows NT 10.0) AppleWebKit/537.36 (KHTML, like Gecko) Chrome/66.0.3359.139 Safari/537.36"
114.119.149.252 - - [27/Feb/2026:10:37:12 -0500] "GET /product-tag/iron/?product_view=list&product_order=asc&product_orderby=rating HTTP/1.1" 404 13538 "https://clavo.space/product-tag/iron/?product_view=list&product_order=asc" "Mozilla/5.0 (Linux; Android 7.0;) AppleWebKit/537.36 (KHTML, like Gecko) Mobile Safari/537.36 (compatible; PetalBot;+https://webmaster.petalsearch.com/site/petalbot)"
15.235.27.174 - - [27/Feb/2026:10:37:17 -0500] "GET /product-category/paintings/coffe-and-ashes/?product_orderby=date&product_view=list&product_order=asc&product_count=36 HTTP/1.1" 404 13556 "-" "Mozilla/5.0 (compatible; AhrefsBot/7.0; +http://ahrefs.com/robot/)"
66.249.79.67 - - [27/Feb/2026:10:37:31 -0500] "GET /page/3/?h=ey9uumxma6xv6je HTTP/1.1" 200 30618 "-" "Mozilla/5.0 (Linux; Android 6.0.1; Nexus 5X Build/MMB29P) AppleWebKit/537.36 (KHTML, like Gecko) Chrome/144.0.7559.132 Mobile Safari/537.36 (compatible; GoogleOther)"
162.253.224.18 - - [27/Feb/2026:10:38:25 -0500] "POST /wp-cron.php?doing_wp_cron=1772206705.3822960853576660156250 HTTP/1.1" 200 - "-" "WordPress/6.9.1; https://clavo.space"
85.208.96.206 - - [27/Feb/2026:10:38:24 -0500] "GET /events/list/?tribe-bar-date=2025-07-30 HTTP/1.1" 200 19457 "-" "Mozilla/5.0 (compatible; SemrushBot/7~bl; +http://www.semrush.com/bot.html)"
3.94.112.111 - - [27/Feb/2026:10:38:26 -0500] "GET /wp/broken-film/ HTTP/1.1" 301 326 "-" "Mozilla/5.0 (Macintosh; Intel Mac OS X 10.12; rv:49.0) Gecko/20100101 Firefox/49.0"
3.94.112.111 - - [27/Feb/2026:10:38:26 -0500] "GET /wp/broken-film/ HTTP/1.1" 301 - "http://www.212productions.net/wp/broken-film/" "Mozilla/5.0 (Linux; Android 7.1.1; CPH1725 Build/N6F26Q; wv) AppleWebKit/537.36 (KHTML, like Gecko) Version/4.0 Chrome/101.0.4951.61 Mobile Safari/537.36 [FB_IAB/Orca-Android;FBAV/360.0.0.10.113;]"
3.94.112.111 - - [27/Feb/2026:10:38:27 -0500] "GET /wp/broken-film/ HTTP/1.1" 200 17243 "https://www.212productions.net/wp/broken-film/" "Mozilla/5.0 (Linux; Android 7.1.1; CPH1725 Build/N6F26Q; wv) AppleWebKit/537.36 (KHTML, like Gecko) Version/4.0 Chrome/101.0.4951.61 Mobile Safari/537.36 [FB_IAB/Orca-Android;FBAV/360.0.0.10.113;]"
3.94.112.111 - - [27/Feb/2026:10:38:28 -0500] "GET /wp/broken-film/ HTTP/1.1" 301 - "-" "Mozilla/5.0 (Windows NT 6.1) AppleWebKit/537.36 (KHTML, like Gecko) Chrome/28.0.1500.29 Safari/537.36 OPR/15.0.1147.24 (Edition Next)"
3.94.112.111 - - [27/Feb/2026:10:38:29 -0500] "GET /wp/broken-film/ HTTP/1.1" 200 17235 "-" "Mozilla/5.0 (Windows NT 6.1) AppleWebKit/537.36 (KHTML, like Gecko) Chrome/28.0.1500.29 Safari/537.36 OPR/15.0.1147.24 (Edition Next)"
3.94.112.111 - - [27/Feb/2026:10:38:30 -0500] "GET /wp/wp-content/uploads/fusion-styles/b5ea37b1cdda2ec594965a2bd0e910fd.min.css HTTP/1.1" 200 181028 "https://212productions.net/wp/broken-film/" "Mozilla/5.0 (Windows NT 6.1) AppleWebKit/537.36 (KHTML, like Gecko) Chrome/28.0.1500.29 Safari/537.36 OPR/15.0.1147.24 (Edition Next)"
3.94.112.111 - - [27/Feb/2026:10:38:30 -0500] "GET /wp/wp-includes/js/mediaelement/wp-mediaelement.min.css HTTP/1.1" 200 1156 "https://212productions.net/wp/broken-film/" "Mozilla/5.0 (Windows NT 6.1) AppleWebKit/537.36 (KHTML, like Gecko) Chrome/28.0.1500.29 Safari/537.36 OPR/15.0.1147.24 (Edition Next)"
3.94.112.111 - - [27/Feb/2026:10:38:30 -0500] "GET /wp/wp-includes/js/jquery/jquery-migrate.min.js HTTP/1.1" 200 4872 "https://212productions.net/wp/broken-film/" "Mozilla/5.0 (Windows NT 6.1) AppleWebKit/537.36 (KHTML, like Gecko) Chrome/28.0.1500.29 Safari/537.36 OPR/15.0.1147.24 (Edition Next)"
3.94.112.111 - - [27/Feb/2026:10:38:30 -0500] "GET /wp/wp-includes/js/jquery/jquery.min.js HTTP/1.1" 200 30368 "https://212productions.net/wp/broken-film/" "Mozilla/5.0 (Windows NT 6.1) AppleWebKit/537.36 (KHTML, like Gecko) Chrome/28.0.1500.29 Safari/537.36 OPR/15.0.1147.24 (Edition Next)"
3.94.112.111 - - [27/Feb/2026:10:38:30 -0500] "GET /wp/wp-includes/js/mediaelement/mediaelementplayer-legacy.min.css HTTP/1.1" 200 2592 "https://212productions.net/wp/broken-film/" "Mozilla/5.0 (Windows NT 6.1) AppleWebKit/537.36 (KHTML, like Gecko) Chrome/28.0.1500.29 Safari/537.36 OPR/15.0.1147.24 (Edition Next)"
3.94.112.111 - - [27/Feb/2026:10:38:30 -0500] "GET /wp/wp-content/uploads/2025/03/broken-logoa-600x235.webp HTTP/1.1" 200 39754 "https://212productions.net/wp/broken-film/" "Mozilla/5.0 (Windows NT 6.1) AppleWebKit/537.36 (KHTML, like Gecko) Chrome/28.0.1500.29 Safari/537.36 OPR/15.0.1147.24 (Edition Next)"
3.94.112.111 - - [27/Feb/2026:10:38:30 -0500] "GET /wp/wp-content/uploads/2025/03/COLOUR@4x.png HTTP/1.1" 200 28988 "https://212productions.net/wp/broken-film/" "Mozilla/5.0 (Windows NT 6.1) AppleWebKit/537.36 (KHTML, like Gecko) Chrome/28.0.1500.29 Safari/537.36 OPR/15.0.1147.24 (Edition Next)"
3.94.112.111 - - [27/Feb/2026:10:38:30 -0500] "GET /wp/wp-content/uploads/2025/04/BROKEN-HANDS-COLOR-1200x1253.webp HTTP/1.1" 200 238881 "https://212productions.net/wp/broken-film/" "Mozilla/5.0 (Windows NT 6.1) AppleWebKit/537.36 (KHTML, like Gecko) Chrome/28.0.1500.29 Safari/537.36 OPR/15.0.1147.24 (Edition Next)"
3.94.112.111 - - [27/Feb/2026:10:38:30 -0500] "GET /wp/wp-content/uploads/2021/03/212-android-chrome-192x192-1.png HTTP/1.1" 304 - "https://212productions.net/wp/broken-film/" "Mozilla/5.0 (Windows NT 6.1) AppleWebKit/537.36 (KHTML, like Gecko) Chrome/28.0.1500.29 Safari/537.36 OPR/15.0.1147.24 (Edition Next)"
3.94.112.111 - - [27/Feb/2026:10:38:31 -0500] "GET /wp/wp-includes/js/mediaelement/mediaelement-and-player.min.js HTTP/1.1" 200 38789 "https://212productions.net/wp/broken-film/" "Mozilla/5.0 (Windows NT 6.1) AppleWebKit/537.36 (KHTML, like Gecko) Chrome/28.0.1500.29 Safari/537.36 OPR/15.0.1147.24 (Edition Next)"
3.94.112.111 - - [27/Feb/2026:10:38:31 -0500] "GET /wp/wp-includes/js/mediaelement/mediaelement-migrate.min.js HTTP/1.1" 200 540 "https://212productions.net/wp/broken-film/" "Mozilla/5.0 (Windows NT 6.1) AppleWebKit/537.36 (KHTML, like Gecko) Chrome/28.0.1500.29 Safari/537.36 OPR/15.0.1147.24 (Edition Next)"
3.94.112.111 - - [27/Feb/2026:10:38:31 -0500] "GET /wp/wp-includes/js/mediaelement/wp-mediaelement.min.js HTTP/1.1" 200 538 "https://212productions.net/wp/broken-film/" "Mozilla/5.0 (Windows NT 6.1) AppleWebKit/537.36 (KHTML, like Gecko) Chrome/28.0.1500.29 Safari/537.36 OPR/15.0.1147.24 (Edition Next)"
3.94.112.111 - - [27/Feb/2026:10:38:31 -0500] "GET /wp/wp-content/plugins/fusion-builder/assets/js/min/library/gsap.js HTTP/1.1" 200 27099 "https://212productions.net/wp/broken-film/" "Mozilla/5.0 (Windows NT 6.1) AppleWebKit/537.36 (KHTML, like Gecko) Chrome/28.0.1500.29 Safari/537.36 OPR/15.0.1147.24 (Edition Next)"
3.94.112.111 - - [27/Feb/2026:10:38:31 -0500] "GET /wp/wp-content/plugins/fusion-builder/assets/js/min/library/SplitType.js HTTP/1.1" 200 4331 "https://212productions.net/wp/broken-film/" "Mozilla/5.0 (Windows NT 6.1) AppleWebKit/537.36 (KHTML, like Gecko) Chrome/28.0.1500.29 Safari/537.36 OPR/15.0.1147.24 (Edition Next)"
3.94.112.111 - - [27/Feb/2026:10:38:31 -0500] "GET /wp/wp-content/themes/Avada/includes/lib/assets/min/js/general/awb-tabs-widget.js HTTP/1.1" 200 261 "https://212productions.net/wp/broken-film/" "Mozilla/5.0 (Windows NT 6.1) AppleWebKit/537.36 (KHTML, like Gecko) Chrome/28.0.1500.29 Safari/537.36 OPR/15.0.1147.24 (Edition Next)"
3.94.112.111 - - [27/Feb/2026:10:38:31 -0500] "GET /wp/wp-content/plugins/fusion-builder/assets/js/min/library/ScrollTrigger.js HTTP/1.1" 200 17430 "https://212productions.net/wp/broken-film/" "Mozilla/5.0 (Windows NT 6.1) AppleWebKit/537.36 (KHTML, like Gecko) Chrome/28.0.1500.29 Safari/537.36 OPR/15.0.1147.24 (Edition Next)"
3.94.112.111 - - [27/Feb/2026:10:38:31 -0500] "GET /wp/wp-content/themes/Avada/includes/lib/assets/min/js/general/awb-vertical-menu-widget.js HTTP/1.1" 200 476 "https://212productions.net/wp/broken-film/" "Mozilla/5.0 (Windows NT 6.1) AppleWebKit/537.36 (KHTML, like Gecko) Chrome/28.0.1500.29 Safari/537.36 OPR/15.0.1147.24 (Edition Next)"
3.94.112.111 - - [27/Feb/2026:10:38:31 -0500] "GET /wp/wp-content/themes/Avada/includes/lib/assets/min/js/library/cssua.js HTTP/1.1" 200 1493 "https://212productions.net/wp/broken-film/" "Mozilla/5.0 (Windows NT 6.1) AppleWebKit/537.36 (KHTML, like Gecko) Chrome/28.0.1500.29 Safari/537.36 OPR/15.0.1147.24 (Edition Next)"
3.94.112.111 - - [27/Feb/2026:10:38:31 -0500] "GET /wp/wp-content/themes/Avada/includes/lib/assets/min/js/general/fusion.js HTTP/1.1" 200 1769 "https://212productions.net/wp/broken-film/" "Mozilla/5.0 (Windows NT 6.1) AppleWebKit/537.36 (KHTML, like Gecko) Chrome/28.0.1500.29 Safari/537.36 OPR/15.0.1147.24 (Edition Next)"
3.94.112.111 - - [27/Feb/2026:10:38:31 -0500] "GET /wp/wp-content/themes/Avada/includes/lib/assets/min/js/library/modernizr.js HTTP/1.1" 200 10477 "https://212productions.net/wp/broken-film/" "Mozilla/5.0 (Windows NT 6.1) AppleWebKit/537.36 (KHTML, like Gecko) Chrome/28.0.1500.29 Safari/537.36 OPR/15.0.1147.24 (Edition Next)"
3.94.112.111 - - [27/Feb/2026:10:38:31 -0500] "GET /wp/wp-content/themes/Avada/includes/lib/assets/min/js/library/bootstrap.transition.js HTTP/1.1" 200 375 "https://212productions.net/wp/broken-film/" "Mozilla/5.0 (Windows NT 6.1) AppleWebKit/537.36 (KHTML, like Gecko) Chrome/28.0.1500.29 Safari/537.36 OPR/15.0.1147.24 (Edition Next)"
3.94.112.111 - - [27/Feb/2026:10:38:31 -0500] "GET /wp/wp-content/themes/Avada/includes/lib/assets/min/js/library/swiper.js HTTP/1.1" 200 42756 "https://212productions.net/wp/broken-film/" "Mozilla/5.0 (Windows NT 6.1) AppleWebKit/537.36 (KHTML, like Gecko) Chrome/28.0.1500.29 Safari/537.36 OPR/15.0.1147.24 (Edition Next)"
3.94.112.111 - - [27/Feb/2026:10:38:32 -0500] "GET /wp/wp-content/themes/Avada/includes/lib/assets/min/js/library/jquery.requestAnimationFrame.js HTTP/1.1" 200 339 "https://212productions.net/wp/broken-film/" "Mozilla/5.0 (Windows NT 6.1) AppleWebKit/537.36 (KHTML, like Gecko) Chrome/28.0.1500.29 Safari/537.36 OPR/15.0.1147.24 (Edition Next)"
3.94.112.111 - - [27/Feb/2026:10:38:32 -0500] "GET /wp/wp-content/themes/Avada/includes/lib/assets/min/js/library/bootstrap.tooltip.js HTTP/1.1" 200 3836 "https://212productions.net/wp/broken-film/" "Mozilla/5.0 (Windows NT 6.1) AppleWebKit/537.36 (KHTML, like Gecko) Chrome/28.0.1500.29 Safari/537.36 OPR/15.0.1147.24 (Edition Next)"
3.94.112.111 - - [27/Feb/2026:10:38:32 -0500] "GET /wp/wp-content/themes/Avada/includes/lib/assets/min/js/library/jquery.easing.js HTTP/1.1" 200 752 "https://212productions.net/wp/broken-film/" "Mozilla/5.0 (Windows NT 6.1) AppleWebKit/537.36 (KHTML, like Gecko) Chrome/28.0.1500.29 Safari/537.36 OPR/15.0.1147.24 (Edition Next)"
3.94.112.111 - - [27/Feb/2026:10:38:32 -0500] "GET /wp/wp-content/themes/Avada/includes/lib/assets/min/js/library/jquery.fitvids.js HTTP/1.1" 200 965 "https://212productions.net/wp/broken-film/" "Mozilla/5.0 (Windows NT 6.1) AppleWebKit/537.36 (KHTML, like Gecko) Chrome/28.0.1500.29 Safari/537.36 OPR/15.0.1147.24 (Edition Next)"
3.94.112.111 - - [27/Feb/2026:10:38:32 -0500] "GET /wp/wp-content/themes/Avada/includes/lib/assets/min/js/library/jquery.flexslider.js HTTP/1.1" 200 6444 "https://212productions.net/wp/broken-film/" "Mozilla/5.0 (Windows NT 6.1) AppleWebKit/537.36 (KHTML, like Gecko) Chrome/28.0.1500.29 Safari/537.36 OPR/15.0.1147.24 (Edition Next)"
3.94.112.111 - - [27/Feb/2026:10:38:32 -0500] "GET /wp/wp-content/themes/Avada/includes/lib/assets/min/js/library/jquery.mousewheel.js HTTP/1.1" 200 1241 "https://212productions.net/wp/broken-film/" "Mozilla/5.0 (Windows NT 6.1) AppleWebKit/537.36 (KHTML, like Gecko) Chrome/28.0.1500.29 Safari/537.36 OPR/15.0.1147.24 (Edition Next)"
3.94.112.111 - - [27/Feb/2026:10:38:32 -0500] "GET /wp/wp-content/themes/Avada/includes/lib/assets/min/js/library/jquery.ilightbox.js HTTP/1.1" 200 25436 "https://212productions.net/wp/broken-film/" "Mozilla/5.0 (Windows NT 6.1) AppleWebKit/537.36 (KHTML, like Gecko) Chrome/28.0.1500.29 Safari/537.36 OPR/15.0.1147.24 (Edition Next)"
3.94.112.111 - - [27/Feb/2026:10:38:32 -0500] "GET /wp/wp-content/themes/Avada/includes/lib/assets/min/js/library/jquery.fade.js HTTP/1.1" 200 438 "https://212productions.net/wp/broken-film/" "Mozilla/5.0 (Windows NT 6.1) AppleWebKit/537.36 (KHTML, like Gecko) Chrome/28.0.1500.29 Safari/537.36 OPR/15.0.1147.24 (Edition Next)"
3.94.112.111 - - [27/Feb/2026:10:38:32 -0500] "GET /wp/wp-content/themes/Avada/includes/lib/assets/min/js/library/fusion-parallax.js HTTP/1.1" 200 3069 "https://212productions.net/wp/broken-film/" "Mozilla/5.0 (Windows NT 6.1) AppleWebKit/537.36 (KHTML, like Gecko) Chrome/28.0.1500.29 Safari/537.36 OPR/15.0.1147.24 (Edition Next)"
3.94.112.111 - - [27/Feb/2026:10:38:32 -0500] "GET /wp/wp-content/themes/Avada/includes/lib/assets/min/js/library/fusion-video-general.js HTTP/1.1" 200 891 "https://212productions.net/wp/broken-film/" "Mozilla/5.0 (Windows NT 6.1) AppleWebKit/537.36 (KHTML, like Gecko) Chrome/28.0.1500.29 Safari/537.36 OPR/15.0.1147.24 (Edition Next)"
3.94.112.111 - - [27/Feb/2026:10:38:32 -0500] "GET /wp/wp-content/themes/Avada/includes/lib/assets/min/js/library/fusion-video-bg.js HTTP/1.1" 200 1675 "https://212productions.net/wp/broken-film/" "Mozilla/5.0 (Windows NT 6.1) AppleWebKit/537.36 (KHTML, like Gecko) Chrome/28.0.1500.29 Safari/537.36 OPR/15.0.1147.24 (Edition Next)"
3.94.112.111 - - [27/Feb/2026:10:38:32 -0500] "GET /wp/wp-content/themes/Avada/includes/lib/assets/min/js/general/fusion-lightbox.js HTTP/1.1" 200 2403 "https://212productions.net/wp/broken-film/" "Mozilla/5.0 (Windows NT 6.1) AppleWebKit/537.36 (KHTML, like Gecko) Chrome/28.0.1500.29 Safari/537.36 OPR/15.0.1147.24 (Edition Next)"
3.94.112.111 - - [27/Feb/2026:10:38:32 -0500] "GET /wp/wp-content/themes/Avada/includes/lib/assets/min/js/general/fusion-tooltip.js HTTP/1.1" 200 326 "https://212productions.net/wp/broken-film/" "Mozilla/5.0 (Windows NT 6.1) AppleWebKit/537.36 (KHTML, like Gecko) Chrome/28.0.1500.29 Safari/537.36 OPR/15.0.1147.24 (Edition Next)"
3.94.112.111 - - [27/Feb/2026:10:38:32 -0500] "GET /wp/wp-content/themes/Avada/includes/lib/assets/min/js/general/fusion-sharing-box.js HTTP/1.1" 200 536 "https://212productions.net/wp/broken-film/" "Mozilla/5.0 (Windows NT 6.1) AppleWebKit/537.36 (KHTML, like Gecko) Chrome/28.0.1500.29 Safari/537.36 OPR/15.0.1147.24 (Edition Next)"
3.94.112.111 - - [27/Feb/2026:10:38:32 -0500] "GET /wp/wp-content/themes/Avada/includes/lib/assets/min/js/library/jquery.sticky-kit.js HTTP/1.1" 200 2162 "https://212productions.net/wp/broken-film/" "Mozilla/5.0 (Windows NT 6.1) AppleWebKit/537.36 (KHTML, like Gecko) Chrome/28.0.1500.29 Safari/537.36 OPR/15.0.1147.24 (Edition Next)"
3.94.112.111 - - [27/Feb/2026:10:38:32 -0500] "GET /wp/wp-content/themes/Avada/includes/lib/assets/min/js/library/fusion-youtube.js HTTP/1.1" 200 1734 "https://212productions.net/wp/broken-film/" "Mozilla/5.0 (Windows NT 6.1) AppleWebKit/537.36 (KHTML, like Gecko) Chrome/28.0.1500.29 Safari/537.36 OPR/15.0.1147.24 (Edition Next)"
3.94.112.111 - - [27/Feb/2026:10:38:32 -0500] "GET /wp/wp-content/themes/Avada/includes/lib/assets/min/js/library/vimeoPlayer.js HTTP/1.1" 200 11514 "https://212productions.net/wp/broken-film/" "Mozilla/5.0 (Windows NT 6.1) AppleWebKit/537.36 (KHTML, like Gecko) Chrome/28.0.1500.29 Safari/537.36 OPR/15.0.1147.24 (Edition Next)"
3.94.112.111 - - [27/Feb/2026:10:38:32 -0500] "GET /wp/wp-content/themes/Avada/includes/lib/assets/min/js/general/fusion-general-global.js HTTP/1.1" 200 222 "https://212productions.net/wp/broken-film/" "Mozilla/5.0 (Windows NT 6.1) AppleWebKit/537.36 (KHTML, like Gecko) Chrome/28.0.1500.29 Safari/537.36 OPR/15.0.1147.24 (Edition Next)"
3.94.112.111 - - [27/Feb/2026:10:38:32 -0500] "GET /wp/wp-content/themes/Avada/assets/min/js/general/avada-general-footer.js HTTP/1.1" 200 219 "https://212productions.net/wp/broken-film/" "Mozilla/5.0 (Windows NT 6.1) AppleWebKit/537.36 (KHTML, like Gecko) Chrome/28.0.1500.29 Safari/537.36 OPR/15.0.1147.24 (Edition Next)"
3.94.112.111 - - [27/Feb/2026:10:38:32 -0500] "GET /wp/wp-content/themes/Avada/assets/min/js/general/avada-quantity.js HTTP/1.1" 200 837 "https://212productions.net/wp/broken-film/" "Mozilla/5.0 (Windows NT 6.1) AppleWebKit/537.36 (KHTML, like Gecko) Chrome/28.0.1500.29 Safari/537.36 OPR/15.0.1147.24 (Edition Next)"
3.94.112.111 - - [27/Feb/2026:10:38:32 -0500] "GET /wp/wp-content/themes/Avada/assets/min/js/general/avada-crossfade-images.js HTTP/1.1" 200 227 "https://212productions.net/wp/broken-film/" "Mozilla/5.0 (Windows NT 6.1) AppleWebKit/537.36 (KHTML, like Gecko) Chrome/28.0.1500.29 Safari/537.36 OPR/15.0.1147.24 (Edition Next)"
3.94.112.111 - - [27/Feb/2026:10:38:32 -0500] "GET /wp/wp-content/themes/Avada/assets/min/js/general/avada-select.js HTTP/1.1" 200 589 "https://212productions.net/wp/broken-film/" "Mozilla/5.0 (Windows NT 6.1) AppleWebKit/537.36 (KHTML, like Gecko) Chrome/28.0.1500.29 Safari/537.36 OPR/15.0.1147.24 (Edition Next)"
3.94.112.111 - - [27/Feb/2026:10:38:32 -0500] "GET /wp/wp-content/themes/Avada/assets/min/js/general/avada-live-search.js HTTP/1.1" 200 1225 "https://212productions.net/wp/broken-film/" "Mozilla/5.0 (Windows NT 6.1) AppleWebKit/537.36 (KHTML, like Gecko) Chrome/28.0.1500.29 Safari/537.36 OPR/15.0.1147.24 (Edition Next)"
3.94.112.111 - - [27/Feb/2026:10:38:32 -0500] "GET /wp/wp-content/themes/Avada/includes/lib/assets/min/js/general/fusion-alert.js HTTP/1.1" 200 196 "https://212productions.net/wp/broken-film/" "Mozilla/5.0 (Windows NT 6.1) AppleWebKit/537.36 (KHTML, like Gecko) Chrome/28.0.1500.29 Safari/537.36 OPR/15.0.1147.24 (Edition Next)"
3.94.112.111 - - [27/Feb/2026:10:38:32 -0500] "GET /wp/wp-content/themes/Avada/assets/min/js/general/avada-comments.js HTTP/1.1" 200 503 "https://212productions.net/wp/broken-film/" "Mozilla/5.0 (Windows NT 6.1) AppleWebKit/537.36 (KHTML, like Gecko) Chrome/28.0.1500.29 Safari/537.36 OPR/15.0.1147.24 (Edition Next)"
3.94.112.111 - - [27/Feb/2026:10:38:32 -0500] "GET /wp/wp-content/plugins/fusion-builder/assets/js/min/general/awb-off-canvas.js HTTP/1.1" 200 3783 "https://212productions.net/wp/broken-film/" "Mozilla/5.0 (Windows NT 6.1) AppleWebKit/537.36 (KHTML, like Gecko) Chrome/28.0.1500.29 Safari/537.36 OPR/15.0.1147.24 (Edition Next)"
3.94.112.111 - - [27/Feb/2026:10:38:32 -0500] "GET /wp/wp-content/themes/Avada/includes/lib/assets/min/js/general/fusion-flexslider.js HTTP/1.1" 200 1611 "https://212productions.net/wp/broken-film/" "Mozilla/5.0 (Windows NT 6.1) AppleWebKit/537.36 (KHTML, like Gecko) Chrome/28.0.1500.29 Safari/537.36 OPR/15.0.1147.24 (Edition Next)"
3.94.112.111 - - [27/Feb/2026:10:38:32 -0500] "GET /wp/wp-content/plugins/fusion-builder/assets/js/min/library/jquery.textillate.js HTTP/1.1" 200 2177 "https://212productions.net/wp/broken-film/" "Mozilla/5.0 (Windows NT 6.1) AppleWebKit/537.36 (KHTML, like Gecko) Chrome/28.0.1500.29 Safari/537.36 OPR/15.0.1147.24 (Edition Next)"
3.94.112.111 - - [27/Feb/2026:10:38:32 -0500] "GET /wp/wp-content/plugins/fusion-builder/assets/js/min/general/fusion-title.js HTTP/1.1" 200 2631 "https://212productions.net/wp/broken-film/" "Mozilla/5.0 (Windows NT 6.1) AppleWebKit/537.36 (KHTML, like Gecko) Chrome/28.0.1500.29 Safari/537.36 OPR/15.0.1147.24 (Edition Next)"
3.94.112.111 - - [27/Feb/2026:10:38:32 -0500] "GET /wp/wp-content/plugins/fusion-builder/assets/js/min/general/fusion-animations.js HTTP/1.1" 200 859 "https://212productions.net/wp/broken-film/" "Mozilla/5.0 (Windows NT 6.1) AppleWebKit/537.36 (KHTML, like Gecko) Chrome/28.0.1500.29 Safari/537.36 OPR/15.0.1147.24 (Edition Next)"
3.94.112.111 - - [27/Feb/2026:10:38:32 -0500] "GET /wp/wp-content/plugins/fusion-builder/assets/js/min/general/awb-audio.js HTTP/1.1" 200 732 "https://212productions.net/wp/broken-film/" "Mozilla/5.0 (Windows NT 6.1) AppleWebKit/537.36 (KHTML, like Gecko) Chrome/28.0.1500.29 Safari/537.36 OPR/15.0.1147.24 (Edition Next)"
3.94.112.111 - - [27/Feb/2026:10:38:32 -0500] "GET /wp/wp-content/plugins/fusion-builder/assets/js/min/general/awb-background-slider.js HTTP/1.1" 200 757 "https://212productions.net/wp/broken-film/" "Mozilla/5.0 (Windows NT 6.1) AppleWebKit/537.36 (KHTML, like Gecko) Chrome/28.0.1500.29 Safari/537.36 OPR/15.0.1147.24 (Edition Next)"
3.94.112.111 - - [27/Feb/2026:10:38:32 -0500] "GET /wp/wp-content/themes/Avada/assets/min/js/general/avada-drop-down.js HTTP/1.1" 200 1139 "https://212productions.net/wp/broken-film/" "Mozilla/5.0 (Windows NT 6.1) AppleWebKit/537.36 (KHTML, like Gecko) Chrome/28.0.1500.29 Safari/537.36 OPR/15.0.1147.24 (Edition Next)"
3.94.112.111 - - [27/Feb/2026:10:38:32 -0500] "GET /wp/wp-content/plugins/fusion-builder/assets/js/min/general/fusion-container.js HTTP/1.1" 200 4413 "https://212productions.net/wp/broken-film/" "Mozilla/5.0 (Windows NT 6.1) AppleWebKit/537.36 (KHTML, like Gecko) Chrome/28.0.1500.29 Safari/537.36 OPR/15.0.1147.24 (Edition Next)"
3.94.112.111 - - [27/Feb/2026:10:38:32 -0500] "GET /wp/wp-content/themes/Avada/assets/min/js/general/avada-to-top.js HTTP/1.1" 200 742 "https://212productions.net/wp/broken-film/" "Mozilla/5.0 (Windows NT 6.1) AppleWebKit/537.36 (KHTML, like Gecko) Chrome/28.0.1500.29 Safari/537.36 OPR/15.0.1147.24 (Edition Next)"
3.94.112.111 - - [27/Feb/2026:10:38:32 -0500] "GET /wp/wp-content/themes/Avada/assets/min/js/general/avada-scrollspy.js HTTP/1.1" 200 347 "https://212productions.net/wp/broken-film/" "Mozilla/5.0 (Windows NT 6.1) AppleWebKit/537.36 (KHTML, like Gecko) Chrome/28.0.1500.29 Safari/537.36 OPR/15.0.1147.24 (Edition Next)"
3.94.112.111 - - [27/Feb/2026:10:38:32 -0500] "GET /wp/wp-content/themes/Avada/assets/min/js/library/bootstrap.scrollspy.js HTTP/1.1" 200 1135 "https://212productions.net/wp/broken-film/" "Mozilla/5.0 (Windows NT 6.1) AppleWebKit/537.36 (KHTML, like Gecko) Chrome/28.0.1500.29 Safari/537.36 OPR/15.0.1147.24 (Edition Next)"
3.94.112.111 - - [27/Feb/2026:10:38:32 -0500] "GET /wp/wp-content/themes/Avada/includes/lib/assets/min/js/general/fusion-responsive-typography.js HTTP/1.1" 200 1103 "https://212productions.net/wp/broken-film/" "Mozilla/5.0 (Windows NT 6.1) AppleWebKit/537.36 (KHTML, like Gecko) Chrome/28.0.1500.29 Safari/537.36 OPR/15.0.1147.24 (Edition Next)"
3.94.112.111 - - [27/Feb/2026:10:38:33 -0500] "GET /wp/wp-content/themes/Avada/includes/lib/assets/min/js/general/fusion-scroll-to-anchor.js HTTP/1.1" 200 2072 "https://212productions.net/wp/broken-film/" "Mozilla/5.0 (Windows NT 6.1) AppleWebKit/537.36 (KHTML, like Gecko) Chrome/28.0.1500.29 Safari/537.36 OPR/15.0.1147.24 (Edition Next)"
3.94.112.111 - - [27/Feb/2026:10:38:33 -0500] "GET /wp/wp-content/plugins/fusion-builder/assets/js/min/general/fusion-video.js HTTP/1.1" 200 710 "https://212productions.net/wp/broken-film/" "Mozilla/5.0 (Windows NT 6.1) AppleWebKit/537.36 (KHTML, like Gecko) Chrome/28.0.1500.29 Safari/537.36 OPR/15.0.1147.24 (Edition Next)"
3.94.112.111 - - [27/Feb/2026:10:38:33 -0500] "GET /wp/wp-content/plugins/fusion-builder/assets/js/min/general/fusion-column.js HTTP/1.1" 200 455 "https://212productions.net/wp/broken-film/" "Mozilla/5.0 (Windows NT 6.1) AppleWebKit/537.36 (KHTML, like Gecko) Chrome/28.0.1500.29 Safari/537.36 OPR/15.0.1147.24 (Edition Next)"
3.94.112.111 - - [27/Feb/2026:10:38:33 -0500] "GET /wp/wp-includes/js/comment-reply.min.js HTTP/1.1" 200 1375 "https://212productions.net/wp/broken-film/" "Mozilla/5.0 (Windows NT 6.1) AppleWebKit/537.36 (KHTML, like Gecko) Chrome/28.0.1500.29 Safari/537.36 OPR/15.0.1147.24 (Edition Next)"
3.94.112.111 - - [27/Feb/2026:10:38:33 -0500] "GET /wp/wp-content/uploads/2025/04/interview-1-png.webp HTTP/1.1" 200 80014 "https://212productions.net/wp/wp-content/uploads/fusion-styles/b5ea37b1cdda2ec594965a2bd0e910fd.min.css?ver=3.13.3" "Mozilla/5.0 (Windows NT 6.1) AppleWebKit/537.36 (KHTML, like Gecko) Chrome/28.0.1500.29 Safari/537.36 OPR/15.0.1147.24 (Edition Next)"
3.94.112.111 - - [27/Feb/2026:10:38:33 -0500] "GET /wp/wp-content/uploads/fusion-gfonts/KFO7CnqEu92Fr1ME7kSn66aGLdTylUAMa3yUBA.woff2 HTTP/1.1" 200 40156 "https://212productions.net/wp/wp-content/uploads/fusion-styles/b5ea37b1cdda2ec594965a2bd0e910fd.min.css?ver=3.13.3" "Mozilla/5.0 (Windows NT 6.1) AppleWebKit/537.36 (KHTML, like Gecko) Chrome/28.0.1500.29 Safari/537.36 OPR/15.0.1147.24 (Edition Next)"
3.94.112.111 - - [27/Feb/2026:10:38:33 -0500] "GET /wp/wp-content/uploads/fusion-gfonts/MwQ5bhbm2POE2V9BPQ.woff2 HTTP/1.1" 200 9607 "https://212productions.net/wp/wp-content/uploads/fusion-styles/b5ea37b1cdda2ec594965a2bd0e910fd.min.css?ver=3.13.3" "Mozilla/5.0 (Windows NT 6.1) AppleWebKit/537.36 (KHTML, like Gecko) Chrome/28.0.1500.29 Safari/537.36 OPR/15.0.1147.24 (Edition Next)"
3.94.112.111 - - [27/Feb/2026:10:38:34 -0500] "GET /wp/wp-content/uploads/2025/03/brokens-1.mp3?_=1 HTTP/1.1" 200 4777176 "https://212productions.net/wp/broken-film/" "Mozilla/5.0 (Windows NT 6.1) AppleWebKit/537.36 (KHTML, like Gecko) Chrome/28.0.1500.29 Safari/537.36 OPR/15.0.1147.24 (Edition Next)"
3.94.112.111 - - [27/Feb/2026:10:38:34 -0500] "GET /wp/wp-content/themes/Avada/includes/lib/assets/fonts/icomoon/awb-icons.woff HTTP/1.1" 200 13725 "https://212productions.net/wp/wp-content/uploads/fusion-styles/b5ea37b1cdda2ec594965a2bd0e910fd.min.css?ver=3.13.3" "Mozilla/5.0 (Windows NT 6.1) AppleWebKit/537.36 (KHTML, like Gecko) Chrome/28.0.1500.29 Safari/537.36 OPR/15.0.1147.24 (Edition Next)"
3.94.112.111 - - [27/Feb/2026:10:38:35 -0500] "GET /wp/wp-content/uploads/fusion-gfonts/KFO7CnqEu92Fr1ME7kSn66aGLdTylUAMaxKUBGEe.woff2 HTTP/1.1" 200 20431 "https://212productions.net/wp/wp-content/uploads/fusion-styles/b5ea37b1cdda2ec594965a2bd0e910fd.min.css?ver=3.13.3" "Mozilla/5.0 (Windows NT 6.1) AppleWebKit/537.36 (KHTML, like Gecko) Chrome/28.0.1500.29 Safari/537.36 OPR/15.0.1147.24 (Edition Next)"
3.94.112.111 - - [27/Feb/2026:10:38:34 -0500] "GET /wp/wp-content/uploads/2025/05/TEASER-espanol_V10.mp4 HTTP/1.1" 200 30514166 "https://212productions.net/wp/broken-film/" "Mozilla/5.0 (Windows NT 6.1) AppleWebKit/537.36 (KHTML, like Gecko) Chrome/28.0.1500.29 Safari/537.36 OPR/15.0.1147.24 (Edition Next)"
162.253.224.18 - - [27/Feb/2026:10:38:38 -0500] "POST /wp-cron.php?doing_wp_cron=1772206718.6856191158294677734375 HTTP/1.1" 200 - "-" "WordPress/6.9.1; https://clavo.space"
185.191.171.17 - - [27/Feb/2026:10:38:37 -0500] "GET /events/tag/clavo-space/list/?eventDisplay=past&tribe-bar-date=2023-03-21 HTTP/1.1" 200 20701 "-" "Mozilla/5.0 (compatible; SemrushBot/7~bl; +http://www.semrush.com/bot.html)"
114.119.153.245 - - [27/Feb/2026:10:38:39 -0500] "GET /product-tag/iron/?product_view=list&product_order=asc&product_orderby=date&product_count=24 HTTP/1.1" 404 13534 "https://clavo.space/product-tag/iron/?product_view=list&product_order=asc&product_orderby=date&product_count=12" "Mozilla/5.0 (Linux; Android 7.0;) AppleWebKit/537.36 (KHTML, like Gecko) Mobile Safari/537.36 (compatible; PetalBot;+https://webmaster.petalsearch.com/site/petalbot)"
162.253.224.18 - - [27/Feb/2026:10:39:24 -0500] "POST /wp-cron.php?doing_wp_cron=1772206764.4251449108123779296875 HTTP/1.1" 200 - "-" "WordPress/6.9.1; https://clavo.space"
185.191.171.11 - - [27/Feb/2026:10:39:23 -0500] "GET /events/category/exhibition/list/?eventDisplay=past&tribe-bar-date=2021-09-06 HTTP/1.1" 200 20729 "-" "Mozilla/5.0 (compatible; SemrushBot/7~bl; +http://www.semrush.com/bot.html)"
185.191.171.17 - - [27/Feb/2026:10:39:27 -0500] "GET /events/2020-09-08/ HTTP/1.1" 200 14429 "-" "Mozilla/5.0 (compatible; SemrushBot/7~bl; +http://www.semrush.com/bot.html)"
162.253.224.18 - - [27/Feb/2026:10:39:33 -0500] "POST /wp-cron.php?doing_wp_cron=1772206773.2808570861816406250000 HTTP/1.1" 200 - "-" "WordPress/6.9.1; https://clavo.space"
185.191.171.8 - - [27/Feb/2026:10:39:32 -0500] "GET /events/list/?eventDisplay=past&tribe-bar-date=2025-01-11 HTTP/1.1" 200 20438 "-" "Mozilla/5.0 (compatible; SemrushBot/7~bl; +http://www.semrush.com/bot.html)"
85.208.96.210 - - [27/Feb/2026:10:39:44 -0500] "GET /events/tag/clavo-space/list/?eventDisplay=past&tribe-bar-date=2027-09-24 HTTP/1.1" 200 20706 "-" "Mozilla/5.0 (compatible; SemrushBot/7~bl; +http://www.semrush.com/bot.html)"
85.208.96.210 - - [27/Feb/2026:10:39:51 -0500] "GET /events/tag/clavo-space/list/?tribe-bar-date=2024-03-09 HTTP/1.1" 200 19725 "-" "Mozilla/5.0 (compatible; SemrushBot/7~bl; +http://www.semrush.com/bot.html)"
114.119.132.131 - - [27/Feb/2026:10:39:59 -0500] "GET /product-tag/iron/?product_orderby=name&product_order=desc&product_view=list&product_count=36 HTTP/1.1" 404 13544 "https://clavo.space/product-tag/iron/?product_orderby=name&product_order=desc&product_view=list&product_count=24" "Mozilla/5.0 (Linux; Android 7.0;) AppleWebKit/537.36 (KHTML, like Gecko) Mobile Safari/537.36 (compatible; PetalBot;+https://webmaster.petalsearch.com/site/petalbot)"
194.132.51.97 - - [27/Feb/2026:10:40:07 -0500] "GET /wp/pgp/ HTTP/1.1" 301 310 "http://proyectoguacamaya.org/" "Mozilla/5.0 (iPhone; CPU iPhone OS 17_3_1 like Mac OS X) AppleWebKit/605.1.15 (KHTML, like Gecko) Version/17.3.1 Mobile/15E148 Safari/604"
193.183.123.149 - - [27/Feb/2026:10:40:08 -0500] "GET /wp/pgp/ HTTP/1.1" 200 14497 "http://212productions.net/wp/pgp/" "Mozilla/5.0 (iPhone; CPU iPhone OS 17_3_1 like Mac OS X) AppleWebKit/605.1.15 (KHTML, like Gecko) Version/17.3.1 Mobile/15E148 Safari/604"
107.189.21.225 - - [27/Feb/2026:10:40:31 -0500] "POST /wp-content/plugins/akismet/includes/cache-processor.php HTTP/1.1" 404 13548 "-" "Mozilla/5.0"
162.253.224.18 - - [27/Feb/2026:10:40:56 -0500] "POST /wp-cron.php?doing_wp_cron=1772206856.3284840583801269531250 HTTP/1.1" 200 - "-" "WordPress/6.9.1; https://clavo.space"
85.208.96.208 - - [27/Feb/2026:10:40:55 -0500] "GET /events/category/exhibition/list/?tribe-bar-date=2023-10-09 HTTP/1.1" 200 19752 "-" "Mozilla/5.0 (compatible; SemrushBot/7~bl; +http://www.semrush.com/bot.html)"
85.208.96.205 - - [27/Feb/2026:10:40:59 -0500] "GET /events/tag/art/list/?eventDisplay=past&tribe-bar-date=2025-02-17 HTTP/1.1" 200 20692 "-" "Mozilla/5.0 (compatible; SemrushBot/7~bl; +http://www.semrush.com/bot.html)"
205.185.115.27 - - [27/Feb/2026:10:41:02 -0500] "GET /wp-login.php HTTP/1.1" 200 6864 "-" "Mozilla/5.0 (Macintosh; Intel Mac OS X 10_9_3) AppleWebKit/537.76.4 (KHTML, like Gecko) Version/7.0.4 Safari/537.76.4"
213.163.198.92 - - [27/Feb/2026:10:41:03 -0500] "GET /wp-login.php HTTP/1.1" 200 2093 "-" "Mozilla/5.0 (Windows NT 6.1; WOW64; Trident/7.0; apetito Gruppe; rv:11.0) like Gecko"
205.185.115.27 - - [27/Feb/2026:10:41:03 -0500] "POST /wp-login.php HTTP/1.1" 200 7304 "-" "Mozilla/5.0 (Macintosh; Intel Mac OS X 10_9_3) AppleWebKit/537.76.4 (KHTML, like Gecko) Version/7.0.4 Safari/537.76.4"
213.163.198.92 - - [27/Feb/2026:10:41:08 -0500] "POST /wp-login.php HTTP/1.1" 200 2224 "https://212productions.net/wp-login.php" "Mozilla/5.0 (Windows NT 6.1; WOW64; Trident/7.0; apetito Gruppe; rv:11.0) like Gecko"
185.191.171.11 - - [27/Feb/2026:10:41:15 -0500] "GET /events/tag/exhibition/list/?tribe-bar-date=2026-07-22 HTTP/1.1" 200 19704 "-" "Mozilla/5.0 (compatible; SemrushBot/7~bl; +http://www.semrush.com/bot.html)"
114.119.163.186 - - [27/Feb/2026:10:41:22 -0500] "GET /product-tag/iron/?product_count=36&product_orderby=default&product_view=grid&product_order=asc HTTP/1.1" 404 13542 "https://clavo.space/product-tag/iron/?product_count=36&product_orderby=default&product_view=list&product_order=asc" "Mozilla/5.0 (Linux; Android 7.0;) AppleWebKit/537.36 (KHTML, like Gecko) Mobile Safari/537.36 (compatible; PetalBot;+https://webmaster.petalsearch.com/site/petalbot)"
20.226.32.203 - - [27/Feb/2026:10:41:36 -0500] "GET /wp/wp-content/uploads/2022/05/Deforestacion.-.jpg HTTP/1.1" 200 93969 "-" "Mozilla/5.0 (compatible; BingIndexCrawler/1.0)"
162.253.224.18 - - [27/Feb/2026:10:41:43 -0500] "POST /wp-cron.php?doing_wp_cron=1772206903.3220651149749755859375 HTTP/1.1" 200 - "-" "WordPress/6.9.1; https://clavo.space"
185.191.171.11 - - [27/Feb/2026:10:41:42 -0500] "GET /events/tag/clavo-space/list/?eventDisplay=past&tribe-bar-date=2028-09-20 HTTP/1.1" 200 20691 "-" "Mozilla/5.0 (compatible; SemrushBot/7~bl; +http://www.semrush.com/bot.html)"
43.135.183.82 - - [27/Feb/2026:10:41:45 -0500] "GET /wp/wp-content/uploads/2025/11/5-monuna-1-1536x1348.webp HTTP/1.1" 200 162866 "-" "Mozilla/5.0 (iPhone; CPU iPhone OS 13_2_3 like Mac OS X) AppleWebKit/605.1.15 (KHTML, like Gecko) Version/13.0.3 Mobile/15E148 Safari/604.1"
85.208.96.200 - - [27/Feb/2026:10:41:52 -0500] "GET /events/category/exhibition/list/?tribe-bar-date=2021-08-04 HTTP/1.1" 200 19744 "-" "Mozilla/5.0 (compatible; SemrushBot/7~bl; +http://www.semrush.com/bot.html)"
185.191.171.12 - - [27/Feb/2026:10:41:58 -0500] "GET /events/tag/opening/today/ HTTP/1.1" 200 19492 "-" "Mozilla/5.0 (compatible; SemrushBot/7~bl; +http://www.semrush.com/bot.html)"
54.39.6.157 - - [27/Feb/2026:10:41:59 -0500] "GET /2023/07/19/experiencia-latina/ HTTP/1.1" 200 23104 "-" "Mozilla/5.0 (compatible; AhrefsBot/7.0; +http://ahrefs.com/robot/)"
162.253.224.18 - - [27/Feb/2026:10:42:38 -0500] "POST /wp-cron.php?doing_wp_cron=1772206958.2650339603424072265625 HTTP/1.1" 200 - "-" "WordPress/6.9.1; https://clavo.space"
185.191.171.16 - - [27/Feb/2026:10:42:36 -0500] "GET /events/list/?eventDisplay=past&tribe-bar-date=2022-04-21 HTTP/1.1" 200 20439 "-" "Mozilla/5.0 (compatible; SemrushBot/7~bl; +http://www.semrush.com/bot.html)"
114.119.149.252 - - [27/Feb/2026:10:42:49 -0500] "GET /product-tag/heart/?product_orderby=name&product_count=12&product_order=asc&product_view=grid HTTP/1.1" 404 13542 "https://clavo.space/product-tag/heart/?product_orderby=name&product_count=36&product_order=asc&product_view=grid" "Mozilla/5.0 (Linux; Android 7.0;) AppleWebKit/537.36 (KHTML, like Gecko) Mobile Safari/537.36 (compatible; PetalBot;+https://webmaster.petalsearch.com/site/petalbot)"
185.191.171.18 - - [27/Feb/2026:10:42:52 -0500] "GET /events/tag/clavo-space/list/?eventDisplay=past&tribe-bar-date=2026-06-21 HTTP/1.1" 200 20697 "-" "Mozilla/5.0 (compatible; SemrushBot/7~bl; +http://www.semrush.com/bot.html)"
119.13.87.179 - - [27/Feb/2026:10:42:55 -0500] "GET /product-tag/wood/?product_orderby=popularity&product_order=desc&product_count=36 HTTP/1.1" 404 13527 "https://clavo.space/product-tag/wood/?product_orderby=popularity&product_order=desc&product_count=36" "Mozilla/5.0 (Macintosh; Intel Mac OS X 10_15_7) AppleWebKit/537.36 (KHTML, like Gecko) Chrome/131.0.0.0 Safari/537.36"
85.208.96.198 - - [27/Feb/2026:10:43:13 -0500] "GET /events/tag/exhibition/list/?eventDisplay=past&tribe-bar-date=2026-10-09 HTTP/1.1" 200 20686 "-" "Mozilla/5.0 (compatible; SemrushBot/7~bl; +http://www.semrush.com/bot.html)"
85.208.96.208 - - [27/Feb/2026:10:43:25 -0500] "GET /events/tag/art/list/?eventDisplay=past&tribe-bar-date=2021-04-11 HTTP/1.1" 200 20689 "-" "Mozilla/5.0 (compatible; SemrushBot/7~bl; +http://www.semrush.com/bot.html)"
213.230.92.65 - - [27/Feb/2026:10:43:57 -0500] "GET /wp/muestra-de-scott-caan-reflejos-de-hollywood/ HTTP/1.1" 200 20002 "-" "Mozilla/5.0 (Windows NT 10.0; Win64; x64) AppleWebKit/537.36 (KHTML, like Gecko) Brave Chrome/79.0.3945.88 Safari/537.36"
162.253.224.18 - - [27/Feb/2026:10:44:11 -0500] "POST /wp-cron.php?doing_wp_cron=1772207051.1378350257873535156250 HTTP/1.1" 200 - "-" "WordPress/6.9.1; https://clavo.space"
114.119.148.154 - - [27/Feb/2026:10:44:09 -0500] "GET /product-tag/heart/?product_order=desc&product_count=24&product_orderby=popularity HTTP/1.1" 404 13549 "https://clavo.space/product-tag/heart/?product_order=desc&product_count=24&product_orderby=price" "Mozilla/5.0 (Linux; Android 7.0;) AppleWebKit/537.36 (KHTML, like Gecko) Mobile Safari/537.36 (compatible; PetalBot;+https://webmaster.petalsearch.com/site/petalbot)"
185.191.171.1 - - [27/Feb/2026:10:44:15 -0500] "GET /events/tag/opening/list/?eventDisplay=past&tribe-bar-date=2022-03-15 HTTP/1.1" 200 20691 "-" "Mozilla/5.0 (compatible; SemrushBot/7~bl; +http://www.semrush.com/bot.html)"
65.21.12.180 - - [27/Feb/2026:10:44:26 -0500] "POST /xmlrpc.php HTTP/1.1" 200 225 "-" "Mozilla/4.0 (compatible; MSIE 7.0; Windows NT 6.2; WOW64; Trident/7.0; .NET4.0E; .NET4.0C; .NET CLR 3.5.30729; .NET CLR 2.0.50727; .NET CLR 3.0.30729; Tablet PC 2.0)"
162.253.224.18 - - [27/Feb/2026:10:44:37 -0500] "POST /wp-cron.php?doing_wp_cron=1772207077.4201130867004394531250 HTTP/1.1" 200 - "-" "WordPress/6.9.1; https://clavo.space"
66.249.79.68 - - [27/Feb/2026:10:44:35 -0500] "GET /page/3/?h=eiw05lkll5k6oi1 HTTP/1.1" 200 30616 "-" "Mozilla/5.0 (Linux; Android 6.0.1; Nexus 5X Build/MMB29P) AppleWebKit/537.36 (KHTML, like Gecko) Chrome/144.0.7559.132 Mobile Safari/537.36 (compatible; GoogleOther)"
185.191.171.19 - - [27/Feb/2026:10:44:49 -0500] "GET /events/list/?tribe-bar-date=2024-09-07 HTTP/1.1" 200 19464 "-" "Mozilla/5.0 (compatible; SemrushBot/7~bl; +http://www.semrush.com/bot.html)"
85.208.96.210 - - [27/Feb/2026:10:45:05 -0500] "GET /events/tag/art/list/?tribe-bar-date=2025-08-22 HTTP/1.1" 200 19712 "-" "Mozilla/5.0 (compatible; SemrushBot/7~bl; +http://www.semrush.com/bot.html)"
