45.141.233.210 - - [27/Feb/2026:14:17:01 -0500] "GET /wp-admin/index.php HTTP/1.1" 302 - "https://CLAVO.SPACE/wp-login.php" "Mozilla/5.0 (Macintosh; Intel Mac OS X 10_15_7) AppleWebKit/537.36 (KHTML, like Gecko) Chrome/119.0.0.0 Safari/537.36"
45.141.233.210 - - [27/Feb/2026:14:17:02 -0500] "GET /wp-login.php?redirect_to=https%3A%2F%2Fclavo.space%2Fwp-admin%2Findex.php&reauth=1 HTTP/1.1" 200 2098 "https://CLAVO.SPACE/wp-login.php" "Mozilla/5.0 (Macintosh; Intel Mac OS X 10_15_7) AppleWebKit/537.36 (KHTML, like Gecko) Chrome/119.0.0.0 Safari/537.36"
45.141.233.210 - - [27/Feb/2026:14:17:03 -0500] "POST /wp-login.php HTTP/1.1" 200 2262 "https://CLAVO.SPACE/wp-login.php" "Mozilla/5.0 (Macintosh; Intel Mac OS X 10_15_7; rv:121.0) Gecko/20100101 Firefox/121.0"
45.141.233.210 - - [27/Feb/2026:14:17:04 -0500] "GET /wp-admin/index.php HTTP/1.1" 302 - "https://CLAVO.SPACE/wp-login.php" "Mozilla/5.0 (Macintosh; Intel Mac OS X 10_15_7) AppleWebKit/605.1.15 (KHTML, like Gecko) Version/17.2 Safari/605.1.15"
45.141.233.210 - - [27/Feb/2026:14:17:06 -0500] "GET /wp-login.php?redirect_to=https%3A%2F%2Fclavo.space%2Fwp-admin%2Findex.php&reauth=1 HTTP/1.1" 200 2098 "https://CLAVO.SPACE/wp-login.php" "Mozilla/5.0 (Macintosh; Intel Mac OS X 10_15_7) AppleWebKit/605.1.15 (KHTML, like Gecko) Version/17.2 Safari/605.1.15"
45.141.233.210 - - [27/Feb/2026:14:17:07 -0500] "POST /wp-login.php HTTP/1.1" 200 2254 "https://CLAVO.SPACE/wp-login.php" "Mozilla/5.0 (Windows NT 11.0; Win64; x64; rv:120.0) Gecko/20100101 Firefox/120.0"
45.141.233.210 - - [27/Feb/2026:14:17:08 -0500] "GET /wp-admin/index.php HTTP/1.1" 302 - "https://CLAVO.SPACE/wp-login.php" "Mozilla/5.0 (Macintosh; Intel Mac OS X 10_15_7; rv:119.0) Gecko/20100101 Firefox/119.0"
85.208.96.212 - - [27/Feb/2026:14:17:09 -0500] "GET /events/tag/exhibition/day/2028-09-19/ HTTP/1.1" 200 14444 "-" "Mozilla/5.0 (compatible; SemrushBot/7~bl; +http://www.semrush.com/bot.html)"
45.141.233.210 - - [27/Feb/2026:14:17:10 -0500] "GET /wp-login.php?redirect_to=https%3A%2F%2Fclavo.space%2Fwp-admin%2Findex.php&reauth=1 HTTP/1.1" 200 2098 "https://CLAVO.SPACE/wp-login.php" "Mozilla/5.0 (Macintosh; Intel Mac OS X 10_15_7; rv:119.0) Gecko/20100101 Firefox/119.0"
45.141.233.210 - - [27/Feb/2026:14:17:12 -0500] "POST /wp-login.php HTTP/1.1" 200 2254 "https://CLAVO.SPACE/wp-login.php" "Mozilla/5.0 (X11; Ubuntu; Linux x86_64) AppleWebKit/537.36 (KHTML, like Gecko) Chrome/119.0.0.0 Safari/537.36"
45.141.233.210 - - [27/Feb/2026:14:17:13 -0500] "GET /wp-admin/index.php HTTP/1.1" 302 - "https://CLAVO.SPACE/wp-login.php" "Mozilla/5.0 (X11; Ubuntu; Linux x86_64) AppleWebKit/537.36 (KHTML, like Gecko) Chrome/120.0.0.0 Safari/537.36"
45.141.233.210 - - [27/Feb/2026:14:17:14 -0500] "GET /wp-login.php?redirect_to=https%3A%2F%2Fclavo.space%2Fwp-admin%2Findex.php&reauth=1 HTTP/1.1" 200 2098 "https://CLAVO.SPACE/wp-login.php" "Mozilla/5.0 (X11; Ubuntu; Linux x86_64) AppleWebKit/537.36 (KHTML, like Gecko) Chrome/120.0.0.0 Safari/537.36"
45.141.233.210 - - [27/Feb/2026:14:17:15 -0500] "POST /wp-login.php HTTP/1.1" 200 2254 "https://CLAVO.SPACE/wp-login.php" "Mozilla/5.0 (Macintosh; Intel Mac OS X 10_15_7) AppleWebKit/605.1.15 (KHTML, like Gecko) Version/17.1 Safari/605.1.15"
45.141.233.210 - - [27/Feb/2026:14:17:16 -0500] "GET /wp-admin/index.php HTTP/1.1" 302 - "https://CLAVO.SPACE/wp-login.php" "Mozilla/5.0 (Macintosh; Intel Mac OS X 10_15_7) AppleWebKit/537.36 (KHTML, like Gecko) Chrome/118.0.0.0 Safari/537.36"
54.39.136.185 - - [27/Feb/2026:14:17:17 -0500] "GET /product-category/paintings/page/2/?product_orderby=price&product_order=asc&product_view=grid&product_count=24 HTTP/1.1" 404 13550 "-" "Mozilla/5.0 (compatible; AhrefsBot/7.0; +http://ahrefs.com/robot/)"
45.141.233.210 - - [27/Feb/2026:14:17:18 -0500] "GET /wp-login.php?redirect_to=https%3A%2F%2Fclavo.space%2Fwp-admin%2Findex.php&reauth=1 HTTP/1.1" 200 2098 "https://CLAVO.SPACE/wp-login.php" "Mozilla/5.0 (Macintosh; Intel Mac OS X 10_15_7) AppleWebKit/537.36 (KHTML, like Gecko) Chrome/118.0.0.0 Safari/537.36"
45.141.233.210 - - [27/Feb/2026:14:17:20 -0500] "POST /wp-login.php HTTP/1.1" 200 2253 "https://CLAVO.SPACE/wp-login.php" "Mozilla/5.0 (Macintosh; Intel Mac OS X 10_15_7; rv:121.0) Gecko/20100101 Firefox/121.0"
159.65.19.147 - - [27/Feb/2026:14:17:20 -0500] "POST /xmlrpc.php HTTP/1.1" 200 225 "-" "Mozilla/5.0 (Windows NT 5.1; WOW64; Trident/7.0; rv:11.0) like Gecko"
45.141.233.210 - - [27/Feb/2026:14:17:22 -0500] "GET /wp-admin/index.php HTTP/1.1" 302 - "https://CLAVO.SPACE/wp-login.php" "Mozilla/5.0 (Windows NT 11.0; Win64; x64) AppleWebKit/537.36 (KHTML, like Gecko) Chrome/120.0.0.0 Safari/537.36"
114.119.163.186 - - [27/Feb/2026:14:17:23 -0500] "GET /shop/page/4?product_orderby=date&product_count=24&product_order=asc&product_view=list HTTP/1.1" 404 13542 "https://clavo.space/shop?product_orderby=date&product_count=24&product_order=asc&product_view=list" "Mozilla/5.0 (Linux; Android 7.0;) AppleWebKit/537.36 (KHTML, like Gecko) Mobile Safari/537.36 (compatible; PetalBot;+https://webmaster.petalsearch.com/site/petalbot)"
45.141.233.210 - - [27/Feb/2026:14:17:24 -0500] "GET /wp-login.php?redirect_to=https%3A%2F%2Fclavo.space%2Fwp-admin%2Findex.php&reauth=1 HTTP/1.1" 200 2098 "https://CLAVO.SPACE/wp-login.php" "Mozilla/5.0 (Windows NT 11.0; Win64; x64) AppleWebKit/537.36 (KHTML, like Gecko) Chrome/120.0.0.0 Safari/537.36"
45.141.233.210 - - [27/Feb/2026:14:17:26 -0500] "POST /wp-login.php HTTP/1.1" 200 2255 "https://CLAVO.SPACE/wp-login.php" "Mozilla/5.0 (Windows NT 10.0; Win64; x64; rv:119.0) Gecko/20100101 Firefox/119.0"
45.141.233.210 - - [27/Feb/2026:14:17:27 -0500] "GET /wp-admin/index.php HTTP/1.1" 302 - "https://CLAVO.SPACE/wp-login.php" "Mozilla/5.0 (X11; Linux x86_64) AppleWebKit/537.36 (KHTML, like Gecko) Chrome/119.0.0.0 Safari/537.36"
45.141.233.210 - - [27/Feb/2026:14:17:28 -0500] "GET /wp-login.php?redirect_to=https%3A%2F%2Fclavo.space%2Fwp-admin%2Findex.php&reauth=1 HTTP/1.1" 200 2098 "https://CLAVO.SPACE/wp-login.php" "Mozilla/5.0 (X11; Linux x86_64) AppleWebKit/537.36 (KHTML, like Gecko) Chrome/119.0.0.0 Safari/537.36"
187.63.171.59 - - [27/Feb/2026:14:17:29 -0500] "GET /wp/2021/07/01/exhibiran-autorretrato-de-leonardo-da-vinci-en-puebla/ HTTP/1.1" 404 12301 "-" "Mozilla/5.0 (X11; OpenBSD i386) AppleWebKit/537.36 (KHTML, like Gecko) Chrome/36.0.1985.125 Safari/537.36"
45.141.233.210 - - [27/Feb/2026:14:17:30 -0500] "POST /wp-login.php HTTP/1.1" 200 2261 "https://CLAVO.SPACE/wp-login.php" "Mozilla/5.0 (X11; Linux x86_64) AppleWebKit/537.36 (KHTML, like Gecko) Chrome/121.0.0.0 Safari/537.36"
162.253.224.18 - - [27/Feb/2026:14:17:33 -0500] "POST /wp-cron.php?doing_wp_cron=1772219853.1546230316162109375000 HTTP/1.1" 200 - "-" "WordPress/6.9.1; https://clavo.space"
45.141.233.210 - - [27/Feb/2026:14:17:31 -0500] "GET /wp-admin/index.php HTTP/1.1" 302 - "https://CLAVO.SPACE/wp-login.php" "Mozilla/5.0 (Macintosh; Intel Mac OS X 13_6_1) AppleWebKit/605.1.15 (KHTML, like Gecko) Version/17.0 Safari/605.1.15"
45.141.233.210 - - [27/Feb/2026:14:17:33 -0500] "GET /wp-login.php?redirect_to=https%3A%2F%2Fclavo.space%2Fwp-admin%2Findex.php&reauth=1 HTTP/1.1" 200 2098 "https://CLAVO.SPACE/wp-login.php" "Mozilla/5.0 (Macintosh; Intel Mac OS X 13_6_1) AppleWebKit/605.1.15 (KHTML, like Gecko) Version/17.0 Safari/605.1.15"
45.141.233.210 - - [27/Feb/2026:14:17:35 -0500] "GET /wp-admin/index.php HTTP/1.1" 302 - "https://CLAVO.SPACE/wp-login.php" "Mozilla/5.0 (Macintosh; Intel Mac OS X 10_15_7) AppleWebKit/537.36 (KHTML, like Gecko) Chrome/118.0.0.0 Safari/537.36"
45.141.233.210 - - [27/Feb/2026:14:17:36 -0500] "GET /wp-login.php?redirect_to=https%3A%2F%2Fclavo.space%2Fwp-admin%2Findex.php&reauth=1 HTTP/1.1" 200 2098 "https://CLAVO.SPACE/wp-login.php" "Mozilla/5.0 (Macintosh; Intel Mac OS X 10_15_7) AppleWebKit/537.36 (KHTML, like Gecko) Chrome/118.0.0.0 Safari/537.36"
45.141.233.210 - - [27/Feb/2026:14:17:38 -0500] "GET /wp-admin/index.php HTTP/1.1" 302 - "https://CLAVO.SPACE/wp-login.php" "Mozilla/5.0 (Windows NT 11.0; Win64; x64; rv:121.0) Gecko/20100101 Firefox/121.0"
45.141.233.210 - - [27/Feb/2026:14:17:39 -0500] "GET /wp-login.php?redirect_to=https%3A%2F%2Fclavo.space%2Fwp-admin%2Findex.php&reauth=1 HTTP/1.1" 200 2098 "https://CLAVO.SPACE/wp-login.php" "Mozilla/5.0 (Windows NT 11.0; Win64; x64; rv:121.0) Gecko/20100101 Firefox/121.0"
185.191.171.2 - - [27/Feb/2026:14:17:39 -0500] "GET /events/tag/exhibition/list/?eventDisplay=past&tribe-bar-date=2028-11-18 HTTP/1.1" 200 20686 "-" "Mozilla/5.0 (compatible; SemrushBot/7~bl; +http://www.semrush.com/bot.html)"
45.141.233.210 - - [27/Feb/2026:14:17:41 -0500] "GET /wp-admin/index.php HTTP/1.1" 302 - "https://CLAVO.SPACE/wp-login.php" "Mozilla/5.0 (Macintosh; Intel Mac OS X 10_15_7; rv:120.0) Gecko/20100101 Firefox/120.0"
45.141.233.210 - - [27/Feb/2026:14:17:43 -0500] "GET /wp-login.php?redirect_to=https%3A%2F%2Fclavo.space%2Fwp-admin%2Findex.php&reauth=1 HTTP/1.1" 200 2098 "https://CLAVO.SPACE/wp-login.php" "Mozilla/5.0 (Macintosh; Intel Mac OS X 10_15_7; rv:120.0) Gecko/20100101 Firefox/120.0"
45.141.233.210 - - [27/Feb/2026:14:17:44 -0500] "GET /wp-admin/index.php HTTP/1.1" 302 - "https://CLAVO.SPACE/wp-login.php" "Mozilla/5.0 (Macintosh; Intel Mac OS X 13_6_1) AppleWebKit/605.1.15 (KHTML, like Gecko) Version/16.6 Safari/605.1.15"
45.141.233.210 - - [27/Feb/2026:14:17:45 -0500] "GET /wp-login.php?redirect_to=https%3A%2F%2Fclavo.space%2Fwp-admin%2Findex.php&reauth=1 HTTP/1.1" 200 2098 "https://CLAVO.SPACE/wp-login.php" "Mozilla/5.0 (Macintosh; Intel Mac OS X 13_6_1) AppleWebKit/605.1.15 (KHTML, like Gecko) Version/16.6 Safari/605.1.15"
45.141.233.210 - - [27/Feb/2026:14:17:46 -0500] "POST /wp-login.php HTTP/1.1" 200 2252 "https://CLAVO.SPACE/wp-login.php" "Mozilla/5.0 (Windows NT 11.0; Win64; x64) AppleWebKit/537.36 (KHTML, like Gecko) Chrome/118.0.0.0 Safari/537.36"
45.141.233.210 - - [27/Feb/2026:14:17:48 -0500] "GET /wp-admin/index.php HTTP/1.1" 302 - "https://CLAVO.SPACE/wp-login.php" "Mozilla/5.0 (X11; Ubuntu; Linux x86_64) AppleWebKit/537.36 (KHTML, like Gecko) Chrome/121.0.0.0 Safari/537.36"
45.141.233.210 - - [27/Feb/2026:14:17:49 -0500] "GET /wp-login.php?redirect_to=https%3A%2F%2Fclavo.space%2Fwp-admin%2Findex.php&reauth=1 HTTP/1.1" 200 2098 "https://CLAVO.SPACE/wp-login.php" "Mozilla/5.0 (X11; Ubuntu; Linux x86_64) AppleWebKit/537.36 (KHTML, like Gecko) Chrome/121.0.0.0 Safari/537.36"
45.141.233.210 - - [27/Feb/2026:14:17:50 -0500] "POST /wp-login.php HTTP/1.1" 200 2254 "https://CLAVO.SPACE/wp-login.php" "Mozilla/5.0 (Macintosh; Intel Mac OS X 10_15_7) AppleWebKit/537.36 (KHTML, like Gecko) Chrome/119.0.0.0 Safari/537.36"
45.141.233.210 - - [27/Feb/2026:14:17:51 -0500] "GET /wp-admin/index.php HTTP/1.1" 302 - "https://CLAVO.SPACE/wp-login.php" "Mozilla/5.0 (X11; Linux x86_64) AppleWebKit/537.36 (KHTML, like Gecko) Chrome/118.0.0.0 Safari/537.36"
45.141.233.210 - - [27/Feb/2026:14:17:52 -0500] "GET /wp-login.php?redirect_to=https%3A%2F%2Fclavo.space%2Fwp-admin%2Findex.php&reauth=1 HTTP/1.1" 200 2098 "https://CLAVO.SPACE/wp-login.php" "Mozilla/5.0 (X11; Linux x86_64) AppleWebKit/537.36 (KHTML, like Gecko) Chrome/118.0.0.0 Safari/537.36"
45.141.233.210 - - [27/Feb/2026:14:17:54 -0500] "POST /wp-login.php HTTP/1.1" 200 2259 "https://CLAVO.SPACE/wp-login.php" "Mozilla/5.0 (X11; Linux x86_64) AppleWebKit/537.36 (KHTML, like Gecko) Chrome/121.0.0.0 Safari/537.36"
45.141.233.210 - - [27/Feb/2026:14:17:55 -0500] "GET /wp-admin/index.php HTTP/1.1" 302 - "https://CLAVO.SPACE/wp-login.php" "Mozilla/5.0 (Macintosh; Intel Mac OS X 10_15_7; rv:119.0) Gecko/20100101 Firefox/119.0"
45.141.233.210 - - [27/Feb/2026:14:17:56 -0500] "GET /wp-login.php?redirect_to=https%3A%2F%2Fclavo.space%2Fwp-admin%2Findex.php&reauth=1 HTTP/1.1" 200 2098 "https://CLAVO.SPACE/wp-login.php" "Mozilla/5.0 (Macintosh; Intel Mac OS X 10_15_7; rv:119.0) Gecko/20100101 Firefox/119.0"
45.141.233.210 - - [27/Feb/2026:14:17:57 -0500] "POST /wp-login.php HTTP/1.1" 200 2254 "https://CLAVO.SPACE/wp-login.php" "Mozilla/5.0 (Macintosh; Intel Mac OS X 13_6_1; rv:119.0) Gecko/20100101 Firefox/119.0"
45.141.233.210 - - [27/Feb/2026:14:17:58 -0500] "GET /wp-admin/index.php HTTP/1.1" 302 - "https://CLAVO.SPACE/wp-login.php" "Mozilla/5.0 (Macintosh; Intel Mac OS X 13_6_1; rv:120.0) Gecko/20100101 Firefox/120.0"
45.141.233.210 - - [27/Feb/2026:14:18:00 -0500] "GET /wp-login.php?redirect_to=https%3A%2F%2Fclavo.space%2Fwp-admin%2Findex.php&reauth=1 HTTP/1.1" 200 2098 "https://CLAVO.SPACE/wp-login.php" "Mozilla/5.0 (Macintosh; Intel Mac OS X 13_6_1; rv:120.0) Gecko/20100101 Firefox/120.0"
45.141.233.210 - - [27/Feb/2026:14:18:01 -0500] "POST /wp-login.php HTTP/1.1" 200 2258 "https://CLAVO.SPACE/wp-login.php" "Mozilla/5.0 (X11; Linux x86_64) AppleWebKit/537.36 (KHTML, like Gecko) Chrome/120.0.0.0 Safari/537.36"
45.141.233.210 - - [27/Feb/2026:14:18:05 -0500] "GET /wp-admin/index.php HTTP/1.1" 302 - "https://CLAVO.SPACE/wp-login.php" "Mozilla/5.0 (Macintosh; Intel Mac OS X 13_6_1) AppleWebKit/537.36 (KHTML, like Gecko) Chrome/119.0.0.0 Safari/537.36"
47.128.33.135 - - [27/Feb/2026:14:18:05 -0500] "GET /wp/lachapelle-in-mexico-2024/ HTTP/1.1" 200 29224 "-" "Mozilla/5.0 (compatible; Bytespider; spider-feedback@bytedance.com) AppleWebKit/537.36 (KHTML, like Gecko) Chrome/70.0.0.0 Safari/537.36"
47.128.33.135 - - [27/Feb/2026:14:18:08 -0500] "GET /wp/wp-content/uploads/fusion-styles/20e5f2dd60ac5533ece105b32a99ab96.min.css HTTP/1.1" 200 181156 "https://212productions.net/wp/lachapelle-in-mexico-2024/" "Mozilla/5.0 (compatible; Bytespider; spider-feedback@bytedance.com) AppleWebKit/537.36 (KHTML, like Gecko) Chrome/70.0.0.0 Safari/537.36"
45.141.233.210 - - [27/Feb/2026:14:18:07 -0500] "GET /wp-login.php?redirect_to=https%3A%2F%2Fclavo.space%2Fwp-admin%2Findex.php&reauth=1 HTTP/1.1" 200 2098 "https://CLAVO.SPACE/wp-login.php" "Mozilla/5.0 (Macintosh; Intel Mac OS X 13_6_1) AppleWebKit/537.36 (KHTML, like Gecko) Chrome/119.0.0.0 Safari/537.36"
47.128.33.135 - - [27/Feb/2026:14:18:08 -0500] "GET /wp/wp-content/uploads/2023/10/David-LaChapelle-detail-of-Vox-Populi-wheatpaste-poster-installation-David-Bowiecolon-Self-Preservation-1995-Los-Angeles-CREDIT-LINE-David-LaChapelle-courtesy-of-Fotografiska-New-York.webp HTTP/1.1" 200 258388 "https://212productions.net/wp/lachapelle-in-mexico-2024/" "Mozilla/5.0 (compatible; Bytespider; spider-feedback@bytedance.com) AppleWebKit/537.36 (KHTML, like Gecko) Chrome/70.0.0.0 Safari/537.36"
47.128.33.135 - - [27/Feb/2026:14:18:09 -0500] "GET /wp/wp-content/uploads/2023/09/DIESEL-LOW-400x257.png HTTP/1.1" 200 62606 "https://212productions.net/wp/lachapelle-in-mexico-2024/" "Mozilla/5.0 (compatible; Bytespider; spider-feedback@bytedance.com) AppleWebKit/537.36 (KHTML, like Gecko) Chrome/70.0.0.0 Safari/537.36"
47.128.33.135 - - [27/Feb/2026:14:18:09 -0500] "GET /wp/wp-content/uploads/2022/11/logo212-make-it@2x.png HTTP/1.1" 200 2701 "https://212productions.net/wp/lachapelle-in-mexico-2024/" "Mozilla/5.0 (compatible; Bytespider; spider-feedback@bytedance.com) AppleWebKit/537.36 (KHTML, like Gecko) Chrome/70.0.0.0 Safari/537.36"
47.128.33.135 - - [27/Feb/2026:14:18:09 -0500] "GET /wp/wp-content/uploads/2023/10/David-LaChapelle-detail-of-Vox-Populi-wheatpaste-poster-installation-Tupaccolon-Becoming-Clean-1996-Los-Angeles-CREDIT-LINE-David-LaChapelle-courtesy-of-Fotografiska-New-York.webp HTTP/1.1" 200 196865 "https://212productions.net/wp/lachapelle-in-mexico-2024/" "Mozilla/5.0 (compatible; Bytespider; spider-feedback@bytedance.com) AppleWebKit/537.36 (KHTML, like Gecko) Chrome/70.0.0.0 Safari/537.36"
47.128.33.135 - - [27/Feb/2026:14:18:09 -0500] "GET /wp/wp-content/uploads/2023/10/David-LaChapelle-detail-of-Vox-Populi-wheatpaste-poster-installation-Lil-Kimcolon-Luxury-Item-1999-New-York-CREDIT-LINE-David-LaChapelle-courtesy-of-Fotografiska-New-York.webp HTTP/1.1" 200 95121 "https://212productions.net/wp/lachapelle-in-mexico-2024/" "Mozilla/5.0 (compatible; Bytespider; spider-feedback@bytedance.com) AppleWebKit/537.36 (KHTML, like Gecko) Chrome/70.0.0.0 Safari/537.36"
47.128.33.135 - - [27/Feb/2026:14:18:09 -0500] "GET /wp/wp-content/uploads/2015/04/widget_sidebar.jpg HTTP/1.1" 200 35931 "https://212productions.net/wp/lachapelle-in-mexico-2024/" "Mozilla/5.0 (compatible; Bytespider; spider-feedback@bytedance.com) AppleWebKit/537.36 (KHTML, like Gecko) Chrome/70.0.0.0 Safari/537.36"
47.128.33.135 - - [27/Feb/2026:14:18:09 -0500] "GET /wp/wp-content/uploads/2014/12/dlc1-66x66.jpg HTTP/1.1" 200 2346 "https://212productions.net/wp/lachapelle-in-mexico-2024/" "Mozilla/5.0 (compatible; Bytespider; spider-feedback@bytedance.com) AppleWebKit/537.36 (KHTML, like Gecko) Chrome/70.0.0.0 Safari/537.36"
47.128.33.135 - - [27/Feb/2026:14:18:09 -0500] "GET /wp/wp-content/themes/Avada/assets/images/patterns/pattern22.png HTTP/1.1" 200 102184 "https://212productions.net/wp/wp-content/uploads/fusion-styles/20e5f2dd60ac5533ece105b32a99ab96.min.css?ver=3.13.3" "Mozilla/5.0 (compatible; Bytespider; spider-feedback@bytedance.com) AppleWebKit/537.36 (KHTML, like Gecko) Chrome/70.0.0.0 Safari/537.36"
47.128.33.135 - - [27/Feb/2026:14:18:09 -0500] "GET /wp/wp-content/plugins/gtranslate/flags/24/en-us.png HTTP/1.1" 200 656 "https://212productions.net/wp/lachapelle-in-mexico-2024/" "Mozilla/5.0 (compatible; Bytespider; spider-feedback@bytedance.com) AppleWebKit/537.36 (KHTML, like Gecko) Chrome/70.0.0.0 Safari/537.36"
47.128.33.135 - - [27/Feb/2026:14:18:09 -0500] "GET /wp/wp-content/uploads/2023/09/dafne-1024x583.png HTTP/1.1" 200 991128 "https://212productions.net/wp/wp-content/uploads/fusion-styles/20e5f2dd60ac5533ece105b32a99ab96.min.css?ver=3.13.3" "Mozilla/5.0 (compatible; Bytespider; spider-feedback@bytedance.com) AppleWebKit/537.36 (KHTML, like Gecko) Chrome/70.0.0.0 Safari/537.36"
45.141.233.210 - - [27/Feb/2026:14:18:08 -0500] "POST /wp-login.php HTTP/1.1" 200 2256 "https://CLAVO.SPACE/wp-login.php" "Mozilla/5.0 (Macintosh; Intel Mac OS X 13_6_1) AppleWebKit/605.1.15 (KHTML, like Gecko) Version/16.6 Safari/605.1.15"
47.128.33.135 - - [27/Feb/2026:14:18:09 -0500] "GET /wp/wp-content/uploads/2023/10/David-LaChapelle-detail-of-Vox-Populi-wheatpaste-poster-installation-Eminemcolon-About-to-Blow-1999-New-York-CREDIT-LINE-David-LaChapelle-courtesy-of-Fotografiska-New-York.webp HTTP/1.1" 200 94191 "https://212productions.net/wp/lachapelle-in-mexico-2024/" "Mozilla/5.0 (compatible; Bytespider; spider-feedback@bytedance.com) AppleWebKit/537.36 (KHTML, like Gecko) Chrome/70.0.0.0 Safari/537.36"
47.128.33.135 - - [27/Feb/2026:14:18:09 -0500] "GET /wp/wp-content/plugins/gtranslate/flags/24/es-mx.png HTTP/1.1" 200 771 "https://212productions.net/wp/lachapelle-in-mexico-2024/" "Mozilla/5.0 (compatible; Bytespider; spider-feedback@bytedance.com) AppleWebKit/537.36 (KHTML, like Gecko) Chrome/70.0.0.0 Safari/537.36"
47.128.33.135 - - [27/Feb/2026:14:18:09 -0500] "GET /wp/wp-content/uploads/2023/10/David-LaChapelle-detail-of-Vox-Populi-wheatpaste-poster-installation-Britney-Spearscolon-Im-Not-Your-Toy-1999-Louisiana-CREDIT-LINE-David-LaChapelle-courtesy-of-Fotografiska-New-York-1.webp HTTP/1.1" 200 155209 "https://212productions.net/wp/lachapelle-in-mexico-2024/" "Mozilla/5.0 (compatible; Bytespider; spider-feedback@bytedance.com) AppleWebKit/537.36 (KHTML, like Gecko) Chrome/70.0.0.0 Safari/537.36"
47.128.33.135 - - [27/Feb/2026:14:18:09 -0500] "GET /wp/wp-content/uploads/2023/10/2009-David-LaChapelle-Archangel-Michaelcolon-And-No-Message-Could-Have-Been-Any-Clearer-2009-Hawaii-CREDIT-LINE-David-LaChapelle-courtesy-of-Fotografiska-New-York.webp HTTP/1.1" 200 210231 "https://212productions.net/wp/lachapelle-in-mexico-2024/" "Mozilla/5.0 (compatible; Bytespider; spider-feedback@bytedance.com) AppleWebKit/537.36 (KHTML, like Gecko) Chrome/70.0.0.0 Safari/537.36"
47.128.33.135 - - [27/Feb/2026:14:18:10 -0500] "GET /wp/wp-content/uploads/2023/10/deck2024-400x429.png HTTP/1.1" 200 95791 "https://212productions.net/wp/lachapelle-in-mexico-2024/" "Mozilla/5.0 (compatible; Bytespider; spider-feedback@bytedance.com) AppleWebKit/537.36 (KHTML, like Gecko) Chrome/70.0.0.0 Safari/537.36"
47.128.33.135 - - [27/Feb/2026:14:18:10 -0500] "GET /wp/wp-content/uploads/2023/10/2006-David-LaChapelle-Kanye-Westcolon-Passion-of-the-Christ-2006-Los-Angeles-CREDIT-LINE-David-LaChapelle-courtesy-of-Fotografiska-New-York.webp HTTP/1.1" 200 153317 "https://212productions.net/wp/lachapelle-in-mexico-2024/" "Mozilla/5.0 (compatible; Bytespider; spider-feedback@bytedance.com) AppleWebKit/537.36 (KHTML, like Gecko) Chrome/70.0.0.0 Safari/537.36"
47.128.33.135 - - [27/Feb/2026:14:18:10 -0500] "GET /wp/wp-content/uploads/2021/06/Milenio_cultura_edlc_acsi-e1624822750186-400x838.png HTTP/1.1" 200 264938 "https://212productions.net/wp/lachapelle-in-mexico-2024/" "Mozilla/5.0 (compatible; Bytespider; spider-feedback@bytedance.com) AppleWebKit/537.36 (KHTML, like Gecko) Chrome/70.0.0.0 Safari/537.36"
47.128.33.135 - - [27/Feb/2026:14:18:10 -0500] "GET /wp/wp-content/uploads/2021/06/30_jun_09_jornada_contraportadabja-400x743.jpg HTTP/1.1" 200 78973 "https://212productions.net/wp/lachapelle-in-mexico-2024/" "Mozilla/5.0 (compatible; Bytespider; spider-feedback@bytedance.com) AppleWebKit/537.36 (KHTML, like Gecko) Chrome/70.0.0.0 Safari/537.36"
47.128.33.135 - - [27/Feb/2026:14:18:10 -0500] "GET /wp/wp-content/uploads/2021/06/select_musa1-400x556.jpg HTTP/1.1" 200 46949 "https://212productions.net/wp/lachapelle-in-mexico-2024/" "Mozilla/5.0 (compatible; Bytespider; spider-feedback@bytedance.com) AppleWebKit/537.36 (KHTML, like Gecko) Chrome/70.0.0.0 Safari/537.36"
47.128.33.135 - - [27/Feb/2026:14:18:10 -0500] "GET /wp/wp-content/uploads/2021/06/VANGUARDIALACHA1-400x757.png HTTP/1.1" 200 208462 "https://212productions.net/wp/lachapelle-in-mexico-2024/" "Mozilla/5.0 (compatible; Bytespider; spider-feedback@bytedance.com) AppleWebKit/537.36 (KHTML, like Gecko) Chrome/70.0.0.0 Safari/537.36"
47.128.33.135 - - [27/Feb/2026:14:18:10 -0500] "GET /wp/wp-content/uploads/2014/12/david1-400x611.jpg HTTP/1.1" 200 54669 "https://212productions.net/wp/lachapelle-in-mexico-2024/" "Mozilla/5.0 (compatible; Bytespider; spider-feedback@bytedance.com) AppleWebKit/537.36 (KHTML, like Gecko) Chrome/70.0.0.0 Safari/537.36"
47.128.33.135 - - [27/Feb/2026:14:18:10 -0500] "GET /wp/wp-content/uploads/2021/03/212_logo1x11.png HTTP/1.1" 200 4787 "https://212productions.net/wp/lachapelle-in-mexico-2024/" "Mozilla/5.0 (compatible; Bytespider; spider-feedback@bytedance.com) AppleWebKit/537.36 (KHTML, like Gecko) Chrome/70.0.0.0 Safari/537.36"
47.128.33.135 - - [27/Feb/2026:14:18:10 -0500] "GET /wp/wp-content/uploads/2021/03/LOSTFOUND-400x515.png HTTP/1.1" 200 92834 "https://212productions.net/wp/lachapelle-in-mexico-2024/" "Mozilla/5.0 (compatible; Bytespider; spider-feedback@bytedance.com) AppleWebKit/537.36 (KHTML, like Gecko) Chrome/70.0.0.0 Safari/537.36"
45.141.233.210 - - [27/Feb/2026:14:18:09 -0500] "GET /wp-admin/index.php HTTP/1.1" 302 - "https://CLAVO.SPACE/wp-login.php" "Mozilla/5.0 (Macintosh; Intel Mac OS X 10_15_7; rv:118.0) Gecko/20100101 Firefox/118.0"
47.128.33.135 - - [27/Feb/2026:14:18:11 -0500] "GET /wp/wp-content/uploads/2021/06/FLAUNT_talent-200x209.png HTTP/1.1" 200 8063 "https://212productions.net/wp/lachapelle-in-mexico-2024/" "Mozilla/5.0 (compatible; Bytespider; spider-feedback@bytedance.com) AppleWebKit/537.36 (KHTML, like Gecko) Chrome/70.0.0.0 Safari/537.36"
47.128.33.135 - - [27/Feb/2026:14:18:11 -0500] "GET /wp/wp-content/uploads/2021/07/CXA-200x209.png HTTP/1.1" 200 10485 "https://212productions.net/wp/lachapelle-in-mexico-2024/" "Mozilla/5.0 (compatible; Bytespider; spider-feedback@bytedance.com) AppleWebKit/537.36 (KHTML, like Gecko) Chrome/70.0.0.0 Safari/537.36"
47.128.33.135 - - [27/Feb/2026:14:18:11 -0500] "GET /wp/wp-content/uploads/2021/03/212-android-chrome-192x192-1.png HTTP/1.1" 304 - "https://212productions.net/wp/lachapelle-in-mexico-2024/" "Mozilla/5.0 (compatible; Bytespider; spider-feedback@bytedance.com) AppleWebKit/537.36 (KHTML, like Gecko) Chrome/70.0.0.0 Safari/537.36"
47.128.33.135 - - [27/Feb/2026:14:18:11 -0500] "GET /wp/wp-content/uploads/2023/09/BIENAL-1024x771.png HTTP/1.1" 200 409384 "https://212productions.net/wp/wp-content/uploads/fusion-styles/20e5f2dd60ac5533ece105b32a99ab96.min.css?ver=3.13.3" "Mozilla/5.0 (compatible; Bytespider; spider-feedback@bytedance.com) AppleWebKit/537.36 (KHTML, like Gecko) Chrome/70.0.0.0 Safari/537.36"
47.128.33.135 - - [27/Feb/2026:14:18:11 -0500] "GET /wp/wp-content/uploads/2023/09/Death_by_Hamburger_2001-1024x684.webp HTTP/1.1" 200 84245 "https://212productions.net/wp/wp-content/uploads/fusion-styles/20e5f2dd60ac5533ece105b32a99ab96.min.css?ver=3.13.3" "Mozilla/5.0 (compatible; Bytespider; spider-feedback@bytedance.com) AppleWebKit/537.36 (KHTML, like Gecko) Chrome/70.0.0.0 Safari/537.36"
47.128.33.135 - - [27/Feb/2026:14:18:11 -0500] "GET /wp/wp-content/uploads/2021/08/dlc0z2-1024x658.png HTTP/1.1" 200 1462257 "https://212productions.net/wp/wp-content/uploads/fusion-styles/20e5f2dd60ac5533ece105b32a99ab96.min.css?ver=3.13.3" "Mozilla/5.0 (compatible; Bytespider; spider-feedback@bytedance.com) AppleWebKit/537.36 (KHTML, like Gecko) Chrome/70.0.0.0 Safari/537.36"
47.128.33.135 - - [27/Feb/2026:14:18:11 -0500] "GET /wp/wp-content/uploads/2023/10/dlc-acsi-him-1024x645.png HTTP/1.1" 200 966138 "https://212productions.net/wp/wp-content/uploads/fusion-styles/20e5f2dd60ac5533ece105b32a99ab96.min.css?ver=3.13.3" "Mozilla/5.0 (compatible; Bytespider; spider-feedback@bytedance.com) AppleWebKit/537.36 (KHTML, like Gecko) Chrome/70.0.0.0 Safari/537.36"
47.128.33.135 - - [27/Feb/2026:14:18:11 -0500] "GET /wp/wp-content/uploads/2021/08/maruanimercier-david-lachapelle-icarus-2012-1024x670.jpg HTTP/1.1" 200 192039 "https://212productions.net/wp/wp-content/uploads/fusion-styles/20e5f2dd60ac5533ece105b32a99ab96.min.css?ver=3.13.3" "Mozilla/5.0 (compatible; Bytespider; spider-feedback@bytedance.com) AppleWebKit/537.36 (KHTML, like Gecko) Chrome/70.0.0.0 Safari/537.36"
47.128.33.135 - - [27/Feb/2026:14:18:11 -0500] "GET /wp/wp-content/uploads/2021/03/lostfopund.png HTTP/1.1" 200 492767 "https://212productions.net/wp/wp-content/uploads/fusion-styles/20e5f2dd60ac5533ece105b32a99ab96.min.css?ver=3.13.3" "Mozilla/5.0 (compatible; Bytespider; spider-feedback@bytedance.com) AppleWebKit/537.36 (KHTML, like Gecko) Chrome/70.0.0.0 Safari/537.36"
45.141.233.210 - - [27/Feb/2026:14:18:11 -0500] "GET /wp-login.php?redirect_to=https%3A%2F%2Fclavo.space%2Fwp-admin%2Findex.php&reauth=1 HTTP/1.1" 200 2098 "https://CLAVO.SPACE/wp-login.php" "Mozilla/5.0 (Macintosh; Intel Mac OS X 10_15_7; rv:118.0) Gecko/20100101 Firefox/118.0"
45.141.233.210 - - [27/Feb/2026:14:18:12 -0500] "POST /wp-login.php HTTP/1.1" 200 2252 "https://CLAVO.SPACE/wp-login.php" "Mozilla/5.0 (X11; Ubuntu; Linux x86_64) AppleWebKit/537.36 (KHTML, like Gecko) Chrome/119.0.0.0 Safari/537.36"
45.141.233.210 - - [27/Feb/2026:14:18:13 -0500] "GET /wp-admin/index.php HTTP/1.1" 302 - "https://CLAVO.SPACE/wp-login.php" "Mozilla/5.0 (Windows NT 11.0; Win64; x64; rv:120.0) Gecko/20100101 Firefox/120.0"
45.141.233.210 - - [27/Feb/2026:14:18:14 -0500] "GET /wp-login.php?redirect_to=https%3A%2F%2Fclavo.space%2Fwp-admin%2Findex.php&reauth=1 HTTP/1.1" 200 2098 "https://CLAVO.SPACE/wp-login.php" "Mozilla/5.0 (Windows NT 11.0; Win64; x64; rv:120.0) Gecko/20100101 Firefox/120.0"
45.141.233.210 - - [27/Feb/2026:14:18:16 -0500] "POST /wp-login.php HTTP/1.1" 200 2260 "https://CLAVO.SPACE/wp-login.php" "Mozilla/5.0 (Windows NT 10.0; Win64; x64; rv:120.0) Gecko/20100101 Firefox/120.0"
45.141.233.210 - - [27/Feb/2026:14:18:17 -0500] "GET /wp-admin/index.php HTTP/1.1" 302 - "https://CLAVO.SPACE/wp-login.php" "Mozilla/5.0 (Macintosh; Intel Mac OS X 10_15_7) AppleWebKit/537.36 (KHTML, like Gecko) Chrome/120.0.0.0 Safari/537.36"
45.141.233.210 - - [27/Feb/2026:14:18:18 -0500] "GET /wp-login.php?redirect_to=https%3A%2F%2Fclavo.space%2Fwp-admin%2Findex.php&reauth=1 HTTP/1.1" 200 2098 "https://CLAVO.SPACE/wp-login.php" "Mozilla/5.0 (Macintosh; Intel Mac OS X 10_15_7) AppleWebKit/537.36 (KHTML, like Gecko) Chrome/120.0.0.0 Safari/537.36"
45.141.233.210 - - [27/Feb/2026:14:18:20 -0500] "POST /wp-login.php HTTP/1.1" 200 2258 "https://CLAVO.SPACE/wp-login.php" "Mozilla/5.0 (Macintosh; Intel Mac OS X 13_6_1) AppleWebKit/537.36 (KHTML, like Gecko) Chrome/121.0.0.0 Safari/537.36"
45.141.233.210 - - [27/Feb/2026:14:18:21 -0500] "GET /wp-admin/index.php HTTP/1.1" 302 - "https://CLAVO.SPACE/wp-login.php" "Mozilla/5.0 (Macintosh; Intel Mac OS X 13_6_1) AppleWebKit/537.36 (KHTML, like Gecko) Chrome/120.0.0.0 Safari/537.36"
45.141.233.210 - - [27/Feb/2026:14:18:22 -0500] "GET /wp-login.php?redirect_to=https%3A%2F%2Fclavo.space%2Fwp-admin%2Findex.php&reauth=1 HTTP/1.1" 200 2098 "https://CLAVO.SPACE/wp-login.php" "Mozilla/5.0 (Macintosh; Intel Mac OS X 13_6_1) AppleWebKit/537.36 (KHTML, like Gecko) Chrome/120.0.0.0 Safari/537.36"
45.141.233.210 - - [27/Feb/2026:14:18:23 -0500] "POST /wp-login.php HTTP/1.1" 200 2256 "https://CLAVO.SPACE/wp-login.php" "Mozilla/5.0 (Macintosh; Intel Mac OS X 10_15_7) AppleWebKit/537.36 (KHTML, like Gecko) Chrome/121.0.0.0 Safari/537.36"
45.141.233.210 - - [27/Feb/2026:14:18:25 -0500] "GET /wp-admin/index.php HTTP/1.1" 302 - "https://CLAVO.SPACE/wp-login.php" "Mozilla/5.0 (Macintosh; Intel Mac OS X 13_6_1) AppleWebKit/605.1.15 (KHTML, like Gecko) Version/17.1 Safari/605.1.15"
45.141.233.210 - - [27/Feb/2026:14:18:26 -0500] "GET /wp-login.php?redirect_to=https%3A%2F%2Fclavo.space%2Fwp-admin%2Findex.php&reauth=1 HTTP/1.1" 200 2098 "https://CLAVO.SPACE/wp-login.php" "Mozilla/5.0 (Macintosh; Intel Mac OS X 13_6_1) AppleWebKit/605.1.15 (KHTML, like Gecko) Version/17.1 Safari/605.1.15"
45.141.233.210 - - [27/Feb/2026:14:18:27 -0500] "GET /wp-admin/index.php HTTP/1.1" 302 - "https://CLAVO.SPACE/wp-login.php" "Mozilla/5.0 (Windows NT 10.0; Win64; x64) AppleWebKit/537.36 (KHTML, like Gecko) Chrome/120.0.0.0 Safari/537.36"
45.141.233.210 - - [27/Feb/2026:14:18:29 -0500] "GET /wp-login.php?redirect_to=https%3A%2F%2Fclavo.space%2Fwp-admin%2Findex.php&reauth=1 HTTP/1.1" 200 2098 "https://CLAVO.SPACE/wp-login.php" "Mozilla/5.0 (Windows NT 10.0; Win64; x64) AppleWebKit/537.36 (KHTML, like Gecko) Chrome/120.0.0.0 Safari/537.36"
45.141.233.210 - - [27/Feb/2026:14:18:30 -0500] "GET /wp-admin/index.php HTTP/1.1" 302 - "https://CLAVO.SPACE/wp-login.php" "Mozilla/5.0 (Macintosh; Intel Mac OS X 10_15_7) AppleWebKit/605.1.15 (KHTML, like Gecko) Version/16.6 Safari/605.1.15"
45.141.233.210 - - [27/Feb/2026:14:18:31 -0500] "GET /wp-login.php?redirect_to=https%3A%2F%2Fclavo.space%2Fwp-admin%2Findex.php&reauth=1 HTTP/1.1" 200 2098 "https://CLAVO.SPACE/wp-login.php" "Mozilla/5.0 (Macintosh; Intel Mac OS X 10_15_7) AppleWebKit/605.1.15 (KHTML, like Gecko) Version/16.6 Safari/605.1.15"
162.253.224.18 - - [27/Feb/2026:14:18:34 -0500] "POST /wp-cron.php?doing_wp_cron=1772219914.2396368980407714843750 HTTP/1.1" 200 - "-" "WordPress/6.9.1; https://clavo.space"
45.141.233.210 - - [27/Feb/2026:14:18:33 -0500] "GET /wp-admin/index.php HTTP/1.1" 302 - "https://CLAVO.SPACE/wp-login.php" "Mozilla/5.0 (X11; Linux x86_64) AppleWebKit/537.36 (KHTML, like Gecko) Chrome/118.0.0.0 Safari/537.36"
45.141.233.210 - - [27/Feb/2026:14:18:34 -0500] "GET /wp-login.php?redirect_to=https%3A%2F%2Fclavo.space%2Fwp-admin%2Findex.php&reauth=1 HTTP/1.1" 200 2098 "https://CLAVO.SPACE/wp-login.php" "Mozilla/5.0 (X11; Linux x86_64) AppleWebKit/537.36 (KHTML, like Gecko) Chrome/118.0.0.0 Safari/537.36"
45.141.233.210 - - [27/Feb/2026:14:18:36 -0500] "GET /wp-admin/index.php HTTP/1.1" 302 - "https://CLAVO.SPACE/wp-login.php" "Mozilla/5.0 (Macintosh; Intel Mac OS X 10_15_7; rv:120.0) Gecko/20100101 Firefox/120.0"
45.141.233.210 - - [27/Feb/2026:14:18:37 -0500] "GET /wp-login.php?redirect_to=https%3A%2F%2Fclavo.space%2Fwp-admin%2Findex.php&reauth=1 HTTP/1.1" 200 2098 "https://CLAVO.SPACE/wp-login.php" "Mozilla/5.0 (Macintosh; Intel Mac OS X 10_15_7; rv:120.0) Gecko/20100101 Firefox/120.0"
185.191.171.1 - - [27/Feb/2026:14:18:37 -0500] "GET /events/list/?eventDisplay=past&tribe-bar-date=2023-12-17 HTTP/1.1" 200 20438 "-" "Mozilla/5.0 (compatible; SemrushBot/7~bl; +http://www.semrush.com/bot.html)"
45.141.233.210 - - [27/Feb/2026:14:18:40 -0500] "GET /wp-admin/index.php HTTP/1.1" 302 - "https://CLAVO.SPACE/wp-login.php" "Mozilla/5.0 (Macintosh; Intel Mac OS X 10_15_7) AppleWebKit/537.36 (KHTML, like Gecko) Chrome/121.0.0.0 Safari/537.36"
45.141.233.210 - - [27/Feb/2026:14:18:42 -0500] "GET /wp-login.php?redirect_to=https%3A%2F%2Fclavo.space%2Fwp-admin%2Findex.php&reauth=1 HTTP/1.1" 200 2098 "https://CLAVO.SPACE/wp-login.php" "Mozilla/5.0 (Macintosh; Intel Mac OS X 10_15_7) AppleWebKit/537.36 (KHTML, like Gecko) Chrome/121.0.0.0 Safari/537.36"
45.141.233.210 - - [27/Feb/2026:14:18:44 -0500] "GET /wp-admin/index.php HTTP/1.1" 302 - "https://CLAVO.SPACE/wp-login.php" "Mozilla/5.0 (Macintosh; Intel Mac OS X 10_15_7; rv:121.0) Gecko/20100101 Firefox/121.0"
45.141.233.210 - - [27/Feb/2026:14:18:45 -0500] "GET /wp-login.php?redirect_to=https%3A%2F%2Fclavo.space%2Fwp-admin%2Findex.php&reauth=1 HTTP/1.1" 200 2098 "https://CLAVO.SPACE/wp-login.php" "Mozilla/5.0 (Macintosh; Intel Mac OS X 10_15_7; rv:121.0) Gecko/20100101 Firefox/121.0"
45.141.233.210 - - [27/Feb/2026:14:18:47 -0500] "POST /wp-login.php HTTP/1.1" 200 2224 "https://CLAVO.SPACE/wp-login.php" "Mozilla/5.0 (X11; Linux x86_64) AppleWebKit/537.36 (KHTML, like Gecko) Chrome/119.0.0.0 Safari/537.36"
45.141.233.210 - - [27/Feb/2026:14:18:48 -0500] "GET /wp-admin/index.php HTTP/1.1" 302 - "https://CLAVO.SPACE/wp-login.php" "Mozilla/5.0 (Windows NT 10.0; Win64; x64) AppleWebKit/537.36 (KHTML, like Gecko) Chrome/119.0.0.0 Safari/537.36"
45.141.233.210 - - [27/Feb/2026:14:18:49 -0500] "GET /wp-login.php?redirect_to=https%3A%2F%2Fclavo.space%2Fwp-admin%2Findex.php&reauth=1 HTTP/1.1" 200 2098 "https://CLAVO.SPACE/wp-login.php" "Mozilla/5.0 (Windows NT 10.0; Win64; x64) AppleWebKit/537.36 (KHTML, like Gecko) Chrome/119.0.0.0 Safari/537.36"
45.141.233.210 - - [27/Feb/2026:14:18:51 -0500] "POST /wp-login.php HTTP/1.1" 200 2224 "https://CLAVO.SPACE/wp-login.php" "Mozilla/5.0 (Macintosh; Intel Mac OS X 10_15_7; rv:118.0) Gecko/20100101 Firefox/118.0"
45.141.233.210 - - [27/Feb/2026:14:18:52 -0500] "GET /wp-admin/index.php HTTP/1.1" 302 - "https://CLAVO.SPACE/wp-login.php" "Mozilla/5.0 (Macintosh; Intel Mac OS X 10_15_7) AppleWebKit/605.1.15 (KHTML, like Gecko) Version/17.0 Safari/605.1.15"
45.141.233.210 - - [27/Feb/2026:14:18:53 -0500] "GET /wp-login.php?redirect_to=https%3A%2F%2Fclavo.space%2Fwp-admin%2Findex.php&reauth=1 HTTP/1.1" 200 2098 "https://CLAVO.SPACE/wp-login.php" "Mozilla/5.0 (Macintosh; Intel Mac OS X 10_15_7) AppleWebKit/605.1.15 (KHTML, like Gecko) Version/17.0 Safari/605.1.15"
45.141.233.210 - - [27/Feb/2026:14:18:54 -0500] "POST /wp-login.php HTTP/1.1" 200 2224 "https://CLAVO.SPACE/wp-login.php" "Mozilla/5.0 (Macintosh; Intel Mac OS X 10_15_7) AppleWebKit/537.36 (KHTML, like Gecko) Chrome/119.0.0.0 Safari/537.36"
45.141.233.210 - - [27/Feb/2026:14:18:56 -0500] "GET /wp-admin/index.php HTTP/1.1" 302 - "https://CLAVO.SPACE/wp-login.php" "Mozilla/5.0 (Macintosh; Intel Mac OS X 10_15_7) AppleWebKit/605.1.15 (KHTML, like Gecko) Version/17.1 Safari/605.1.15"
114.119.158.196 - - [27/Feb/2026:14:18:57 -0500] "GET /shop/page/2?product_view=grid&product_orderby=price&product_order=desc&product_count=24 HTTP/1.1" 404 13539 "https://clavo.space/shop/page/2?product_view=list&product_orderby=price&product_order=desc&product_count=24" "Mozilla/5.0 (Linux; Android 7.0;) AppleWebKit/537.36 (KHTML, like Gecko) Mobile Safari/537.36 (compatible; PetalBot;+https://webmaster.petalsearch.com/site/petalbot)"
45.141.233.210 - - [27/Feb/2026:14:18:57 -0500] "GET /wp-login.php?redirect_to=https%3A%2F%2Fclavo.space%2Fwp-admin%2Findex.php&reauth=1 HTTP/1.1" 200 2098 "https://CLAVO.SPACE/wp-login.php" "Mozilla/5.0 (Macintosh; Intel Mac OS X 10_15_7) AppleWebKit/605.1.15 (KHTML, like Gecko) Version/17.1 Safari/605.1.15"
45.141.233.210 - - [27/Feb/2026:14:19:01 -0500] "POST /wp-login.php HTTP/1.1" 200 2224 "https://CLAVO.SPACE/wp-login.php" "Mozilla/5.0 (Macintosh; Intel Mac OS X 10_15_7) AppleWebKit/605.1.15 (KHTML, like Gecko) Version/17.0 Safari/605.1.15"
85.208.96.203 - - [27/Feb/2026:14:19:01 -0500] "GET /events/tag/art/list/?tribe-bar-date=2024-02-09 HTTP/1.1" 200 19713 "-" "Mozilla/5.0 (compatible; SemrushBot/7~bl; +http://www.semrush.com/bot.html)"
45.141.233.210 - - [27/Feb/2026:14:19:05 -0500] "GET /wp-admin/index.php HTTP/1.1" 302 - "https://CLAVO.SPACE/wp-login.php" "Mozilla/5.0 (Macintosh; Intel Mac OS X 13_6_1) AppleWebKit/605.1.15 (KHTML, like Gecko) Version/17.2 Safari/605.1.15"
45.141.233.210 - - [27/Feb/2026:14:19:07 -0500] "GET /wp-login.php?redirect_to=https%3A%2F%2Fclavo.space%2Fwp-admin%2Findex.php&reauth=1 HTTP/1.1" 200 2098 "https://CLAVO.SPACE/wp-login.php" "Mozilla/5.0 (Macintosh; Intel Mac OS X 13_6_1) AppleWebKit/605.1.15 (KHTML, like Gecko) Version/17.2 Safari/605.1.15"
45.141.233.210 - - [27/Feb/2026:14:19:09 -0500] "POST /wp-login.php HTTP/1.1" 200 2224 "https://CLAVO.SPACE/wp-login.php" "Mozilla/5.0 (Windows NT 11.0; Win64; x64; rv:121.0) Gecko/20100101 Firefox/121.0"
45.141.233.210 - - [27/Feb/2026:14:19:12 -0500] "GET /wp-admin/index.php HTTP/1.1" 302 - "https://CLAVO.SPACE/wp-login.php" "Mozilla/5.0 (X11; Linux x86_64) AppleWebKit/537.36 (KHTML, like Gecko) Chrome/120.0.0.0 Safari/537.36"
45.141.233.210 - - [27/Feb/2026:14:19:14 -0500] "GET /wp-login.php?redirect_to=https%3A%2F%2Fclavo.space%2Fwp-admin%2Findex.php&reauth=1 HTTP/1.1" 200 2098 "https://CLAVO.SPACE/wp-login.php" "Mozilla/5.0 (X11; Linux x86_64) AppleWebKit/537.36 (KHTML, like Gecko) Chrome/120.0.0.0 Safari/537.36"
45.141.233.210 - - [27/Feb/2026:14:19:16 -0500] "POST /wp-login.php HTTP/1.1" 200 2224 "https://CLAVO.SPACE/wp-login.php" "Mozilla/5.0 (Macintosh; Intel Mac OS X 10_15_7) AppleWebKit/537.36 (KHTML, like Gecko) Chrome/118.0.0.0 Safari/537.36"
45.141.233.210 - - [27/Feb/2026:14:19:19 -0500] "GET /wp-admin/index.php HTTP/1.1" 302 - "https://CLAVO.SPACE/wp-login.php" "Mozilla/5.0 (Windows NT 11.0; Win64; x64) AppleWebKit/537.36 (KHTML, like Gecko) Chrome/119.0.0.0 Safari/537.36"
45.141.233.210 - - [27/Feb/2026:14:19:21 -0500] "GET /wp-login.php?redirect_to=https%3A%2F%2Fclavo.space%2Fwp-admin%2Findex.php&reauth=1 HTTP/1.1" 200 2098 "https://CLAVO.SPACE/wp-login.php" "Mozilla/5.0 (Windows NT 11.0; Win64; x64) AppleWebKit/537.36 (KHTML, like Gecko) Chrome/119.0.0.0 Safari/537.36"
45.141.233.210 - - [27/Feb/2026:14:19:23 -0500] "POST /wp-login.php HTTP/1.1" 200 2224 "https://CLAVO.SPACE/wp-login.php" "Mozilla/5.0 (Windows NT 11.0; Win64; x64) AppleWebKit/537.36 (KHTML, like Gecko) Chrome/119.0.0.0 Safari/537.36"
45.141.233.210 - - [27/Feb/2026:14:19:26 -0500] "GET /wp-admin/index.php HTTP/1.1" 302 - "https://CLAVO.SPACE/wp-login.php" "Mozilla/5.0 (Macintosh; Intel Mac OS X 13_6_1) AppleWebKit/537.36 (KHTML, like Gecko) Chrome/119.0.0.0 Safari/537.36"
45.141.233.210 - - [27/Feb/2026:14:19:28 -0500] "GET /wp-login.php?redirect_to=https%3A%2F%2Fclavo.space%2Fwp-admin%2Findex.php&reauth=1 HTTP/1.1" 200 2098 "https://CLAVO.SPACE/wp-login.php" "Mozilla/5.0 (Macintosh; Intel Mac OS X 13_6_1) AppleWebKit/537.36 (KHTML, like Gecko) Chrome/119.0.0.0 Safari/537.36"
162.253.224.18 - - [27/Feb/2026:14:19:34 -0500] "POST /wp-cron.php?doing_wp_cron=1772219974.1674699783325195312500 HTTP/1.1" 200 - "-" "WordPress/6.9.1; https://clavo.space"
185.191.171.8 - - [27/Feb/2026:14:19:30 -0500] "GET /events/tag/clavo-space/list/?eventDisplay=past&tribe-bar-date=2027-09-19 HTTP/1.1" 200 20702 "-" "Mozilla/5.0 (compatible; SemrushBot/7~bl; +http://www.semrush.com/bot.html)"
45.141.233.210 - - [27/Feb/2026:14:19:31 -0500] "POST /wp-login.php HTTP/1.1" 200 2228 "https://CLAVO.SPACE/wp-login.php" "Mozilla/5.0 (Macintosh; Intel Mac OS X 10_15_7; rv:121.0) Gecko/20100101 Firefox/121.0"
45.141.233.210 - - [27/Feb/2026:14:19:34 -0500] "GET /wp-admin/index.php HTTP/1.1" 302 - "https://CLAVO.SPACE/wp-login.php" "Mozilla/5.0 (Macintosh; Intel Mac OS X 13_6_1; rv:118.0) Gecko/20100101 Firefox/118.0"
45.141.233.210 - - [27/Feb/2026:14:19:37 -0500] "GET /wp-login.php?redirect_to=https%3A%2F%2Fclavo.space%2Fwp-admin%2Findex.php&reauth=1 HTTP/1.1" 200 2098 "https://CLAVO.SPACE/wp-login.php" "Mozilla/5.0 (Macintosh; Intel Mac OS X 13_6_1; rv:118.0) Gecko/20100101 Firefox/118.0"
45.141.233.210 - - [27/Feb/2026:14:19:39 -0500] "POST /wp-login.php HTTP/1.1" 200 2228 "https://CLAVO.SPACE/wp-login.php" "Mozilla/5.0 (Macintosh; Intel Mac OS X 10_15_7; rv:119.0) Gecko/20100101 Firefox/119.0"
85.208.96.197 - - [27/Feb/2026:14:19:41 -0500] "GET /events/tag/opening/list/?tribe-bar-date=2026-02-21 HTTP/1.1" 200 19714 "-" "Mozilla/5.0 (compatible; SemrushBot/7~bl; +http://www.semrush.com/bot.html)"
45.141.233.210 - - [27/Feb/2026:14:19:42 -0500] "GET /wp-admin/index.php HTTP/1.1" 302 - "https://CLAVO.SPACE/wp-login.php" "Mozilla/5.0 (Windows NT 10.0; Win64; x64; rv:120.0) Gecko/20100101 Firefox/120.0"
45.141.233.210 - - [27/Feb/2026:14:19:45 -0500] "GET /wp-login.php?redirect_to=https%3A%2F%2Fclavo.space%2Fwp-admin%2Findex.php&reauth=1 HTTP/1.1" 200 2098 "https://CLAVO.SPACE/wp-login.php" "Mozilla/5.0 (Windows NT 10.0; Win64; x64; rv:120.0) Gecko/20100101 Firefox/120.0"
45.141.233.210 - - [27/Feb/2026:14:19:47 -0500] "POST /wp-login.php HTTP/1.1" 200 2228 "https://CLAVO.SPACE/wp-login.php" "Mozilla/5.0 (Macintosh; Intel Mac OS X 10_15_7) AppleWebKit/605.1.15 (KHTML, like Gecko) Version/16.6 Safari/605.1.15"
45.141.233.210 - - [27/Feb/2026:14:19:50 -0500] "GET /wp-admin/index.php HTTP/1.1" 302 - "https://CLAVO.SPACE/wp-login.php" "Mozilla/5.0 (Macintosh; Intel Mac OS X 13_6_1; rv:121.0) Gecko/20100101 Firefox/121.0"
45.141.233.210 - - [27/Feb/2026:14:19:52 -0500] "GET /wp-login.php?redirect_to=https%3A%2F%2Fclavo.space%2Fwp-admin%2Findex.php&reauth=1 HTTP/1.1" 200 2098 "https://CLAVO.SPACE/wp-login.php" "Mozilla/5.0 (Macintosh; Intel Mac OS X 13_6_1; rv:121.0) Gecko/20100101 Firefox/121.0"
45.141.233.210 - - [27/Feb/2026:14:19:54 -0500] "POST /wp-login.php HTTP/1.1" 200 2228 "https://CLAVO.SPACE/wp-login.php" "Mozilla/5.0 (Windows NT 11.0; Win64; x64) AppleWebKit/537.36 (KHTML, like Gecko) Chrome/120.0.0.0 Safari/537.36"
45.141.233.210 - - [27/Feb/2026:14:19:57 -0500] "GET /wp-admin/index.php HTTP/1.1" 302 - "https://CLAVO.SPACE/wp-login.php" "Mozilla/5.0 (Windows NT 10.0; Win64; x64) AppleWebKit/537.36 (KHTML, like Gecko) Chrome/121.0.0.0 Safari/537.36"
45.141.233.210 - - [27/Feb/2026:14:19:59 -0500] "GET /wp-login.php?redirect_to=https%3A%2F%2Fclavo.space%2Fwp-admin%2Findex.php&reauth=1 HTTP/1.1" 200 2098 "https://CLAVO.SPACE/wp-login.php" "Mozilla/5.0 (Windows NT 10.0; Win64; x64) AppleWebKit/537.36 (KHTML, like Gecko) Chrome/121.0.0.0 Safari/537.36"
45.141.233.210 - - [27/Feb/2026:14:20:01 -0500] "POST /wp-login.php HTTP/1.1" 200 2228 "https://CLAVO.SPACE/wp-login.php" "Mozilla/5.0 (Windows NT 10.0; Win64; x64; rv:118.0) Gecko/20100101 Firefox/118.0"
185.191.171.10 - - [27/Feb/2026:14:20:01 -0500] "GET /events/tag/opening/list/?eventDisplay=past&tribe-bar-date=2021-06-12 HTTP/1.1" 200 20695 "-" "Mozilla/5.0 (compatible; SemrushBot/7~bl; +http://www.semrush.com/bot.html)"
45.141.233.210 - - [27/Feb/2026:14:20:04 -0500] "GET /wp-admin/index.php HTTP/1.1" 302 - "https://CLAVO.SPACE/wp-login.php" "Mozilla/5.0 (Macintosh; Intel Mac OS X 10_15_7; rv:120.0) Gecko/20100101 Firefox/120.0"
114.119.151.197 - - [27/Feb/2026:14:20:06 -0500] "GET /shop/page/2?product_order=asc&product_count=36&product_orderby=price&product_view=list HTTP/1.1" 404 13531 "https://clavo.space/shop?product_order=asc&product_count=36&product_orderby=price&product_view=list" "Mozilla/5.0 (Linux; Android 7.0;) AppleWebKit/537.36 (KHTML, like Gecko) Mobile Safari/537.36 (compatible; PetalBot;+https://webmaster.petalsearch.com/site/petalbot)"
209.141.37.31 - - [27/Feb/2026:14:20:06 -0500] "GET /wp-login.php HTTP/1.1" 200 6864 "-" "Mozilla/5.0 (Macintosh; Intel Mac OS X 10_6_8) AppleWebKit/534.59.10 (KHTML, like Gecko) Version/5.1.9 Safari/534.59.10"
45.141.233.210 - - [27/Feb/2026:14:20:08 -0500] "GET /wp-login.php?redirect_to=https%3A%2F%2Fclavo.space%2Fwp-admin%2Findex.php&reauth=1 HTTP/1.1" 200 2098 "https://CLAVO.SPACE/wp-login.php" "Mozilla/5.0 (Macintosh; Intel Mac OS X 10_15_7; rv:120.0) Gecko/20100101 Firefox/120.0"
85.208.96.196 - - [27/Feb/2026:14:20:08 -0500] "GET /events/tag/clavo-space/list/?tribe-bar-date=2026-12-10 HTTP/1.1" 200 19718 "-" "Mozilla/5.0 (compatible; SemrushBot/7~bl; +http://www.semrush.com/bot.html)"
209.141.37.31 - - [27/Feb/2026:14:20:09 -0500] "GET /wp-login.php HTTP/1.1" 200 6864 "-" "Mozilla/5.0 (Macintosh; Intel Mac OS X 10_6_8) AppleWebKit/537.36 (KHTML, like Gecko) Chrome/36.0.1985.125 Safari/537.36"
209.141.37.31 - - [27/Feb/2026:14:20:12 -0500] "POST /wp-login.php HTTP/1.1" 200 7304 "-" "Mozilla/5.0 (Macintosh; Intel Mac OS X 10_6_8) AppleWebKit/534.59.10 (KHTML, like Gecko) Version/5.1.9 Safari/534.59.10"
45.141.233.210 - - [27/Feb/2026:14:20:14 -0500] "POST /wp-login.php HTTP/1.1" 200 2228 "https://CLAVO.SPACE/wp-login.php" "Mozilla/5.0 (Macintosh; Intel Mac OS X 10_15_7) AppleWebKit/537.36 (KHTML, like Gecko) Chrome/119.0.0.0 Safari/537.36"
209.141.37.31 - - [27/Feb/2026:14:20:15 -0500] "POST /wp-login.php HTTP/1.1" 200 7343 "-" "Mozilla/5.0 (Macintosh; Intel Mac OS X 10_6_8) AppleWebKit/537.36 (KHTML, like Gecko) Chrome/36.0.1985.125 Safari/537.36"
45.141.233.210 - - [27/Feb/2026:14:20:18 -0500] "GET /wp-admin/index.php HTTP/1.1" 302 - "https://CLAVO.SPACE/wp-login.php" "Mozilla/5.0 (Macintosh; Intel Mac OS X 10_15_7) AppleWebKit/537.36 (KHTML, like Gecko) Chrome/118.0.0.0 Safari/537.36"
45.141.233.210 - - [27/Feb/2026:14:20:21 -0500] "GET /wp-login.php?redirect_to=https%3A%2F%2Fclavo.space%2Fwp-admin%2Findex.php&reauth=1 HTTP/1.1" 200 2098 "https://CLAVO.SPACE/wp-login.php" "Mozilla/5.0 (Macintosh; Intel Mac OS X 10_15_7) AppleWebKit/537.36 (KHTML, like Gecko) Chrome/118.0.0.0 Safari/537.36"
185.191.171.15 - - [27/Feb/2026:14:20:22 -0500] "GET /events/list/?tribe-bar-date=2026-04-27 HTTP/1.1" 200 19460 "-" "Mozilla/5.0 (compatible; SemrushBot/7~bl; +http://www.semrush.com/bot.html)"
45.141.233.210 - - [27/Feb/2026:14:20:23 -0500] "POST /wp-login.php HTTP/1.1" 200 2228 "https://CLAVO.SPACE/wp-login.php" "Mozilla/5.0 (Macintosh; Intel Mac OS X 10_15_7) AppleWebKit/537.36 (KHTML, like Gecko) Chrome/120.0.0.0 Safari/537.36"
45.141.233.210 - - [27/Feb/2026:14:20:26 -0500] "GET /wp-admin/index.php HTTP/1.1" 302 - "https://CLAVO.SPACE/wp-login.php" "Mozilla/5.0 (Macintosh; Intel Mac OS X 13_6_1) AppleWebKit/537.36 (KHTML, like Gecko) Chrome/121.0.0.0 Safari/537.36"
45.141.233.210 - - [27/Feb/2026:14:20:28 -0500] "GET /wp-login.php?redirect_to=https%3A%2F%2Fclavo.space%2Fwp-admin%2Findex.php&reauth=1 HTTP/1.1" 200 2098 "https://CLAVO.SPACE/wp-login.php" "Mozilla/5.0 (Macintosh; Intel Mac OS X 13_6_1) AppleWebKit/537.36 (KHTML, like Gecko) Chrome/121.0.0.0 Safari/537.36"
45.141.233.210 - - [27/Feb/2026:14:20:29 -0500] "POST /wp-login.php HTTP/1.1" 200 2228 "https://CLAVO.SPACE/wp-login.php" "Mozilla/5.0 (X11; Ubuntu; Linux x86_64) AppleWebKit/537.36 (KHTML, like Gecko) Chrome/121.0.0.0 Safari/537.36"
45.141.233.210 - - [27/Feb/2026:14:20:31 -0500] "GET /wp-admin/index.php HTTP/1.1" 302 - "https://CLAVO.SPACE/wp-login.php" "Mozilla/5.0 (Macintosh; Intel Mac OS X 13_6_1) AppleWebKit/537.36 (KHTML, like Gecko) Chrome/120.0.0.0 Safari/537.36"
162.253.224.18 - - [27/Feb/2026:14:20:33 -0500] "POST /wp-cron.php?doing_wp_cron=1772220033.9708499908447265625000 HTTP/1.1" 200 - "-" "WordPress/6.9.1; https://clavo.space"
45.141.233.210 - - [27/Feb/2026:14:20:32 -0500] "GET /wp-login.php?redirect_to=https%3A%2F%2Fclavo.space%2Fwp-admin%2Findex.php&reauth=1 HTTP/1.1" 200 2098 "https://CLAVO.SPACE/wp-login.php" "Mozilla/5.0 (Macintosh; Intel Mac OS X 13_6_1) AppleWebKit/537.36 (KHTML, like Gecko) Chrome/120.0.0.0 Safari/537.36"
45.141.233.210 - - [27/Feb/2026:14:20:34 -0500] "POST /wp-login.php HTTP/1.1" 200 2228 "https://CLAVO.SPACE/wp-login.php" "Mozilla/5.0 (Macintosh; Intel Mac OS X 13_6_1) AppleWebKit/537.36 (KHTML, like Gecko) Chrome/118.0.0.0 Safari/537.36"
45.141.233.210 - - [27/Feb/2026:14:20:36 -0500] "GET /wp-admin/index.php HTTP/1.1" 302 - "https://CLAVO.SPACE/wp-login.php" "Mozilla/5.0 (X11; Ubuntu; Linux x86_64) AppleWebKit/537.36 (KHTML, like Gecko) Chrome/119.0.0.0 Safari/537.36"
45.141.233.210 - - [27/Feb/2026:14:20:38 -0500] "GET /wp-login.php?redirect_to=https%3A%2F%2Fclavo.space%2Fwp-admin%2Findex.php&reauth=1 HTTP/1.1" 200 2098 "https://CLAVO.SPACE/wp-login.php" "Mozilla/5.0 (X11; Ubuntu; Linux x86_64) AppleWebKit/537.36 (KHTML, like Gecko) Chrome/119.0.0.0 Safari/537.36"
45.141.233.210 - - [27/Feb/2026:14:20:39 -0500] "POST /wp-login.php HTTP/1.1" 200 2228 "https://CLAVO.SPACE/wp-login.php" "Mozilla/5.0 (Macintosh; Intel Mac OS X 10_15_7; rv:120.0) Gecko/20100101 Firefox/120.0"
45.141.233.210 - - [27/Feb/2026:14:20:40 -0500] "GET /wp-admin/index.php HTTP/1.1" 302 - "https://CLAVO.SPACE/wp-login.php" "Mozilla/5.0 (Macintosh; Intel Mac OS X 13_6_1) AppleWebKit/537.36 (KHTML, like Gecko) Chrome/119.0.0.0 Safari/537.36"
45.141.233.210 - - [27/Feb/2026:14:20:42 -0500] "GET /wp-login.php?redirect_to=https%3A%2F%2Fclavo.space%2Fwp-admin%2Findex.php&reauth=1 HTTP/1.1" 200 2098 "https://CLAVO.SPACE/wp-login.php" "Mozilla/5.0 (Macintosh; Intel Mac OS X 13_6_1) AppleWebKit/537.36 (KHTML, like Gecko) Chrome/119.0.0.0 Safari/537.36"
185.191.171.17 - - [27/Feb/2026:14:20:42 -0500] "GET /events/list/?tribe-bar-date=2025-02-14 HTTP/1.1" 200 19463 "-" "Mozilla/5.0 (compatible; SemrushBot/7~bl; +http://www.semrush.com/bot.html)"
